[INFO] fetching crate rust-kzg-bn254-verifier 0.1.4...
[INFO] testing rust-kzg-bn254-verifier-0.1.4 against 1.99.0-beta.8+cargoflags=--release for beta-release-1.100-2
[INFO] extracting crate rust-kzg-bn254-verifier 0.1.4 into /workspace/builds/worker-3-tc1/source
[INFO] started tweaking crates.io crate rust-kzg-bn254-verifier 0.1.4
[INFO] removed 0 missing tests
[INFO] finished tweaking crates.io crate rust-kzg-bn254-verifier 0.1.4
[INFO] tweaked toml for crates.io crate rust-kzg-bn254-verifier 0.1.4 written to /workspace/builds/worker-3-tc1/source/Cargo.toml
[INFO] validating manifest of crates.io crate rust-kzg-bn254-verifier 0.1.4 on toolchain 1.99.0-beta.8
[INFO] running `Command { std: CARGO_HOME="/workspace/cargo-home" RUSTUP_HOME="/workspace/rustup-home" "/workspace/cargo-home/bin/cargo" "+1.99.0-beta.8" "metadata" "--manifest-path" "Cargo.toml" "--no-deps", kill_on_drop: false }`
[INFO] running `Command { std: CARGO_HOME="/workspace/cargo-home" RUSTUP_HOME="/workspace/rustup-home" "/workspace/cargo-home/bin/cargo" "+1.99.0-beta.8" "generate-lockfile" "--manifest-path" "Cargo.toml", kill_on_drop: false }`
[INFO] [stderr]     Updating crates.io index
[INFO] [stderr]      Locking 113 packages to highest compatible versions
[INFO] [stderr]       Adding ark-bn254 v0.5.0 (available: v0.6.0)
[INFO] [stderr]       Adding ark-ec v0.5.0 (available: v0.6.0)
[INFO] [stderr]       Adding ark-ff v0.5.0 (available: v0.6.0)
[INFO] [stderr]       Adding ark-serialize v0.5.0 (available: v0.6.0)
[INFO] [stderr]       Adding ark-std v0.5.0 (available: v0.6.0)
[INFO] [stderr]       Adding criterion v0.5.1 (available: v0.8.2)
[INFO] [stderr]       Adding generic-array v0.14.7 (available: v0.14.9)
[INFO] [stderr]       Adding rand v0.8.8 (available: v0.10.3)
[INFO] running `Command { std: CARGO_HOME="/workspace/cargo-home" RUSTUP_HOME="/workspace/rustup-home" "/workspace/cargo-home/bin/cargo" "+1.99.0-beta.8" "fetch" "--manifest-path" "Cargo.toml", kill_on_drop: false }`
[INFO] [stderr]  Downloading crates ...
[INFO] [stderr]   Downloaded rust-kzg-bn254-prover v0.1.3
[INFO] [stderr]   Downloaded rust-kzg-bn254-primitives v0.1.4
[INFO] running `Command { std: "docker" "create" "-v" "/var/lib/crater-agent-workspace/builds/worker-3-tc1/source:/opt/rustwide/workdir:ro,Z" "-v" "/var/lib/crater-agent-workspace/builds/worker-3-tc1/target:/opt/rustwide/target:rw,Z" "-v" "/var/lib/crater-agent-workspace/cargo-home:/opt/rustwide/cargo-home:ro,Z" "-v" "/var/lib/crater-agent-workspace/rustup-home:/opt/rustwide/rustup-home:ro,Z" "-m" "1610612736" "--network" "none" "ghcr.io/rust-lang/crates-build-env/linux@sha256:77db811e55d90add9212f6832c23229e3de5f1c1f9905e8cb07319ea15df73ac" "sleep" "infinity", kill_on_drop: false }`
[INFO] [stdout] 476b926496561cab7d7e963bb973b9231d291fa04f7acd3704d9de313332e5e0
[INFO] running `Command { std: "docker" "start" "476b926496561cab7d7e963bb973b9231d291fa04f7acd3704d9de313332e5e0", kill_on_drop: false }`
[INFO] running `Command { std: "docker" "inspect" "476b926496561cab7d7e963bb973b9231d291fa04f7acd3704d9de313332e5e0", kill_on_drop: false }`
[INFO] running `Command { std: "docker" "exec" "-e" "SOURCE_DIR=/opt/rustwide/workdir" "-e" "CARGO_HOME=/opt/rustwide/cargo-home" "-e" "RUSTUP_HOME=/opt/rustwide/rustup-home" "-e" "CARGO_TARGET_DIR=/opt/rustwide/target" "-w" "/opt/rustwide/workdir" "--user" "0:0" "476b926496561cab7d7e963bb973b9231d291fa04f7acd3704d9de313332e5e0" "/opt/rustwide/cargo-home/bin/cargo" "+1.99.0-beta.8" "metadata" "--no-deps" "--format-version=1", kill_on_drop: false }`
[INFO] running `Command { std: "docker" "inspect" "476b926496561cab7d7e963bb973b9231d291fa04f7acd3704d9de313332e5e0", kill_on_drop: false }`
[INFO] running `Command { std: "docker" "exec" "-e" "SOURCE_DIR=/opt/rustwide/workdir" "-e" "CARGO_HOME=/opt/rustwide/cargo-home" "-e" "RUSTUP_HOME=/opt/rustwide/rustup-home" "-e" "CARGO_TARGET_DIR=/opt/rustwide/target" "-e" "CARGO_INCREMENTAL=0" "-e" "RUST_BACKTRACE=full" "-e" "RUSTFLAGS=--cap-lints=warn" "-e" "RUSTDOCFLAGS=--cap-lints=warn" "-w" "/opt/rustwide/workdir" "--user" "0:0" "476b926496561cab7d7e963bb973b9231d291fa04f7acd3704d9de313332e5e0" "/opt/rustwide/cargo-home/bin/cargo" "+1.99.0-beta.8" "build" "--frozen" "--message-format=json" "--release", kill_on_drop: false }`
[INFO] [stderr]    Compiling rand_core v0.6.4
[INFO] [stderr]    Compiling arrayvec v0.7.8
[INFO] [stderr]    Compiling once_cell v1.21.4
[INFO] [stderr]    Compiling serde_core v1.0.229
[INFO] [stderr]    Compiling serde v1.0.229
[INFO] [stderr]    Compiling num-traits v0.2.19
[INFO] [stderr]    Compiling itertools v0.13.0
[INFO] [stderr]    Compiling hashbrown v0.15.5
[INFO] [stderr]    Compiling syn v2.0.119
[INFO] [stderr]    Compiling ppv-lite86 v0.2.21
[INFO] [stderr]    Compiling crypto-common v0.1.7
[INFO] [stderr]    Compiling enum-ordinalize-derive v4.4.2
[INFO] [stderr]    Compiling serde_derive v1.0.229
[INFO] [stderr]    Compiling thiserror v2.0.21
[INFO] [stderr]    Compiling digest v0.10.7
[INFO] [stderr]    Compiling ahash v0.8.12
[INFO] [stderr]    Compiling sha2 v0.10.9
[INFO] [stderr]    Compiling rand_chacha v0.3.1
[INFO] [stderr]    Compiling enum-ordinalize v4.4.2
[INFO] [stderr]    Compiling num-integer v0.1.47
[INFO] [stderr]    Compiling rand v0.8.8
[INFO] [stderr]    Compiling num-bigint v0.4.8
[INFO] [stderr]    Compiling ark-std v0.5.0
[INFO] [stderr]    Compiling zeroize_derive v1.5.0
[INFO] [stderr]    Compiling ark-serialize-derive v0.5.0
[INFO] [stderr]    Compiling educe v0.6.0
[INFO] [stderr]    Compiling ark-ff-asm v0.5.0
[INFO] [stderr]    Compiling ark-ff-macros v0.5.0
[INFO] [stderr]    Compiling ark-serialize v0.5.0
[INFO] [stderr]    Compiling zeroize v1.9.1
[INFO] [stderr]    Compiling ark-ff v0.5.0
[INFO] [stderr]    Compiling ark-poly v0.5.0
[INFO] [stderr]    Compiling ark-ec v0.5.0
[INFO] [stderr]    Compiling ark-bn254 v0.5.0
[INFO] [stderr]    Compiling rust-kzg-bn254-primitives v0.1.4
[INFO] [stderr]    Compiling rust-kzg-bn254-verifier v0.1.4 (/opt/rustwide/workdir)
[INFO] [stderr]     Finished `release` profile [optimized] target(s) in 36.44s
[INFO] running `Command { std: "docker" "inspect" "476b926496561cab7d7e963bb973b9231d291fa04f7acd3704d9de313332e5e0", kill_on_drop: false }`
[INFO] running `Command { std: "docker" "exec" "-e" "SOURCE_DIR=/opt/rustwide/workdir" "-e" "CARGO_HOME=/opt/rustwide/cargo-home" "-e" "RUSTUP_HOME=/opt/rustwide/rustup-home" "-e" "CARGO_TARGET_DIR=/opt/rustwide/target" "-e" "CARGO_INCREMENTAL=0" "-e" "RUST_BACKTRACE=full" "-e" "RUSTFLAGS=--cap-lints=warn" "-e" "RUSTDOCFLAGS=--cap-lints=warn" "-w" "/opt/rustwide/workdir" "--user" "0:0" "476b926496561cab7d7e963bb973b9231d291fa04f7acd3704d9de313332e5e0" "/opt/rustwide/cargo-home/bin/cargo" "+1.99.0-beta.8" "test" "--frozen" "--no-run" "--message-format=json" "--release", kill_on_drop: false }`
[INFO] [stderr]    Compiling zerocopy v0.8.63
[INFO] [stderr]    Compiling zerocopy-derive v0.8.63
[INFO] [stderr]    Compiling itertools v0.13.0
[INFO] [stderr]    Compiling num-integer v0.1.47
[INFO] [stderr]    Compiling serde v1.0.229
[INFO] [stderr]    Compiling clap_builder v4.6.7
[INFO] [stderr]    Compiling plotters v0.3.7
[INFO] [stderr]    Compiling criterion-plot v0.5.0
[INFO] [stderr]    Compiling num-bigint v0.4.8
[INFO] [stderr]    Compiling tinytemplate v1.2.1
[INFO] [stderr]    Compiling clap v4.6.7
[INFO] [stderr]    Compiling ppv-lite86 v0.2.21
[INFO] [stderr]    Compiling ahash v0.8.12
[INFO] [stderr]    Compiling half v2.7.1
[INFO] [stderr]    Compiling ciborium-ll v0.2.2
[INFO] [stderr]    Compiling rand_chacha v0.3.1
[INFO] [stderr]    Compiling ciborium v0.2.2
[INFO] [stderr]    Compiling rand v0.8.8
[INFO] [stderr]    Compiling criterion v0.5.1
[INFO] [stderr]    Compiling ark-std v0.5.0
[INFO] [stderr]    Compiling ark-serialize v0.5.0
[INFO] [stderr]    Compiling ark-ff v0.5.0
[INFO] [stderr]    Compiling ark-poly v0.5.0
[INFO] [stderr]    Compiling ark-ec v0.5.0
[INFO] [stderr]    Compiling ark-bn254 v0.5.0
[INFO] [stderr]    Compiling rust-kzg-bn254-primitives v0.1.4
[INFO] [stderr]    Compiling rust-kzg-bn254-prover v0.1.3
[INFO] [stderr]    Compiling rust-kzg-bn254-verifier v0.1.4 (/opt/rustwide/workdir)
[INFO] [stderr]     Finished `release` profile [optimized] target(s) in 55.16s
[INFO] running `Command { std: "docker" "inspect" "476b926496561cab7d7e963bb973b9231d291fa04f7acd3704d9de313332e5e0", kill_on_drop: false }`
[INFO] running `Command { std: "docker" "exec" "-e" "SOURCE_DIR=/opt/rustwide/workdir" "-e" "CARGO_HOME=/opt/rustwide/cargo-home" "-e" "RUSTUP_HOME=/opt/rustwide/rustup-home" "-e" "CARGO_TARGET_DIR=/opt/rustwide/target" "-e" "CARGO_INCREMENTAL=0" "-e" "RUST_BACKTRACE=full" "-e" "RUSTFLAGS=--cap-lints=warn" "-e" "RUSTDOCFLAGS=--cap-lints=warn" "-w" "/opt/rustwide/workdir" "--user" "0:0" "476b926496561cab7d7e963bb973b9231d291fa04f7acd3704d9de313332e5e0" "/opt/rustwide/cargo-home/bin/cargo" "+1.99.0-beta.8" "test" "--frozen" "--release", kill_on_drop: false }`
[INFO] [stderr]     Finished `release` profile [optimized] target(s) in 0.12s
[INFO] [stderr]      Running unittests src/lib.rs (/opt/rustwide/target/release/deps/rust_kzg_bn254_verifier-5adb9451bb248bf4)
[INFO] [stderr]      Running tests/tests.rs (/opt/rustwide/target/release/deps/tests-149356b9882ce007)
[INFO] [stdout] 
[INFO] [stdout] running 0 tests
[INFO] [stdout] 
[INFO] [stdout] test result: ok. 0 passed; 0 failed; 0 ignored; 0 measured; 0 filtered out; finished in 0.00s
[INFO] [stdout] 
[INFO] [stdout] 
[INFO] [stdout] running 11 tests
[INFO] [stdout] test tests::test_compute_multiple_kzg_proof ... FAILED
[INFO] [stdout] test tests::test_kzg_batch_proof_with_infinity ... FAILED
[INFO] [stdout] test tests::test_compute_kzg_proof ... FAILED
[INFO] [stdout] test tests::test_kzg_batch_proof_invalid_curve_points ... FAILED
[INFO] [stdout] test tests::test_multiple_proof_random_100_blobs ... FAILED
[INFO] [stdout] test tests::test_verify_proof_zero_commitment_edge_case ... ok
[INFO] [stdout] test tests::test_compute_kzg_proof_random_100_blobs ... FAILED
[INFO] [stdout] test tests::test_kzg_zero_blob ... FAILED
[INFO] [stdout] test tests::test_individual_verify_proof_with_identity_points ... ok
[INFO] [stdout] test tests::test_verify_proof_intermediate_point_validation ... ok
[INFO] [stdout] test tests::test_verify_proof_edge_cases_with_valid_inputs ... ok
[INFO] [stdout] 
[INFO] [stdout] failures:
[INFO] [stdout] 
[INFO] [stdout] ---- tests::test_compute_multiple_kzg_proof stdout ----
[INFO] [stdout] 
[INFO] [stdout] thread 'tests::test_compute_multiple_kzg_proof' (1365) panicked at tests/tests.rs:25:10:
[INFO] [stdout] called `Result::unwrap()` on an `Err` value: GenericError("No such file or directory (os error 2)")
[INFO] [stdout] stack backtrace:
[INFO] [stdout]    0:     0x610dbe831ac1 - <<std[70759c8f55707aa4]::sys::backtrace::BacktraceLock>::print::DisplayBacktrace as core[df12db4294e9bfd3]::fmt::Display>::fmt
[INFO] [stdout]    1:     0x610dbe8466aa - core[df12db4294e9bfd3]::fmt::write
[INFO] [stdout]    2:     0x610dbe83607c - <alloc[2182bb758b4b3781]::vec::Vec<u8> as core[df12db4294e9bfd3]::io::write::Write>::write_fmt
[INFO] [stdout]    3:     0x610dbe80d8d6 - std[70759c8f55707aa4]::panicking::default_hook::{closure#0}
[INFO] [stdout]    4:     0x610dbe829d09 - std[70759c8f55707aa4]::panicking::default_hook
[INFO] [stdout]    5:     0x610dbe6ff4c0 - test[9d35eded1c95d3be]::test_main_inner::<test[9d35eded1c95d3be]::test_main_static::{closure#0}>::{closure#0}
[INFO] [stdout]    6:     0x610dbe82a032 - std[70759c8f55707aa4]::panicking::panic_with_hook
[INFO] [stdout]    7:     0x610dbe80d982 - std[70759c8f55707aa4]::panicking::panic_handler::{closure#0}
[INFO] [stdout]    8:     0x610dbe8066d9 - std[70759c8f55707aa4]::sys::backtrace::__rust_end_short_backtrace::<std[70759c8f55707aa4]::panicking::panic_handler::{closure#0}, !>
[INFO] [stdout]    9:     0x610dbe80e57d - __rustc[8fa7c3cbc660c2b3]::rust_begin_unwind
[INFO] [stdout]   10:     0x610dbe846ddc - core[df12db4294e9bfd3]::panicking::panic_fmt
[INFO] [stdout]   11:     0x610dbe846bb2 - core[df12db4294e9bfd3]::result::unwrap_failed
[INFO] [stdout]   12:     0x610dbe6e0eb6 - <std[70759c8f55707aa4]::sync::once::Once>::call_once::<<lazy_static[d708de45b64ffd20]::lazy::Lazy<rust_kzg_bn254_prover[ed1128054f745b03]::srs::SRS>>::get<<tests[b28766a79ba0a7bc]::tests::SRS_INSTANCE as core[df12db4294e9bfd3]::ops::deref::Deref>::deref::__static_ref_initialize>::{closure#0}>::{closure#0}
[INFO] [stdout]   13:     0x610dbe8135a9 - <std[70759c8f55707aa4]::sys::sync::once::futex::Once>::call
[INFO] [stdout]   14:     0x610dbe6e328f - tests[b28766a79ba0a7bc]::tests::test_compute_multiple_kzg_proof
[INFO] [stdout]   15:     0x610dbe6ef3a9 - <tests[b28766a79ba0a7bc]::tests::test_compute_multiple_kzg_proof::{closure#0} as core[df12db4294e9bfd3]::ops::function::FnOnce<()>>::call_once
[INFO] [stdout]   16:     0x610dbe6f27ab - test[9d35eded1c95d3be]::__rust_begin_short_backtrace::<core[df12db4294e9bfd3]::result::Result<(), alloc[2182bb758b4b3781]::string::String>, fn() -> core[df12db4294e9bfd3]::result::Result<(), alloc[2182bb758b4b3781]::string::String>>
[INFO] [stdout]   17:     0x610dbe6ffe15 - test[9d35eded1c95d3be]::run_test::{closure#0}
[INFO] [stdout]   18:     0x610dbe6f96d4 - std[70759c8f55707aa4]::sys::backtrace::__rust_begin_short_backtrace::<test[9d35eded1c95d3be]::run_test::{closure#1}, ()>
[INFO] [stdout]   19:     0x610dbe702f72 - <std[70759c8f55707aa4]::thread::lifecycle::spawn_unchecked<test[9d35eded1c95d3be]::run_test::{closure#1}, ()>::{closure#1} as core[df12db4294e9bfd3]::ops::function::FnOnce<()>>::call_once::{shim:vtable#0}
[INFO] [stdout]   20:     0x610dbe831359 - <std[70759c8f55707aa4]::sys::thread::unix::Thread>::new::thread_start
[INFO] [stdout]   21:     0x77c467bbbdfa - <unknown>
[INFO] [stdout]   22:     0x77c467c4f3d4 - clone
[INFO] [stdout]   23:                0x0 - <unknown>
[INFO] [stdout] 
[INFO] [stdout] ---- tests::test_kzg_batch_proof_with_infinity stdout ----
[INFO] [stdout] 
[INFO] [stdout] thread 'tests::test_kzg_batch_proof_with_infinity' (1370) panicked at /opt/rustwide/cargo-home/registry/src/index.crates.io-1949cf8c6b5b557f/lazy_static-1.5.1/src/inline_lazy.rs:30:16:
[INFO] [stdout] Once instance has previously been poisoned
[INFO] [stdout] stack backtrace:
[INFO] [stdout]    0:     0x610dbe831ac1 - <<std[70759c8f55707aa4]::sys::backtrace::BacktraceLock>::print::DisplayBacktrace as core[df12db4294e9bfd3]::fmt::Display>::fmt
[INFO] [stdout]    1:     0x610dbe8466aa - core[df12db4294e9bfd3]::fmt::write
[INFO] [stdout]    2:     0x610dbe83607c - <alloc[2182bb758b4b3781]::vec::Vec<u8> as core[df12db4294e9bfd3]::io::write::Write>::write_fmt
[INFO] [stdout]    3:     0x610dbe80d8d6 - std[70759c8f55707aa4]::panicking::default_hook::{closure#0}
[INFO] [stdout]    4:     0x610dbe829d09 - std[70759c8f55707aa4]::panicking::default_hook
[INFO] [stdout]    5:     0x610dbe6ff4c0 - test[9d35eded1c95d3be]::test_main_inner::<test[9d35eded1c95d3be]::test_main_static::{closure#0}>::{closure#0}
[INFO] [stdout]    6:     0x610dbe82a032 - std[70759c8f55707aa4]::panicking::panic_with_hook
[INFO] [stdout]    7:     0x610dbe80d9b4 - std[70759c8f55707aa4]::panicking::panic_handler::{closure#0}
[INFO] [stdout]    8:     0x610dbe8066d9 - std[70759c8f55707aa4]::sys::backtrace::__rust_end_short_backtrace::<std[70759c8f55707aa4]::panicking::panic_handler::{closure#0}, !>
[INFO] [stdout]    9:     0x610dbe80e57d - __rustc[8fa7c3cbc660c2b3]::rust_begin_unwind
[INFO] [stdout]   10:     0x610dbe846ddc - core[df12db4294e9bfd3]::panicking::panic_fmt
[INFO] [stdout]   11:     0x610dbe8136e1 - <std[70759c8f55707aa4]::sys::sync::once::futex::Once>::call
[INFO] [stdout]   12:     0x610dbe6e423c - tests[b28766a79ba0a7bc]::tests::test_kzg_batch_proof_with_infinity
[INFO] [stdout]   13:     0x610dbe6ef3c9 - <tests[b28766a79ba0a7bc]::tests::test_kzg_batch_proof_with_infinity::{closure#0} as core[df12db4294e9bfd3]::ops::function::FnOnce<()>>::call_once
[INFO] [stdout]   14:     0x610dbe6f27ab - test[9d35eded1c95d3be]::__rust_begin_short_backtrace::<core[df12db4294e9bfd3]::result::Result<(), alloc[2182bb758b4b3781]::string::String>, fn() -> core[df12db4294e9bfd3]::result::Result<(), alloc[2182bb758b4b3781]::string::String>>
[INFO] [stdout]   15:     0x610dbe6ffe15 - test[9d35eded1c95d3be]::run_test::{closure#0}
[INFO] [stdout]   16:     0x610dbe6f96d4 - std[70759c8f55707aa4]::sys::backtrace::__rust_begin_short_backtrace::<test[9d35eded1c95d3be]::run_test::{closure#1}, ()>
[INFO] [stdout]   17:     0x610dbe702f72 - <std[70759c8f55707aa4]::thread::lifecycle::spawn_unchecked<test[9d35eded1c95d3be]::run_test::{closure#1}, ()>::{closure#1} as core[df12db4294e9bfd3]::ops::function::FnOnce<()>>::call_once::{shim:vtable#0}
[INFO] [stdout]   18:     0x610dbe831359 - <std[70759c8f55707aa4]::sys::thread::unix::Thread>::new::thread_start
[INFO] [stdout]   19:     0x77c467bbbdfa - <unknown>
[INFO] [stdout]   20:     0x77c467c4f3d4 - clone
[INFO] [stdout]   21:                0x0 - <unknown>
[INFO] [stdout] 
[INFO] [stdout] ---- tests::test_compute_kzg_proof stdout ----
[INFO] [stdout] 
[INFO] [stdout] thread 'tests::test_compute_kzg_proof' (1363) panicked at /opt/rustwide/cargo-home/registry/src/index.crates.io-1949cf8c6b5b557f/lazy_static-1.5.1/src/inline_lazy.rs:30:16:
[INFO] [stdout] Once instance has previously been poisoned
[INFO] [stdout] stack backtrace:
[INFO] [stdout]    0:     0x610dbe831ac1 - <<std[70759c8f55707aa4]::sys::backtrace::BacktraceLock>::print::DisplayBacktrace as core[df12db4294e9bfd3]::fmt::Display>::fmt
[INFO] [stdout]    1:     0x610dbe8466aa - core[df12db4294e9bfd3]::fmt::write
[INFO] [stdout]    2:     0x610dbe83607c - <alloc[2182bb758b4b3781]::vec::Vec<u8> as core[df12db4294e9bfd3]::io::write::Write>::write_fmt
[INFO] [stdout]    3:     0x610dbe80d8d6 - std[70759c8f55707aa4]::panicking::default_hook::{closure#0}
[INFO] [stdout]    4:     0x610dbe829d09 - std[70759c8f55707aa4]::panicking::default_hook
[INFO] [stdout]    5:     0x610dbe6ff4c0 - test[9d35eded1c95d3be]::test_main_inner::<test[9d35eded1c95d3be]::test_main_static::{closure#0}>::{closure#0}
[INFO] [stdout]    6:     0x610dbe82a032 - std[70759c8f55707aa4]::panicking::panic_with_hook
[INFO] [stdout]    7:     0x610dbe80d9b4 - std[70759c8f55707aa4]::panicking::panic_handler::{closure#0}
[INFO] [stdout]    8:     0x610dbe8066d9 - std[70759c8f55707aa4]::sys::backtrace::__rust_end_short_backtrace::<std[70759c8f55707aa4]::panicking::panic_handler::{closure#0}, !>
[INFO] [stdout]    9:     0x610dbe80e57d - __rustc[8fa7c3cbc660c2b3]::rust_begin_unwind
[INFO] [stdout]   10:     0x610dbe846ddc - core[df12db4294e9bfd3]::panicking::panic_fmt
[INFO] [stdout]   11:     0x610dbe8136e1 - <std[70759c8f55707aa4]::sys::sync::once::futex::Once>::call
[INFO] [stdout]   12:     0x610dbe6e2224 - tests[b28766a79ba0a7bc]::tests::test_compute_kzg_proof
[INFO] [stdout]   13:     0x610dbe6ef389 - <tests[b28766a79ba0a7bc]::tests::test_compute_kzg_proof::{closure#0} as core[df12db4294e9bfd3]::ops::function::FnOnce<()>>::call_once
[INFO] [stdout]   14:     0x610dbe6f27ab - test[9d35eded1c95d3be]::__rust_begin_short_backtrace::<core[df12db4294e9bfd3]::result::Result<(), alloc[2182bb758b4b3781]::string::String>, fn() -> core[df12db4294e9bfd3]::result::Result<(), alloc[2182bb758b4b3781]::string::String>>
[INFO] [stdout]   15:     0x610dbe6ffe15 - test[9d35eded1c95d3be]::run_test::{closure#0}
[INFO] [stdout]   16:     0x610dbe6f96d4 - std[70759c8f55707aa4]::sys::backtrace::__rust_begin_short_backtrace::<test[9d35eded1c95d3be]::run_test::{closure#1}, ()>
[INFO] [stdout]   17:     0x610dbe702f72 - <std[70759c8f55707aa4]::thread::lifecycle::spawn_unchecked<test[9d35eded1c95d3be]::run_test::{closure#1}, ()>::{closure#1} as core[df12db4294e9bfd3]::ops::function::FnOnce<()>>::call_once::{shim:vtable#0}
[INFO] [stdout]   18:     0x610dbe831359 - <std[70759c8f55707aa4]::sys::thread::unix::Thread>::new::thread_start
[INFO] [stdout]   19:     0x77c467bbbdfa - <unknown>
[INFO] [stdout]   20:     0x77c467c4f3d4 - clone
[INFO] [stdout]   21:                0x0 - <unknown>
[INFO] [stdout] 
[INFO] [stdout] ---- tests::test_kzg_batch_proof_invalid_curve_points stdout ----
[INFO] [stdout] 
[INFO] [stdout] thread 'tests::test_kzg_batch_proof_invalid_curve_points' (1367) panicked at /opt/rustwide/cargo-home/registry/src/index.crates.io-1949cf8c6b5b557f/lazy_static-1.5.1/src/inline_lazy.rs:30:16:
[INFO] [stdout] Once instance has previously been poisoned
[INFO] [stdout] stack backtrace:
[INFO] [stdout]    0:     0x610dbe831ac1 - <<std[70759c8f55707aa4]::sys::backtrace::BacktraceLock>::print::DisplayBacktrace as core[df12db4294e9bfd3]::fmt::Display>::fmt
[INFO] [stdout]    1:     0x610dbe8466aa - core[df12db4294e9bfd3]::fmt::write
[INFO] [stdout]    2:     0x610dbe83607c - <alloc[2182bb758b4b3781]::vec::Vec<u8> as core[df12db4294e9bfd3]::io::write::Write>::write_fmt
[INFO] [stdout]    3:     0x610dbe80d8d6 - std[70759c8f55707aa4]::panicking::default_hook::{closure#0}
[INFO] [stdout]    4:     0x610dbe829d09 - std[70759c8f55707aa4]::panicking::default_hook
[INFO] [stdout]    5:     0x610dbe6ff4c0 - test[9d35eded1c95d3be]::test_main_inner::<test[9d35eded1c95d3be]::test_main_static::{closure#0}>::{closure#0}
[INFO] [stdout]    6:     0x610dbe82a032 - std[70759c8f55707aa4]::panicking::panic_with_hook
[INFO] [stdout]    7:     0x610dbe80d9b4 - std[70759c8f55707aa4]::panicking::panic_handler::{closure#0}
[INFO] [stdout]    8:     0x610dbe8066d9 - std[70759c8f55707aa4]::sys::backtrace::__rust_end_short_backtrace::<std[70759c8f55707aa4]::panicking::panic_handler::{closure#0}, !>
[INFO] [stdout]    9:     0x610dbe80e57d - __rustc[8fa7c3cbc660c2b3]::rust_begin_unwind
[INFO] [stdout]   10:     0x610dbe846ddc - core[df12db4294e9bfd3]::panicking::panic_fmt
[INFO] [stdout]   11:     0x610dbe8136e1 - <std[70759c8f55707aa4]::sys::sync::once::futex::Once>::call
[INFO] [stdout]   12:     0x610dbe6e7d25 - tests[b28766a79ba0a7bc]::tests::test_kzg_batch_proof_invalid_curve_points
[INFO] [stdout]   13:     0x610dbe6ef429 - <tests[b28766a79ba0a7bc]::tests::test_kzg_batch_proof_invalid_curve_points::{closure#0} as core[df12db4294e9bfd3]::ops::function::FnOnce<()>>::call_once
[INFO] [stdout]   14:     0x610dbe6f27ab - test[9d35eded1c95d3be]::__rust_begin_short_backtrace::<core[df12db4294e9bfd3]::result::Result<(), alloc[2182bb758b4b3781]::string::String>, fn() -> core[df12db4294e9bfd3]::result::Result<(), alloc[2182bb758b4b3781]::string::String>>
[INFO] [stdout]   15:     0x610dbe6ffe15 - test[9d35eded1c95d3be]::run_test::{closure#0}
[INFO] [stdout]   16:     0x610dbe6f96d4 - std[70759c8f55707aa4]::sys::backtrace::__rust_begin_short_backtrace::<test[9d35eded1c95d3be]::run_test::{closure#1}, ()>
[INFO] [stdout]   17:     0x610dbe702f72 - <std[70759c8f55707aa4]::thread::lifecycle::spawn_unchecked<test[9d35eded1c95d3be]::run_test::{closure#1}, ()>::{closure#1} as core[df12db4294e9bfd3]::ops::function::FnOnce<()>>::call_once::{shim:vtable#0}
[INFO] [stdout]   18:     0x610dbe831359 - <std[70759c8f55707aa4]::sys::thread::unix::Thread>::new::thread_start
[INFO] [stdout]   19:     0x77c467bbbdfa - <unknown>
[INFO] [stdout]   20:     0x77c467c4f3d4 - clone
[INFO] [stdout]   21:                0x0 - <unknown>
[INFO] [stdout] 
[INFO] [stdout] ---- tests::test_multiple_proof_random_100_blobs stdout ----
[INFO] [stdout] 
[INFO] [stdout] thread 'tests::test_multiple_proof_random_100_blobs' (1372) panicked at /opt/rustwide/cargo-home/registry/src/index.crates.io-1949cf8c6b5b557f/lazy_static-1.5.1/src/inline_lazy.rs:30:16:
[INFO] [stdout] Once instance has previously been poisoned
[INFO] [stdout] stack backtrace:
[INFO] [stdout]    0:     0x610dbe831ac1 - <<std[70759c8f55707aa4]::sys::backtrace::BacktraceLock>::print::DisplayBacktrace as core[df12db4294e9bfd3]::fmt::Display>::fmt
[INFO] [stdout]    1:     0x610dbe8466aa - core[df12db4294e9bfd3]::fmt::write
[INFO] [stdout]    2:     0x610dbe83607c - <alloc[2182bb758b4b3781]::vec::Vec<u8> as core[df12db4294e9bfd3]::io::write::Write>::write_fmt
[INFO] [stdout]    3:     0x610dbe80d8d6 - std[70759c8f55707aa4]::panicking::default_hook::{closure#0}
[INFO] [stdout]    4:     0x610dbe829d09 - std[70759c8f55707aa4]::panicking::default_hook
[INFO] [stdout]    5:     0x610dbe6ff4c0 - test[9d35eded1c95d3be]::test_main_inner::<test[9d35eded1c95d3be]::test_main_static::{closure#0}>::{closure#0}
[INFO] [stdout]    6:     0x610dbe82a032 - std[70759c8f55707aa4]::panicking::panic_with_hook
[INFO] [stdout]    7:     0x610dbe80d9b4 - std[70759c8f55707aa4]::panicking::panic_handler::{closure#0}
[INFO] [stdout]    8:     0x610dbe8066d9 - std[70759c8f55707aa4]::sys::backtrace::__rust_end_short_backtrace::<std[70759c8f55707aa4]::panicking::panic_handler::{closure#0}, !>
[INFO] [stdout]    9:     0x610dbe80e57d - __rustc[8fa7c3cbc660c2b3]::rust_begin_unwind
[INFO] [stdout]   10:     0x610dbe846ddc - core[df12db4294e9bfd3]::panicking::panic_fmt
[INFO] [stdout]   11:     0x610dbe8136e1 - <std[70759c8f55707aa4]::sys::sync::once::futex::Once>::call
[INFO] [stdout]   12:     0x610dbe6e4d9c - tests[b28766a79ba0a7bc]::tests::test_multiple_proof_random_100_blobs
[INFO] [stdout]   13:     0x610dbe6ef3e9 - <tests[b28766a79ba0a7bc]::tests::test_multiple_proof_random_100_blobs::{closure#0} as core[df12db4294e9bfd3]::ops::function::FnOnce<()>>::call_once
[INFO] [stdout]   14:     0x610dbe6f27ab - test[9d35eded1c95d3be]::__rust_begin_short_backtrace::<core[df12db4294e9bfd3]::result::Result<(), alloc[2182bb758b4b3781]::string::String>, fn() -> core[df12db4294e9bfd3]::result::Result<(), alloc[2182bb758b4b3781]::string::String>>
[INFO] [stdout]   15:     0x610dbe6ffe15 - test[9d35eded1c95d3be]::run_test::{closure#0}
[INFO] [stdout]   16:     0x610dbe6f96d4 - std[70759c8f55707aa4]::sys::backtrace::__rust_begin_short_backtrace::<test[9d35eded1c95d3be]::run_test::{closure#1}, ()>
[INFO] [stdout]   17:     0x610dbe702f72 - <std[70759c8f55707aa4]::thread::lifecycle::spawn_unchecked<test[9d35eded1c95d3be]::run_test::{closure#1}, ()>::{closure#1} as core[df12db4294e9bfd3]::ops::function::FnOnce<()>>::call_once::{shim:vtable#0}
[INFO] [stdout]   18:     0x610dbe831359 - <std[70759c8f55707aa4]::sys::thread::unix::Thread>::new::thread_start
[INFO] [stdout]   19:     0x77c467bbbdfa - <unknown>
[INFO] [stdout]   20:     0x77c467c4f3d4 - clone
[INFO] [stdout]   21:                0x0 - <unknown>
[INFO] [stdout] 
[INFO] [stdout] ---- tests::test_compute_kzg_proof_random_100_blobs stdout ----
[INFO] [stdout] generating blob of length is 1748
[INFO] [stdout] 
[INFO] [stdout] thread 'tests::test_compute_kzg_proof_random_100_blobs' (1364) panicked at /opt/rustwide/cargo-home/registry/src/index.crates.io-1949cf8c6b5b557f/lazy_static-1.5.1/src/inline_lazy.rs:30:16:
[INFO] [stdout] Once instance has previously been poisoned
[INFO] [stdout] stack backtrace:
[INFO] [stdout]    0:     0x610dbe831ac1 - <<std[70759c8f55707aa4]::sys::backtrace::BacktraceLock>::print::DisplayBacktrace as core[df12db4294e9bfd3]::fmt::Display>::fmt
[INFO] [stdout]    1:     0x610dbe8466aa - core[df12db4294e9bfd3]::fmt::write
[INFO] [stdout]    2:     0x610dbe83607c - <alloc[2182bb758b4b3781]::vec::Vec<u8> as core[df12db4294e9bfd3]::io::write::Write>::write_fmt
[INFO] [stdout]    3:     0x610dbe80d8d6 - std[70759c8f55707aa4]::panicking::default_hook::{closure#0}
[INFO] [stdout]    4:     0x610dbe829d09 - std[70759c8f55707aa4]::panicking::default_hook
[INFO] [stdout]    5:     0x610dbe6ff4c0 - test[9d35eded1c95d3be]::test_main_inner::<test[9d35eded1c95d3be]::test_main_static::{closure#0}>::{closure#0}
[INFO] [stdout]    6:     0x610dbe82a032 - std[70759c8f55707aa4]::panicking::panic_with_hook
[INFO] [stdout]    7:     0x610dbe80d9b4 - std[70759c8f55707aa4]::panicking::panic_handler::{closure#0}
[INFO] [stdout]    8:     0x610dbe8066d9 - std[70759c8f55707aa4]::sys::backtrace::__rust_end_short_backtrace::<std[70759c8f55707aa4]::panicking::panic_handler::{closure#0}, !>
[INFO] [stdout]    9:     0x610dbe80e57d - __rustc[8fa7c3cbc660c2b3]::rust_begin_unwind
[INFO] [stdout]   10:     0x610dbe846ddc - core[df12db4294e9bfd3]::panicking::panic_fmt
[INFO] [stdout]   11:     0x610dbe8136e1 - <std[70759c8f55707aa4]::sys::sync::once::futex::Once>::call
[INFO] [stdout]   12:     0x610dbe6e634a - tests[b28766a79ba0a7bc]::tests::test_compute_kzg_proof_random_100_blobs
[INFO] [stdout]   13:     0x610dbe6ef409 - <tests[b28766a79ba0a7bc]::tests::test_compute_kzg_proof_random_100_blobs::{closure#0} as core[df12db4294e9bfd3]::ops::function::FnOnce<()>>::call_once
[INFO] [stdout]   14:     0x610dbe6f27ab - test[9d35eded1c95d3be]::__rust_begin_short_backtrace::<core[df12db4294e9bfd3]::result::Result<(), alloc[2182bb758b4b3781]::string::String>, fn() -> core[df12db4294e9bfd3]::result::Result<(), alloc[2182bb758b4b3781]::string::String>>
[INFO] [stdout]   15:     0x610dbe6ffe15 - test[9d35eded1c95d3be]::run_test::{closure#0}
[INFO] [stdout]   16:     0x610dbe6f96d4 - std[70759c8f55707aa4]::sys::backtrace::__rust_begin_short_backtrace::<test[9d35eded1c95d3be]::run_test::{closure#1}, ()>
[INFO] [stdout]   17:     0x610dbe702f72 - <std[70759c8f55707aa4]::thread::lifecycle::spawn_unchecked<test[9d35eded1c95d3be]::run_test::{closure#1}, ()>::{closure#1} as core[df12db4294e9bfd3]::ops::function::FnOnce<()>>::call_once::{shim:vtable#0}
[INFO] [stdout]   18:     0x610dbe831359 - <std[70759c8f55707aa4]::sys::thread::unix::Thread>::new::thread_start
[INFO] [stdout]   19:     0x77c467bbbdfa - <unknown>
[INFO] [stdout]   20:     0x77c467c4f3d4 - clone
[INFO] [stdout]   21:                0x0 - <unknown>
[INFO] [stdout] 
[INFO] [stdout] ---- tests::test_kzg_zero_blob stdout ----
[INFO] [stdout] 
[INFO] [stdout] thread 'tests::test_kzg_zero_blob' (1371) panicked at /opt/rustwide/cargo-home/registry/src/index.crates.io-1949cf8c6b5b557f/lazy_static-1.5.1/src/inline_lazy.rs:30:16:
[INFO] [stdout] Once instance has previously been poisoned
[INFO] [stdout] stack backtrace:
[INFO] [stdout]    0:     0x610dbe831ac1 - <<std[70759c8f55707aa4]::sys::backtrace::BacktraceLock>::print::DisplayBacktrace as core[df12db4294e9bfd3]::fmt::Display>::fmt
[INFO] [stdout]    1:     0x610dbe8466aa - core[df12db4294e9bfd3]::fmt::write
[INFO] [stdout]    2:     0x610dbe83607c - <alloc[2182bb758b4b3781]::vec::Vec<u8> as core[df12db4294e9bfd3]::io::write::Write>::write_fmt
[INFO] [stdout]    3:     0x610dbe80d8d6 - std[70759c8f55707aa4]::panicking::default_hook::{closure#0}
[INFO] [stdout]    4:     0x610dbe829d09 - std[70759c8f55707aa4]::panicking::default_hook
[INFO] [stdout]    5:     0x610dbe6ff4c0 - test[9d35eded1c95d3be]::test_main_inner::<test[9d35eded1c95d3be]::test_main_static::{closure#0}>::{closure#0}
[INFO] [stdout]    6:     0x610dbe82a032 - std[70759c8f55707aa4]::panicking::panic_with_hook
[INFO] [stdout]    7:     0x610dbe80d9b4 - std[70759c8f55707aa4]::panicking::panic_handler::{closure#0}
[INFO] [stdout]    8:     0x610dbe8066d9 - std[70759c8f55707aa4]::sys::backtrace::__rust_end_short_backtrace::<std[70759c8f55707aa4]::panicking::panic_handler::{closure#0}, !>
[INFO] [stdout]    9:     0x610dbe80e57d - __rustc[8fa7c3cbc660c2b3]::rust_begin_unwind
[INFO] [stdout]   10:     0x610dbe846ddc - core[df12db4294e9bfd3]::panicking::panic_fmt
[INFO] [stdout]   11:     0x610dbe8136e1 - <std[70759c8f55707aa4]::sys::sync::once::futex::Once>::call
[INFO] [stdout]   12:     0x610dbe6e1804 - tests[b28766a79ba0a7bc]::tests::test_kzg_zero_blob
[INFO] [stdout]   13:     0x610dbe6ef369 - <tests[b28766a79ba0a7bc]::tests::test_kzg_zero_blob::{closure#0} as core[df12db4294e9bfd3]::ops::function::FnOnce<()>>::call_once
[INFO] [stdout]   14:     0x610dbe6f27ab - test[9d35eded1c95d3be]::__rust_begin_short_backtrace::<core[df12db4294e9bfd3]::result::Result<(), alloc[2182bb758b4b3781]::string::String>, fn() -> core[df12db4294e9bfd3]::result::Result<(), alloc[2182bb758b4b3781]::string::String>>
[INFO] [stdout]   15:     0x610dbe6ffe15 - test[9d35eded1c95d3be]::run_test::{closure#0}
[INFO] [stdout]   16:     0x610dbe6f96d4 - std[70759c8f55707aa4]::sys::backtrace::__rust_begin_short_backtrace::<test[9d35eded1c95d3be]::run_test::{closure#1}, ()>
[INFO] [stdout]   17:     0x610dbe702f72 - <std[70759c8f55707aa4]::thread::lifecycle::spawn_unchecked<test[9d35eded1c95d3be]::run_test::{closure#1}, ()>::{closure#1} as core[df12db4294e9bfd3]::ops::function::FnOnce<()>>::call_once::{shim:vtable#0}
[INFO] [stdout]   18:     0x610dbe831359 - <std[70759c8f55707aa4]::sys::thread::unix::Thread>::new::thread_start
[INFO] [stdout]   19:     0x77c467bbbdfa - <unknown>
[INFO] [stdout]   20:     0x77c467c4f3d4 - clone
[INFO] [stdout]   21:                0x0 - <unknown>
[INFO] [stdout] 
[INFO] [stdout] 
[INFO] [stdout] failures:
[INFO] [stdout]     tests::test_compute_kzg_proof
[INFO] [stdout]     tests::test_compute_kzg_proof_random_100_blobs
[INFO] [stdout]     tests::test_compute_multiple_kzg_proof
[INFO] [stdout]     tests::test_kzg_batch_proof_invalid_curve_points
[INFO] [stdout]     tests::test_kzg_batch_proof_with_infinity
[INFO] [stdout]     tests::test_kzg_zero_blob
[INFO] [stdout]     tests::test_multiple_proof_random_100_blobs
[INFO] [stdout] 
[INFO] [stdout] test result: FAILED. 4 passed; 7 failed; 0 ignored; 0 measured; 0 filtered out; finished in 0.34s
[INFO] [stdout] 
[INFO] [stderr] error: test failed, to rerun pass `--test tests`
[INFO] running `Command { std: "docker" "inspect" "476b926496561cab7d7e963bb973b9231d291fa04f7acd3704d9de313332e5e0", kill_on_drop: false }`
[INFO] running `Command { std: "docker" "rm" "-f" "476b926496561cab7d7e963bb973b9231d291fa04f7acd3704d9de313332e5e0", kill_on_drop: false }`
[INFO] [stdout] 476b926496561cab7d7e963bb973b9231d291fa04f7acd3704d9de313332e5e0
