[INFO] fetching crate rust-hdl-sim 0.46.0...
[INFO] testing rust-hdl-sim-0.46.0 against 1.99.0-beta.8+cargoflags=--release for beta-release-1.100-2
[INFO] extracting crate rust-hdl-sim 0.46.0 into /workspace/builds/worker-5-tc1/source
[INFO] started tweaking crates.io crate rust-hdl-sim 0.46.0
[INFO] finished tweaking crates.io crate rust-hdl-sim 0.46.0
[INFO] tweaked toml for crates.io crate rust-hdl-sim 0.46.0 written to /workspace/builds/worker-5-tc1/source/Cargo.toml
[INFO] validating manifest of crates.io crate rust-hdl-sim 0.46.0 on toolchain 1.99.0-beta.8
[INFO] running `Command { std: CARGO_HOME="/workspace/cargo-home" RUSTUP_HOME="/workspace/rustup-home" "/workspace/cargo-home/bin/cargo" "+1.99.0-beta.8" "metadata" "--manifest-path" "Cargo.toml" "--no-deps", kill_on_drop: false }`
[INFO] running `Command { std: CARGO_HOME="/workspace/cargo-home" RUSTUP_HOME="/workspace/rustup-home" "/workspace/cargo-home/bin/cargo" "+1.99.0-beta.8" "generate-lockfile" "--manifest-path" "Cargo.toml", kill_on_drop: false }`
[INFO] [stderr]     Updating crates.io index
[INFO] [stderr]      Locking 47 packages to highest compatible versions
[INFO] running `Command { std: CARGO_HOME="/workspace/cargo-home" RUSTUP_HOME="/workspace/rustup-home" "/workspace/cargo-home/bin/cargo" "+1.99.0-beta.8" "fetch" "--manifest-path" "Cargo.toml", kill_on_drop: false }`
[INFO] [stderr]  Downloading crates ...
[INFO] [stderr]   Downloaded substring v1.4.5
[INFO] [stderr]   Downloaded vcd v0.6.1
[INFO] [stderr]   Downloaded rust-hdl-widgets v0.46.0
[INFO] [stderr]   Downloaded rust-hdl-core v0.46.0
[INFO] [stderr]   Downloaded array-init v2.1.0
[INFO] [stderr]   Downloaded svg v0.10.0
[INFO] [stderr]   Downloaded embed-doc-image v0.1.4
[INFO] [stderr]   Downloaded rust-hdl-macros v0.46.0
[INFO] [stderr]   Downloaded evalexpr v6.6.0
[INFO] running `Command { std: "docker" "create" "-v" "/var/lib/crater-agent-workspace/builds/worker-5-tc1/source:/opt/rustwide/workdir:ro,Z" "-v" "/var/lib/crater-agent-workspace/builds/worker-5-tc1/target:/opt/rustwide/target:rw,Z" "-v" "/var/lib/crater-agent-workspace/cargo-home:/opt/rustwide/cargo-home:ro,Z" "-v" "/var/lib/crater-agent-workspace/rustup-home:/opt/rustwide/rustup-home:ro,Z" "-m" "1610612736" "--network" "none" "ghcr.io/rust-lang/crates-build-env/linux@sha256:77db811e55d90add9212f6832c23229e3de5f1c1f9905e8cb07319ea15df73ac" "sleep" "infinity", kill_on_drop: false }`
[INFO] [stdout] 19fcd294afa38b09dfccf01b026e187eca5a58cb880f353b38f21e9709efa9cc
[INFO] running `Command { std: "docker" "start" "19fcd294afa38b09dfccf01b026e187eca5a58cb880f353b38f21e9709efa9cc", kill_on_drop: false }`
[INFO] running `Command { std: "docker" "inspect" "19fcd294afa38b09dfccf01b026e187eca5a58cb880f353b38f21e9709efa9cc", kill_on_drop: false }`
[INFO] running `Command { std: "docker" "exec" "-e" "SOURCE_DIR=/opt/rustwide/workdir" "-e" "CARGO_HOME=/opt/rustwide/cargo-home" "-e" "RUSTUP_HOME=/opt/rustwide/rustup-home" "-e" "CARGO_TARGET_DIR=/opt/rustwide/target" "-w" "/opt/rustwide/workdir" "--user" "0:0" "19fcd294afa38b09dfccf01b026e187eca5a58cb880f353b38f21e9709efa9cc" "/opt/rustwide/cargo-home/bin/cargo" "+1.99.0-beta.8" "metadata" "--no-deps" "--format-version=1", kill_on_drop: false }`
[INFO] running `Command { std: "docker" "inspect" "19fcd294afa38b09dfccf01b026e187eca5a58cb880f353b38f21e9709efa9cc", kill_on_drop: false }`
[INFO] running `Command { std: "docker" "exec" "-e" "SOURCE_DIR=/opt/rustwide/workdir" "-e" "CARGO_HOME=/opt/rustwide/cargo-home" "-e" "RUSTUP_HOME=/opt/rustwide/rustup-home" "-e" "CARGO_TARGET_DIR=/opt/rustwide/target" "-e" "CARGO_INCREMENTAL=0" "-e" "RUST_BACKTRACE=full" "-e" "RUSTFLAGS=--cap-lints=warn" "-e" "RUSTDOCFLAGS=--cap-lints=warn" "-w" "/opt/rustwide/workdir" "--user" "0:0" "19fcd294afa38b09dfccf01b026e187eca5a58cb880f353b38f21e9709efa9cc" "/opt/rustwide/cargo-home/bin/cargo" "+1.99.0-beta.8" "build" "--frozen" "--message-format=json" "--release", kill_on_drop: false }`
[INFO] [stderr]    Compiling crossbeam-utils v0.8.23
[INFO] [stderr]    Compiling num-traits v0.2.19
[INFO] [stderr]    Compiling syn v1.0.109
[INFO] [stderr]    Compiling crossbeam-deque v0.8.8
[INFO] [stderr]    Compiling substring v1.4.5
[INFO] [stderr]    Compiling libc v0.2.191
[INFO] [stderr]    Compiling crossbeam-epoch v0.9.21
[INFO] [stderr]    Compiling aho-corasick v1.1.5
[INFO] [stderr]    Compiling zerocopy v0.8.63
[INFO] [stderr]    Compiling fixedbitset v0.4.2
[INFO] [stderr]    Compiling base64 v0.13.1
[INFO] [stderr]    Compiling array-init v2.1.0
[INFO] [stderr]    Compiling vcd v0.6.1
[INFO] [stderr]    Compiling svg v0.10.0
[INFO] [stderr]    Compiling evalexpr v6.6.0
[INFO] [stderr]    Compiling petgraph v0.6.5
[INFO] [stderr]    Compiling crossbeam-queue v0.3.14
[INFO] [stderr]    Compiling crossbeam-channel v0.5.17
[INFO] [stderr]    Compiling getrandom v0.2.17
[INFO] [stderr]    Compiling rand_core v0.6.4
[INFO] [stderr]    Compiling crossbeam v0.8.5
[INFO] [stderr]    Compiling num-integer v0.1.47
[INFO] [stderr]    Compiling num-bigint v0.4.8
[INFO] [stderr]    Compiling regex-automata v0.4.18
[INFO] [stderr]    Compiling embed-doc-image v0.1.4
[INFO] [stderr]    Compiling rust-hdl-macros v0.46.0
[INFO] [stderr]    Compiling regex v1.13.1
[INFO] [stderr]    Compiling ppv-lite86 v0.2.21
[INFO] [stderr]    Compiling rand_chacha v0.3.1
[INFO] [stderr]    Compiling rand v0.8.8
[INFO] [stderr]    Compiling rust-hdl-core v0.46.0
[INFO] [stderr]    Compiling rust-hdl-widgets v0.46.0
[INFO] [stderr]    Compiling rust-hdl-sim v0.46.0 (/opt/rustwide/workdir)
[INFO] [stdout] warning: unused import: `super::max31856_sim::*`
[INFO] [stdout]  --> src/prelude.rs:4:9
[INFO] [stdout]   |
[INFO] [stdout] 4 | pub use super::max31856_sim::*;
[INFO] [stdout]   |         ^^^^^^^^^^^^^^^^^^^^^^
[INFO] [stdout]   |
[INFO] [stdout]   = note: `#[warn(unused_imports)]` (part of `#[warn(unused)]`) on by default
[INFO] [stdout] 
[INFO] [stdout] 
[INFO] [stderr]     Finished `release` profile [optimized] target(s) in 37.23s
[INFO] [stderr] warning: the following packages contain code that will be rejected by a future version of Rust: svg v0.10.0
[INFO] [stderr] note: to see what the problems were, use the option `--future-incompat-report`, or run `cargo report future-incompatibilities --id 1`
[INFO] running `Command { std: "docker" "inspect" "19fcd294afa38b09dfccf01b026e187eca5a58cb880f353b38f21e9709efa9cc", kill_on_drop: false }`
[INFO] running `Command { std: "docker" "exec" "-e" "SOURCE_DIR=/opt/rustwide/workdir" "-e" "CARGO_HOME=/opt/rustwide/cargo-home" "-e" "RUSTUP_HOME=/opt/rustwide/rustup-home" "-e" "CARGO_TARGET_DIR=/opt/rustwide/target" "-e" "CARGO_INCREMENTAL=0" "-e" "RUST_BACKTRACE=full" "-e" "RUSTFLAGS=--cap-lints=warn" "-e" "RUSTDOCFLAGS=--cap-lints=warn" "-w" "/opt/rustwide/workdir" "--user" "0:0" "19fcd294afa38b09dfccf01b026e187eca5a58cb880f353b38f21e9709efa9cc" "/opt/rustwide/cargo-home/bin/cargo" "+1.99.0-beta.8" "test" "--frozen" "--no-run" "--message-format=json" "--release", kill_on_drop: false }`
[INFO] [stderr]    Compiling rust-hdl-sim v0.46.0 (/opt/rustwide/workdir)
[INFO] [stdout] warning: unused import: `super::max31856_sim::*`
[INFO] [stdout]  --> src/prelude.rs:4:9
[INFO] [stdout]   |
[INFO] [stdout] 4 | pub use super::max31856_sim::*;
[INFO] [stdout]   |         ^^^^^^^^^^^^^^^^^^^^^^
[INFO] [stdout]   |
[INFO] [stdout]   = note: `#[warn(unused_imports)]` (part of `#[warn(unused)]`) on by default
[INFO] [stdout] 
[INFO] [stdout] 
[INFO] [stdout] warning: unused import: `super::max31856_sim::*`
[INFO] [stdout]  --> src/prelude.rs:4:9
[INFO] [stdout]   |
[INFO] [stdout] 4 | pub use super::max31856_sim::*;
[INFO] [stdout]   |         ^^^^^^^^^^^^^^^^^^^^^^
[INFO] [stdout]   |
[INFO] [stdout]   = note: `#[warn(unused_imports)]` (part of `#[warn(unused)]`) on by default
[INFO] [stdout] 
[INFO] [stdout] 
[INFO] [stderr]     Finished `release` profile [optimized] target(s) in 18.88s
[INFO] [stderr] warning: the following packages contain code that will be rejected by a future version of Rust: svg v0.10.0
[INFO] [stderr] note: to see what the problems were, use the option `--future-incompat-report`, or run `cargo report future-incompatibilities --id 1`
[INFO] running `Command { std: "docker" "inspect" "19fcd294afa38b09dfccf01b026e187eca5a58cb880f353b38f21e9709efa9cc", kill_on_drop: false }`
[INFO] running `Command { std: "docker" "exec" "-e" "SOURCE_DIR=/opt/rustwide/workdir" "-e" "CARGO_HOME=/opt/rustwide/cargo-home" "-e" "RUSTUP_HOME=/opt/rustwide/rustup-home" "-e" "CARGO_TARGET_DIR=/opt/rustwide/target" "-e" "CARGO_INCREMENTAL=0" "-e" "RUST_BACKTRACE=full" "-e" "RUSTFLAGS=--cap-lints=warn" "-e" "RUSTDOCFLAGS=--cap-lints=warn" "-w" "/opt/rustwide/workdir" "--user" "0:0" "19fcd294afa38b09dfccf01b026e187eca5a58cb880f353b38f21e9709efa9cc" "/opt/rustwide/cargo-home/bin/cargo" "+1.99.0-beta.8" "test" "--frozen" "--release", kill_on_drop: false }`
[INFO] [stderr] warning: unused import: `super::max31856_sim::*`
[INFO] [stderr]  --> src/prelude.rs:4:9
[INFO] [stderr]   |
[INFO] [stderr] 4 | pub use super::max31856_sim::*;
[INFO] [stderr]   |         ^^^^^^^^^^^^^^^^^^^^^^
[INFO] [stderr]   |
[INFO] [stderr]   = note: `#[warn(unused_imports)]` (part of `#[warn(unused)]`) on by default
[INFO] [stderr] 
[INFO] [stderr] warning: `rust-hdl-sim` (lib) generated 1 warning (run `cargo fix --lib -p rust-hdl-sim` to apply 1 suggestion)
[INFO] [stderr] warning: `rust-hdl-sim` (lib test) generated 1 warning (1 duplicate)
[INFO] [stderr]     Finished `release` profile [optimized] target(s) in 0.06s
[INFO] [stderr] warning: the following packages contain code that will be rejected by a future version of Rust: svg v0.10.0
[INFO] [stderr] note: to see what the problems were, use the option `--future-incompat-report`, or run `cargo report future-incompatibilities --id 1`
[INFO] [stderr]      Running unittests src/lib.rs (/opt/rustwide/target/release/deps/rust_hdl_sim-617d53802b732207)
[INFO] [stdout] 
[INFO] [stdout] running 34 tests
[INFO] [stdout] test ads8688_sim::test_ram_init_vec_is_correct ... ok
[INFO] [stdout] test ads868x_sim::test_indexing ... ok
[INFO] [stdout] test ads868x_sim::test_parity_calculations ... ok
[INFO] [stdout] test ad7193_sim::test_ad7193_synthesizes ... FAILED
[INFO] [stdout] test ad7193_sim::test_yosys_validate_test_fixture ... FAILED
[INFO] [stdout] test ads8688_sim::test_yosys_validate_test_fixture ... FAILED
[INFO] [stdout] test ads8688_sim::test_ads8688_synthesizes ... FAILED
[INFO] [stdout] test ads868x_sim::test_ads8689_synthesizes ... FAILED
[INFO] [stdout] test ads868x_sim::test_yosys_validate_test_fixture ... FAILED
[INFO] [stdout] test max31856_sim::test_max31856_synthesizes ... FAILED
[INFO] [stdout] test max31856_sim::test_yosys_validate_test_fixture ... FAILED
[INFO] [stdout] test muxed_ads868x_sim::test_mux_is_synthesizable ... FAILED
[INFO] [stdout] test muxed_max31856_sim::test_mux_is_synthesizable ... FAILED
[INFO] [stdout] test sdr_sdram::bank::test_bank_activation_immediate_close_fails_for_timing ... ok
[INFO] [stdout] test muxed_ad7193_sim::test_mux_is_synthesizable ... FAILED
[INFO] [stdout] test sdr_sdram::bank::test_bank_activation_immediate_close_is_ok_with_delay ... ok
[INFO] [stdout] test max31856_sim::test_multireg_reads ... ok
[INFO] [stdout] test sdr_sdram::bank::test_bank_sim_synthesizes ... FAILED
[INFO] [stdout] test sdr_sdram::bank::test_bank_write ... FAILED
[INFO] [stdout] test ads8688_sim::test_reg_writes ... ok
[INFO] [stdout] test sdr_sdram::chip::test_sdram_sim_synthesizes ... FAILED
[INFO] [stdout] test max31856_sim::test_multireg_write ... ok
[INFO] [stdout] test sdr_sdram::chip::test_sdram_init_works ... FAILED
[INFO] [stdout] test ads8688_sim::test_conversion ... ok
[INFO] [stdout] test ads8688_sim::test_cmd_write ... FAILED
[INFO] [stdout] test ad7193_sim::test_reg_reads ... ok
[INFO] [stdout] test ad7193_sim::test_single_conversion ... ok
[INFO] [stdout] test ads8688_sim::test_pipelined_conversion ... FAILED
[INFO] [stdout] test max31856_sim::test_reg_reads ... ok
[INFO] [stdout] test ads868x_sim::test_reg_writes ... FAILED
[INFO] [stdout] test max31856_sim::test_single_conversion ... ok
[INFO] [stdout] test ad7193_sim::test_reg_writes ... ok
[INFO] [stdout] test max31856_sim::test_reg_writes ... ok
[INFO] [stderr] error: test failed, to rerun pass `--lib`
[INFO] [stdout] test ads8688_sim::test_reg_reads ... ok
[INFO] [stdout] 
[INFO] [stdout] failures:
[INFO] [stdout] 
[INFO] [stdout] ---- ad7193_sim::test_ad7193_synthesizes stdout ----
[INFO] [stdout] 
[INFO] [stdout] thread 'ad7193_sim::test_ad7193_synthesizes' (853) panicked at /opt/rustwide/cargo-home/registry/src/index.crates.io-1949cf8c6b5b557f/rust-hdl-core-0.46.0/src/yosys.rs:35:10:
[INFO] [stdout] called `Result::unwrap()` on an `Err` value: Os { code: 2, kind: NotFound, message: "No such file or directory" }
[INFO] [stdout] stack backtrace:
[INFO] [stdout]    0:     0x60bf5c779941 - <<std[70759c8f55707aa4]::sys::backtrace::BacktraceLock>::print::DisplayBacktrace as core[df12db4294e9bfd3]::fmt::Display>::fmt
[INFO] [stdout]    1:     0x60bf5c7913da - core[df12db4294e9bfd3]::fmt::write
[INFO] [stdout]    2:     0x60bf5c77e03c - <alloc[2182bb758b4b3781]::vec::Vec<u8> as core[df12db4294e9bfd3]::io::write::Write>::write_fmt
[INFO] [stdout]    3:     0x60bf5c754506 - std[70759c8f55707aa4]::panicking::default_hook::{closure#0}
[INFO] [stdout]    4:     0x60bf5c771449 - std[70759c8f55707aa4]::panicking::default_hook
[INFO] [stdout]    5:     0x60bf5c5f2320 - test[9d35eded1c95d3be]::test_main_inner::<test[9d35eded1c95d3be]::test_main_static::{closure#0}>::{closure#0}
[INFO] [stdout]    6:     0x60bf5c771602 - std[70759c8f55707aa4]::panicking::panic_with_hook
[INFO] [stdout]    7:     0x60bf5c7545b2 - std[70759c8f55707aa4]::panicking::panic_handler::{closure#0}
[INFO] [stdout]    8:     0x60bf5c74d219 - std[70759c8f55707aa4]::sys::backtrace::__rust_end_short_backtrace::<std[70759c8f55707aa4]::panicking::panic_handler::{closure#0}, !>
[INFO] [stdout]    9:     0x60bf5c7551ad - __rustc[8fa7c3cbc660c2b3]::rust_begin_unwind
[INFO] [stdout]   10:     0x60bf5c791bbc - core[df12db4294e9bfd3]::panicking::panic_fmt
[INFO] [stdout]   11:     0x60bf5c791992 - core[df12db4294e9bfd3]::result::unwrap_failed
[INFO] [stdout]   12:     0x60bf5c6424a5 - rust_hdl_core[cd74f43254a33c9f]::yosys::yosys_validate
[INFO] [stdout]   13:     0x60bf5c5e406c - <rust_hdl_sim[7c46b63574264b38]::ad7193_sim::test_ad7193_synthesizes::{closure#0} as core[df12db4294e9bfd3]::ops::function::FnOnce<()>>::call_once
[INFO] [stdout]   14:     0x60bf5c5e560b - test[9d35eded1c95d3be]::__rust_begin_short_backtrace::<core[df12db4294e9bfd3]::result::Result<(), alloc[2182bb758b4b3781]::string::String>, fn() -> core[df12db4294e9bfd3]::result::Result<(), alloc[2182bb758b4b3781]::string::String>>
[INFO] [stdout]   15:     0x60bf5c5f2c75 - test[9d35eded1c95d3be]::run_test::{closure#0}
[INFO] [stdout]   16:     0x60bf5c5ec534 - std[70759c8f55707aa4]::sys::backtrace::__rust_begin_short_backtrace::<test[9d35eded1c95d3be]::run_test::{closure#1}, ()>
[INFO] [stdout]   17:     0x60bf5c5f5dd2 - <std[70759c8f55707aa4]::thread::lifecycle::spawn_unchecked<test[9d35eded1c95d3be]::run_test::{closure#1}, ()>::{closure#1} as core[df12db4294e9bfd3]::ops::function::FnOnce<()>>::call_once::{shim:vtable#0}
[INFO] [stdout]   18:     0x60bf5c778ff9 - <std[70759c8f55707aa4]::sys::thread::unix::Thread>::new::thread_start
[INFO] [stdout]   19:     0x730dd6ccfdfa - <unknown>
[INFO] [stdout]   20:     0x730dd6d633d4 - clone
[INFO] [stdout]   21:                0x0 - <unknown>
[INFO] [stdout] 
[INFO] [stdout] ---- ad7193_sim::test_yosys_validate_test_fixture stdout ----
[INFO] [stdout] 
[INFO] [stdout] thread 'ad7193_sim::test_yosys_validate_test_fixture' (857) panicked at /opt/rustwide/cargo-home/registry/src/index.crates.io-1949cf8c6b5b557f/rust-hdl-core-0.46.0/src/yosys.rs:35:10:
[INFO] [stdout] called `Result::unwrap()` on an `Err` value: Os { code: 2, kind: NotFound, message: "No such file or directory" }
[INFO] [stdout] stack backtrace:
[INFO] [stdout]    0:     0x60bf5c779941 - <<std[70759c8f55707aa4]::sys::backtrace::BacktraceLock>::print::DisplayBacktrace as core[df12db4294e9bfd3]::fmt::Display>::fmt
[INFO] [stdout]    1:     0x60bf5c7913da - core[df12db4294e9bfd3]::fmt::write
[INFO] [stdout]    2:     0x60bf5c77e03c - <alloc[2182bb758b4b3781]::vec::Vec<u8> as core[df12db4294e9bfd3]::io::write::Write>::write_fmt
[INFO] [stdout]    3:     0x60bf5c754506 - std[70759c8f55707aa4]::panicking::default_hook::{closure#0}
[INFO] [stdout]    4:     0x60bf5c771449 - std[70759c8f55707aa4]::panicking::default_hook
[INFO] [stdout]    5:     0x60bf5c5f2320 - test[9d35eded1c95d3be]::test_main_inner::<test[9d35eded1c95d3be]::test_main_static::{closure#0}>::{closure#0}
[INFO] [stdout]    6:     0x60bf5c771602 - std[70759c8f55707aa4]::panicking::panic_with_hook
[INFO] [stdout]    7:     0x60bf5c7545b2 - std[70759c8f55707aa4]::panicking::panic_handler::{closure#0}
[INFO] [stdout]    8:     0x60bf5c74d219 - std[70759c8f55707aa4]::sys::backtrace::__rust_end_short_backtrace::<std[70759c8f55707aa4]::panicking::panic_handler::{closure#0}, !>
[INFO] [stdout]    9:     0x60bf5c7551ad - __rustc[8fa7c3cbc660c2b3]::rust_begin_unwind
[INFO] [stdout]   10:     0x60bf5c791bbc - core[df12db4294e9bfd3]::panicking::panic_fmt
[INFO] [stdout]   11:     0x60bf5c791992 - core[df12db4294e9bfd3]::result::unwrap_failed
[INFO] [stdout]   12:     0x60bf5c6424a5 - rust_hdl_core[cd74f43254a33c9f]::yosys::yosys_validate
[INFO] [stdout]   13:     0x60bf5c5e41ac - <rust_hdl_sim[7c46b63574264b38]::ad7193_sim::test_yosys_validate_test_fixture::{closure#0} as core[df12db4294e9bfd3]::ops::function::FnOnce<()>>::call_once
[INFO] [stdout]   14:     0x60bf5c5e560b - test[9d35eded1c95d3be]::__rust_begin_short_backtrace::<core[df12db4294e9bfd3]::result::Result<(), alloc[2182bb758b4b3781]::string::String>, fn() -> core[df12db4294e9bfd3]::result::Result<(), alloc[2182bb758b4b3781]::string::String>>
[INFO] [stdout]   15:     0x60bf5c5f2c75 - test[9d35eded1c95d3be]::run_test::{closure#0}
[INFO] [stdout]   16:     0x60bf5c5ec534 - std[70759c8f55707aa4]::sys::backtrace::__rust_begin_short_backtrace::<test[9d35eded1c95d3be]::run_test::{closure#1}, ()>
[INFO] [stdout]   17:     0x60bf5c5f5dd2 - <std[70759c8f55707aa4]::thread::lifecycle::spawn_unchecked<test[9d35eded1c95d3be]::run_test::{closure#1}, ()>::{closure#1} as core[df12db4294e9bfd3]::ops::function::FnOnce<()>>::call_once::{shim:vtable#0}
[INFO] [stdout]   18:     0x60bf5c778ff9 - <std[70759c8f55707aa4]::sys::thread::unix::Thread>::new::thread_start
[INFO] [stdout]   19:     0x730dd6ccfdfa - <unknown>
[INFO] [stdout]   20:     0x730dd6d633d4 - clone
[INFO] [stdout]   21:                0x0 - <unknown>
[INFO] [stdout] 
[INFO] [stdout] ---- ads8688_sim::test_yosys_validate_test_fixture stdout ----
[INFO] [stdout] 
[INFO] [stdout] thread 'ads8688_sim::test_yosys_validate_test_fixture' (867) panicked at /opt/rustwide/cargo-home/registry/src/index.crates.io-1949cf8c6b5b557f/rust-hdl-core-0.46.0/src/yosys.rs:35:10:
[INFO] [stdout] called `Result::unwrap()` on an `Err` value: Os { code: 2, kind: NotFound, message: "No such file or directory" }
[INFO] [stdout] stack backtrace:
[INFO] [stdout]    0:     0x60bf5c779941 - <<std[70759c8f55707aa4]::sys::backtrace::BacktraceLock>::print::DisplayBacktrace as core[df12db4294e9bfd3]::fmt::Display>::fmt
[INFO] [stdout]    1:     0x60bf5c7913da - core[df12db4294e9bfd3]::fmt::write
[INFO] [stdout]    2:     0x60bf5c77e03c - <alloc[2182bb758b4b3781]::vec::Vec<u8> as core[df12db4294e9bfd3]::io::write::Write>::write_fmt
[INFO] [stdout]    3:     0x60bf5c754506 - std[70759c8f55707aa4]::panicking::default_hook::{closure#0}
[INFO] [stdout]    4:     0x60bf5c771449 - std[70759c8f55707aa4]::panicking::default_hook
[INFO] [stdout]    5:     0x60bf5c5f2320 - test[9d35eded1c95d3be]::test_main_inner::<test[9d35eded1c95d3be]::test_main_static::{closure#0}>::{closure#0}
[INFO] [stdout]    6:     0x60bf5c771602 - std[70759c8f55707aa4]::panicking::panic_with_hook
[INFO] [stdout]    7:     0x60bf5c7545b2 - std[70759c8f55707aa4]::panicking::panic_handler::{closure#0}
[INFO] [stdout]    8:     0x60bf5c74d219 - std[70759c8f55707aa4]::sys::backtrace::__rust_end_short_backtrace::<std[70759c8f55707aa4]::panicking::panic_handler::{closure#0}, !>
[INFO] [stdout]    9:     0x60bf5c7551ad - __rustc[8fa7c3cbc660c2b3]::rust_begin_unwind
[INFO] [stdout]   10:     0x60bf5c791bbc - core[df12db4294e9bfd3]::panicking::panic_fmt
[INFO] [stdout]   11:     0x60bf5c791992 - core[df12db4294e9bfd3]::result::unwrap_failed
[INFO] [stdout]   12:     0x60bf5c6424a5 - rust_hdl_core[cd74f43254a33c9f]::yosys::yosys_validate
[INFO] [stdout]   13:     0x60bf5c57e756 - rust_hdl_sim[7c46b63574264b38]::ads8688_sim::test_yosys_validate_test_fixture
[INFO] [stdout]   14:     0x60bf5c5e4379 - <rust_hdl_sim[7c46b63574264b38]::ads8688_sim::test_yosys_validate_test_fixture::{closure#0} as core[df12db4294e9bfd3]::ops::function::FnOnce<()>>::call_once
[INFO] [stdout]   15:     0x60bf5c5e560b - test[9d35eded1c95d3be]::__rust_begin_short_backtrace::<core[df12db4294e9bfd3]::result::Result<(), alloc[2182bb758b4b3781]::string::String>, fn() -> core[df12db4294e9bfd3]::result::Result<(), alloc[2182bb758b4b3781]::string::String>>
[INFO] [stdout]   16:     0x60bf5c5f2c75 - test[9d35eded1c95d3be]::run_test::{closure#0}
[INFO] [stdout]   17:     0x60bf5c5ec534 - std[70759c8f55707aa4]::sys::backtrace::__rust_begin_short_backtrace::<test[9d35eded1c95d3be]::run_test::{closure#1}, ()>
[INFO] [stdout]   18:     0x60bf5c5f5dd2 - <std[70759c8f55707aa4]::thread::lifecycle::spawn_unchecked<test[9d35eded1c95d3be]::run_test::{closure#1}, ()>::{closure#1} as core[df12db4294e9bfd3]::ops::function::FnOnce<()>>::call_once::{shim:vtable#0}
[INFO] [stdout]   19:     0x60bf5c778ff9 - <std[70759c8f55707aa4]::sys::thread::unix::Thread>::new::thread_start
[INFO] [stdout]   20:     0x730dd6ccfdfa - <unknown>
[INFO] [stdout]   21:     0x730dd6d633d4 - clone
[INFO] [stdout]   22:                0x0 - <unknown>
[INFO] [stdout] 
[INFO] [stdout] ---- ads8688_sim::test_ads8688_synthesizes stdout ----
[INFO] [stdout] 
[INFO] [stdout] thread 'ads8688_sim::test_ads8688_synthesizes' (858) panicked at /opt/rustwide/cargo-home/registry/src/index.crates.io-1949cf8c6b5b557f/rust-hdl-core-0.46.0/src/yosys.rs:35:10:
[INFO] [stdout] called `Result::unwrap()` on an `Err` value: Os { code: 2, kind: NotFound, message: "No such file or directory" }
[INFO] [stdout] stack backtrace:
[INFO] [stdout]    0:     0x60bf5c779941 - <<std[70759c8f55707aa4]::sys::backtrace::BacktraceLock>::print::DisplayBacktrace as core[df12db4294e9bfd3]::fmt::Display>::fmt
[INFO] [stdout]    1:     0x60bf5c7913da - core[df12db4294e9bfd3]::fmt::write
[INFO] [stdout]    2:     0x60bf5c77e03c - <alloc[2182bb758b4b3781]::vec::Vec<u8> as core[df12db4294e9bfd3]::io::write::Write>::write_fmt
[INFO] [stdout]    3:     0x60bf5c754506 - std[70759c8f55707aa4]::panicking::default_hook::{closure#0}
[INFO] [stdout]    4:     0x60bf5c771449 - std[70759c8f55707aa4]::panicking::default_hook
[INFO] [stdout]    5:     0x60bf5c5f2320 - test[9d35eded1c95d3be]::test_main_inner::<test[9d35eded1c95d3be]::test_main_static::{closure#0}>::{closure#0}
[INFO] [stdout]    6:     0x60bf5c771602 - std[70759c8f55707aa4]::panicking::panic_with_hook
[INFO] [stdout]    7:     0x60bf5c7545b2 - std[70759c8f55707aa4]::panicking::panic_handler::{closure#0}
[INFO] [stdout]    8:     0x60bf5c74d219 - std[70759c8f55707aa4]::sys::backtrace::__rust_end_short_backtrace::<std[70759c8f55707aa4]::panicking::panic_handler::{closure#0}, !>
[INFO] [stdout]    9:     0x60bf5c7551ad - __rustc[8fa7c3cbc660c2b3]::rust_begin_unwind
[INFO] [stdout]   10:     0x60bf5c791bbc - core[df12db4294e9bfd3]::panicking::panic_fmt
[INFO] [stdout]   11:     0x60bf5c791992 - core[df12db4294e9bfd3]::result::unwrap_failed
[INFO] [stdout]   12:     0x60bf5c6424a5 - rust_hdl_core[cd74f43254a33c9f]::yosys::yosys_validate
[INFO] [stdout]   13:     0x60bf5c57de59 - rust_hdl_sim[7c46b63574264b38]::ads8688_sim::test_ads8688_synthesizes
[INFO] [stdout]   14:     0x60bf5c5e4319 - <rust_hdl_sim[7c46b63574264b38]::ads8688_sim::test_ads8688_synthesizes::{closure#0} as core[df12db4294e9bfd3]::ops::function::FnOnce<()>>::call_once
[INFO] [stdout]   15:     0x60bf5c5e560b - test[9d35eded1c95d3be]::__rust_begin_short_backtrace::<core[df12db4294e9bfd3]::result::Result<(), alloc[2182bb758b4b3781]::string::String>, fn() -> core[df12db4294e9bfd3]::result::Result<(), alloc[2182bb758b4b3781]::string::String>>
[INFO] [stdout]   16:     0x60bf5c5f2c75 - test[9d35eded1c95d3be]::run_test::{closure#0}
[INFO] [stdout]   17:     0x60bf5c5ec534 - std[70759c8f55707aa4]::sys::backtrace::__rust_begin_short_backtrace::<test[9d35eded1c95d3be]::run_test::{closure#1}, ()>
[INFO] [stdout]   18:     0x60bf5c5f5dd2 - <std[70759c8f55707aa4]::thread::lifecycle::spawn_unchecked<test[9d35eded1c95d3be]::run_test::{closure#1}, ()>::{closure#1} as core[df12db4294e9bfd3]::ops::function::FnOnce<()>>::call_once::{shim:vtable#0}
[INFO] [stdout]   19:     0x60bf5c778ff9 - <std[70759c8f55707aa4]::sys::thread::unix::Thread>::new::thread_start
[INFO] [stdout]   20:     0x730dd6ccfdfa - <unknown>
[INFO] [stdout]   21:     0x730dd6d633d4 - clone
[INFO] [stdout]   22:                0x0 - <unknown>
[INFO] [stdout] 
[INFO] [stdout] ---- ads868x_sim::test_ads8689_synthesizes stdout ----
[INFO] [stdout] 
[INFO] [stdout] thread 'ads868x_sim::test_ads8689_synthesizes' (876) panicked at /opt/rustwide/cargo-home/registry/src/index.crates.io-1949cf8c6b5b557f/rust-hdl-core-0.46.0/src/yosys.rs:35:10:
[INFO] [stdout] called `Result::unwrap()` on an `Err` value: Os { code: 2, kind: NotFound, message: "No such file or directory" }
[INFO] [stdout] stack backtrace:
[INFO] [stdout]    0:     0x60bf5c779941 - <<std[70759c8f55707aa4]::sys::backtrace::BacktraceLock>::print::DisplayBacktrace as core[df12db4294e9bfd3]::fmt::Display>::fmt
[INFO] [stdout]    1:     0x60bf5c7913da - core[df12db4294e9bfd3]::fmt::write
[INFO] [stdout]    2:     0x60bf5c77e03c - <alloc[2182bb758b4b3781]::vec::Vec<u8> as core[df12db4294e9bfd3]::io::write::Write>::write_fmt
[INFO] [stdout]    3:     0x60bf5c754506 - std[70759c8f55707aa4]::panicking::default_hook::{closure#0}
[INFO] [stdout]    4:     0x60bf5c771449 - std[70759c8f55707aa4]::panicking::default_hook
[INFO] [stdout]    5:     0x60bf5c5f2320 - test[9d35eded1c95d3be]::test_main_inner::<test[9d35eded1c95d3be]::test_main_static::{closure#0}>::{closure#0}
[INFO] [stdout]    6:     0x60bf5c771602 - std[70759c8f55707aa4]::panicking::panic_with_hook
[INFO] [stdout]    7:     0x60bf5c7545b2 - std[70759c8f55707aa4]::panicking::panic_handler::{closure#0}
[INFO] [stdout]    8:     0x60bf5c74d219 - std[70759c8f55707aa4]::sys::backtrace::__rust_end_short_backtrace::<std[70759c8f55707aa4]::panicking::panic_handler::{closure#0}, !>
[INFO] [stdout]    9:     0x60bf5c7551ad - __rustc[8fa7c3cbc660c2b3]::rust_begin_unwind
[INFO] [stdout]   10:     0x60bf5c791bbc - core[df12db4294e9bfd3]::panicking::panic_fmt
[INFO] [stdout]   11:     0x60bf5c791992 - core[df12db4294e9bfd3]::result::unwrap_failed
[INFO] [stdout]   12:     0x60bf5c6424a5 - rust_hdl_core[cd74f43254a33c9f]::yosys::yosys_validate
[INFO] [stdout]   13:     0x60bf5c4b6d9e - rust_hdl_sim[7c46b63574264b38]::ads868x_sim::test_ads8689_synthesizes
[INFO] [stdout]   14:     0x60bf5c5e43d9 - <rust_hdl_sim[7c46b63574264b38]::ads868x_sim::test_ads8689_synthesizes::{closure#0} as core[df12db4294e9bfd3]::ops::function::FnOnce<()>>::call_once
[INFO] [stdout]   15:     0x60bf5c5e560b - test[9d35eded1c95d3be]::__rust_begin_short_backtrace::<core[df12db4294e9bfd3]::result::Result<(), alloc[2182bb758b4b3781]::string::String>, fn() -> core[df12db4294e9bfd3]::result::Result<(), alloc[2182bb758b4b3781]::string::String>>
[INFO] [stdout]   16:     0x60bf5c5f2c75 - test[9d35eded1c95d3be]::run_test::{closure#0}
[INFO] [stdout]   17:     0x60bf5c5ec534 - std[70759c8f55707aa4]::sys::backtrace::__rust_begin_short_backtrace::<test[9d35eded1c95d3be]::run_test::{closure#1}, ()>
[INFO] [stdout]   18:     0x60bf5c5f5dd2 - <std[70759c8f55707aa4]::thread::lifecycle::spawn_unchecked<test[9d35eded1c95d3be]::run_test::{closure#1}, ()>::{closure#1} as core[df12db4294e9bfd3]::ops::function::FnOnce<()>>::call_once::{shim:vtable#0}
[INFO] [stdout]   19:     0x60bf5c778ff9 - <std[70759c8f55707aa4]::sys::thread::unix::Thread>::new::thread_start
[INFO] [stdout]   20:     0x730dd6ccfdfa - <unknown>
[INFO] [stdout]   21:     0x730dd6d633d4 - clone
[INFO] [stdout]   22:                0x0 - <unknown>
[INFO] [stdout] 
[INFO] [stdout] ---- ads868x_sim::test_yosys_validate_test_fixture stdout ----
[INFO] [stdout] 
[INFO] [stdout] thread 'ads868x_sim::test_yosys_validate_test_fixture' (880) panicked at /opt/rustwide/cargo-home/registry/src/index.crates.io-1949cf8c6b5b557f/rust-hdl-core-0.46.0/src/yosys.rs:35:10:
[INFO] [stdout] called `Result::unwrap()` on an `Err` value: Os { code: 2, kind: NotFound, message: "No such file or directory" }
[INFO] [stdout] stack backtrace:
[INFO] [stdout]    0:     0x60bf5c779941 - <<std[70759c8f55707aa4]::sys::backtrace::BacktraceLock>::print::DisplayBacktrace as core[df12db4294e9bfd3]::fmt::Display>::fmt
[INFO] [stdout]    1:     0x60bf5c7913da - core[df12db4294e9bfd3]::fmt::write
[INFO] [stdout]    2:     0x60bf5c77e03c - <alloc[2182bb758b4b3781]::vec::Vec<u8> as core[df12db4294e9bfd3]::io::write::Write>::write_fmt
[INFO] [stdout]    3:     0x60bf5c754506 - std[70759c8f55707aa4]::panicking::default_hook::{closure#0}
[INFO] [stdout]    4:     0x60bf5c771449 - std[70759c8f55707aa4]::panicking::default_hook
[INFO] [stdout]    5:     0x60bf5c5f2320 - test[9d35eded1c95d3be]::test_main_inner::<test[9d35eded1c95d3be]::test_main_static::{closure#0}>::{closure#0}
[INFO] [stdout]    6:     0x60bf5c771602 - std[70759c8f55707aa4]::panicking::panic_with_hook
[INFO] [stdout]    7:     0x60bf5c7545b2 - std[70759c8f55707aa4]::panicking::panic_handler::{closure#0}
[INFO] [stdout]    8:     0x60bf5c74d219 - std[70759c8f55707aa4]::sys::backtrace::__rust_end_short_backtrace::<std[70759c8f55707aa4]::panicking::panic_handler::{closure#0}, !>
[INFO] [stdout]    9:     0x60bf5c7551ad - __rustc[8fa7c3cbc660c2b3]::rust_begin_unwind
[INFO] [stdout]   10:     0x60bf5c791bbc - core[df12db4294e9bfd3]::panicking::panic_fmt
[INFO] [stdout]   11:     0x60bf5c791992 - core[df12db4294e9bfd3]::result::unwrap_failed
[INFO] [stdout]   12:     0x60bf5c6424a5 - rust_hdl_core[cd74f43254a33c9f]::yosys::yosys_validate
[INFO] [stdout]   13:     0x60bf5c4b7049 - rust_hdl_sim[7c46b63574264b38]::ads868x_sim::test_yosys_validate_test_fixture
[INFO] [stdout]   14:     0x60bf5c5e4419 - <rust_hdl_sim[7c46b63574264b38]::ads868x_sim::test_yosys_validate_test_fixture::{closure#0} as core[df12db4294e9bfd3]::ops::function::FnOnce<()>>::call_once
[INFO] [stdout]   15:     0x60bf5c5e560b - test[9d35eded1c95d3be]::__rust_begin_short_backtrace::<core[df12db4294e9bfd3]::result::Result<(), alloc[2182bb758b4b3781]::string::String>, fn() -> core[df12db4294e9bfd3]::result::Result<(), alloc[2182bb758b4b3781]::string::String>>
[INFO] [stdout]   16:     0x60bf5c5f2c75 - test[9d35eded1c95d3be]::run_test::{closure#0}
[INFO] [stdout]   17:     0x60bf5c5ec534 - std[70759c8f55707aa4]::sys::backtrace::__rust_begin_short_backtrace::<test[9d35eded1c95d3be]::run_test::{closure#1}, ()>
[INFO] [stdout]   18:     0x60bf5c5f5dd2 - <std[70759c8f55707aa4]::thread::lifecycle::spawn_unchecked<test[9d35eded1c95d3be]::run_test::{closure#1}, ()>::{closure#1} as core[df12db4294e9bfd3]::ops::function::FnOnce<()>>::call_once::{shim:vtable#0}
[INFO] [stdout]   19:     0x60bf5c778ff9 - <std[70759c8f55707aa4]::sys::thread::unix::Thread>::new::thread_start
[INFO] [stdout]   20:     0x730dd6ccfdfa - <unknown>
[INFO] [stdout]   21:     0x730dd6d633d4 - clone
[INFO] [stdout]   22:                0x0 - <unknown>
[INFO] [stdout] 
[INFO] [stdout] ---- max31856_sim::test_max31856_synthesizes stdout ----
[INFO] [stdout] 
[INFO] [stdout] thread 'max31856_sim::test_max31856_synthesizes' (883) panicked at /opt/rustwide/cargo-home/registry/src/index.crates.io-1949cf8c6b5b557f/rust-hdl-core-0.46.0/src/yosys.rs:35:10:
[INFO] [stdout] called `Result::unwrap()` on an `Err` value: Os { code: 2, kind: NotFound, message: "No such file or directory" }
[INFO] [stdout] stack backtrace:
[INFO] [stdout]    0:     0x60bf5c779941 - <<std[70759c8f55707aa4]::sys::backtrace::BacktraceLock>::print::DisplayBacktrace as core[df12db4294e9bfd3]::fmt::Display>::fmt
[INFO] [stdout]    1:     0x60bf5c7913da - core[df12db4294e9bfd3]::fmt::write
[INFO] [stdout]    2:     0x60bf5c77e03c - <alloc[2182bb758b4b3781]::vec::Vec<u8> as core[df12db4294e9bfd3]::io::write::Write>::write_fmt
[INFO] [stdout]    3:     0x60bf5c754506 - std[70759c8f55707aa4]::panicking::default_hook::{closure#0}
[INFO] [stdout]    4:     0x60bf5c771449 - std[70759c8f55707aa4]::panicking::default_hook
[INFO] [stdout]    5:     0x60bf5c5f2320 - test[9d35eded1c95d3be]::test_main_inner::<test[9d35eded1c95d3be]::test_main_static::{closure#0}>::{closure#0}
[INFO] [stdout]    6:     0x60bf5c771602 - std[70759c8f55707aa4]::panicking::panic_with_hook
[INFO] [stdout]    7:     0x60bf5c7545b2 - std[70759c8f55707aa4]::panicking::panic_handler::{closure#0}
[INFO] [stdout]    8:     0x60bf5c74d219 - std[70759c8f55707aa4]::sys::backtrace::__rust_end_short_backtrace::<std[70759c8f55707aa4]::panicking::panic_handler::{closure#0}, !>
[INFO] [stdout]    9:     0x60bf5c7551ad - __rustc[8fa7c3cbc660c2b3]::rust_begin_unwind
[INFO] [stdout]   10:     0x60bf5c791bbc - core[df12db4294e9bfd3]::panicking::panic_fmt
[INFO] [stdout]   11:     0x60bf5c791992 - core[df12db4294e9bfd3]::result::unwrap_failed
[INFO] [stdout]   12:     0x60bf5c6424a5 - rust_hdl_core[cd74f43254a33c9f]::yosys::yosys_validate
[INFO] [stdout]   13:     0x60bf5c508a6e - rust_hdl_sim[7c46b63574264b38]::max31856_sim::test_max31856_synthesizes
[INFO] [stdout]   14:     0x60bf5c5e44d9 - <rust_hdl_sim[7c46b63574264b38]::max31856_sim::test_max31856_synthesizes::{closure#0} as core[df12db4294e9bfd3]::ops::function::FnOnce<()>>::call_once
[INFO] [stdout]   15:     0x60bf5c5e560b - test[9d35eded1c95d3be]::__rust_begin_short_backtrace::<core[df12db4294e9bfd3]::result::Result<(), alloc[2182bb758b4b3781]::string::String>, fn() -> core[df12db4294e9bfd3]::result::Result<(), alloc[2182bb758b4b3781]::string::String>>
[INFO] [stdout]   16:     0x60bf5c5f2c75 - test[9d35eded1c95d3be]::run_test::{closure#0}
[INFO] [stdout]   17:     0x60bf5c5ec534 - std[70759c8f55707aa4]::sys::backtrace::__rust_begin_short_backtrace::<test[9d35eded1c95d3be]::run_test::{closure#1}, ()>
[INFO] [stdout]   18:     0x60bf5c5f5dd2 - <std[70759c8f55707aa4]::thread::lifecycle::spawn_unchecked<test[9d35eded1c95d3be]::run_test::{closure#1}, ()>::{closure#1} as core[df12db4294e9bfd3]::ops::function::FnOnce<()>>::call_once::{shim:vtable#0}
[INFO] [stdout]   19:     0x60bf5c778ff9 - <std[70759c8f55707aa4]::sys::thread::unix::Thread>::new::thread_start
[INFO] [stdout]   20:     0x730dd6ccfdfa - <unknown>
[INFO] [stdout]   21:     0x730dd6d633d4 - clone
[INFO] [stdout]   22:                0x0 - <unknown>
[INFO] [stdout] 
[INFO] [stdout] ---- max31856_sim::test_yosys_validate_test_fixture stdout ----
[INFO] [stdout] 
[INFO] [stdout] thread 'max31856_sim::test_yosys_validate_test_fixture' (909) panicked at /opt/rustwide/cargo-home/registry/src/index.crates.io-1949cf8c6b5b557f/rust-hdl-core-0.46.0/src/yosys.rs:35:10:
[INFO] [stdout] called `Result::unwrap()` on an `Err` value: Os { code: 2, kind: NotFound, message: "No such file or directory" }
[INFO] [stdout] stack backtrace:
[INFO] [stdout]    0:     0x60bf5c779941 - <<std[70759c8f55707aa4]::sys::backtrace::BacktraceLock>::print::DisplayBacktrace as core[df12db4294e9bfd3]::fmt::Display>::fmt
[INFO] [stdout]    1:     0x60bf5c7913da - core[df12db4294e9bfd3]::fmt::write
[INFO] [stdout]    2:     0x60bf5c77e03c - <alloc[2182bb758b4b3781]::vec::Vec<u8> as core[df12db4294e9bfd3]::io::write::Write>::write_fmt
[INFO] [stdout]    3:     0x60bf5c754506 - std[70759c8f55707aa4]::panicking::default_hook::{closure#0}
[INFO] [stdout]    4:     0x60bf5c771449 - std[70759c8f55707aa4]::panicking::default_hook
[INFO] [stdout]    5:     0x60bf5c5f2320 - test[9d35eded1c95d3be]::test_main_inner::<test[9d35eded1c95d3be]::test_main_static::{closure#0}>::{closure#0}
[INFO] [stdout]    6:     0x60bf5c771602 - std[70759c8f55707aa4]::panicking::panic_with_hook
[INFO] [stdout]    7:     0x60bf5c7545b2 - std[70759c8f55707aa4]::panicking::panic_handler::{closure#0}
[INFO] [stdout]    8:     0x60bf5c74d219 - std[70759c8f55707aa4]::sys::backtrace::__rust_end_short_backtrace::<std[70759c8f55707aa4]::panicking::panic_handler::{closure#0}, !>
[INFO] [stdout]    9:     0x60bf5c7551ad - __rustc[8fa7c3cbc660c2b3]::rust_begin_unwind
[INFO] [stdout]   10:     0x60bf5c791bbc - core[df12db4294e9bfd3]::panicking::panic_fmt
[INFO] [stdout]   11:     0x60bf5c791992 - core[df12db4294e9bfd3]::result::unwrap_failed
[INFO] [stdout]   12:     0x60bf5c6424a5 - rust_hdl_core[cd74f43254a33c9f]::yosys::yosys_validate
[INFO] [stdout]   13:     0x60bf5c508bab - rust_hdl_sim[7c46b63574264b38]::max31856_sim::test_yosys_validate_test_fixture
[INFO] [stdout]   14:     0x60bf5c5e44f9 - <rust_hdl_sim[7c46b63574264b38]::max31856_sim::test_yosys_validate_test_fixture::{closure#0} as core[df12db4294e9bfd3]::ops::function::FnOnce<()>>::call_once
[INFO] [stdout]   15:     0x60bf5c5e560b - test[9d35eded1c95d3be]::__rust_begin_short_backtrace::<core[df12db4294e9bfd3]::result::Result<(), alloc[2182bb758b4b3781]::string::String>, fn() -> core[df12db4294e9bfd3]::result::Result<(), alloc[2182bb758b4b3781]::string::String>>
[INFO] [stdout]   16:     0x60bf5c5f2c75 - test[9d35eded1c95d3be]::run_test::{closure#0}
[INFO] [stdout]   17:     0x60bf5c5ec534 - std[70759c8f55707aa4]::sys::backtrace::__rust_begin_short_backtrace::<test[9d35eded1c95d3be]::run_test::{closure#1}, ()>
[INFO] [stdout]   18:     0x60bf5c5f5dd2 - <std[70759c8f55707aa4]::thread::lifecycle::spawn_unchecked<test[9d35eded1c95d3be]::run_test::{closure#1}, ()>::{closure#1} as core[df12db4294e9bfd3]::ops::function::FnOnce<()>>::call_once::{shim:vtable#0}
[INFO] [stdout]   19:     0x60bf5c778ff9 - <std[70759c8f55707aa4]::sys::thread::unix::Thread>::new::thread_start
[INFO] [stdout]   20:     0x730dd6ccfdfa - <unknown>
[INFO] [stdout]   21:     0x730dd6d633d4 - clone
[INFO] [stdout]   22:                0x0 - <unknown>
[INFO] [stdout] 
[INFO] [stdout] ---- muxed_ads868x_sim::test_mux_is_synthesizable stdout ----
[INFO] [stdout] 
[INFO] [stdout] thread 'muxed_ads868x_sim::test_mux_is_synthesizable' (915) panicked at /opt/rustwide/cargo-home/registry/src/index.crates.io-1949cf8c6b5b557f/rust-hdl-core-0.46.0/src/yosys.rs:35:10:
[INFO] [stdout] called `Result::unwrap()` on an `Err` value: Os { code: 2, kind: NotFound, message: "No such file or directory" }
[INFO] [stdout] stack backtrace:
[INFO] [stdout]    0:     0x60bf5c779941 - <<std[70759c8f55707aa4]::sys::backtrace::BacktraceLock>::print::DisplayBacktrace as core[df12db4294e9bfd3]::fmt::Display>::fmt
[INFO] [stdout]    1:     0x60bf5c7913da - core[df12db4294e9bfd3]::fmt::write
[INFO] [stdout]    2:     0x60bf5c77e03c - <alloc[2182bb758b4b3781]::vec::Vec<u8> as core[df12db4294e9bfd3]::io::write::Write>::write_fmt
[INFO] [stdout]    3:     0x60bf5c754506 - std[70759c8f55707aa4]::panicking::default_hook::{closure#0}
[INFO] [stdout]    4:     0x60bf5c771449 - std[70759c8f55707aa4]::panicking::default_hook
[INFO] [stdout]    5:     0x60bf5c5f2320 - test[9d35eded1c95d3be]::test_main_inner::<test[9d35eded1c95d3be]::test_main_static::{closure#0}>::{closure#0}
[INFO] [stdout]    6:     0x60bf5c771602 - std[70759c8f55707aa4]::panicking::panic_with_hook
[INFO] [stdout]    7:     0x60bf5c7545b2 - std[70759c8f55707aa4]::panicking::panic_handler::{closure#0}
[INFO] [stdout]    8:     0x60bf5c74d219 - std[70759c8f55707aa4]::sys::backtrace::__rust_end_short_backtrace::<std[70759c8f55707aa4]::panicking::panic_handler::{closure#0}, !>
[INFO] [stdout]    9:     0x60bf5c7551ad - __rustc[8fa7c3cbc660c2b3]::rust_begin_unwind
[INFO] [stdout]   10:     0x60bf5c791bbc - core[df12db4294e9bfd3]::panicking::panic_fmt
[INFO] [stdout]   11:     0x60bf5c791992 - core[df12db4294e9bfd3]::result::unwrap_failed
[INFO] [stdout]   12:     0x60bf5c6424a5 - rust_hdl_core[cd74f43254a33c9f]::yosys::yosys_validate
[INFO] [stdout]   13:     0x60bf5c5e5375 - <rust_hdl_sim[7c46b63574264b38]::muxed_ads868x_sim::test_mux_is_synthesizable::{closure#0} as core[df12db4294e9bfd3]::ops::function::FnOnce<()>>::call_once
[INFO] [stdout]   14:     0x60bf5c5e560b - test[9d35eded1c95d3be]::__rust_begin_short_backtrace::<core[df12db4294e9bfd3]::result::Result<(), alloc[2182bb758b4b3781]::string::String>, fn() -> core[df12db4294e9bfd3]::result::Result<(), alloc[2182bb758b4b3781]::string::String>>
[INFO] [stdout]   15:     0x60bf5c5f2c75 - test[9d35eded1c95d3be]::run_test::{closure#0}
[INFO] [stdout]   16:     0x60bf5c5ec534 - std[70759c8f55707aa4]::sys::backtrace::__rust_begin_short_backtrace::<test[9d35eded1c95d3be]::run_test::{closure#1}, ()>
[INFO] [stdout]   17:     0x60bf5c5f5dd2 - <std[70759c8f55707aa4]::thread::lifecycle::spawn_unchecked<test[9d35eded1c95d3be]::run_test::{closure#1}, ()>::{closure#1} as core[df12db4294e9bfd3]::ops::function::FnOnce<()>>::call_once::{shim:vtable#0}
[INFO] [stdout]   18:     0x60bf5c778ff9 - <std[70759c8f55707aa4]::sys::thread::unix::Thread>::new::thread_start
[INFO] [stdout]   19:     0x730dd6ccfdfa - <unknown>
[INFO] [stdout]   20:     0x730dd6d633d4 - clone
[INFO] [stdout]   21:                0x0 - <unknown>
[INFO] [stdout] 
[INFO] [stdout] ---- muxed_max31856_sim::test_mux_is_synthesizable stdout ----
[INFO] [stdout] 
[INFO] [stdout] thread 'muxed_max31856_sim::test_mux_is_synthesizable' (917) panicked at /opt/rustwide/cargo-home/registry/src/index.crates.io-1949cf8c6b5b557f/rust-hdl-core-0.46.0/src/yosys.rs:35:10:
[INFO] [stdout] called `Result::unwrap()` on an `Err` value: Os { code: 2, kind: NotFound, message: "No such file or directory" }
[INFO] [stdout] stack backtrace:
[INFO] [stdout]    0:     0x60bf5c779941 - <<std[70759c8f55707aa4]::sys::backtrace::BacktraceLock>::print::DisplayBacktrace as core[df12db4294e9bfd3]::fmt::Display>::fmt
[INFO] [stdout]    1:     0x60bf5c7913da - core[df12db4294e9bfd3]::fmt::write
[INFO] [stdout]    2:     0x60bf5c77e03c - <alloc[2182bb758b4b3781]::vec::Vec<u8> as core[df12db4294e9bfd3]::io::write::Write>::write_fmt
[INFO] [stdout]    3:     0x60bf5c754506 - std[70759c8f55707aa4]::panicking::default_hook::{closure#0}
[INFO] [stdout]    4:     0x60bf5c771449 - std[70759c8f55707aa4]::panicking::default_hook
[INFO] [stdout]    5:     0x60bf5c5f2320 - test[9d35eded1c95d3be]::test_main_inner::<test[9d35eded1c95d3be]::test_main_static::{closure#0}>::{closure#0}
[INFO] [stdout]    6:     0x60bf5c771602 - std[70759c8f55707aa4]::panicking::panic_with_hook
[INFO] [stdout]    7:     0x60bf5c7545b2 - std[70759c8f55707aa4]::panicking::panic_handler::{closure#0}
[INFO] [stdout]    8:     0x60bf5c74d219 - std[70759c8f55707aa4]::sys::backtrace::__rust_end_short_backtrace::<std[70759c8f55707aa4]::panicking::panic_handler::{closure#0}, !>
[INFO] [stdout]    9:     0x60bf5c7551ad - __rustc[8fa7c3cbc660c2b3]::rust_begin_unwind
[INFO] [stdout]   10:     0x60bf5c791bbc - core[df12db4294e9bfd3]::panicking::panic_fmt
[INFO] [stdout]   11:     0x60bf5c791992 - core[df12db4294e9bfd3]::result::unwrap_failed
[INFO] [stdout]   12:     0x60bf5c6424a5 - rust_hdl_core[cd74f43254a33c9f]::yosys::yosys_validate
[INFO] [stdout]   13:     0x60bf5c4b7525 - rust_hdl_sim[7c46b63574264b38]::muxed_max31856_sim::test_mux_is_synthesizable
[INFO] [stdout]   14:     0x60bf5c5e54d9 - <rust_hdl_sim[7c46b63574264b38]::muxed_max31856_sim::test_mux_is_synthesizable::{closure#0} as core[df12db4294e9bfd3]::ops::function::FnOnce<()>>::call_once
[INFO] [stdout]   15:     0x60bf5c5e560b - test[9d35eded1c95d3be]::__rust_begin_short_backtrace::<core[df12db4294e9bfd3]::result::Result<(), alloc[2182bb758b4b3781]::string::String>, fn() -> core[df12db4294e9bfd3]::result::Result<(), alloc[2182bb758b4b3781]::string::String>>
[INFO] [stdout]   16:     0x60bf5c5f2c75 - test[9d35eded1c95d3be]::run_test::{closure#0}
[INFO] [stdout]   17:     0x60bf5c5ec534 - std[70759c8f55707aa4]::sys::backtrace::__rust_begin_short_backtrace::<test[9d35eded1c95d3be]::run_test::{closure#1}, ()>
[INFO] [stdout]   18:     0x60bf5c5f5dd2 - <std[70759c8f55707aa4]::thread::lifecycle::spawn_unchecked<test[9d35eded1c95d3be]::run_test::{closure#1}, ()>::{closure#1} as core[df12db4294e9bfd3]::ops::function::FnOnce<()>>::call_once::{shim:vtable#0}
[INFO] [stdout]   19:     0x60bf5c778ff9 - <std[70759c8f55707aa4]::sys::thread::unix::Thread>::new::thread_start
[INFO] [stdout]   20:     0x730dd6ccfdfa - <unknown>
[INFO] [stdout]   21:     0x730dd6d633d4 - clone
[INFO] [stdout]   22:                0x0 - <unknown>
[INFO] [stdout] 
[INFO] [stdout] ---- muxed_ad7193_sim::test_mux_is_synthesizable stdout ----
[INFO] [stdout] 
[INFO] [stdout] thread 'muxed_ad7193_sim::test_mux_is_synthesizable' (910) panicked at /opt/rustwide/cargo-home/registry/src/index.crates.io-1949cf8c6b5b557f/rust-hdl-core-0.46.0/src/yosys.rs:35:10:
[INFO] [stdout] called `Result::unwrap()` on an `Err` value: Os { code: 2, kind: NotFound, message: "No such file or directory" }
[INFO] [stdout] stack backtrace:
[INFO] [stdout]    0:     0x60bf5c779941 - <<std[70759c8f55707aa4]::sys::backtrace::BacktraceLock>::print::DisplayBacktrace as core[df12db4294e9bfd3]::fmt::Display>::fmt
[INFO] [stdout]    1:     0x60bf5c7913da - core[df12db4294e9bfd3]::fmt::write
[INFO] [stdout]    2:     0x60bf5c77e03c - <alloc[2182bb758b4b3781]::vec::Vec<u8> as core[df12db4294e9bfd3]::io::write::Write>::write_fmt
[INFO] [stdout]    3:     0x60bf5c754506 - std[70759c8f55707aa4]::panicking::default_hook::{closure#0}
[INFO] [stdout]    4:     0x60bf5c771449 - std[70759c8f55707aa4]::panicking::default_hook
[INFO] [stdout]    5:     0x60bf5c5f2320 - test[9d35eded1c95d3be]::test_main_inner::<test[9d35eded1c95d3be]::test_main_static::{closure#0}>::{closure#0}
[INFO] [stdout]    6:     0x60bf5c771602 - std[70759c8f55707aa4]::panicking::panic_with_hook
[INFO] [stdout]    7:     0x60bf5c7545b2 - std[70759c8f55707aa4]::panicking::panic_handler::{closure#0}
[INFO] [stdout]    8:     0x60bf5c74d219 - std[70759c8f55707aa4]::sys::backtrace::__rust_end_short_backtrace::<std[70759c8f55707aa4]::panicking::panic_handler::{closure#0}, !>
[INFO] [stdout]    9:     0x60bf5c7551ad - __rustc[8fa7c3cbc660c2b3]::rust_begin_unwind
[INFO] [stdout]   10:     0x60bf5c791bbc - core[df12db4294e9bfd3]::panicking::panic_fmt
[INFO] [stdout]   11:     0x60bf5c791992 - core[df12db4294e9bfd3]::result::unwrap_failed
[INFO] [stdout]   12:     0x60bf5c6424a5 - rust_hdl_core[cd74f43254a33c9f]::yosys::yosys_validate
[INFO] [stdout]   13:     0x60bf5c5e4b47 - <rust_hdl_sim[7c46b63574264b38]::muxed_ad7193_sim::test_mux_is_synthesizable::{closure#0} as core[df12db4294e9bfd3]::ops::function::FnOnce<()>>::call_once
[INFO] [stdout]   14:     0x60bf5c5e560b - test[9d35eded1c95d3be]::__rust_begin_short_backtrace::<core[df12db4294e9bfd3]::result::Result<(), alloc[2182bb758b4b3781]::string::String>, fn() -> core[df12db4294e9bfd3]::result::Result<(), alloc[2182bb758b4b3781]::string::String>>
[INFO] [stdout]   15:     0x60bf5c5f2c75 - test[9d35eded1c95d3be]::run_test::{closure#0}
[INFO] [stdout]   16:     0x60bf5c5ec534 - std[70759c8f55707aa4]::sys::backtrace::__rust_begin_short_backtrace::<test[9d35eded1c95d3be]::run_test::{closure#1}, ()>
[INFO] [stdout]   17:     0x60bf5c5f5dd2 - <std[70759c8f55707aa4]::thread::lifecycle::spawn_unchecked<test[9d35eded1c95d3be]::run_test::{closure#1}, ()>::{closure#1} as core[df12db4294e9bfd3]::ops::function::FnOnce<()>>::call_once::{shim:vtable#0}
[INFO] [stdout]   18:     0x60bf5c778ff9 - <std[70759c8f55707aa4]::sys::thread::unix::Thread>::new::thread_start
[INFO] [stdout]   19:     0x730dd6ccfdfa - <unknown>
[INFO] [stdout]   20:     0x730dd6d633d4 - clone
[INFO] [stdout]   21:                0x0 - <unknown>
[INFO] [stdout] 
[INFO] [stdout] ---- sdr_sdram::bank::test_bank_sim_synthesizes stdout ----
[INFO] [stdout] 
[INFO] [stdout] thread 'sdr_sdram::bank::test_bank_sim_synthesizes' (926) panicked at /opt/rustwide/cargo-home/registry/src/index.crates.io-1949cf8c6b5b557f/rust-hdl-core-0.46.0/src/yosys.rs:35:10:
[INFO] [stdout] called `Result::unwrap()` on an `Err` value: Os { code: 2, kind: NotFound, message: "No such file or directory" }
[INFO] [stdout] stack backtrace:
[INFO] [stdout]    0:     0x60bf5c779941 - <<std[70759c8f55707aa4]::sys::backtrace::BacktraceLock>::print::DisplayBacktrace as core[df12db4294e9bfd3]::fmt::Display>::fmt
[INFO] [stdout]    1:     0x60bf5c7913da - core[df12db4294e9bfd3]::fmt::write
[INFO] [stdout]    2:     0x60bf5c77e03c - <alloc[2182bb758b4b3781]::vec::Vec<u8> as core[df12db4294e9bfd3]::io::write::Write>::write_fmt
[INFO] [stdout]    3:     0x60bf5c754506 - std[70759c8f55707aa4]::panicking::default_hook::{closure#0}
[INFO] [stdout]    4:     0x60bf5c771449 - std[70759c8f55707aa4]::panicking::default_hook
[INFO] [stdout]    5:     0x60bf5c5f2320 - test[9d35eded1c95d3be]::test_main_inner::<test[9d35eded1c95d3be]::test_main_static::{closure#0}>::{closure#0}
[INFO] [stdout]    6:     0x60bf5c771602 - std[70759c8f55707aa4]::panicking::panic_with_hook
[INFO] [stdout]    7:     0x60bf5c7545b2 - std[70759c8f55707aa4]::panicking::panic_handler::{closure#0}
[INFO] [stdout]    8:     0x60bf5c74d219 - std[70759c8f55707aa4]::sys::backtrace::__rust_end_short_backtrace::<std[70759c8f55707aa4]::panicking::panic_handler::{closure#0}, !>
[INFO] [stdout]    9:     0x60bf5c7551ad - __rustc[8fa7c3cbc660c2b3]::rust_begin_unwind
[INFO] [stdout]   10:     0x60bf5c791bbc - core[df12db4294e9bfd3]::panicking::panic_fmt
[INFO] [stdout]   11:     0x60bf5c791992 - core[df12db4294e9bfd3]::result::unwrap_failed
[INFO] [stdout]   12:     0x60bf5c6424a5 - rust_hdl_core[cd74f43254a33c9f]::yosys::yosys_validate
[INFO] [stdout]   13:     0x60bf5c5a9e3a - rust_hdl_sim[7c46b63574264b38]::sdr_sdram::bank::test_bank_sim_synthesizes
[INFO] [stdout]   14:     0x60bf5c5e5519 - <rust_hdl_sim[7c46b63574264b38]::sdr_sdram::bank::test_bank_sim_synthesizes::{closure#0} as core[df12db4294e9bfd3]::ops::function::FnOnce<()>>::call_once
[INFO] [stdout]   15:     0x60bf5c5e560b - test[9d35eded1c95d3be]::__rust_begin_short_backtrace::<core[df12db4294e9bfd3]::result::Result<(), alloc[2182bb758b4b3781]::string::String>, fn() -> core[df12db4294e9bfd3]::result::Result<(), alloc[2182bb758b4b3781]::string::String>>
[INFO] [stdout]   16:     0x60bf5c5f2c75 - test[9d35eded1c95d3be]::run_test::{closure#0}
[INFO] [stdout]   17:     0x60bf5c5ec534 - std[70759c8f55707aa4]::sys::backtrace::__rust_begin_short_backtrace::<test[9d35eded1c95d3be]::run_test::{closure#1}, ()>
[INFO] [stdout]   18:     0x60bf5c5f5dd2 - <std[70759c8f55707aa4]::thread::lifecycle::spawn_unchecked<test[9d35eded1c95d3be]::run_test::{closure#1}, ()>::{closure#1} as core[df12db4294e9bfd3]::ops::function::FnOnce<()>>::call_once::{shim:vtable#0}
[INFO] [stdout]   19:     0x60bf5c778ff9 - <std[70759c8f55707aa4]::sys::thread::unix::Thread>::new::thread_start
[INFO] [stdout]   20:     0x730dd6ccfdfa - <unknown>
[INFO] [stdout]   21:     0x730dd6d633d4 - clone
[INFO] [stdout]   22:                0x0 - <unknown>
[INFO] [stdout] 
[INFO] [stdout] ---- sdr_sdram::bank::test_bank_write stdout ----
[INFO] [stdout] 
[INFO] [stdout] thread 'sdr_sdram::bank::test_bank_write' (927) panicked at /opt/rustwide/cargo-home/registry/src/index.crates.io-1949cf8c6b5b557f/rust-hdl-core-0.46.0/src/simulate.rs:388:35:
[INFO] [stdout] called `Result::unwrap()` on an `Err` value: Os { code: 2, kind: NotFound, message: "No such file or directory" }
[INFO] [stdout] stack backtrace:
[INFO] [stdout]    0:     0x60bf5c779941 - <<std[70759c8f55707aa4]::sys::backtrace::BacktraceLock>::print::DisplayBacktrace as core[df12db4294e9bfd3]::fmt::Display>::fmt
[INFO] [stdout]    1:     0x60bf5c7913da - core[df12db4294e9bfd3]::fmt::write
[INFO] [stdout]    2:     0x60bf5c77e03c - <alloc[2182bb758b4b3781]::vec::Vec<u8> as core[df12db4294e9bfd3]::io::write::Write>::write_fmt
[INFO] [stdout]    3:     0x60bf5c754506 - std[70759c8f55707aa4]::panicking::default_hook::{closure#0}
[INFO] [stdout]    4:     0x60bf5c771449 - std[70759c8f55707aa4]::panicking::default_hook
[INFO] [stdout]    5:     0x60bf5c5f2320 - test[9d35eded1c95d3be]::test_main_inner::<test[9d35eded1c95d3be]::test_main_static::{closure#0}>::{closure#0}
[INFO] [stdout]    6:     0x60bf5c771602 - std[70759c8f55707aa4]::panicking::panic_with_hook
[INFO] [stdout]    7:     0x60bf5c7545b2 - std[70759c8f55707aa4]::panicking::panic_handler::{closure#0}
[INFO] [stdout]    8:     0x60bf5c74d219 - std[70759c8f55707aa4]::sys::backtrace::__rust_end_short_backtrace::<std[70759c8f55707aa4]::panicking::panic_handler::{closure#0}, !>
[INFO] [stdout]    9:     0x60bf5c7551ad - __rustc[8fa7c3cbc660c2b3]::rust_begin_unwind
[INFO] [stdout]   10:     0x60bf5c791bbc - core[df12db4294e9bfd3]::panicking::panic_fmt
[INFO] [stdout]   11:     0x60bf5c791992 - core[df12db4294e9bfd3]::result::unwrap_failed
[INFO] [stdout]   12:     0x60bf5c45c89e - <rust_hdl_core[cd74f43254a33c9f]::simulate::Simulation<rust_hdl_sim[7c46b63574264b38]::sdr_sdram::bank::MemoryBank<5usize, 5usize, 10usize, 16usize>>>::run_to_file
[INFO] [stdout]   13:     0x60bf5c5a9b7d - rust_hdl_sim[7c46b63574264b38]::sdr_sdram::bank::test_bank_write
[INFO] [stdout]   14:     0x60bf5c5e54f9 - <rust_hdl_sim[7c46b63574264b38]::sdr_sdram::bank::test_bank_write::{closure#0} as core[df12db4294e9bfd3]::ops::function::FnOnce<()>>::call_once
[INFO] [stdout]   15:     0x60bf5c5e560b - test[9d35eded1c95d3be]::__rust_begin_short_backtrace::<core[df12db4294e9bfd3]::result::Result<(), alloc[2182bb758b4b3781]::string::String>, fn() -> core[df12db4294e9bfd3]::result::Result<(), alloc[2182bb758b4b3781]::string::String>>
[INFO] [stdout]   16:     0x60bf5c5f2c75 - test[9d35eded1c95d3be]::run_test::{closure#0}
[INFO] [stdout]   17:     0x60bf5c5ec534 - std[70759c8f55707aa4]::sys::backtrace::__rust_begin_short_backtrace::<test[9d35eded1c95d3be]::run_test::{closure#1}, ()>
[INFO] [stdout]   18:     0x60bf5c5f5dd2 - <std[70759c8f55707aa4]::thread::lifecycle::spawn_unchecked<test[9d35eded1c95d3be]::run_test::{closure#1}, ()>::{closure#1} as core[df12db4294e9bfd3]::ops::function::FnOnce<()>>::call_once::{shim:vtable#0}
[INFO] [stdout]   19:     0x60bf5c778ff9 - <std[70759c8f55707aa4]::sys::thread::unix::Thread>::new::thread_start
[INFO] [stdout]   20:     0x730dd6ccfdfa - <unknown>
[INFO] [stdout]   21:     0x730dd6d633d4 - clone
[INFO] [stdout]   22:                0x0 - <unknown>
[INFO] [stdout] 
[INFO] [stdout] ---- sdr_sdram::chip::test_sdram_sim_synthesizes stdout ----
[INFO] [stdout] 
[INFO] [stdout] thread 'sdr_sdram::chip::test_sdram_sim_synthesizes' (936) panicked at /opt/rustwide/cargo-home/registry/src/index.crates.io-1949cf8c6b5b557f/rust-hdl-core-0.46.0/src/yosys.rs:35:10:
[INFO] [stdout] called `Result::unwrap()` on an `Err` value: Os { code: 2, kind: NotFound, message: "No such file or directory" }
[INFO] [stdout] stack backtrace:
[INFO] [stdout]    0:     0x60bf5c779941 - <<std[70759c8f55707aa4]::sys::backtrace::BacktraceLock>::print::DisplayBacktrace as core[df12db4294e9bfd3]::fmt::Display>::fmt
[INFO] [stdout]    1:     0x60bf5c7913da - core[df12db4294e9bfd3]::fmt::write
[INFO] [stdout]    2:     0x60bf5c77e03c - <alloc[2182bb758b4b3781]::vec::Vec<u8> as core[df12db4294e9bfd3]::io::write::Write>::write_fmt
[INFO] [stdout]    3:     0x60bf5c754506 - std[70759c8f55707aa4]::panicking::default_hook::{closure#0}
[INFO] [stdout]    4:     0x60bf5c771449 - std[70759c8f55707aa4]::panicking::default_hook
[INFO] [stdout]    5:     0x60bf5c5f2320 - test[9d35eded1c95d3be]::test_main_inner::<test[9d35eded1c95d3be]::test_main_static::{closure#0}>::{closure#0}
[INFO] [stdout]    6:     0x60bf5c771602 - std[70759c8f55707aa4]::panicking::panic_with_hook
[INFO] [stdout]    7:     0x60bf5c7545b2 - std[70759c8f55707aa4]::panicking::panic_handler::{closure#0}
[INFO] [stdout]    8:     0x60bf5c74d219 - std[70759c8f55707aa4]::sys::backtrace::__rust_end_short_backtrace::<std[70759c8f55707aa4]::panicking::panic_handler::{closure#0}, !>
[INFO] [stdout]    9:     0x60bf5c7551ad - __rustc[8fa7c3cbc660c2b3]::rust_begin_unwind
[INFO] [stdout]   10:     0x60bf5c791bbc - core[df12db4294e9bfd3]::panicking::panic_fmt
[INFO] [stdout]   11:     0x60bf5c791992 - core[df12db4294e9bfd3]::result::unwrap_failed
[INFO] [stdout]   12:     0x60bf5c6424a5 - rust_hdl_core[cd74f43254a33c9f]::yosys::yosys_validate
[INFO] [stdout]   13:     0x60bf5c540855 - rust_hdl_sim[7c46b63574264b38]::sdr_sdram::chip::test_sdram_sim_synthesizes
[INFO] [stdout]   14:     0x60bf5c5e5599 - <rust_hdl_sim[7c46b63574264b38]::sdr_sdram::chip::test_sdram_sim_synthesizes::{closure#0} as core[df12db4294e9bfd3]::ops::function::FnOnce<()>>::call_once
[INFO] [stdout]   15:     0x60bf5c5e560b - test[9d35eded1c95d3be]::__rust_begin_short_backtrace::<core[df12db4294e9bfd3]::result::Result<(), alloc[2182bb758b4b3781]::string::String>, fn() -> core[df12db4294e9bfd3]::result::Result<(), alloc[2182bb758b4b3781]::string::String>>
[INFO] [stdout]   16:     0x60bf5c5f2c75 - test[9d35eded1c95d3be]::run_test::{closure#0}
[INFO] [stdout]   17:     0x60bf5c5ec534 - std[70759c8f55707aa4]::sys::backtrace::__rust_begin_short_backtrace::<test[9d35eded1c95d3be]::run_test::{closure#1}, ()>
[INFO] [stdout]   18:     0x60bf5c5f5dd2 - <std[70759c8f55707aa4]::thread::lifecycle::spawn_unchecked<test[9d35eded1c95d3be]::run_test::{closure#1}, ()>::{closure#1} as core[df12db4294e9bfd3]::ops::function::FnOnce<()>>::call_once::{shim:vtable#0}
[INFO] [stdout]   19:     0x60bf5c778ff9 - <std[70759c8f55707aa4]::sys::thread::unix::Thread>::new::thread_start
[INFO] [stdout]   20:     0x730dd6ccfdfa - <unknown>
[INFO] [stdout]   21:     0x730dd6d633d4 - clone
[INFO] [stdout]   22:                0x0 - <unknown>
[INFO] [stdout] 
[INFO] [stdout] ---- sdr_sdram::chip::test_sdram_init_works stdout ----
[INFO] [stdout] 
[INFO] [stdout] thread 'sdr_sdram::chip::test_sdram_init_works' (932) panicked at /opt/rustwide/cargo-home/registry/src/index.crates.io-1949cf8c6b5b557f/rust-hdl-core-0.46.0/src/simulate.rs:388:35:
[INFO] [stdout] called `Result::unwrap()` on an `Err` value: Os { code: 2, kind: NotFound, message: "No such file or directory" }
[INFO] [stdout] stack backtrace:
[INFO] [stdout]    0:     0x60bf5c779941 - <<std[70759c8f55707aa4]::sys::backtrace::BacktraceLock>::print::DisplayBacktrace as core[df12db4294e9bfd3]::fmt::Display>::fmt
[INFO] [stdout]    1:     0x60bf5c7913da - core[df12db4294e9bfd3]::fmt::write
[INFO] [stdout]    2:     0x60bf5c77e03c - <alloc[2182bb758b4b3781]::vec::Vec<u8> as core[df12db4294e9bfd3]::io::write::Write>::write_fmt
[INFO] [stdout]    3:     0x60bf5c754506 - std[70759c8f55707aa4]::panicking::default_hook::{closure#0}
[INFO] [stdout]    4:     0x60bf5c771449 - std[70759c8f55707aa4]::panicking::default_hook
[INFO] [stdout]    5:     0x60bf5c5f2320 - test[9d35eded1c95d3be]::test_main_inner::<test[9d35eded1c95d3be]::test_main_static::{closure#0}>::{closure#0}
[INFO] [stdout]    6:     0x60bf5c771602 - std[70759c8f55707aa4]::panicking::panic_with_hook
[INFO] [stdout]    7:     0x60bf5c7545b2 - std[70759c8f55707aa4]::panicking::panic_handler::{closure#0}
[INFO] [stdout]    8:     0x60bf5c74d219 - std[70759c8f55707aa4]::sys::backtrace::__rust_end_short_backtrace::<std[70759c8f55707aa4]::panicking::panic_handler::{closure#0}, !>
[INFO] [stdout]    9:     0x60bf5c7551ad - __rustc[8fa7c3cbc660c2b3]::rust_begin_unwind
[INFO] [stdout]   10:     0x60bf5c791bbc - core[df12db4294e9bfd3]::panicking::panic_fmt
[INFO] [stdout]   11:     0x60bf5c791992 - core[df12db4294e9bfd3]::result::unwrap_failed
[INFO] [stdout]   12:     0x60bf5c45dc38 - <rust_hdl_core[cd74f43254a33c9f]::simulate::Simulation<rust_hdl_sim[7c46b63574264b38]::sdr_sdram::chip::SDRAMSimulator<5usize, 5usize, 10usize, 16usize>>>::run_to_file
[INFO] [stdout]   13:     0x60bf5c540539 - rust_hdl_sim[7c46b63574264b38]::sdr_sdram::chip::test_sdram_init_works
[INFO] [stdout]   14:     0x60bf5c5e5579 - <rust_hdl_sim[7c46b63574264b38]::sdr_sdram::chip::test_sdram_init_works::{closure#0} as core[df12db4294e9bfd3]::ops::function::FnOnce<()>>::call_once
[INFO] [stdout]   15:     0x60bf5c5e560b - test[9d35eded1c95d3be]::__rust_begin_short_backtrace::<core[df12db4294e9bfd3]::result::Result<(), alloc[2182bb758b4b3781]::string::String>, fn() -> core[df12db4294e9bfd3]::result::Result<(), alloc[2182bb758b4b3781]::string::String>>
[INFO] [stdout]   16:     0x60bf5c5f2c75 - test[9d35eded1c95d3be]::run_test::{closure#0}
[INFO] [stdout]   17:     0x60bf5c5ec534 - std[70759c8f55707aa4]::sys::backtrace::__rust_begin_short_backtrace::<test[9d35eded1c95d3be]::run_test::{closure#1}, ()>
[INFO] [stdout]   18:     0x60bf5c5f5dd2 - <std[70759c8f55707aa4]::thread::lifecycle::spawn_unchecked<test[9d35eded1c95d3be]::run_test::{closure#1}, ()>::{closure#1} as core[df12db4294e9bfd3]::ops::function::FnOnce<()>>::call_once::{shim:vtable#0}
[INFO] [stdout]   19:     0x60bf5c778ff9 - <std[70759c8f55707aa4]::sys::thread::unix::Thread>::new::thread_start
[INFO] [stdout]   20:     0x730dd6ccfdfa - <unknown>
[INFO] [stdout]   21:     0x730dd6d633d4 - clone
[INFO] [stdout]   22:                0x0 - <unknown>
[INFO] [stdout] 
[INFO] [stdout] ---- ads8688_sim::test_cmd_write stdout ----
[INFO] [stdout] 
[INFO] [stdout] thread 'ads8688_sim::test_cmd_write' (859) panicked at /opt/rustwide/cargo-home/registry/src/index.crates.io-1949cf8c6b5b557f/rust-hdl-core-0.46.0/src/simulate.rs:388:35:
[INFO] [stdout] called `Result::unwrap()` on an `Err` value: Os { code: 2, kind: NotFound, message: "No such file or directory" }
[INFO] [stdout] stack backtrace:
[INFO] [stdout]    0:     0x60bf5c779941 - <<std[70759c8f55707aa4]::sys::backtrace::BacktraceLock>::print::DisplayBacktrace as core[df12db4294e9bfd3]::fmt::Display>::fmt
[INFO] [stdout]    1:     0x60bf5c7913da - core[df12db4294e9bfd3]::fmt::write
[INFO] [stdout]    2:     0x60bf5c77e03c - <alloc[2182bb758b4b3781]::vec::Vec<u8> as core[df12db4294e9bfd3]::io::write::Write>::write_fmt
[INFO] [stdout]    3:     0x60bf5c754506 - std[70759c8f55707aa4]::panicking::default_hook::{closure#0}
[INFO] [stdout]    4:     0x60bf5c771449 - std[70759c8f55707aa4]::panicking::default_hook
[INFO] [stdout]    5:     0x60bf5c5f2320 - test[9d35eded1c95d3be]::test_main_inner::<test[9d35eded1c95d3be]::test_main_static::{closure#0}>::{closure#0}
[INFO] [stdout]    6:     0x60bf5c771602 - std[70759c8f55707aa4]::panicking::panic_with_hook
[INFO] [stdout]    7:     0x60bf5c7545b2 - std[70759c8f55707aa4]::panicking::panic_handler::{closure#0}
[INFO] [stdout]    8:     0x60bf5c74d219 - std[70759c8f55707aa4]::sys::backtrace::__rust_end_short_backtrace::<std[70759c8f55707aa4]::panicking::panic_handler::{closure#0}, !>
[INFO] [stdout]    9:     0x60bf5c7551ad - __rustc[8fa7c3cbc660c2b3]::rust_begin_unwind
[INFO] [stdout]   10:     0x60bf5c791bbc - core[df12db4294e9bfd3]::panicking::panic_fmt
[INFO] [stdout]   11:     0x60bf5c791992 - core[df12db4294e9bfd3]::result::unwrap_failed
[INFO] [stdout]   12:     0x60bf5c45f38e - <rust_hdl_core[cd74f43254a33c9f]::simulate::Simulation<rust_hdl_sim[7c46b63574264b38]::ads8688_sim::Test8688>>::run_to_file
[INFO] [stdout]   13:     0x60bf5c57d286 - rust_hdl_sim[7c46b63574264b38]::ads8688_sim::test_cmd_write
[INFO] [stdout]   14:     0x60bf5c5e4299 - <rust_hdl_sim[7c46b63574264b38]::ads8688_sim::test_cmd_write::{closure#0} as core[df12db4294e9bfd3]::ops::function::FnOnce<()>>::call_once
[INFO] [stdout]   15:     0x60bf5c5e560b - test[9d35eded1c95d3be]::__rust_begin_short_backtrace::<core[df12db4294e9bfd3]::result::Result<(), alloc[2182bb758b4b3781]::string::String>, fn() -> core[df12db4294e9bfd3]::result::Result<(), alloc[2182bb758b4b3781]::string::String>>
[INFO] [stdout]   16:     0x60bf5c5f2c75 - test[9d35eded1c95d3be]::run_test::{closure#0}
[INFO] [stdout]   17:     0x60bf5c5ec534 - std[70759c8f55707aa4]::sys::backtrace::__rust_begin_short_backtrace::<test[9d35eded1c95d3be]::run_test::{closure#1}, ()>
[INFO] [stdout]   18:     0x60bf5c5f5dd2 - <std[70759c8f55707aa4]::thread::lifecycle::spawn_unchecked<test[9d35eded1c95d3be]::run_test::{closure#1}, ()>::{closure#1} as core[df12db4294e9bfd3]::ops::function::FnOnce<()>>::call_once::{shim:vtable#0}
[INFO] [stdout]   19:     0x60bf5c778ff9 - <std[70759c8f55707aa4]::sys::thread::unix::Thread>::new::thread_start
[INFO] [stdout]   20:     0x730dd6ccfdfa - <unknown>
[INFO] [stdout]   21:     0x730dd6d633d4 - clone
[INFO] [stdout]   22:                0x0 - <unknown>
[INFO] [stdout] 
[INFO] [stdout] ---- ads8688_sim::test_pipelined_conversion stdout ----
[INFO] [stdout] Conversion value [1] -> 0000000000000002
[INFO] [stdout] Conversion value [2] -> 0000000000001003
[INFO] [stdout] Conversion value [3] -> 0000000000002004
[INFO] [stdout] Conversion value [4] -> 0000000000003005
[INFO] [stdout] Conversion value [5] -> 0000000000004006
[INFO] [stdout] Conversion value [6] -> 0000000000005007
[INFO] [stdout] Conversion value [7] -> 0000000000006008
[INFO] [stdout] Conversion tail -> 0000000000007009
[INFO] [stdout] 
[INFO] [stdout] thread 'ads8688_sim::test_pipelined_conversion' (861) panicked at /opt/rustwide/cargo-home/registry/src/index.crates.io-1949cf8c6b5b557f/rust-hdl-core-0.46.0/src/simulate.rs:388:35:
[INFO] [stdout] called `Result::unwrap()` on an `Err` value: Os { code: 2, kind: NotFound, message: "No such file or directory" }
[INFO] [stdout] stack backtrace:
[INFO] [stdout]    0:     0x60bf5c779941 - <<std[70759c8f55707aa4]::sys::backtrace::BacktraceLock>::print::DisplayBacktrace as core[df12db4294e9bfd3]::fmt::Display>::fmt
[INFO] [stdout]    1:     0x60bf5c7913da - core[df12db4294e9bfd3]::fmt::write
[INFO] [stdout]    2:     0x60bf5c77e03c - <alloc[2182bb758b4b3781]::vec::Vec<u8> as core[df12db4294e9bfd3]::io::write::Write>::write_fmt
[INFO] [stdout]    3:     0x60bf5c754506 - std[70759c8f55707aa4]::panicking::default_hook::{closure#0}
[INFO] [stdout]    4:     0x60bf5c771449 - std[70759c8f55707aa4]::panicking::default_hook
[INFO] [stdout]    5:     0x60bf5c5f2320 - test[9d35eded1c95d3be]::test_main_inner::<test[9d35eded1c95d3be]::test_main_static::{closure#0}>::{closure#0}
[INFO] [stdout]    6:     0x60bf5c771602 - std[70759c8f55707aa4]::panicking::panic_with_hook
[INFO] [stdout]    7:     0x60bf5c7545b2 - std[70759c8f55707aa4]::panicking::panic_handler::{closure#0}
[INFO] [stdout]    8:     0x60bf5c74d219 - std[70759c8f55707aa4]::sys::backtrace::__rust_end_short_backtrace::<std[70759c8f55707aa4]::panicking::panic_handler::{closure#0}, !>
[INFO] [stdout]    9:     0x60bf5c7551ad - __rustc[8fa7c3cbc660c2b3]::rust_begin_unwind
[INFO] [stdout]   10:     0x60bf5c791bbc - core[df12db4294e9bfd3]::panicking::panic_fmt
[INFO] [stdout]   11:     0x60bf5c791992 - core[df12db4294e9bfd3]::result::unwrap_failed
[INFO] [stdout]   12:     0x60bf5c45f38e - <rust_hdl_core[cd74f43254a33c9f]::simulate::Simulation<rust_hdl_sim[7c46b63574264b38]::ads8688_sim::Test8688>>::run_to_file
[INFO] [stdout]   13:     0x60bf5c57e32c - rust_hdl_sim[7c46b63574264b38]::ads8688_sim::test_pipelined_conversion
[INFO] [stdout]   14:     0x60bf5c5e4339 - <rust_hdl_sim[7c46b63574264b38]::ads8688_sim::test_pipelined_conversion::{closure#0} as core[df12db4294e9bfd3]::ops::function::FnOnce<()>>::call_once
[INFO] [stdout]   15:     0x60bf5c5e560b - test[9d35eded1c95d3be]::__rust_begin_short_backtrace::<core[df12db4294e9bfd3]::result::Result<(), alloc[2182bb758b4b3781]::string::String>, fn() -> core[df12db4294e9bfd3]::result::Result<(), alloc[2182bb758b4b3781]::string::String>>
[INFO] [stdout]   16:     0x60bf5c5f2c75 - test[9d35eded1c95d3be]::run_test::{closure#0}
[INFO] [stdout]   17:     0x60bf5c5ec534 - std[70759c8f55707aa4]::sys::backtrace::__rust_begin_short_backtrace::<test[9d35eded1c95d3be]::run_test::{closure#1}, ()>
[INFO] [stdout]   18:     0x60bf5c5f5dd2 - <std[70759c8f55707aa4]::thread::lifecycle::spawn_unchecked<test[9d35eded1c95d3be]::run_test::{closure#1}, ()>::{closure#1} as core[df12db4294e9bfd3]::ops::function::FnOnce<()>>::call_once::{shim:vtable#0}
[INFO] [stdout]   19:     0x60bf5c778ff9 - <std[70759c8f55707aa4]::sys::thread::unix::Thread>::new::thread_start
[INFO] [stdout]   20:     0x730dd6ccfdfa - <unknown>
[INFO] [stdout]   21:     0x730dd6d633d4 - clone
[INFO] [stdout]   22:                0x0 - <unknown>
[INFO] [stdout] 
[INFO] [stdout] ---- ads868x_sim::test_reg_writes stdout ----
[INFO] [stdout] ID Register read 00000002
[INFO] [stdout] Reading is 00020300
[INFO] [stdout] Reading is 00030000
[INFO] [stdout] Reading is 00040300
[INFO] [stdout] Reading is 00050000
[INFO] [stdout] Reading is 00060000
[INFO] [stdout] 
[INFO] [stdout] thread 'ads868x_sim::test_reg_writes' (879) panicked at /opt/rustwide/cargo-home/registry/src/index.crates.io-1949cf8c6b5b557f/rust-hdl-core-0.46.0/src/simulate.rs:388:35:
[INFO] [stdout] called `Result::unwrap()` on an `Err` value: Os { code: 2, kind: NotFound, message: "No such file or directory" }
[INFO] [stdout] stack backtrace:
[INFO] [stdout]    0:     0x60bf5c779941 - <<std[70759c8f55707aa4]::sys::backtrace::BacktraceLock>::print::DisplayBacktrace as core[df12db4294e9bfd3]::fmt::Display>::fmt
[INFO] [stdout]    1:     0x60bf5c7913da - core[df12db4294e9bfd3]::fmt::write
[INFO] [stdout]    2:     0x60bf5c77e03c - <alloc[2182bb758b4b3781]::vec::Vec<u8> as core[df12db4294e9bfd3]::io::write::Write>::write_fmt
[INFO] [stdout]    3:     0x60bf5c754506 - std[70759c8f55707aa4]::panicking::default_hook::{closure#0}
[INFO] [stdout]    4:     0x60bf5c771449 - std[70759c8f55707aa4]::panicking::default_hook
[INFO] [stdout]    5:     0x60bf5c5f2320 - test[9d35eded1c95d3be]::test_main_inner::<test[9d35eded1c95d3be]::test_main_static::{closure#0}>::{closure#0}
[INFO] [stdout]    6:     0x60bf5c771602 - std[70759c8f55707aa4]::panicking::panic_with_hook
[INFO] [stdout]    7:     0x60bf5c7545b2 - std[70759c8f55707aa4]::panicking::panic_handler::{closure#0}
[INFO] [stdout]    8:     0x60bf5c74d219 - std[70759c8f55707aa4]::sys::backtrace::__rust_end_short_backtrace::<std[70759c8f55707aa4]::panicking::panic_handler::{closure#0}, !>
[INFO] [stdout]    9:     0x60bf5c7551ad - __rustc[8fa7c3cbc660c2b3]::rust_begin_unwind
[INFO] [stdout]   10:     0x60bf5c791bbc - core[df12db4294e9bfd3]::panicking::panic_fmt
[INFO] [stdout]   11:     0x60bf5c791992 - core[df12db4294e9bfd3]::result::unwrap_failed
[INFO] [stdout]   12:     0x60bf5c460968 - <rust_hdl_core[cd74f43254a33c9f]::simulate::Simulation<rust_hdl_sim[7c46b63574264b38]::ads868x_sim::Test8689>>::run_to_file
[INFO] [stdout]   13:     0x60bf5c4b69b7 - rust_hdl_sim[7c46b63574264b38]::ads868x_sim::test_reg_writes
[INFO] [stdout]   14:     0x60bf5c5e43b9 - <rust_hdl_sim[7c46b63574264b38]::ads868x_sim::test_reg_writes::{closure#0} as core[df12db4294e9bfd3]::ops::function::FnOnce<()>>::call_once
[INFO] [stdout]   15:     0x60bf5c5e560b - test[9d35eded1c95d3be]::__rust_begin_short_backtrace::<core[df12db4294e9bfd3]::result::Result<(), alloc[2182bb758b4b3781]::string::String>, fn() -> core[df12db4294e9bfd3]::result::Result<(), alloc[2182bb758b4b3781]::string::String>>
[INFO] [stdout]   16:     0x60bf5c5f2c75 - test[9d35eded1c95d3be]::run_test::{closure#0}
[INFO] [stdout]   17:     0x60bf5c5ec534 - std[70759c8f55707aa4]::sys::backtrace::__rust_begin_short_backtrace::<test[9d35eded1c95d3be]::run_test::{closure#1}, ()>
[INFO] [stdout]   18:     0x60bf5c5f5dd2 - <std[70759c8f55707aa4]::thread::lifecycle::spawn_unchecked<test[9d35eded1c95d3be]::run_test::{closure#1}, ()>::{closure#1} as core[df12db4294e9bfd3]::ops::function::FnOnce<()>>::call_once::{shim:vtable#0}
[INFO] [stdout]   19:     0x60bf5c778ff9 - <std[70759c8f55707aa4]::sys::thread::unix::Thread>::new::thread_start
[INFO] [stdout]   20:     0x730dd6ccfdfa - <unknown>
[INFO] [stdout]   21:     0x730dd6d633d4 - clone
[INFO] [stdout]   22:                0x0 - <unknown>
[INFO] [stdout] 
[INFO] [stdout] 
[INFO] [stdout] failures:
[INFO] [stdout]     ad7193_sim::test_ad7193_synthesizes
[INFO] [stdout]     ad7193_sim::test_yosys_validate_test_fixture
[INFO] [stdout]     ads8688_sim::test_ads8688_synthesizes
[INFO] [stdout]     ads8688_sim::test_cmd_write
[INFO] [stdout]     ads8688_sim::test_pipelined_conversion
[INFO] [stdout]     ads8688_sim::test_yosys_validate_test_fixture
[INFO] [stdout]     ads868x_sim::test_ads8689_synthesizes
[INFO] [stdout]     ads868x_sim::test_reg_writes
[INFO] [stdout]     ads868x_sim::test_yosys_validate_test_fixture
[INFO] [stdout]     max31856_sim::test_max31856_synthesizes
[INFO] [stdout]     max31856_sim::test_yosys_validate_test_fixture
[INFO] [stdout]     muxed_ad7193_sim::test_mux_is_synthesizable
[INFO] [stdout]     muxed_ads868x_sim::test_mux_is_synthesizable
[INFO] [stdout]     muxed_max31856_sim::test_mux_is_synthesizable
[INFO] [stdout]     sdr_sdram::bank::test_bank_sim_synthesizes
[INFO] [stdout]     sdr_sdram::bank::test_bank_write
[INFO] [stdout]     sdr_sdram::chip::test_sdram_init_works
[INFO] [stdout]     sdr_sdram::chip::test_sdram_sim_synthesizes
[INFO] [stdout] 
[INFO] [stdout] test result: FAILED. 16 passed; 18 failed; 0 ignored; 0 measured; 0 filtered out; finished in 7.96s
[INFO] [stdout] 
[INFO] running `Command { std: "docker" "inspect" "19fcd294afa38b09dfccf01b026e187eca5a58cb880f353b38f21e9709efa9cc", kill_on_drop: false }`
[INFO] running `Command { std: "docker" "rm" "-f" "19fcd294afa38b09dfccf01b026e187eca5a58cb880f353b38f21e9709efa9cc", kill_on_drop: false }`
[INFO] [stdout] 19fcd294afa38b09dfccf01b026e187eca5a58cb880f353b38f21e9709efa9cc
