[INFO] fetching crate rust-hdl-hls 0.46.0...
[INFO] testing rust-hdl-hls-0.46.0 against 1.100.0-beta.1+cargoflags=--release for beta-release-1.100-2
[INFO] extracting crate rust-hdl-hls 0.46.0 into /workspace/builds/worker-1-tc2/source
[INFO] started tweaking crates.io crate rust-hdl-hls 0.46.0
[INFO] finished tweaking crates.io crate rust-hdl-hls 0.46.0
[INFO] tweaked toml for crates.io crate rust-hdl-hls 0.46.0 written to /workspace/builds/worker-1-tc2/source/Cargo.toml
[INFO] validating manifest of crates.io crate rust-hdl-hls 0.46.0 on toolchain 1.100.0-beta.1
[INFO] running `Command { std: CARGO_HOME="/workspace/cargo-home" RUSTUP_HOME="/workspace/rustup-home" "/workspace/cargo-home/bin/cargo" "+1.100.0-beta.1" "metadata" "--manifest-path" "Cargo.toml" "--no-deps", kill_on_drop: false }`
[INFO] running `Command { std: CARGO_HOME="/workspace/cargo-home" RUSTUP_HOME="/workspace/rustup-home" "/workspace/cargo-home/bin/cargo" "+1.100.0-beta.1" "generate-lockfile" "--manifest-path" "Cargo.toml", kill_on_drop: false }`
[INFO] [stderr]     Updating crates.io index
[INFO] [stderr]      Locking 47 packages to highest compatible versions
[INFO] [stderr]       Adding rand v0.8.8 (available: v0.10.3)
[INFO] running `Command { std: CARGO_HOME="/workspace/cargo-home" RUSTUP_HOME="/workspace/rustup-home" "/workspace/cargo-home/bin/cargo" "+1.100.0-beta.1" "fetch" "--manifest-path" "Cargo.toml", kill_on_drop: false }`
[INFO] running `Command { std: "docker" "create" "-v" "/var/lib/crater-agent-workspace/builds/worker-1-tc2/source:/opt/rustwide/workdir:ro,Z" "-v" "/var/lib/crater-agent-workspace/builds/worker-1-tc2/target:/opt/rustwide/target:rw,Z" "-v" "/var/lib/crater-agent-workspace/cargo-home:/opt/rustwide/cargo-home:ro,Z" "-v" "/var/lib/crater-agent-workspace/rustup-home:/opt/rustwide/rustup-home:ro,Z" "-m" "1610612736" "--network" "none" "ghcr.io/rust-lang/crates-build-env/linux@sha256:77db811e55d90add9212f6832c23229e3de5f1c1f9905e8cb07319ea15df73ac" "sleep" "infinity", kill_on_drop: false }`
[INFO] [stdout] 681cb377d49ed081c615a6709a080cf75c76bfac4e2d2cabe34d0e3e24b9049e
[INFO] running `Command { std: "docker" "start" "681cb377d49ed081c615a6709a080cf75c76bfac4e2d2cabe34d0e3e24b9049e", kill_on_drop: false }`
[INFO] running `Command { std: "docker" "inspect" "681cb377d49ed081c615a6709a080cf75c76bfac4e2d2cabe34d0e3e24b9049e", kill_on_drop: false }`
[INFO] running `Command { std: "docker" "exec" "-e" "SOURCE_DIR=/opt/rustwide/workdir" "-e" "CARGO_HOME=/opt/rustwide/cargo-home" "-e" "RUSTUP_HOME=/opt/rustwide/rustup-home" "-e" "CARGO_TARGET_DIR=/opt/rustwide/target" "-w" "/opt/rustwide/workdir" "--user" "0:0" "681cb377d49ed081c615a6709a080cf75c76bfac4e2d2cabe34d0e3e24b9049e" "/opt/rustwide/cargo-home/bin/cargo" "+1.100.0-beta.1" "metadata" "--no-deps" "--format-version=1", kill_on_drop: false }`
[INFO] running `Command { std: "docker" "inspect" "681cb377d49ed081c615a6709a080cf75c76bfac4e2d2cabe34d0e3e24b9049e", kill_on_drop: false }`
[INFO] running `Command { std: "docker" "exec" "-e" "SOURCE_DIR=/opt/rustwide/workdir" "-e" "CARGO_HOME=/opt/rustwide/cargo-home" "-e" "RUSTUP_HOME=/opt/rustwide/rustup-home" "-e" "CARGO_TARGET_DIR=/opt/rustwide/target" "-e" "CARGO_INCREMENTAL=0" "-e" "RUST_BACKTRACE=full" "-e" "RUSTFLAGS=--cap-lints=warn" "-e" "RUSTDOCFLAGS=--cap-lints=warn" "-w" "/opt/rustwide/workdir" "--user" "0:0" "681cb377d49ed081c615a6709a080cf75c76bfac4e2d2cabe34d0e3e24b9049e" "/opt/rustwide/cargo-home/bin/cargo" "+1.100.0-beta.1" "build" "--frozen" "--message-format=json" "--release", kill_on_drop: false }`
[INFO] [stderr]    Compiling crossbeam-utils v0.8.23
[INFO] [stderr]    Compiling libc v0.2.191
[INFO] [stderr]    Compiling memchr v2.8.3
[INFO] [stderr]    Compiling syn v1.0.109
[INFO] [stderr]    Compiling crossbeam-epoch v0.9.21
[INFO] [stderr]    Compiling regex-syntax v0.8.11
[INFO] [stderr]    Compiling crossbeam-deque v0.8.8
[INFO] [stderr]    Compiling aho-corasick v1.1.5
[INFO] [stderr]    Compiling substring v1.4.5
[INFO] [stderr]    Compiling equivalent v1.0.3
[INFO] [stderr]    Compiling indexmap v2.14.2
[INFO] [stderr]    Compiling num-integer v0.1.47
[INFO] [stderr]    Compiling crossbeam-queue v0.3.14
[INFO] [stderr]    Compiling crossbeam-channel v0.5.17
[INFO] [stderr]    Compiling fixedbitset v0.4.2
[INFO] [stderr]    Compiling base64 v0.13.1
[INFO] [stderr]    Compiling regex-automata v0.4.18
[INFO] [stderr]    Compiling crossbeam v0.8.5
[INFO] [stderr]    Compiling getrandom v0.2.17
[INFO] [stderr]    Compiling petgraph v0.6.5
[INFO] [stderr]    Compiling num-bigint v0.4.8
[INFO] [stderr]    Compiling rand_core v0.6.4
[INFO] [stderr]    Compiling rand_chacha v0.3.1
[INFO] [stderr]    Compiling rand v0.8.8
[INFO] [stderr]    Compiling evalexpr v6.6.0
[INFO] [stderr]    Compiling svg v0.10.0
[INFO] [stderr]    Compiling vcd v0.6.1
[INFO] [stderr]    Compiling array-init v2.1.0
[INFO] [stderr]    Compiling regex v1.13.1
[INFO] [stderr]    Compiling embed-doc-image v0.1.4
[INFO] [stderr]    Compiling rust-hdl-macros v0.46.0
[INFO] [stderr]    Compiling rust-hdl-core v0.46.0
[INFO] [stderr]    Compiling rust-hdl-widgets v0.46.0
[INFO] [stderr]    Compiling rust-hdl-hls v0.46.0 (/opt/rustwide/workdir)
[INFO] [stderr]     Finished `release` profile [optimized] target(s) in 1m 22s
[INFO] [stderr] warning: the following packages contain code that will be rejected by a future version of Rust: svg v0.10.0
[INFO] [stderr] note: to see what the problems were, use the option `--future-incompat-report`, or run `cargo report future-incompatibilities --id 3`
[INFO] running `Command { std: "docker" "inspect" "681cb377d49ed081c615a6709a080cf75c76bfac4e2d2cabe34d0e3e24b9049e", kill_on_drop: false }`
[INFO] running `Command { std: "docker" "exec" "-e" "SOURCE_DIR=/opt/rustwide/workdir" "-e" "CARGO_HOME=/opt/rustwide/cargo-home" "-e" "RUSTUP_HOME=/opt/rustwide/rustup-home" "-e" "CARGO_TARGET_DIR=/opt/rustwide/target" "-e" "CARGO_INCREMENTAL=0" "-e" "RUST_BACKTRACE=full" "-e" "RUSTFLAGS=--cap-lints=warn" "-e" "RUSTDOCFLAGS=--cap-lints=warn" "-w" "/opt/rustwide/workdir" "--user" "0:0" "681cb377d49ed081c615a6709a080cf75c76bfac4e2d2cabe34d0e3e24b9049e" "/opt/rustwide/cargo-home/bin/cargo" "+1.100.0-beta.1" "test" "--frozen" "--no-run" "--message-format=json" "--release", kill_on_drop: false }`
[INFO] [stderr]    Compiling rust-hdl-hls v0.46.0 (/opt/rustwide/workdir)
[INFO] [stderr]     Finished `release` profile [optimized] target(s) in 42.75s
[INFO] [stderr] warning: the following packages contain code that will be rejected by a future version of Rust: svg v0.10.0
[INFO] [stderr] note: to see what the problems were, use the option `--future-incompat-report`, or run `cargo report future-incompatibilities --id 3`
[INFO] running `Command { std: "docker" "inspect" "681cb377d49ed081c615a6709a080cf75c76bfac4e2d2cabe34d0e3e24b9049e", kill_on_drop: false }`
[INFO] running `Command { std: "docker" "exec" "-e" "SOURCE_DIR=/opt/rustwide/workdir" "-e" "CARGO_HOME=/opt/rustwide/cargo-home" "-e" "RUSTUP_HOME=/opt/rustwide/rustup-home" "-e" "CARGO_TARGET_DIR=/opt/rustwide/target" "-e" "CARGO_INCREMENTAL=0" "-e" "RUST_BACKTRACE=full" "-e" "RUSTFLAGS=--cap-lints=warn" "-e" "RUSTDOCFLAGS=--cap-lints=warn" "-w" "/opt/rustwide/workdir" "--user" "0:0" "681cb377d49ed081c615a6709a080cf75c76bfac4e2d2cabe34d0e3e24b9049e" "/opt/rustwide/cargo-home/bin/cargo" "+1.100.0-beta.1" "test" "--frozen" "--release", kill_on_drop: false }`
[INFO] [stderr]     Finished `release` profile [optimized] target(s) in 0.16s
[INFO] [stderr] warning: the following packages contain code that will be rejected by a future version of Rust: svg v0.10.0
[INFO] [stderr] note: to see what the problems were, use the option `--future-incompat-report`, or run `cargo report future-incompatibilities --id 3`
[INFO] [stderr]      Running unittests src/lib.rs (/opt/rustwide/target/release/build/rust-hdl-hls/159d1c3006148406/out/rust_hdl_hls-159d1c3006148406)
[INFO] [stdout] 
[INFO] [stdout] running 24 tests
[INFO] [stdout] test bidi::test_bidi_device_synthesizable ... FAILED
[INFO] [stdout] test bidi::test_bidi_master2_synthesizable ... FAILED
[INFO] [stdout] test cross_fifo::test_hsl_cross_narrow_synthesizes ... FAILED
[INFO] [stdout] test controller::test_base_controller_is_synthesizable ... FAILED
[INFO] [stdout] test fifo::test_hsl_sync_fifo_synthesizes ... FAILED
[INFO] [stdout] test fifo_linker::test_link_synthesizes ... FAILED
[INFO] [stdout] test miso_fifo_port::test_miso_fifo_port_is_synthesizable ... FAILED
[INFO] [stdout] test miso_port::test_local_in_port_is_synthesizable ... FAILED
[INFO] [stdout] test miso_wide_port::test_local_in_wide_port_is_synthesizable ... FAILED
[INFO] [stdout] test mosi_fifo_port::test_mosi_fifo_port_is_synthesizable ... FAILED
[INFO] [stdout] test cross_fifo::test_hsl_cross_fifo_synthesizes ... FAILED
[INFO] [stdout] test mosi_port::test_local_out_port_is_synthesizable ... FAILED
[INFO] [stdout] test router::test_router_is_synthesizable ... FAILED
[INFO] [stdout] test fifo::test_hsl_fifo_synthesizes ... FAILED
[INFO] [stdout] test router_rom::test_router_rom_is_synthesizable ... FAILED
[INFO] [stdout] test bridge::test_bridge_is_synthesizable ... FAILED
[INFO] [stdout] test host::test_host_synthesizes ... FAILED
[INFO] [stdout] test spi::test_hls_spi_master_dynamic_mode_is_synthesizable ... FAILED
[INFO] [stdout] test sdram_fifo::test_sdram_fifo_synthesizes ... FAILED
[INFO] [stdout] test spi::test_hls_spi_master_is_synthesizable ... FAILED
[INFO] [stdout] test spi::test_hls_spi_mux_slaves_is_synthesizable ... FAILED
[INFO] [stdout] test spi::test_hls_spi_mux_is_synthesizable ... FAILED
[INFO] [stdout] test sdram_controller::test_sdram_controller_synthesizes ... FAILED
[INFO] [stdout] test sdram_controller_tester::test_sdram_controller_tester_synthesizes ... FAILED
[INFO] [stdout] 
[INFO] [stdout] failures:
[INFO] [stdout] 
[INFO] [stdout] ---- bidi::test_bidi_device_synthesizable stdout ----
[INFO] [stdout] 
[INFO] [stdout] thread 'bidi::test_bidi_device_synthesizable' (896) panicked at /opt/rustwide/cargo-home/registry/src/index.crates.io-1949cf8c6b5b557f/rust-hdl-core-0.46.0/src/yosys.rs:35:10:
[INFO] [stdout] called `Result::unwrap()` on an `Err` value: Os { code: 2, kind: NotFound, message: "No such file or directory" }
[INFO] [stdout] stack backtrace:
[INFO] [stdout]    0:     0x64d7b4b14d01 - <<std[617be2ca0a6fd877]::sys::backtrace::BacktraceLock>::print::DisplayBacktrace as core[a373ad73a504971]::fmt::Display>::fmt
[INFO] [stdout]    1:     0x64d7b4b2c4ca - core[a373ad73a504971]::fmt::write
[INFO] [stdout]    2:     0x64d7b4b1917c - <alloc[2e1b2a31b91974c5]::vec::Vec<u8> as core[a373ad73a504971]::io::write::Write>::write_fmt
[INFO] [stdout]    3:     0x64d7b4aefdb6 - std[617be2ca0a6fd877]::panicking::default_hook::{closure#0}
[INFO] [stdout]    4:     0x64d7b4b0ccb9 - std[617be2ca0a6fd877]::panicking::default_hook
[INFO] [stdout]    5:     0x64d7b49866f0 - test[aada8e7e76ba119b]::test_main_inner::{closure#0}
[INFO] [stdout]    6:     0x64d7b4b0ce72 - std[617be2ca0a6fd877]::panicking::panic_with_hook
[INFO] [stdout]    7:     0x64d7b4aefe62 - std[617be2ca0a6fd877]::panicking::panic_handler::{closure#0}
[INFO] [stdout]    8:     0x64d7b4ae8a59 - std[617be2ca0a6fd877]::sys::backtrace::__rust_end_short_backtrace::<std[617be2ca0a6fd877]::panicking::panic_handler::{closure#0}, !>
[INFO] [stdout]    9:     0x64d7b4af0a6d - __rustc[ea4f61d10b84890b]::rust_begin_unwind
[INFO] [stdout]   10:     0x64d7b4b2ccac - core[a373ad73a504971]::panicking::panic_fmt
[INFO] [stdout]   11:     0x64d7b4b2ca82 - core[a373ad73a504971]::result::unwrap_failed
[INFO] [stdout]   12:     0x64d7b49de965 - rust_hdl_core[bafcab1ad42c0cb0]::yosys::yosys_validate
[INFO] [stdout]   13:     0x64d7b48c5b29 - <rust_hdl_hls[97a14744fabd006f]::bidi::test_bidi_device_synthesizable::{closure#0} as core[a373ad73a504971]::ops::function::FnOnce<()>>::call_once
[INFO] [stdout]   14:     0x64d7b4979b3b - test[aada8e7e76ba119b]::__rust_begin_short_backtrace::<core[a373ad73a504971]::result::Result<(), alloc[2e1b2a31b91974c5]::string::String>, fn() -> core[a373ad73a504971]::result::Result<(), alloc[2e1b2a31b91974c5]::string::String>>
[INFO] [stdout]   15:     0x64d7b4986d15 - test[aada8e7e76ba119b]::run_test::{closure#0}
[INFO] [stdout]   16:     0x64d7b4980604 - std[617be2ca0a6fd877]::sys::backtrace::__rust_begin_short_backtrace::<test[aada8e7e76ba119b]::run_test::{closure#1}, ()>
[INFO] [stdout]   17:     0x64d7b4989da2 - <std[617be2ca0a6fd877]::thread::lifecycle::spawn_unchecked<test[aada8e7e76ba119b]::run_test::{closure#1}, ()>::{closure#1} as core[a373ad73a504971]::ops::function::FnOnce<()>>::call_once::{shim:vtable#0}
[INFO] [stdout]   18:     0x64d7b4b1455f - <std[617be2ca0a6fd877]::sys::thread::unix::Thread>::new::thread_start
[INFO] [stdout]   19:     0x78e6a1ac8dfa - <unknown>
[INFO] [stdout]   20:     0x78e6a1b5c3d4 - clone
[INFO] [stdout]   21:                0x0 - <unknown>
[INFO] [stdout] 
[INFO] [stdout] ---- bidi::test_bidi_master2_synthesizable stdout ----
[INFO] [stdout] 
[INFO] [stdout] thread 'bidi::test_bidi_master2_synthesizable' (897) panicked at /opt/rustwide/cargo-home/registry/src/index.crates.io-1949cf8c6b5b557f/rust-hdl-core-0.46.0/src/yosys.rs:35:10:
[INFO] [stdout] called `Result::unwrap()` on an `Err` value: Os { code: 2, kind: NotFound, message: "No such file or directory" }
[INFO] [stdout] stack backtrace:
[INFO] [stdout]    0:     0x64d7b4b14d01 - <<std[617be2ca0a6fd877]::sys::backtrace::BacktraceLock>::print::DisplayBacktrace as core[a373ad73a504971]::fmt::Display>::fmt
[INFO] [stdout]    1:     0x64d7b4b2c4ca - core[a373ad73a504971]::fmt::write
[INFO] [stdout]    2:     0x64d7b4b1917c - <alloc[2e1b2a31b91974c5]::vec::Vec<u8> as core[a373ad73a504971]::io::write::Write>::write_fmt
[INFO] [stdout]    3:     0x64d7b4aefdb6 - std[617be2ca0a6fd877]::panicking::default_hook::{closure#0}
[INFO] [stdout]    4:     0x64d7b4b0ccb9 - std[617be2ca0a6fd877]::panicking::default_hook
[INFO] [stdout]    5:     0x64d7b49866f0 - test[aada8e7e76ba119b]::test_main_inner::{closure#0}
[INFO] [stdout]    6:     0x64d7b4b0ce72 - std[617be2ca0a6fd877]::panicking::panic_with_hook
[INFO] [stdout]    7:     0x64d7b4aefe62 - std[617be2ca0a6fd877]::panicking::panic_handler::{closure#0}
[INFO] [stdout]    8:     0x64d7b4ae8a59 - std[617be2ca0a6fd877]::sys::backtrace::__rust_end_short_backtrace::<std[617be2ca0a6fd877]::panicking::panic_handler::{closure#0}, !>
[INFO] [stdout]    9:     0x64d7b4af0a6d - __rustc[ea4f61d10b84890b]::rust_begin_unwind
[INFO] [stdout]   10:     0x64d7b4b2ccac - core[a373ad73a504971]::panicking::panic_fmt
[INFO] [stdout]   11:     0x64d7b4b2ca82 - core[a373ad73a504971]::result::unwrap_failed
[INFO] [stdout]   12:     0x64d7b49de965 - rust_hdl_core[bafcab1ad42c0cb0]::yosys::yosys_validate
[INFO] [stdout]   13:     0x64d7b48c667a - <rust_hdl_hls[97a14744fabd006f]::bidi::test_bidi_master2_synthesizable::{closure#0} as core[a373ad73a504971]::ops::function::FnOnce<()>>::call_once
[INFO] [stdout]   14:     0x64d7b4979b3b - test[aada8e7e76ba119b]::__rust_begin_short_backtrace::<core[a373ad73a504971]::result::Result<(), alloc[2e1b2a31b91974c5]::string::String>, fn() -> core[a373ad73a504971]::result::Result<(), alloc[2e1b2a31b91974c5]::string::String>>
[INFO] [stdout]   15:     0x64d7b4986d15 - test[aada8e7e76ba119b]::run_test::{closure#0}
[INFO] [stdout]   16:     0x64d7b4980604 - std[617be2ca0a6fd877]::sys::backtrace::__rust_begin_short_backtrace::<test[aada8e7e76ba119b]::run_test::{closure#1}, ()>
[INFO] [stdout]   17:     0x64d7b4989da2 - <std[617be2ca0a6fd877]::thread::lifecycle::spawn_unchecked<test[aada8e7e76ba119b]::run_test::{closure#1}, ()>::{closure#1} as core[a373ad73a504971]::ops::function::FnOnce<()>>::call_once::{shim:vtable#0}
[INFO] [stdout]   18:     0x64d7b4b1455f - <std[617be2ca0a6fd877]::sys::thread::unix::Thread>::new::thread_start
[INFO] [stdout]   19:     0x78e6a1ac8dfa - <unknown>
[INFO] [stdout]   20:     0x78e6a1b5c3d4 - clone
[INFO] [stdout]   21:                0x0 - <unknown>
[INFO] [stdout] 
[INFO] [stdout] ---- cross_fifo::test_hsl_cross_narrow_synthesizes stdout ----
[INFO] [stdout] 
[INFO] [stdout] thread 'cross_fifo::test_hsl_cross_narrow_synthesizes' (901) panicked at /opt/rustwide/cargo-home/registry/src/index.crates.io-1949cf8c6b5b557f/rust-hdl-core-0.46.0/src/yosys.rs:35:10:
[INFO] [stdout] called `Result::unwrap()` on an `Err` value: Os { code: 2, kind: NotFound, message: "No such file or directory" }
[INFO] [stdout] stack backtrace:
[INFO] [stdout]    0:     0x64d7b4b14d01 - <<std[617be2ca0a6fd877]::sys::backtrace::BacktraceLock>::print::DisplayBacktrace as core[a373ad73a504971]::fmt::Display>::fmt
[INFO] [stdout]    1:     0x64d7b4b2c4ca - core[a373ad73a504971]::fmt::write
[INFO] [stdout]    2:     0x64d7b4b1917c - <alloc[2e1b2a31b91974c5]::vec::Vec<u8> as core[a373ad73a504971]::io::write::Write>::write_fmt
[INFO] [stdout]    3:     0x64d7b4aefdb6 - std[617be2ca0a6fd877]::panicking::default_hook::{closure#0}
[INFO] [stdout]    4:     0x64d7b4b0ccb9 - std[617be2ca0a6fd877]::panicking::default_hook
[INFO] [stdout]    5:     0x64d7b49866f0 - test[aada8e7e76ba119b]::test_main_inner::{closure#0}
[INFO] [stdout]    6:     0x64d7b4b0ce72 - std[617be2ca0a6fd877]::panicking::panic_with_hook
[INFO] [stdout]    7:     0x64d7b4aefe62 - std[617be2ca0a6fd877]::panicking::panic_handler::{closure#0}
[INFO] [stdout]    8:     0x64d7b4ae8a59 - std[617be2ca0a6fd877]::sys::backtrace::__rust_end_short_backtrace::<std[617be2ca0a6fd877]::panicking::panic_handler::{closure#0}, !>
[INFO] [stdout]    9:     0x64d7b4af0a6d - __rustc[ea4f61d10b84890b]::rust_begin_unwind
[INFO] [stdout]   10:     0x64d7b4b2ccac - core[a373ad73a504971]::panicking::panic_fmt
[INFO] [stdout]   11:     0x64d7b4b2ca82 - core[a373ad73a504971]::result::unwrap_failed
[INFO] [stdout]   12:     0x64d7b49de965 - rust_hdl_core[bafcab1ad42c0cb0]::yosys::yosys_validate
[INFO] [stdout]   13:     0x64d7b47feb67 - <rust_hdl_hls[97a14744fabd006f]::cross_fifo::test_hsl_cross_narrow_synthesizes::{closure#0} as core[a373ad73a504971]::ops::function::FnOnce<()>>::call_once
[INFO] [stdout]   14:     0x64d7b4979b3b - test[aada8e7e76ba119b]::__rust_begin_short_backtrace::<core[a373ad73a504971]::result::Result<(), alloc[2e1b2a31b91974c5]::string::String>, fn() -> core[a373ad73a504971]::result::Result<(), alloc[2e1b2a31b91974c5]::string::String>>
[INFO] [stdout]   15:     0x64d7b4986d15 - test[aada8e7e76ba119b]::run_test::{closure#0}
[INFO] [stdout]   16:     0x64d7b4980604 - std[617be2ca0a6fd877]::sys::backtrace::__rust_begin_short_backtrace::<test[aada8e7e76ba119b]::run_test::{closure#1}, ()>
[INFO] [stdout]   17:     0x64d7b4989da2 - <std[617be2ca0a6fd877]::thread::lifecycle::spawn_unchecked<test[aada8e7e76ba119b]::run_test::{closure#1}, ()>::{closure#1} as core[a373ad73a504971]::ops::function::FnOnce<()>>::call_once::{shim:vtable#0}
[INFO] [stdout]   18:     0x64d7b4b1455f - <std[617be2ca0a6fd877]::sys::thread::unix::Thread>::new::thread_start
[INFO] [stdout]   19:     0x78e6a1ac8dfa - <unknown>
[INFO] [stdout]   20:     0x78e6a1b5c3d4 - clone
[INFO] [stdout]   21:                0x0 - <unknown>
[INFO] [stdout] 
[INFO] [stdout] ---- controller::test_base_controller_is_synthesizable stdout ----
[INFO] [stdout] 
[INFO] [stdout] thread 'controller::test_base_controller_is_synthesizable' (899) panicked at /opt/rustwide/cargo-home/registry/src/index.crates.io-1949cf8c6b5b557f/rust-hdl-core-0.46.0/src/yosys.rs:35:10:
[INFO] [stdout] called `Result::unwrap()` on an `Err` value: Os { code: 2, kind: NotFound, message: "No such file or directory" }
[INFO] [stdout] stack backtrace:
[INFO] [stdout]    0:     0x64d7b4b14d01 - <<std[617be2ca0a6fd877]::sys::backtrace::BacktraceLock>::print::DisplayBacktrace as core[a373ad73a504971]::fmt::Display>::fmt
[INFO] [stdout]    1:     0x64d7b4b2c4ca - core[a373ad73a504971]::fmt::write
[INFO] [stdout]    2:     0x64d7b4b1917c - <alloc[2e1b2a31b91974c5]::vec::Vec<u8> as core[a373ad73a504971]::io::write::Write>::write_fmt
[INFO] [stdout]    3:     0x64d7b4aefdb6 - std[617be2ca0a6fd877]::panicking::default_hook::{closure#0}
[INFO] [stdout]    4:     0x64d7b4b0ccb9 - std[617be2ca0a6fd877]::panicking::default_hook
[INFO] [stdout]    5:     0x64d7b49866f0 - test[aada8e7e76ba119b]::test_main_inner::{closure#0}
[INFO] [stdout]    6:     0x64d7b4b0ce72 - std[617be2ca0a6fd877]::panicking::panic_with_hook
[INFO] [stdout]    7:     0x64d7b4aefe62 - std[617be2ca0a6fd877]::panicking::panic_handler::{closure#0}
[INFO] [stdout]    8:     0x64d7b4ae8a59 - std[617be2ca0a6fd877]::sys::backtrace::__rust_end_short_backtrace::<std[617be2ca0a6fd877]::panicking::panic_handler::{closure#0}, !>
[INFO] [stdout]    9:     0x64d7b4af0a6d - __rustc[ea4f61d10b84890b]::rust_begin_unwind
[INFO] [stdout]   10:     0x64d7b4b2ccac - core[a373ad73a504971]::panicking::panic_fmt
[INFO] [stdout]   11:     0x64d7b4b2ca82 - core[a373ad73a504971]::result::unwrap_failed
[INFO] [stdout]   12:     0x64d7b49de965 - rust_hdl_core[bafcab1ad42c0cb0]::yosys::yosys_validate
[INFO] [stdout]   13:     0x64d7b49600be - <rust_hdl_hls[97a14744fabd006f]::controller::test_base_controller_is_synthesizable::{closure#0} as core[a373ad73a504971]::ops::function::FnOnce<()>>::call_once
[INFO] [stdout]   14:     0x64d7b4979b3b - test[aada8e7e76ba119b]::__rust_begin_short_backtrace::<core[a373ad73a504971]::result::Result<(), alloc[2e1b2a31b91974c5]::string::String>, fn() -> core[a373ad73a504971]::result::Result<(), alloc[2e1b2a31b91974c5]::string::String>>
[INFO] [stdout]   15:     0x64d7b4986d15 - test[aada8e7e76ba119b]::run_test::{closure#0}
[INFO] [stdout]   16:     0x64d7b4980604 - std[617be2ca0a6fd877]::sys::backtrace::__rust_begin_short_backtrace::<test[aada8e7e76ba119b]::run_test::{closure#1}, ()>
[INFO] [stdout]   17:     0x64d7b4989da2 - <std[617be2ca0a6fd877]::thread::lifecycle::spawn_unchecked<test[aada8e7e76ba119b]::run_test::{closure#1}, ()>::{closure#1} as core[a373ad73a504971]::ops::function::FnOnce<()>>::call_once::{shim:vtable#0}
[INFO] [stdout]   18:     0x64d7b4b1455f - <std[617be2ca0a6fd877]::sys::thread::unix::Thread>::new::thread_start
[INFO] [stdout]   19:     0x78e6a1ac8dfa - <unknown>
[INFO] [stdout]   20:     0x78e6a1b5c3d4 - clone
[INFO] [stdout]   21:                0x0 - <unknown>
[INFO] [stdout] 
[INFO] [stdout] ---- fifo::test_hsl_sync_fifo_synthesizes stdout ----
[INFO] [stdout] 
[INFO] [stdout] thread 'fifo::test_hsl_sync_fifo_synthesizes' (903) panicked at /opt/rustwide/cargo-home/registry/src/index.crates.io-1949cf8c6b5b557f/rust-hdl-core-0.46.0/src/yosys.rs:35:10:
[INFO] [stdout] called `Result::unwrap()` on an `Err` value: Os { code: 2, kind: NotFound, message: "No such file or directory" }
[INFO] [stdout] stack backtrace:
[INFO] [stdout]    0:     0x64d7b4b14d01 - <<std[617be2ca0a6fd877]::sys::backtrace::BacktraceLock>::print::DisplayBacktrace as core[a373ad73a504971]::fmt::Display>::fmt
[INFO] [stdout]    1:     0x64d7b4b2c4ca - core[a373ad73a504971]::fmt::write
[INFO] [stdout]    2:     0x64d7b4b1917c - <alloc[2e1b2a31b91974c5]::vec::Vec<u8> as core[a373ad73a504971]::io::write::Write>::write_fmt
[INFO] [stdout]    3:     0x64d7b4aefdb6 - std[617be2ca0a6fd877]::panicking::default_hook::{closure#0}
[INFO] [stdout]    4:     0x64d7b4b0ccb9 - std[617be2ca0a6fd877]::panicking::default_hook
[INFO] [stdout]    5:     0x64d7b49866f0 - test[aada8e7e76ba119b]::test_main_inner::{closure#0}
[INFO] [stdout]    6:     0x64d7b4b0ce72 - std[617be2ca0a6fd877]::panicking::panic_with_hook
[INFO] [stdout]    7:     0x64d7b4aefe62 - std[617be2ca0a6fd877]::panicking::panic_handler::{closure#0}
[INFO] [stdout]    8:     0x64d7b4ae8a59 - std[617be2ca0a6fd877]::sys::backtrace::__rust_end_short_backtrace::<std[617be2ca0a6fd877]::panicking::panic_handler::{closure#0}, !>
[INFO] [stdout]    9:     0x64d7b4af0a6d - __rustc[ea4f61d10b84890b]::rust_begin_unwind
[INFO] [stdout]   10:     0x64d7b4b2ccac - core[a373ad73a504971]::panicking::panic_fmt
[INFO] [stdout]   11:     0x64d7b4b2ca82 - core[a373ad73a504971]::result::unwrap_failed
[INFO] [stdout]   12:     0x64d7b49de965 - rust_hdl_core[bafcab1ad42c0cb0]::yosys::yosys_validate
[INFO] [stdout]   13:     0x64d7b485d48b - <rust_hdl_hls[97a14744fabd006f]::fifo::test_hsl_sync_fifo_synthesizes::{closure#0} as core[a373ad73a504971]::ops::function::FnOnce<()>>::call_once
[INFO] [stdout]   14:     0x64d7b4979b3b - test[aada8e7e76ba119b]::__rust_begin_short_backtrace::<core[a373ad73a504971]::result::Result<(), alloc[2e1b2a31b91974c5]::string::String>, fn() -> core[a373ad73a504971]::result::Result<(), alloc[2e1b2a31b91974c5]::string::String>>
[INFO] [stdout]   15:     0x64d7b4986d15 - test[aada8e7e76ba119b]::run_test::{closure#0}
[INFO] [stdout]   16:     0x64d7b4980604 - std[617be2ca0a6fd877]::sys::backtrace::__rust_begin_short_backtrace::<test[aada8e7e76ba119b]::run_test::{closure#1}, ()>
[INFO] [stdout]   17:     0x64d7b4989da2 - <std[617be2ca0a6fd877]::thread::lifecycle::spawn_unchecked<test[aada8e7e76ba119b]::run_test::{closure#1}, ()>::{closure#1} as core[a373ad73a504971]::ops::function::FnOnce<()>>::call_once::{shim:vtable#0}
[INFO] [stdout]   18:     0x64d7b4b1455f - <std[617be2ca0a6fd877]::sys::thread::unix::Thread>::new::thread_start
[INFO] [stdout]   19:     0x78e6a1ac8dfa - <unknown>
[INFO] [stdout]   20:     0x78e6a1b5c3d4 - clone
[INFO] [stdout]   21:                0x0 - <unknown>
[INFO] [stdout] 
[INFO] [stdout] ---- fifo_linker::test_link_synthesizes stdout ----
[INFO] [stdout] 
[INFO] [stdout] thread 'fifo_linker::test_link_synthesizes' (907) panicked at /opt/rustwide/cargo-home/registry/src/index.crates.io-1949cf8c6b5b557f/rust-hdl-core-0.46.0/src/yosys.rs:35:10:
[INFO] [stdout] called `Result::unwrap()` on an `Err` value: Os { code: 2, kind: NotFound, message: "No such file or directory" }
[INFO] [stdout] stack backtrace:
[INFO] [stdout]    0:     0x64d7b4b14d01 - <<std[617be2ca0a6fd877]::sys::backtrace::BacktraceLock>::print::DisplayBacktrace as core[a373ad73a504971]::fmt::Display>::fmt
[INFO] [stdout]    1:     0x64d7b4b2c4ca - core[a373ad73a504971]::fmt::write
[INFO] [stdout]    2:     0x64d7b4b1917c - <alloc[2e1b2a31b91974c5]::vec::Vec<u8> as core[a373ad73a504971]::io::write::Write>::write_fmt
[INFO] [stdout]    3:     0x64d7b4aefdb6 - std[617be2ca0a6fd877]::panicking::default_hook::{closure#0}
[INFO] [stdout]    4:     0x64d7b4b0ccb9 - std[617be2ca0a6fd877]::panicking::default_hook
[INFO] [stdout]    5:     0x64d7b49866f0 - test[aada8e7e76ba119b]::test_main_inner::{closure#0}
[INFO] [stdout]    6:     0x64d7b4b0ce72 - std[617be2ca0a6fd877]::panicking::panic_with_hook
[INFO] [stdout]    7:     0x64d7b4aefe62 - std[617be2ca0a6fd877]::panicking::panic_handler::{closure#0}
[INFO] [stdout]    8:     0x64d7b4ae8a59 - std[617be2ca0a6fd877]::sys::backtrace::__rust_end_short_backtrace::<std[617be2ca0a6fd877]::panicking::panic_handler::{closure#0}, !>
[INFO] [stdout]    9:     0x64d7b4af0a6d - __rustc[ea4f61d10b84890b]::rust_begin_unwind
[INFO] [stdout]   10:     0x64d7b4b2ccac - core[a373ad73a504971]::panicking::panic_fmt
[INFO] [stdout]   11:     0x64d7b4b2ca82 - core[a373ad73a504971]::result::unwrap_failed
[INFO] [stdout]   12:     0x64d7b49de965 - rust_hdl_core[bafcab1ad42c0cb0]::yosys::yosys_validate
[INFO] [stdout]   13:     0x64d7b49347c4 - <rust_hdl_hls[97a14744fabd006f]::fifo_linker::test_link_synthesizes::{closure#0} as core[a373ad73a504971]::ops::function::FnOnce<()>>::call_once
[INFO] [stdout]   14:     0x64d7b4979b3b - test[aada8e7e76ba119b]::__rust_begin_short_backtrace::<core[a373ad73a504971]::result::Result<(), alloc[2e1b2a31b91974c5]::string::String>, fn() -> core[a373ad73a504971]::result::Result<(), alloc[2e1b2a31b91974c5]::string::String>>
[INFO] [stdout]   15:     0x64d7b4986d15 - test[aada8e7e76ba119b]::run_test::{closure#0}
[INFO] [stdout]   16:     0x64d7b4980604 - std[617be2ca0a6fd877]::sys::backtrace::__rust_begin_short_backtrace::<test[aada8e7e76ba119b]::run_test::{closure#1}, ()>
[INFO] [stdout]   17:     0x64d7b4989da2 - <std[617be2ca0a6fd877]::thread::lifecycle::spawn_unchecked<test[aada8e7e76ba119b]::run_test::{closure#1}, ()>::{closure#1} as core[a373ad73a504971]::ops::function::FnOnce<()>>::call_once::{shim:vtable#0}
[INFO] [stdout]   18:     0x64d7b4b1455f - <std[617be2ca0a6fd877]::sys::thread::unix::Thread>::new::thread_start
[INFO] [stdout]   19:     0x78e6a1ac8dfa - <unknown>
[INFO] [stdout]   20:     0x78e6a1b5c3d4 - clone
[INFO] [stdout]   21:                0x0 - <unknown>
[INFO] [stdout] 
[INFO] [stdout] ---- miso_fifo_port::test_miso_fifo_port_is_synthesizable stdout ----
[INFO] [stdout] 
[INFO] [stdout] thread 'miso_fifo_port::test_miso_fifo_port_is_synthesizable' (912) panicked at /opt/rustwide/cargo-home/registry/src/index.crates.io-1949cf8c6b5b557f/rust-hdl-core-0.46.0/src/yosys.rs:35:10:
[INFO] [stdout] called `Result::unwrap()` on an `Err` value: Os { code: 2, kind: NotFound, message: "No such file or directory" }
[INFO] [stdout] stack backtrace:
[INFO] [stdout]    0:     0x64d7b4b14d01 - <<std[617be2ca0a6fd877]::sys::backtrace::BacktraceLock>::print::DisplayBacktrace as core[a373ad73a504971]::fmt::Display>::fmt
[INFO] [stdout]    1:     0x64d7b4b2c4ca - core[a373ad73a504971]::fmt::write
[INFO] [stdout]    2:     0x64d7b4b1917c - <alloc[2e1b2a31b91974c5]::vec::Vec<u8> as core[a373ad73a504971]::io::write::Write>::write_fmt
[INFO] [stdout]    3:     0x64d7b4aefdb6 - std[617be2ca0a6fd877]::panicking::default_hook::{closure#0}
[INFO] [stdout]    4:     0x64d7b4b0ccb9 - std[617be2ca0a6fd877]::panicking::default_hook
[INFO] [stdout]    5:     0x64d7b49866f0 - test[aada8e7e76ba119b]::test_main_inner::{closure#0}
[INFO] [stdout]    6:     0x64d7b4b0ce72 - std[617be2ca0a6fd877]::panicking::panic_with_hook
[INFO] [stdout]    7:     0x64d7b4aefe62 - std[617be2ca0a6fd877]::panicking::panic_handler::{closure#0}
[INFO] [stdout]    8:     0x64d7b4ae8a59 - std[617be2ca0a6fd877]::sys::backtrace::__rust_end_short_backtrace::<std[617be2ca0a6fd877]::panicking::panic_handler::{closure#0}, !>
[INFO] [stdout]    9:     0x64d7b4af0a6d - __rustc[ea4f61d10b84890b]::rust_begin_unwind
[INFO] [stdout]   10:     0x64d7b4b2ccac - core[a373ad73a504971]::panicking::panic_fmt
[INFO] [stdout]   11:     0x64d7b4b2ca82 - core[a373ad73a504971]::result::unwrap_failed
[INFO] [stdout]   12:     0x64d7b49de965 - rust_hdl_core[bafcab1ad42c0cb0]::yosys::yosys_validate
[INFO] [stdout]   13:     0x64d7b48efd71 - <rust_hdl_hls[97a14744fabd006f]::miso_fifo_port::test_miso_fifo_port_is_synthesizable::{closure#0} as core[a373ad73a504971]::ops::function::FnOnce<()>>::call_once
[INFO] [stdout]   14:     0x64d7b4979b3b - test[aada8e7e76ba119b]::__rust_begin_short_backtrace::<core[a373ad73a504971]::result::Result<(), alloc[2e1b2a31b91974c5]::string::String>, fn() -> core[a373ad73a504971]::result::Result<(), alloc[2e1b2a31b91974c5]::string::String>>
[INFO] [stdout]   15:     0x64d7b4986d15 - test[aada8e7e76ba119b]::run_test::{closure#0}
[INFO] [stdout]   16:     0x64d7b4980604 - std[617be2ca0a6fd877]::sys::backtrace::__rust_begin_short_backtrace::<test[aada8e7e76ba119b]::run_test::{closure#1}, ()>
[INFO] [stdout]   17:     0x64d7b4989da2 - <std[617be2ca0a6fd877]::thread::lifecycle::spawn_unchecked<test[aada8e7e76ba119b]::run_test::{closure#1}, ()>::{closure#1} as core[a373ad73a504971]::ops::function::FnOnce<()>>::call_once::{shim:vtable#0}
[INFO] [stdout]   18:     0x64d7b4b1455f - <std[617be2ca0a6fd877]::sys::thread::unix::Thread>::new::thread_start
[INFO] [stdout]   19:     0x78e6a1ac8dfa - <unknown>
[INFO] [stdout]   20:     0x78e6a1b5c3d4 - clone
[INFO] [stdout]   21:                0x0 - <unknown>
[INFO] [stdout] 
[INFO] [stdout] ---- miso_port::test_local_in_port_is_synthesizable stdout ----
[INFO] [stdout] 
[INFO] [stdout] thread 'miso_port::test_local_in_port_is_synthesizable' (913) panicked at /opt/rustwide/cargo-home/registry/src/index.crates.io-1949cf8c6b5b557f/rust-hdl-core-0.46.0/src/yosys.rs:35:10:
[INFO] [stdout] called `Result::unwrap()` on an `Err` value: Os { code: 2, kind: NotFound, message: "No such file or directory" }
[INFO] [stdout] stack backtrace:
[INFO] [stdout]    0:     0x64d7b4b14d01 - <<std[617be2ca0a6fd877]::sys::backtrace::BacktraceLock>::print::DisplayBacktrace as core[a373ad73a504971]::fmt::Display>::fmt
[INFO] [stdout]    1:     0x64d7b4b2c4ca - core[a373ad73a504971]::fmt::write
[INFO] [stdout]    2:     0x64d7b4b1917c - <alloc[2e1b2a31b91974c5]::vec::Vec<u8> as core[a373ad73a504971]::io::write::Write>::write_fmt
[INFO] [stdout]    3:     0x64d7b4aefdb6 - std[617be2ca0a6fd877]::panicking::default_hook::{closure#0}
[INFO] [stdout]    4:     0x64d7b4b0ccb9 - std[617be2ca0a6fd877]::panicking::default_hook
[INFO] [stdout]    5:     0x64d7b49866f0 - test[aada8e7e76ba119b]::test_main_inner::{closure#0}
[INFO] [stdout]    6:     0x64d7b4b0ce72 - std[617be2ca0a6fd877]::panicking::panic_with_hook
[INFO] [stdout]    7:     0x64d7b4aefe62 - std[617be2ca0a6fd877]::panicking::panic_handler::{closure#0}
[INFO] [stdout]    8:     0x64d7b4ae8a59 - std[617be2ca0a6fd877]::sys::backtrace::__rust_end_short_backtrace::<std[617be2ca0a6fd877]::panicking::panic_handler::{closure#0}, !>
[INFO] [stdout]    9:     0x64d7b4af0a6d - __rustc[ea4f61d10b84890b]::rust_begin_unwind
[INFO] [stdout]   10:     0x64d7b4b2ccac - core[a373ad73a504971]::panicking::panic_fmt
[INFO] [stdout]   11:     0x64d7b4b2ca82 - core[a373ad73a504971]::result::unwrap_failed
[INFO] [stdout]   12:     0x64d7b49de965 - rust_hdl_core[bafcab1ad42c0cb0]::yosys::yosys_validate
[INFO] [stdout]   13:     0x64d7b47b4f3c - <rust_hdl_hls[97a14744fabd006f]::miso_port::test_local_in_port_is_synthesizable::{closure#0} as core[a373ad73a504971]::ops::function::FnOnce<()>>::call_once
[INFO] [stdout]   14:     0x64d7b4979b3b - test[aada8e7e76ba119b]::__rust_begin_short_backtrace::<core[a373ad73a504971]::result::Result<(), alloc[2e1b2a31b91974c5]::string::String>, fn() -> core[a373ad73a504971]::result::Result<(), alloc[2e1b2a31b91974c5]::string::String>>
[INFO] [stdout]   15:     0x64d7b4986d15 - test[aada8e7e76ba119b]::run_test::{closure#0}
[INFO] [stdout]   16:     0x64d7b4980604 - std[617be2ca0a6fd877]::sys::backtrace::__rust_begin_short_backtrace::<test[aada8e7e76ba119b]::run_test::{closure#1}, ()>
[INFO] [stdout]   17:     0x64d7b4989da2 - <std[617be2ca0a6fd877]::thread::lifecycle::spawn_unchecked<test[aada8e7e76ba119b]::run_test::{closure#1}, ()>::{closure#1} as core[a373ad73a504971]::ops::function::FnOnce<()>>::call_once::{shim:vtable#0}
[INFO] [stdout]   18:     0x64d7b4b1455f - <std[617be2ca0a6fd877]::sys::thread::unix::Thread>::new::thread_start
[INFO] [stdout]   19:     0x78e6a1ac8dfa - <unknown>
[INFO] [stdout]   20:     0x78e6a1b5c3d4 - clone
[INFO] [stdout]   21:                0x0 - <unknown>
[INFO] [stdout] 
[INFO] [stdout] ---- miso_wide_port::test_local_in_wide_port_is_synthesizable stdout ----
[INFO] [stdout] 
[INFO] [stdout] thread 'miso_wide_port::test_local_in_wide_port_is_synthesizable' (914) panicked at /opt/rustwide/cargo-home/registry/src/index.crates.io-1949cf8c6b5b557f/rust-hdl-core-0.46.0/src/yosys.rs:35:10:
[INFO] [stdout] called `Result::unwrap()` on an `Err` value: Os { code: 2, kind: NotFound, message: "No such file or directory" }
[INFO] [stdout] stack backtrace:
[INFO] [stdout]    0:     0x64d7b4b14d01 - <<std[617be2ca0a6fd877]::sys::backtrace::BacktraceLock>::print::DisplayBacktrace as core[a373ad73a504971]::fmt::Display>::fmt
[INFO] [stdout]    1:     0x64d7b4b2c4ca - core[a373ad73a504971]::fmt::write
[INFO] [stdout]    2:     0x64d7b4b1917c - <alloc[2e1b2a31b91974c5]::vec::Vec<u8> as core[a373ad73a504971]::io::write::Write>::write_fmt
[INFO] [stdout]    3:     0x64d7b4aefdb6 - std[617be2ca0a6fd877]::panicking::default_hook::{closure#0}
[INFO] [stdout]    4:     0x64d7b4b0ccb9 - std[617be2ca0a6fd877]::panicking::default_hook
[INFO] [stdout]    5:     0x64d7b49866f0 - test[aada8e7e76ba119b]::test_main_inner::{closure#0}
[INFO] [stdout]    6:     0x64d7b4b0ce72 - std[617be2ca0a6fd877]::panicking::panic_with_hook
[INFO] [stdout]    7:     0x64d7b4aefe62 - std[617be2ca0a6fd877]::panicking::panic_handler::{closure#0}
[INFO] [stdout]    8:     0x64d7b4ae8a59 - std[617be2ca0a6fd877]::sys::backtrace::__rust_end_short_backtrace::<std[617be2ca0a6fd877]::panicking::panic_handler::{closure#0}, !>
[INFO] [stdout]    9:     0x64d7b4af0a6d - __rustc[ea4f61d10b84890b]::rust_begin_unwind
[INFO] [stdout]   10:     0x64d7b4b2ccac - core[a373ad73a504971]::panicking::panic_fmt
[INFO] [stdout]   11:     0x64d7b4b2ca82 - core[a373ad73a504971]::result::unwrap_failed
[INFO] [stdout]   12:     0x64d7b49de965 - rust_hdl_core[bafcab1ad42c0cb0]::yosys::yosys_validate
[INFO] [stdout]   13:     0x64d7b48c5272 - <rust_hdl_hls[97a14744fabd006f]::miso_wide_port::test_local_in_wide_port_is_synthesizable::{closure#0} as core[a373ad73a504971]::ops::function::FnOnce<()>>::call_once
[INFO] [stdout]   14:     0x64d7b4979b3b - test[aada8e7e76ba119b]::__rust_begin_short_backtrace::<core[a373ad73a504971]::result::Result<(), alloc[2e1b2a31b91974c5]::string::String>, fn() -> core[a373ad73a504971]::result::Result<(), alloc[2e1b2a31b91974c5]::string::String>>
[INFO] [stdout]   15:     0x64d7b4986d15 - test[aada8e7e76ba119b]::run_test::{closure#0}
[INFO] [stdout]   16:     0x64d7b4980604 - std[617be2ca0a6fd877]::sys::backtrace::__rust_begin_short_backtrace::<test[aada8e7e76ba119b]::run_test::{closure#1}, ()>
[INFO] [stdout]   17:     0x64d7b4989da2 - <std[617be2ca0a6fd877]::thread::lifecycle::spawn_unchecked<test[aada8e7e76ba119b]::run_test::{closure#1}, ()>::{closure#1} as core[a373ad73a504971]::ops::function::FnOnce<()>>::call_once::{shim:vtable#0}
[INFO] [stdout]   18:     0x64d7b4b1455f - <std[617be2ca0a6fd877]::sys::thread::unix::Thread>::new::thread_start
[INFO] [stdout]   19:     0x78e6a1ac8dfa - <unknown>
[INFO] [stdout]   20:     0x78e6a1b5c3d4 - clone
[INFO] [stdout]   21:                0x0 - <unknown>
[INFO] [stdout] 
[INFO] [stdout] ---- mosi_fifo_port::test_mosi_fifo_port_is_synthesizable stdout ----
[INFO] [stdout] 
[INFO] [stdout] thread 'mosi_fifo_port::test_mosi_fifo_port_is_synthesizable' (916) panicked at /opt/rustwide/cargo-home/registry/src/index.crates.io-1949cf8c6b5b557f/rust-hdl-core-0.46.0/src/yosys.rs:35:10:
[INFO] [stdout] called `Result::unwrap()` on an `Err` value: Os { code: 2, kind: NotFound, message: "No such file or directory" }
[INFO] [stdout] stack backtrace:
[INFO] [stdout]    0:     0x64d7b4b14d01 - <<std[617be2ca0a6fd877]::sys::backtrace::BacktraceLock>::print::DisplayBacktrace as core[a373ad73a504971]::fmt::Display>::fmt
[INFO] [stdout]    1:     0x64d7b4b2c4ca - core[a373ad73a504971]::fmt::write
[INFO] [stdout]    2:     0x64d7b4b1917c - <alloc[2e1b2a31b91974c5]::vec::Vec<u8> as core[a373ad73a504971]::io::write::Write>::write_fmt
[INFO] [stdout]    3:     0x64d7b4aefdb6 - std[617be2ca0a6fd877]::panicking::default_hook::{closure#0}
[INFO] [stdout]    4:     0x64d7b4b0ccb9 - std[617be2ca0a6fd877]::panicking::default_hook
[INFO] [stdout]    5:     0x64d7b49866f0 - test[aada8e7e76ba119b]::test_main_inner::{closure#0}
[INFO] [stdout]    6:     0x64d7b4b0ce72 - std[617be2ca0a6fd877]::panicking::panic_with_hook
[INFO] [stdout]    7:     0x64d7b4aefe62 - std[617be2ca0a6fd877]::panicking::panic_handler::{closure#0}
[INFO] [stdout]    8:     0x64d7b4ae8a59 - std[617be2ca0a6fd877]::sys::backtrace::__rust_end_short_backtrace::<std[617be2ca0a6fd877]::panicking::panic_handler::{closure#0}, !>
[INFO] [stdout]    9:     0x64d7b4af0a6d - __rustc[ea4f61d10b84890b]::rust_begin_unwind
[INFO] [stdout]   10:     0x64d7b4b2ccac - core[a373ad73a504971]::panicking::panic_fmt
[INFO] [stdout]   11:     0x64d7b4b2ca82 - core[a373ad73a504971]::result::unwrap_failed
[INFO] [stdout]   12:     0x64d7b49de965 - rust_hdl_core[bafcab1ad42c0cb0]::yosys::yosys_validate
[INFO] [stdout]   13:     0x64d7b48f0bcc - <rust_hdl_hls[97a14744fabd006f]::mosi_fifo_port::test_mosi_fifo_port_is_synthesizable::{closure#0} as core[a373ad73a504971]::ops::function::FnOnce<()>>::call_once
[INFO] [stdout]   14:     0x64d7b4979b3b - test[aada8e7e76ba119b]::__rust_begin_short_backtrace::<core[a373ad73a504971]::result::Result<(), alloc[2e1b2a31b91974c5]::string::String>, fn() -> core[a373ad73a504971]::result::Result<(), alloc[2e1b2a31b91974c5]::string::String>>
[INFO] [stdout]   15:     0x64d7b4986d15 - test[aada8e7e76ba119b]::run_test::{closure#0}
[INFO] [stdout]   16:     0x64d7b4980604 - std[617be2ca0a6fd877]::sys::backtrace::__rust_begin_short_backtrace::<test[aada8e7e76ba119b]::run_test::{closure#1}, ()>
[INFO] [stdout]   17:     0x64d7b4989da2 - <std[617be2ca0a6fd877]::thread::lifecycle::spawn_unchecked<test[aada8e7e76ba119b]::run_test::{closure#1}, ()>::{closure#1} as core[a373ad73a504971]::ops::function::FnOnce<()>>::call_once::{shim:vtable#0}
[INFO] [stdout]   18:     0x64d7b4b1455f - <std[617be2ca0a6fd877]::sys::thread::unix::Thread>::new::thread_start
[INFO] [stdout]   19:     0x78e6a1ac8dfa - <unknown>
[INFO] [stdout]   20:     0x78e6a1b5c3d4 - clone
[INFO] [stdout]   21:                0x0 - <unknown>
[INFO] [stdout] 
[INFO] [stdout] ---- cross_fifo::test_hsl_cross_fifo_synthesizes stdout ----
[INFO] [stdout] 
[INFO] [stdout] thread 'cross_fifo::test_hsl_cross_fifo_synthesizes' (900) panicked at /opt/rustwide/cargo-home/registry/src/index.crates.io-1949cf8c6b5b557f/rust-hdl-core-0.46.0/src/yosys.rs:35:10:
[INFO] [stdout] called `Result::unwrap()` on an `Err` value: Os { code: 2, kind: NotFound, message: "No such file or directory" }
[INFO] [stdout] stack backtrace:
[INFO] [stdout]    0:     0x64d7b4b14d01 - <<std[617be2ca0a6fd877]::sys::backtrace::BacktraceLock>::print::DisplayBacktrace as core[a373ad73a504971]::fmt::Display>::fmt
[INFO] [stdout]    1:     0x64d7b4b2c4ca - core[a373ad73a504971]::fmt::write
[INFO] [stdout]    2:     0x64d7b4b1917c - <alloc[2e1b2a31b91974c5]::vec::Vec<u8> as core[a373ad73a504971]::io::write::Write>::write_fmt
[INFO] [stdout]    3:     0x64d7b4aefdb6 - std[617be2ca0a6fd877]::panicking::default_hook::{closure#0}
[INFO] [stdout]    4:     0x64d7b4b0ccb9 - std[617be2ca0a6fd877]::panicking::default_hook
[INFO] [stdout]    5:     0x64d7b49866f0 - test[aada8e7e76ba119b]::test_main_inner::{closure#0}
[INFO] [stdout]    6:     0x64d7b4b0ce72 - std[617be2ca0a6fd877]::panicking::panic_with_hook
[INFO] [stdout]    7:     0x64d7b4aefe62 - std[617be2ca0a6fd877]::panicking::panic_handler::{closure#0}
[INFO] [stdout]    8:     0x64d7b4ae8a59 - std[617be2ca0a6fd877]::sys::backtrace::__rust_end_short_backtrace::<std[617be2ca0a6fd877]::panicking::panic_handler::{closure#0}, !>
[INFO] [stdout]    9:     0x64d7b4af0a6d - __rustc[ea4f61d10b84890b]::rust_begin_unwind
[INFO] [stdout]   10:     0x64d7b4b2ccac - core[a373ad73a504971]::panicking::panic_fmt
[INFO] [stdout]   11:     0x64d7b4b2ca82 - core[a373ad73a504971]::result::unwrap_failed
[INFO] [stdout]   12:     0x64d7b49de965 - rust_hdl_core[bafcab1ad42c0cb0]::yosys::yosys_validate
[INFO] [stdout]   13:     0x64d7b47fd7da - <rust_hdl_hls[97a14744fabd006f]::cross_fifo::test_hsl_cross_fifo_synthesizes::{closure#0} as core[a373ad73a504971]::ops::function::FnOnce<()>>::call_once
[INFO] [stdout]   14:     0x64d7b4979b3b - test[aada8e7e76ba119b]::__rust_begin_short_backtrace::<core[a373ad73a504971]::result::Result<(), alloc[2e1b2a31b91974c5]::string::String>, fn() -> core[a373ad73a504971]::result::Result<(), alloc[2e1b2a31b91974c5]::string::String>>
[INFO] [stdout]   15:     0x64d7b4986d15 - test[aada8e7e76ba119b]::run_test::{closure#0}
[INFO] [stdout]   16:     0x64d7b4980604 - std[617be2ca0a6fd877]::sys::backtrace::__rust_begin_short_backtrace::<test[aada8e7e76ba119b]::run_test::{closure#1}, ()>
[INFO] [stdout]   17:     0x64d7b4989da2 - <std[617be2ca0a6fd877]::thread::lifecycle::spawn_unchecked<test[aada8e7e76ba119b]::run_test::{closure#1}, ()>::{closure#1} as core[a373ad73a504971]::ops::function::FnOnce<()>>::call_once::{shim:vtable#0}
[INFO] [stdout]   18:     0x64d7b4b1455f - <std[617be2ca0a6fd877]::sys::thread::unix::Thread>::new::thread_start
[INFO] [stdout]   19:     0x78e6a1ac8dfa - <unknown>
[INFO] [stdout]   20:     0x78e6a1b5c3d4 - clone
[INFO] [stdout]   21:                0x0 - <unknown>
[INFO] [stdout] 
[INFO] [stdout] ---- mosi_port::test_local_out_port_is_synthesizable stdout ----
[INFO] [stdout] 
[INFO] [stdout] thread 'mosi_port::test_local_out_port_is_synthesizable' (921) panicked at /opt/rustwide/cargo-home/registry/src/index.crates.io-1949cf8c6b5b557f/rust-hdl-core-0.46.0/src/yosys.rs:35:10:
[INFO] [stdout] called `Result::unwrap()` on an `Err` value: Os { code: 2, kind: NotFound, message: "No such file or directory" }
[INFO] [stdout] stack backtrace:
[INFO] [stdout]    0:     0x64d7b4b14d01 - <<std[617be2ca0a6fd877]::sys::backtrace::BacktraceLock>::print::DisplayBacktrace as core[a373ad73a504971]::fmt::Display>::fmt
[INFO] [stdout]    1:     0x64d7b4b2c4ca - core[a373ad73a504971]::fmt::write
[INFO] [stdout]    2:     0x64d7b4b1917c - <alloc[2e1b2a31b91974c5]::vec::Vec<u8> as core[a373ad73a504971]::io::write::Write>::write_fmt
[INFO] [stdout]    3:     0x64d7b4aefdb6 - std[617be2ca0a6fd877]::panicking::default_hook::{closure#0}
[INFO] [stdout]    4:     0x64d7b4b0ccb9 - std[617be2ca0a6fd877]::panicking::default_hook
[INFO] [stdout]    5:     0x64d7b49866f0 - test[aada8e7e76ba119b]::test_main_inner::{closure#0}
[INFO] [stdout]    6:     0x64d7b4b0ce72 - std[617be2ca0a6fd877]::panicking::panic_with_hook
[INFO] [stdout]    7:     0x64d7b4aefe62 - std[617be2ca0a6fd877]::panicking::panic_handler::{closure#0}
[INFO] [stdout]    8:     0x64d7b4ae8a59 - std[617be2ca0a6fd877]::sys::backtrace::__rust_end_short_backtrace::<std[617be2ca0a6fd877]::panicking::panic_handler::{closure#0}, !>
[INFO] [stdout]    9:     0x64d7b4af0a6d - __rustc[ea4f61d10b84890b]::rust_begin_unwind
[INFO] [stdout]   10:     0x64d7b4b2ccac - core[a373ad73a504971]::panicking::panic_fmt
[INFO] [stdout]   11:     0x64d7b4b2ca82 - core[a373ad73a504971]::result::unwrap_failed
[INFO] [stdout]   12:     0x64d7b49de965 - rust_hdl_core[bafcab1ad42c0cb0]::yosys::yosys_validate
[INFO] [stdout]   13:     0x64d7b485deb1 - <rust_hdl_hls[97a14744fabd006f]::mosi_port::test_local_out_port_is_synthesizable::{closure#0} as core[a373ad73a504971]::ops::function::FnOnce<()>>::call_once
[INFO] [stdout]   14:     0x64d7b4979b3b - test[aada8e7e76ba119b]::__rust_begin_short_backtrace::<core[a373ad73a504971]::result::Result<(), alloc[2e1b2a31b91974c5]::string::String>, fn() -> core[a373ad73a504971]::result::Result<(), alloc[2e1b2a31b91974c5]::string::String>>
[INFO] [stdout]   15:     0x64d7b4986d15 - test[aada8e7e76ba119b]::run_test::{closure#0}
[INFO] [stdout]   16:     0x64d7b4980604 - std[617be2ca0a6fd877]::sys::backtrace::__rust_begin_short_backtrace::<test[aada8e7e76ba119b]::run_test::{closure#1}, ()>
[INFO] [stdout]   17:     0x64d7b4989da2 - <std[617be2ca0a6fd877]::thread::lifecycle::spawn_unchecked<test[aada8e7e76ba119b]::run_test::{closure#1}, ()>::{closure#1} as core[a373ad73a504971]::ops::function::FnOnce<()>>::call_once::{shim:vtable#0}
[INFO] [stdout]   18:     0x64d7b4b1455f - <std[617be2ca0a6fd877]::sys::thread::unix::Thread>::new::thread_start
[INFO] [stdout]   19:     0x78e6a1ac8dfa - <unknown>
[INFO] [stdout]   20:     0x78e6a1b5c3d4 - clone
[INFO] [stdout]   21:                0x0 - <unknown>
[INFO] [stdout] 
[INFO] [stdout] ---- router::test_router_is_synthesizable stdout ----
[INFO] [stdout] 
[INFO] [stdout] thread 'router::test_router_is_synthesizable' (922) panicked at /opt/rustwide/cargo-home/registry/src/index.crates.io-1949cf8c6b5b557f/rust-hdl-core-0.46.0/src/yosys.rs:35:10:
[INFO] [stdout] called `Result::unwrap()` on an `Err` value: Os { code: 2, kind: NotFound, message: "No such file or directory" }
[INFO] [stdout] stack backtrace:
[INFO] [stdout]    0:     0x64d7b4b14d01 - <<std[617be2ca0a6fd877]::sys::backtrace::BacktraceLock>::print::DisplayBacktrace as core[a373ad73a504971]::fmt::Display>::fmt
[INFO] [stdout]    1:     0x64d7b4b2c4ca - core[a373ad73a504971]::fmt::write
[INFO] [stdout]    2:     0x64d7b4b1917c - <alloc[2e1b2a31b91974c5]::vec::Vec<u8> as core[a373ad73a504971]::io::write::Write>::write_fmt
[INFO] [stdout]    3:     0x64d7b4aefdb6 - std[617be2ca0a6fd877]::panicking::default_hook::{closure#0}
[INFO] [stdout]    4:     0x64d7b4b0ccb9 - std[617be2ca0a6fd877]::panicking::default_hook
[INFO] [stdout]    5:     0x64d7b49866f0 - test[aada8e7e76ba119b]::test_main_inner::{closure#0}
[INFO] [stdout]    6:     0x64d7b4b0ce72 - std[617be2ca0a6fd877]::panicking::panic_with_hook
[INFO] [stdout]    7:     0x64d7b4aefe62 - std[617be2ca0a6fd877]::panicking::panic_handler::{closure#0}
[INFO] [stdout]    8:     0x64d7b4ae8a59 - std[617be2ca0a6fd877]::sys::backtrace::__rust_end_short_backtrace::<std[617be2ca0a6fd877]::panicking::panic_handler::{closure#0}, !>
[INFO] [stdout]    9:     0x64d7b4af0a6d - __rustc[ea4f61d10b84890b]::rust_begin_unwind
[INFO] [stdout]   10:     0x64d7b4b2ccac - core[a373ad73a504971]::panicking::panic_fmt
[INFO] [stdout]   11:     0x64d7b4b2ca82 - core[a373ad73a504971]::result::unwrap_failed
[INFO] [stdout]   12:     0x64d7b49de965 - rust_hdl_core[bafcab1ad42c0cb0]::yosys::yosys_validate
[INFO] [stdout]   13:     0x64d7b48f8b1c - <rust_hdl_hls[97a14744fabd006f]::router::test_router_is_synthesizable::{closure#0} as core[a373ad73a504971]::ops::function::FnOnce<()>>::call_once
[INFO] [stdout]   14:     0x64d7b4979b3b - test[aada8e7e76ba119b]::__rust_begin_short_backtrace::<core[a373ad73a504971]::result::Result<(), alloc[2e1b2a31b91974c5]::string::String>, fn() -> core[a373ad73a504971]::result::Result<(), alloc[2e1b2a31b91974c5]::string::String>>
[INFO] [stdout]   15:     0x64d7b4986d15 - test[aada8e7e76ba119b]::run_test::{closure#0}
[INFO] [stdout]   16:     0x64d7b4980604 - std[617be2ca0a6fd877]::sys::backtrace::__rust_begin_short_backtrace::<test[aada8e7e76ba119b]::run_test::{closure#1}, ()>
[INFO] [stdout]   17:     0x64d7b4989da2 - <std[617be2ca0a6fd877]::thread::lifecycle::spawn_unchecked<test[aada8e7e76ba119b]::run_test::{closure#1}, ()>::{closure#1} as core[a373ad73a504971]::ops::function::FnOnce<()>>::call_once::{shim:vtable#0}
[INFO] [stdout]   18:     0x64d7b4b1455f - <std[617be2ca0a6fd877]::sys::thread::unix::Thread>::new::thread_start
[INFO] [stdout]   19:     0x78e6a1ac8dfa - <unknown>
[INFO] [stdout]   20:     0x78e6a1b5c3d4 - clone
[INFO] [stdout]   21:                0x0 - <unknown>
[INFO] [stdout] 
[INFO] [stdout] ---- fifo::test_hsl_fifo_synthesizes stdout ----
[INFO] [stdout] 
[INFO] [stdout] thread 'fifo::test_hsl_fifo_synthesizes' (902) panicked at /opt/rustwide/cargo-home/registry/src/index.crates.io-1949cf8c6b5b557f/rust-hdl-core-0.46.0/src/yosys.rs:35:10:
[INFO] [stdout] called `Result::unwrap()` on an `Err` value: Os { code: 2, kind: NotFound, message: "No such file or directory" }
[INFO] [stdout] stack backtrace:
[INFO] [stdout]    0:     0x64d7b4b14d01 - <<std[617be2ca0a6fd877]::sys::backtrace::BacktraceLock>::print::DisplayBacktrace as core[a373ad73a504971]::fmt::Display>::fmt
[INFO] [stdout]    1:     0x64d7b4b2c4ca - core[a373ad73a504971]::fmt::write
[INFO] [stdout]    2:     0x64d7b4b1917c - <alloc[2e1b2a31b91974c5]::vec::Vec<u8> as core[a373ad73a504971]::io::write::Write>::write_fmt
[INFO] [stdout]    3:     0x64d7b4aefdb6 - std[617be2ca0a6fd877]::panicking::default_hook::{closure#0}
[INFO] [stdout]    4:     0x64d7b4b0ccb9 - std[617be2ca0a6fd877]::panicking::default_hook
[INFO] [stdout]    5:     0x64d7b49866f0 - test[aada8e7e76ba119b]::test_main_inner::{closure#0}
[INFO] [stdout]    6:     0x64d7b4b0ce72 - std[617be2ca0a6fd877]::panicking::panic_with_hook
[INFO] [stdout]    7:     0x64d7b4aefe62 - std[617be2ca0a6fd877]::panicking::panic_handler::{closure#0}
[INFO] [stdout]    8:     0x64d7b4ae8a59 - std[617be2ca0a6fd877]::sys::backtrace::__rust_end_short_backtrace::<std[617be2ca0a6fd877]::panicking::panic_handler::{closure#0}, !>
[INFO] [stdout]    9:     0x64d7b4af0a6d - __rustc[ea4f61d10b84890b]::rust_begin_unwind
[INFO] [stdout]   10:     0x64d7b4b2ccac - core[a373ad73a504971]::panicking::panic_fmt
[INFO] [stdout]   11:     0x64d7b4b2ca82 - core[a373ad73a504971]::result::unwrap_failed
[INFO] [stdout]   12:     0x64d7b49de965 - rust_hdl_core[bafcab1ad42c0cb0]::yosys::yosys_validate
[INFO] [stdout]   13:     0x64d7b485c82e - <rust_hdl_hls[97a14744fabd006f]::fifo::test_hsl_fifo_synthesizes::{closure#0} as core[a373ad73a504971]::ops::function::FnOnce<()>>::call_once
[INFO] [stdout]   14:     0x64d7b4979b3b - test[aada8e7e76ba119b]::__rust_begin_short_backtrace::<core[a373ad73a504971]::result::Result<(), alloc[2e1b2a31b91974c5]::string::String>, fn() -> core[a373ad73a504971]::result::Result<(), alloc[2e1b2a31b91974c5]::string::String>>
[INFO] [stdout]   15:     0x64d7b4986d15 - test[aada8e7e76ba119b]::run_test::{closure#0}
[INFO] [stdout]   16:     0x64d7b4980604 - std[617be2ca0a6fd877]::sys::backtrace::__rust_begin_short_backtrace::<test[aada8e7e76ba119b]::run_test::{closure#1}, ()>
[INFO] [stdout]   17:     0x64d7b4989da2 - <std[617be2ca0a6fd877]::thread::lifecycle::spawn_unchecked<test[aada8e7e76ba119b]::run_test::{closure#1}, ()>::{closure#1} as core[a373ad73a504971]::ops::function::FnOnce<()>>::call_once::{shim:vtable#0}
[INFO] [stdout]   18:     0x64d7b4b1455f - <std[617be2ca0a6fd877]::sys::thread::unix::Thread>::new::thread_start
[INFO] [stdout]   19:     0x78e6a1ac8dfa - <unknown>
[INFO] [stdout]   20:     0x78e6a1b5c3d4 - clone
[INFO] [stdout]   21:                0x0 - <unknown>
[INFO] [stdout] 
[INFO] [stdout] ---- router_rom::test_router_rom_is_synthesizable stdout ----
[INFO] [stdout] 
[INFO] [stdout] thread 'router_rom::test_router_rom_is_synthesizable' (923) panicked at /opt/rustwide/cargo-home/registry/src/index.crates.io-1949cf8c6b5b557f/rust-hdl-core-0.46.0/src/yosys.rs:35:10:
[INFO] [stdout] called `Result::unwrap()` on an `Err` value: Os { code: 2, kind: NotFound, message: "No such file or directory" }
[INFO] [stdout] stack backtrace:
[INFO] [stdout]    0:     0x64d7b4b14d01 - <<std[617be2ca0a6fd877]::sys::backtrace::BacktraceLock>::print::DisplayBacktrace as core[a373ad73a504971]::fmt::Display>::fmt
[INFO] [stdout]    1:     0x64d7b4b2c4ca - core[a373ad73a504971]::fmt::write
[INFO] [stdout]    2:     0x64d7b4b1917c - <alloc[2e1b2a31b91974c5]::vec::Vec<u8> as core[a373ad73a504971]::io::write::Write>::write_fmt
[INFO] [stdout]    3:     0x64d7b4aefdb6 - std[617be2ca0a6fd877]::panicking::default_hook::{closure#0}
[INFO] [stdout]    4:     0x64d7b4b0ccb9 - std[617be2ca0a6fd877]::panicking::default_hook
[INFO] [stdout]    5:     0x64d7b49866f0 - test[aada8e7e76ba119b]::test_main_inner::{closure#0}
[INFO] [stdout]    6:     0x64d7b4b0ce72 - std[617be2ca0a6fd877]::panicking::panic_with_hook
[INFO] [stdout]    7:     0x64d7b4aefe62 - std[617be2ca0a6fd877]::panicking::panic_handler::{closure#0}
[INFO] [stdout]    8:     0x64d7b4ae8a59 - std[617be2ca0a6fd877]::sys::backtrace::__rust_end_short_backtrace::<std[617be2ca0a6fd877]::panicking::panic_handler::{closure#0}, !>
[INFO] [stdout]    9:     0x64d7b4af0a6d - __rustc[ea4f61d10b84890b]::rust_begin_unwind
[INFO] [stdout]   10:     0x64d7b4b2ccac - core[a373ad73a504971]::panicking::panic_fmt
[INFO] [stdout]   11:     0x64d7b4b2ca82 - core[a373ad73a504971]::result::unwrap_failed
[INFO] [stdout]   12:     0x64d7b49de965 - rust_hdl_core[bafcab1ad42c0cb0]::yosys::yosys_validate
[INFO] [stdout]   13:     0x64d7b4961e98 - <rust_hdl_hls[97a14744fabd006f]::router_rom::test_router_rom_is_synthesizable::{closure#0} as core[a373ad73a504971]::ops::function::FnOnce<()>>::call_once
[INFO] [stdout]   14:     0x64d7b4979b3b - test[aada8e7e76ba119b]::__rust_begin_short_backtrace::<core[a373ad73a504971]::result::Result<(), alloc[2e1b2a31b91974c5]::string::String>, fn() -> core[a373ad73a504971]::result::Result<(), alloc[2e1b2a31b91974c5]::string::String>>
[INFO] [stdout]   15:     0x64d7b4986d15 - test[aada8e7e76ba119b]::run_test::{closure#0}
[INFO] [stdout]   16:     0x64d7b4980604 - std[617be2ca0a6fd877]::sys::backtrace::__rust_begin_short_backtrace::<test[aada8e7e76ba119b]::run_test::{closure#1}, ()>
[INFO] [stdout]   17:     0x64d7b4989da2 - <std[617be2ca0a6fd877]::thread::lifecycle::spawn_unchecked<test[aada8e7e76ba119b]::run_test::{closure#1}, ()>::{closure#1} as core[a373ad73a504971]::ops::function::FnOnce<()>>::call_once::{shim:vtable#0}
[INFO] [stdout]   18:     0x64d7b4b1455f - <std[617be2ca0a6fd877]::sys::thread::unix::Thread>::new::thread_start
[INFO] [stdout]   19:     0x78e6a1ac8dfa - <unknown>
[INFO] [stdout]   20:     0x78e6a1b5c3d4 - clone
[INFO] [stdout]   21:                0x0 - <unknown>
[INFO] [stdout] 
[INFO] [stdout] ---- bridge::test_bridge_is_synthesizable stdout ----
[INFO] [stdout] 
[INFO] [stdout] thread 'bridge::test_bridge_is_synthesizable' (898) panicked at /opt/rustwide/cargo-home/registry/src/index.crates.io-1949cf8c6b5b557f/rust-hdl-core-0.46.0/src/yosys.rs:35:10:
[INFO] [stdout] called `Result::unwrap()` on an `Err` value: Os { code: 2, kind: NotFound, message: "No such file or directory" }
[INFO] [stdout] stack backtrace:
[INFO] [stdout]    0:     0x64d7b4b14d01 - <<std[617be2ca0a6fd877]::sys::backtrace::BacktraceLock>::print::DisplayBacktrace as core[a373ad73a504971]::fmt::Display>::fmt
[INFO] [stdout]    1:     0x64d7b4b2c4ca - core[a373ad73a504971]::fmt::write
[INFO] [stdout]    2:     0x64d7b4b1917c - <alloc[2e1b2a31b91974c5]::vec::Vec<u8> as core[a373ad73a504971]::io::write::Write>::write_fmt
[INFO] [stdout]    3:     0x64d7b4aefdb6 - std[617be2ca0a6fd877]::panicking::default_hook::{closure#0}
[INFO] [stdout]    4:     0x64d7b4b0ccb9 - std[617be2ca0a6fd877]::panicking::default_hook
[INFO] [stdout]    5:     0x64d7b49866f0 - test[aada8e7e76ba119b]::test_main_inner::{closure#0}
[INFO] [stdout]    6:     0x64d7b4b0ce72 - std[617be2ca0a6fd877]::panicking::panic_with_hook
[INFO] [stdout]    7:     0x64d7b4aefe62 - std[617be2ca0a6fd877]::panicking::panic_handler::{closure#0}
[INFO] [stdout]    8:     0x64d7b4ae8a59 - std[617be2ca0a6fd877]::sys::backtrace::__rust_end_short_backtrace::<std[617be2ca0a6fd877]::panicking::panic_handler::{closure#0}, !>
[INFO] [stdout]    9:     0x64d7b4af0a6d - __rustc[ea4f61d10b84890b]::rust_begin_unwind
[INFO] [stdout]   10:     0x64d7b4b2ccac - core[a373ad73a504971]::panicking::panic_fmt
[INFO] [stdout]   11:     0x64d7b4b2ca82 - core[a373ad73a504971]::result::unwrap_failed
[INFO] [stdout]   12:     0x64d7b49de965 - rust_hdl_core[bafcab1ad42c0cb0]::yosys::yosys_validate
[INFO] [stdout]   13:     0x64d7b48f6ef4 - <rust_hdl_hls[97a14744fabd006f]::bridge::test_bridge_is_synthesizable::{closure#0} as core[a373ad73a504971]::ops::function::FnOnce<()>>::call_once
[INFO] [stdout]   14:     0x64d7b4979b3b - test[aada8e7e76ba119b]::__rust_begin_short_backtrace::<core[a373ad73a504971]::result::Result<(), alloc[2e1b2a31b91974c5]::string::String>, fn() -> core[a373ad73a504971]::result::Result<(), alloc[2e1b2a31b91974c5]::string::String>>
[INFO] [stdout]   15:     0x64d7b4986d15 - test[aada8e7e76ba119b]::run_test::{closure#0}
[INFO] [stdout]   16:     0x64d7b4980604 - std[617be2ca0a6fd877]::sys::backtrace::__rust_begin_short_backtrace::<test[aada8e7e76ba119b]::run_test::{closure#1}, ()>
[INFO] [stdout]   17:     0x64d7b4989da2 - <std[617be2ca0a6fd877]::thread::lifecycle::spawn_unchecked<test[aada8e7e76ba119b]::run_test::{closure#1}, ()>::{closure#1} as core[a373ad73a504971]::ops::function::FnOnce<()>>::call_once::{shim:vtable#0}
[INFO] [stdout]   18:     0x64d7b4b1455f - <std[617be2ca0a6fd877]::sys::thread::unix::Thread>::new::thread_start
[INFO] [stdout]   19:     0x78e6a1ac8dfa - <unknown>
[INFO] [stdout]   20:     0x78e6a1b5c3d4 - clone
[INFO] [stdout]   21:                0x0 - <unknown>
[INFO] [stdout] 
[INFO] [stdout] ---- host::test_host_synthesizes stdout ----
[INFO] [stdout] 
[INFO] [stdout] thread 'host::test_host_synthesizes' (908) panicked at /opt/rustwide/cargo-home/registry/src/index.crates.io-1949cf8c6b5b557f/rust-hdl-core-0.46.0/src/yosys.rs:35:10:
[INFO] [stdout] called `Result::unwrap()` on an `Err` value: Os { code: 2, kind: NotFound, message: "No such file or directory" }
[INFO] [stdout] stack backtrace:
[INFO] [stdout]    0:     0x64d7b4b14d01 - <<std[617be2ca0a6fd877]::sys::backtrace::BacktraceLock>::print::DisplayBacktrace as core[a373ad73a504971]::fmt::Display>::fmt
[INFO] [stdout]    1:     0x64d7b4b2c4ca - core[a373ad73a504971]::fmt::write
[INFO] [stdout]    2:     0x64d7b4b1917c - <alloc[2e1b2a31b91974c5]::vec::Vec<u8> as core[a373ad73a504971]::io::write::Write>::write_fmt
[INFO] [stdout]    3:     0x64d7b4aefdb6 - std[617be2ca0a6fd877]::panicking::default_hook::{closure#0}
[INFO] [stdout]    4:     0x64d7b4b0ccb9 - std[617be2ca0a6fd877]::panicking::default_hook
[INFO] [stdout]    5:     0x64d7b49866f0 - test[aada8e7e76ba119b]::test_main_inner::{closure#0}
[INFO] [stdout]    6:     0x64d7b4b0ce72 - std[617be2ca0a6fd877]::panicking::panic_with_hook
[INFO] [stdout]    7:     0x64d7b4aefe62 - std[617be2ca0a6fd877]::panicking::panic_handler::{closure#0}
[INFO] [stdout]    8:     0x64d7b4ae8a59 - std[617be2ca0a6fd877]::sys::backtrace::__rust_end_short_backtrace::<std[617be2ca0a6fd877]::panicking::panic_handler::{closure#0}, !>
[INFO] [stdout]    9:     0x64d7b4af0a6d - __rustc[ea4f61d10b84890b]::rust_begin_unwind
[INFO] [stdout]   10:     0x64d7b4b2ccac - core[a373ad73a504971]::panicking::panic_fmt
[INFO] [stdout]   11:     0x64d7b4b2ca82 - core[a373ad73a504971]::result::unwrap_failed
[INFO] [stdout]   12:     0x64d7b49de965 - rust_hdl_core[bafcab1ad42c0cb0]::yosys::yosys_validate
[INFO] [stdout]   13:     0x64d7b4964602 - <rust_hdl_hls[97a14744fabd006f]::host::test_host_synthesizes::{closure#0} as core[a373ad73a504971]::ops::function::FnOnce<()>>::call_once
[INFO] [stdout]   14:     0x64d7b4979b3b - test[aada8e7e76ba119b]::__rust_begin_short_backtrace::<core[a373ad73a504971]::result::Result<(), alloc[2e1b2a31b91974c5]::string::String>, fn() -> core[a373ad73a504971]::result::Result<(), alloc[2e1b2a31b91974c5]::string::String>>
[INFO] [stdout]   15:     0x64d7b4986d15 - test[aada8e7e76ba119b]::run_test::{closure#0}
[INFO] [stdout]   16:     0x64d7b4980604 - std[617be2ca0a6fd877]::sys::backtrace::__rust_begin_short_backtrace::<test[aada8e7e76ba119b]::run_test::{closure#1}, ()>
[INFO] [stdout]   17:     0x64d7b4989da2 - <std[617be2ca0a6fd877]::thread::lifecycle::spawn_unchecked<test[aada8e7e76ba119b]::run_test::{closure#1}, ()>::{closure#1} as core[a373ad73a504971]::ops::function::FnOnce<()>>::call_once::{shim:vtable#0}
[INFO] [stdout]   18:     0x64d7b4b1455f - <std[617be2ca0a6fd877]::sys::thread::unix::Thread>::new::thread_start
[INFO] [stdout]   19:     0x78e6a1ac8dfa - <unknown>
[INFO] [stdout]   20:     0x78e6a1b5c3d4 - clone
[INFO] [stdout]   21:                0x0 - <unknown>
[INFO] [stdout] 
[INFO] [stdout] ---- spi::test_hls_spi_master_dynamic_mode_is_synthesizable stdout ----
[INFO] [stdout] 
[INFO] [stdout] thread 'spi::test_hls_spi_master_dynamic_mode_is_synthesizable' (929) panicked at /opt/rustwide/cargo-home/registry/src/index.crates.io-1949cf8c6b5b557f/rust-hdl-core-0.46.0/src/yosys.rs:35:10:
[INFO] [stdout] called `Result::unwrap()` on an `Err` value: Os { code: 2, kind: NotFound, message: "No such file or directory" }
[INFO] [stdout] stack backtrace:
[INFO] [stdout]    0:     0x64d7b4b14d01 - <<std[617be2ca0a6fd877]::sys::backtrace::BacktraceLock>::print::DisplayBacktrace as core[a373ad73a504971]::fmt::Display>::fmt
[INFO] [stdout]    1:     0x64d7b4b2c4ca - core[a373ad73a504971]::fmt::write
[INFO] [stdout]    2:     0x64d7b4b1917c - <alloc[2e1b2a31b91974c5]::vec::Vec<u8> as core[a373ad73a504971]::io::write::Write>::write_fmt
[INFO] [stdout]    3:     0x64d7b4aefdb6 - std[617be2ca0a6fd877]::panicking::default_hook::{closure#0}
[INFO] [stdout]    4:     0x64d7b4b0ccb9 - std[617be2ca0a6fd877]::panicking::default_hook
[INFO] [stdout]    5:     0x64d7b49866f0 - test[aada8e7e76ba119b]::test_main_inner::{closure#0}
[INFO] [stdout]    6:     0x64d7b4b0ce72 - std[617be2ca0a6fd877]::panicking::panic_with_hook
[INFO] [stdout]    7:     0x64d7b4aefe62 - std[617be2ca0a6fd877]::panicking::panic_handler::{closure#0}
[INFO] [stdout]    8:     0x64d7b4ae8a59 - std[617be2ca0a6fd877]::sys::backtrace::__rust_end_short_backtrace::<std[617be2ca0a6fd877]::panicking::panic_handler::{closure#0}, !>
[INFO] [stdout]    9:     0x64d7b4af0a6d - __rustc[ea4f61d10b84890b]::rust_begin_unwind
[INFO] [stdout]   10:     0x64d7b4b2ccac - core[a373ad73a504971]::panicking::panic_fmt
[INFO] [stdout]   11:     0x64d7b4b2ca82 - core[a373ad73a504971]::result::unwrap_failed
[INFO] [stdout]   12:     0x64d7b49de965 - rust_hdl_core[bafcab1ad42c0cb0]::yosys::yosys_validate
[INFO] [stdout]   13:     0x64d7b48f6bab - <rust_hdl_hls[97a14744fabd006f]::spi::test_hls_spi_master_dynamic_mode_is_synthesizable::{closure#0} as core[a373ad73a504971]::ops::function::FnOnce<()>>::call_once
[INFO] [stdout]   14:     0x64d7b4979b3b - test[aada8e7e76ba119b]::__rust_begin_short_backtrace::<core[a373ad73a504971]::result::Result<(), alloc[2e1b2a31b91974c5]::string::String>, fn() -> core[a373ad73a504971]::result::Result<(), alloc[2e1b2a31b91974c5]::string::String>>
[INFO] [stdout]   15:     0x64d7b4986d15 - test[aada8e7e76ba119b]::run_test::{closure#0}
[INFO] [stdout]   16:     0x64d7b4980604 - std[617be2ca0a6fd877]::sys::backtrace::__rust_begin_short_backtrace::<test[aada8e7e76ba119b]::run_test::{closure#1}, ()>
[INFO] [stdout]   17:     0x64d7b4989da2 - <std[617be2ca0a6fd877]::thread::lifecycle::spawn_unchecked<test[aada8e7e76ba119b]::run_test::{closure#1}, ()>::{closure#1} as core[a373ad73a504971]::ops::function::FnOnce<()>>::call_once::{shim:vtable#0}
[INFO] [stdout]   18:     0x64d7b4b1455f - <std[617be2ca0a6fd877]::sys::thread::unix::Thread>::new::thread_start
[INFO] [stdout]   19:     0x78e6a1ac8dfa - <unknown>
[INFO] [stdout]   20:     0x78e6a1b5c3d4 - clone
[INFO] [stdout]   21:                0x0 - <unknown>
[INFO] [stdout] 
[INFO] [stdout] ---- sdram_fifo::test_sdram_fifo_synthesizes stdout ----
[INFO] [stdout] 
[INFO] [stdout] thread 'sdram_fifo::test_sdram_fifo_synthesizes' (927) panicked at /opt/rustwide/cargo-home/registry/src/index.crates.io-1949cf8c6b5b557f/rust-hdl-core-0.46.0/src/yosys.rs:35:10:
[INFO] [stdout] called `Result::unwrap()` on an `Err` value: Os { code: 2, kind: NotFound, message: "No such file or directory" }
[INFO] [stdout] stack backtrace:
[INFO] [stdout]    0:     0x64d7b4b14d01 - <<std[617be2ca0a6fd877]::sys::backtrace::BacktraceLock>::print::DisplayBacktrace as core[a373ad73a504971]::fmt::Display>::fmt
[INFO] [stdout]    1:     0x64d7b4b2c4ca - core[a373ad73a504971]::fmt::write
[INFO] [stdout]    2:     0x64d7b4b1917c - <alloc[2e1b2a31b91974c5]::vec::Vec<u8> as core[a373ad73a504971]::io::write::Write>::write_fmt
[INFO] [stdout]    3:     0x64d7b4aefdb6 - std[617be2ca0a6fd877]::panicking::default_hook::{closure#0}
[INFO] [stdout]    4:     0x64d7b4b0ccb9 - std[617be2ca0a6fd877]::panicking::default_hook
[INFO] [stdout]    5:     0x64d7b49866f0 - test[aada8e7e76ba119b]::test_main_inner::{closure#0}
[INFO] [stdout]    6:     0x64d7b4b0ce72 - std[617be2ca0a6fd877]::panicking::panic_with_hook
[INFO] [stdout]    7:     0x64d7b4aefe62 - std[617be2ca0a6fd877]::panicking::panic_handler::{closure#0}
[INFO] [stdout]    8:     0x64d7b4ae8a59 - std[617be2ca0a6fd877]::sys::backtrace::__rust_end_short_backtrace::<std[617be2ca0a6fd877]::panicking::panic_handler::{closure#0}, !>
[INFO] [stdout]    9:     0x64d7b4af0a6d - __rustc[ea4f61d10b84890b]::rust_begin_unwind
[INFO] [stdout]   10:     0x64d7b4b2ccac - core[a373ad73a504971]::panicking::panic_fmt
[INFO] [stdout]   11:     0x64d7b4b2ca82 - core[a373ad73a504971]::result::unwrap_failed
[INFO] [stdout]   12:     0x64d7b49de965 - rust_hdl_core[bafcab1ad42c0cb0]::yosys::yosys_validate
[INFO] [stdout]   13:     0x64d7b485b94c - <rust_hdl_hls[97a14744fabd006f]::sdram_fifo::test_sdram_fifo_synthesizes::{closure#0} as core[a373ad73a504971]::ops::function::FnOnce<()>>::call_once
[INFO] [stdout]   14:     0x64d7b4979b3b - test[aada8e7e76ba119b]::__rust_begin_short_backtrace::<core[a373ad73a504971]::result::Result<(), alloc[2e1b2a31b91974c5]::string::String>, fn() -> core[a373ad73a504971]::result::Result<(), alloc[2e1b2a31b91974c5]::string::String>>
[INFO] [stdout]   15:     0x64d7b4986d15 - test[aada8e7e76ba119b]::run_test::{closure#0}
[INFO] [stdout]   16:     0x64d7b4980604 - std[617be2ca0a6fd877]::sys::backtrace::__rust_begin_short_backtrace::<test[aada8e7e76ba119b]::run_test::{closure#1}, ()>
[INFO] [stdout]   17:     0x64d7b4989da2 - <std[617be2ca0a6fd877]::thread::lifecycle::spawn_unchecked<test[aada8e7e76ba119b]::run_test::{closure#1}, ()>::{closure#1} as core[a373ad73a504971]::ops::function::FnOnce<()>>::call_once::{shim:vtable#0}
[INFO] [stdout]   18:     0x64d7b4b1455f - <std[617be2ca0a6fd877]::sys::thread::unix::Thread>::new::thread_start
[INFO] [stdout]   19:     0x78e6a1ac8dfa - <unknown>
[INFO] [stdout]   20:     0x78e6a1b5c3d4 - clone
[INFO] [stdout]   21:                0x0 - <unknown>
[INFO] [stdout] 
[INFO] [stdout] ---- spi::test_hls_spi_master_is_synthesizable stdout ----
[INFO] [stdout] 
[INFO] [stdout] thread 'spi::test_hls_spi_master_is_synthesizable' (931) panicked at /opt/rustwide/cargo-home/registry/src/index.crates.io-1949cf8c6b5b557f/rust-hdl-core-0.46.0/src/yosys.rs:35:10:
[INFO] [stdout] called `Result::unwrap()` on an `Err` value: Os { code: 2, kind: NotFound, message: "No such file or directory" }
[INFO] [stdout] stack backtrace:
[INFO] [stdout]    0:     0x64d7b4b14d01 - <<std[617be2ca0a6fd877]::sys::backtrace::BacktraceLock>::print::DisplayBacktrace as core[a373ad73a504971]::fmt::Display>::fmt
[INFO] [stdout]    1:     0x64d7b4b2c4ca - core[a373ad73a504971]::fmt::write
[INFO] [stdout]    2:     0x64d7b4b1917c - <alloc[2e1b2a31b91974c5]::vec::Vec<u8> as core[a373ad73a504971]::io::write::Write>::write_fmt
[INFO] [stdout]    3:     0x64d7b4aefdb6 - std[617be2ca0a6fd877]::panicking::default_hook::{closure#0}
[INFO] [stdout]    4:     0x64d7b4b0ccb9 - std[617be2ca0a6fd877]::panicking::default_hook
[INFO] [stdout]    5:     0x64d7b49866f0 - test[aada8e7e76ba119b]::test_main_inner::{closure#0}
[INFO] [stdout]    6:     0x64d7b4b0ce72 - std[617be2ca0a6fd877]::panicking::panic_with_hook
[INFO] [stdout]    7:     0x64d7b4aefe62 - std[617be2ca0a6fd877]::panicking::panic_handler::{closure#0}
[INFO] [stdout]    8:     0x64d7b4ae8a59 - std[617be2ca0a6fd877]::sys::backtrace::__rust_end_short_backtrace::<std[617be2ca0a6fd877]::panicking::panic_handler::{closure#0}, !>
[INFO] [stdout]    9:     0x64d7b4af0a6d - __rustc[ea4f61d10b84890b]::rust_begin_unwind
[INFO] [stdout]   10:     0x64d7b4b2ccac - core[a373ad73a504971]::panicking::panic_fmt
[INFO] [stdout]   11:     0x64d7b4b2ca82 - core[a373ad73a504971]::result::unwrap_failed
[INFO] [stdout]   12:     0x64d7b49de965 - rust_hdl_core[bafcab1ad42c0cb0]::yosys::yosys_validate
[INFO] [stdout]   13:     0x64d7b48f3e22 - <rust_hdl_hls[97a14744fabd006f]::spi::test_hls_spi_master_is_synthesizable::{closure#0} as core[a373ad73a504971]::ops::function::FnOnce<()>>::call_once
[INFO] [stdout]   14:     0x64d7b4979b3b - test[aada8e7e76ba119b]::__rust_begin_short_backtrace::<core[a373ad73a504971]::result::Result<(), alloc[2e1b2a31b91974c5]::string::String>, fn() -> core[a373ad73a504971]::result::Result<(), alloc[2e1b2a31b91974c5]::string::String>>
[INFO] [stdout]   15:     0x64d7b4986d15 - test[aada8e7e76ba119b]::run_test::{closure#0}
[INFO] [stdout]   16:     0x64d7b4980604 - std[617be2ca0a6fd877]::sys::backtrace::__rust_begin_short_backtrace::<test[aada8e7e76ba119b]::run_test::{closure#1}, ()>
[INFO] [stdout]   17:     0x64d7b4989da2 - <std[617be2ca0a6fd877]::thread::lifecycle::spawn_unchecked<test[aada8e7e76ba119b]::run_test::{closure#1}, ()>::{closure#1} as core[a373ad73a504971]::ops::function::FnOnce<()>>::call_once::{shim:vtable#0}
[INFO] [stdout]   18:     0x64d7b4b1455f - <std[617be2ca0a6fd877]::sys::thread::unix::Thread>::new::thread_start
[INFO] [stdout]   19:     0x78e6a1ac8dfa - <unknown>
[INFO] [stdout]   20:     0x78e6a1b5c3d4 - clone
[INFO] [stdout]   21:                0x0 - <unknown>
[INFO] [stdout] 
[INFO] [stdout] ---- spi::test_hls_spi_mux_slaves_is_synthesizable stdout ----
[INFO] [stdout] 
[INFO] [stdout] thread 'spi::test_hls_spi_mux_slaves_is_synthesizable' (936) panicked at /opt/rustwide/cargo-home/registry/src/index.crates.io-1949cf8c6b5b557f/rust-hdl-core-0.46.0/src/yosys.rs:35:10:
[INFO] [stdout] called `Result::unwrap()` on an `Err` value: Os { code: 2, kind: NotFound, message: "No such file or directory" }
[INFO] [stdout] stack backtrace:
[INFO] [stdout]    0:     0x64d7b4b14d01 - <<std[617be2ca0a6fd877]::sys::backtrace::BacktraceLock>::print::DisplayBacktrace as core[a373ad73a504971]::fmt::Display>::fmt
[INFO] [stdout]    1:     0x64d7b4b2c4ca - core[a373ad73a504971]::fmt::write
[INFO] [stdout]    2:     0x64d7b4b1917c - <alloc[2e1b2a31b91974c5]::vec::Vec<u8> as core[a373ad73a504971]::io::write::Write>::write_fmt
[INFO] [stdout]    3:     0x64d7b4aefdb6 - std[617be2ca0a6fd877]::panicking::default_hook::{closure#0}
[INFO] [stdout]    4:     0x64d7b4b0ccb9 - std[617be2ca0a6fd877]::panicking::default_hook
[INFO] [stdout]    5:     0x64d7b49866f0 - test[aada8e7e76ba119b]::test_main_inner::{closure#0}
[INFO] [stdout]    6:     0x64d7b4b0ce72 - std[617be2ca0a6fd877]::panicking::panic_with_hook
[INFO] [stdout]    7:     0x64d7b4aefe62 - std[617be2ca0a6fd877]::panicking::panic_handler::{closure#0}
[INFO] [stdout]    8:     0x64d7b4ae8a59 - std[617be2ca0a6fd877]::sys::backtrace::__rust_end_short_backtrace::<std[617be2ca0a6fd877]::panicking::panic_handler::{closure#0}, !>
[INFO] [stdout]    9:     0x64d7b4af0a6d - __rustc[ea4f61d10b84890b]::rust_begin_unwind
[INFO] [stdout]   10:     0x64d7b4b2ccac - core[a373ad73a504971]::panicking::panic_fmt
[INFO] [stdout]   11:     0x64d7b4b2ca82 - core[a373ad73a504971]::result::unwrap_failed
[INFO] [stdout]   12:     0x64d7b49de965 - rust_hdl_core[bafcab1ad42c0cb0]::yosys::yosys_validate
[INFO] [stdout]   13:     0x64d7b48f54d4 - <rust_hdl_hls[97a14744fabd006f]::spi::test_hls_spi_mux_slaves_is_synthesizable::{closure#0} as core[a373ad73a504971]::ops::function::FnOnce<()>>::call_once
[INFO] [stdout]   14:     0x64d7b4979b3b - test[aada8e7e76ba119b]::__rust_begin_short_backtrace::<core[a373ad73a504971]::result::Result<(), alloc[2e1b2a31b91974c5]::string::String>, fn() -> core[a373ad73a504971]::result::Result<(), alloc[2e1b2a31b91974c5]::string::String>>
[INFO] [stdout]   15:     0x64d7b4986d15 - test[aada8e7e76ba119b]::run_test::{closure#0}
[INFO] [stdout]   16:     0x64d7b4980604 - std[617be2ca0a6fd877]::sys::backtrace::__rust_begin_short_backtrace::<test[aada8e7e76ba119b]::run_test::{closure#1}, ()>
[INFO] [stdout]   17:     0x64d7b4989da2 - <std[617be2ca0a6fd877]::thread::lifecycle::spawn_unchecked<test[aada8e7e76ba119b]::run_test::{closure#1}, ()>::{closure#1} as core[a373ad73a504971]::ops::function::FnOnce<()>>::call_once::{shim:vtable#0}
[INFO] [stdout]   18:     0x64d7b4b1455f - <std[617be2ca0a6fd877]::sys::thread::unix::Thread>::new::thread_start
[INFO] [stdout]   19:     0x78e6a1ac8dfa - <unknown>
[INFO] [stdout]   20:     0x78e6a1b5c3d4 - clone
[INFO] [stdout]   21:                0x0 - <unknown>
[INFO] [stdout] 
[INFO] [stdout] ---- spi::test_hls_spi_mux_is_synthesizable stdout ----
[INFO] [stdout] 
[INFO] [stdout] thread 'spi::test_hls_spi_mux_is_synthesizable' (934) panicked at /opt/rustwide/cargo-home/registry/src/index.crates.io-1949cf8c6b5b557f/rust-hdl-core-0.46.0/src/yosys.rs:35:10:
[INFO] [stdout] called `Result::unwrap()` on an `Err` value: Os { code: 2, kind: NotFound, message: "No such file or directory" }
[INFO] [stdout] stack backtrace:
[INFO] [stdout]    0:     0x64d7b4b14d01 - <<std[617be2ca0a6fd877]::sys::backtrace::BacktraceLock>::print::DisplayBacktrace as core[a373ad73a504971]::fmt::Display>::fmt
[INFO] [stdout]    1:     0x64d7b4b2c4ca - core[a373ad73a504971]::fmt::write
[INFO] [stdout]    2:     0x64d7b4b1917c - <alloc[2e1b2a31b91974c5]::vec::Vec<u8> as core[a373ad73a504971]::io::write::Write>::write_fmt
[INFO] [stdout]    3:     0x64d7b4aefdb6 - std[617be2ca0a6fd877]::panicking::default_hook::{closure#0}
[INFO] [stdout]    4:     0x64d7b4b0ccb9 - std[617be2ca0a6fd877]::panicking::default_hook
[INFO] [stdout]    5:     0x64d7b49866f0 - test[aada8e7e76ba119b]::test_main_inner::{closure#0}
[INFO] [stdout]    6:     0x64d7b4b0ce72 - std[617be2ca0a6fd877]::panicking::panic_with_hook
[INFO] [stdout]    7:     0x64d7b4aefe62 - std[617be2ca0a6fd877]::panicking::panic_handler::{closure#0}
[INFO] [stdout]    8:     0x64d7b4ae8a59 - std[617be2ca0a6fd877]::sys::backtrace::__rust_end_short_backtrace::<std[617be2ca0a6fd877]::panicking::panic_handler::{closure#0}, !>
[INFO] [stdout]    9:     0x64d7b4af0a6d - __rustc[ea4f61d10b84890b]::rust_begin_unwind
[INFO] [stdout]   10:     0x64d7b4b2ccac - core[a373ad73a504971]::panicking::panic_fmt
[INFO] [stdout]   11:     0x64d7b4b2ca82 - core[a373ad73a504971]::result::unwrap_failed
[INFO] [stdout]   12:     0x64d7b49de965 - rust_hdl_core[bafcab1ad42c0cb0]::yosys::yosys_validate
[INFO] [stdout]   13:     0x64d7b48f21f4 - <rust_hdl_hls[97a14744fabd006f]::spi::test_hls_spi_mux_is_synthesizable::{closure#0} as core[a373ad73a504971]::ops::function::FnOnce<()>>::call_once
[INFO] [stdout]   14:     0x64d7b4979b3b - test[aada8e7e76ba119b]::__rust_begin_short_backtrace::<core[a373ad73a504971]::result::Result<(), alloc[2e1b2a31b91974c5]::string::String>, fn() -> core[a373ad73a504971]::result::Result<(), alloc[2e1b2a31b91974c5]::string::String>>
[INFO] [stdout]   15:     0x64d7b4986d15 - test[aada8e7e76ba119b]::run_test::{closure#0}
[INFO] [stdout]   16:     0x64d7b4980604 - std[617be2ca0a6fd877]::sys::backtrace::__rust_begin_short_backtrace::<test[aada8e7e76ba119b]::run_test::{closure#1}, ()>
[INFO] [stdout]   17:     0x64d7b4989da2 - <std[617be2ca0a6fd877]::thread::lifecycle::spawn_unchecked<test[aada8e7e76ba119b]::run_test::{closure#1}, ()>::{closure#1} as core[a373ad73a504971]::ops::function::FnOnce<()>>::call_once::{shim:vtable#0}
[INFO] [stdout]   18:     0x64d7b4b1455f - <std[617be2ca0a6fd877]::sys::thread::unix::Thread>::new::thread_start
[INFO] [stdout]   19:     0x78e6a1ac8dfa - <unknown>
[INFO] [stdout]   20:     0x78e6a1b5c3d4 - clone
[INFO] [stdout]   21:                0x0 - <unknown>
[INFO] [stdout] 
[INFO] [stdout] ---- sdram_controller::test_sdram_controller_synthesizes stdout ----
[INFO] [stdout] 
[INFO] [stdout] thread 'sdram_controller::test_sdram_controller_synthesizes' (924) panicked at /opt/rustwide/cargo-home/registry/src/index.crates.io-1949cf8c6b5b557f/rust-hdl-core-0.46.0/src/yosys.rs:35:10:
[INFO] [stdout] called `Result::unwrap()` on an `Err` value: Os { code: 2, kind: NotFound, message: "No such file or directory" }
[INFO] [stdout] stack backtrace:
[INFO] [stdout]    0:     0x64d7b4b14d01 - <<std[617be2ca0a6fd877]::sys::backtrace::BacktraceLock>::print::DisplayBacktrace as core[a373ad73a504971]::fmt::Display>::fmt
[INFO] [stdout]    1:     0x64d7b4b2c4ca - core[a373ad73a504971]::fmt::write
[INFO] [stdout]    2:     0x64d7b4b1917c - <alloc[2e1b2a31b91974c5]::vec::Vec<u8> as core[a373ad73a504971]::io::write::Write>::write_fmt
[INFO] [stdout]    3:     0x64d7b4aefdb6 - std[617be2ca0a6fd877]::panicking::default_hook::{closure#0}
[INFO] [stdout]    4:     0x64d7b4b0ccb9 - std[617be2ca0a6fd877]::panicking::default_hook
[INFO] [stdout]    5:     0x64d7b49866f0 - test[aada8e7e76ba119b]::test_main_inner::{closure#0}
[INFO] [stdout]    6:     0x64d7b4b0ce72 - std[617be2ca0a6fd877]::panicking::panic_with_hook
[INFO] [stdout]    7:     0x64d7b4aefe62 - std[617be2ca0a6fd877]::panicking::panic_handler::{closure#0}
[INFO] [stdout]    8:     0x64d7b4ae8a59 - std[617be2ca0a6fd877]::sys::backtrace::__rust_end_short_backtrace::<std[617be2ca0a6fd877]::panicking::panic_handler::{closure#0}, !>
[INFO] [stdout]    9:     0x64d7b4af0a6d - __rustc[ea4f61d10b84890b]::rust_begin_unwind
[INFO] [stdout]   10:     0x64d7b4b2ccac - core[a373ad73a504971]::panicking::panic_fmt
[INFO] [stdout]   11:     0x64d7b4b2ca82 - core[a373ad73a504971]::result::unwrap_failed
[INFO] [stdout]   12:     0x64d7b49de965 - rust_hdl_core[bafcab1ad42c0cb0]::yosys::yosys_validate
[INFO] [stdout]   13:     0x64d7b4935aa7 - <rust_hdl_hls[97a14744fabd006f]::sdram_controller::test_sdram_controller_synthesizes::{closure#0} as core[a373ad73a504971]::ops::function::FnOnce<()>>::call_once
[INFO] [stdout]   14:     0x64d7b4979b3b - test[aada8e7e76ba119b]::__rust_begin_short_backtrace::<core[a373ad73a504971]::result::Result<(), alloc[2e1b2a31b91974c5]::string::String>, fn() -> core[a373ad73a504971]::result::Result<(), alloc[2e1b2a31b91974c5]::string::String>>
[INFO] [stdout]   15:     0x64d7b4986d15 - test[aada8e7e76ba119b]::run_test::{closure#0}
[INFO] [stdout]   16:     0x64d7b4980604 - std[617be2ca0a6fd877]::sys::backtrace::__rust_begin_short_backtrace::<test[aada8e7e76ba119b]::run_test::{closure#1}, ()>
[INFO] [stdout]   17:     0x64d7b4989da2 - <std[617be2ca0a6fd877]::thread::lifecycle::spawn_unchecked<test[aada8e7e76ba119b]::run_test::{closure#1}, ()>::{closure#1} as core[a373ad73a504971]::ops::function::FnOnce<()>>::call_once::{shim:vtable#0}
[INFO] [stdout]   18:     0x64d7b4b1455f - <std[617be2ca0a6fd877]::sys::thread::unix::Thread>::new::thread_start
[INFO] [stdout]   19:     0x78e6a1ac8dfa - <unknown>
[INFO] [stdout]   20:     0x78e6a1b5c3d4 - clone
[INFO] [stdout]   21:                0x0 - <unknown>
[INFO] [stdout] 
[INFO] [stdout] ---- sdram_controller_tester::test_sdram_controller_tester_synthesizes stdout ----
[INFO] [stdout] 
[INFO] [stdout] thread 'sdram_controller_tester::test_sdram_controller_tester_synthesizes' (926) panicked at /opt/rustwide/cargo-home/registry/src/index.crates.io-1949cf8c6b5b557f/rust-hdl-core-0.46.0/src/yosys.rs:35:10:
[INFO] [stdout] called `Result::unwrap()` on an `Err` value: Os { code: 2, kind: NotFound, message: "No such file or directory" }
[INFO] [stdout] stack backtrace:
[INFO] [stdout]    0:     0x64d7b4b14d01 - <<std[617be2ca0a6fd877]::sys::backtrace::BacktraceLock>::print::DisplayBacktrace as core[a373ad73a504971]::fmt::Display>::fmt
[INFO] [stdout]    1:     0x64d7b4b2c4ca - core[a373ad73a504971]::fmt::write
[INFO] [stdout]    2:     0x64d7b4b1917c - <alloc[2e1b2a31b91974c5]::vec::Vec<u8> as core[a373ad73a504971]::io::write::Write>::write_fmt
[INFO] [stdout]    3:     0x64d7b4aefdb6 - std[617be2ca0a6fd877]::panicking::default_hook::{closure#0}
[INFO] [stdout]    4:     0x64d7b4b0ccb9 - std[617be2ca0a6fd877]::panicking::default_hook
[INFO] [stdout]    5:     0x64d7b49866f0 - test[aada8e7e76ba119b]::test_main_inner::{closure#0}
[INFO] [stdout]    6:     0x64d7b4b0ce72 - std[617be2ca0a6fd877]::panicking::panic_with_hook
[INFO] [stdout]    7:     0x64d7b4aefe62 - std[617be2ca0a6fd877]::panicking::panic_handler::{closure#0}
[INFO] [stdout]    8:     0x64d7b4ae8a59 - std[617be2ca0a6fd877]::sys::backtrace::__rust_end_short_backtrace::<std[617be2ca0a6fd877]::panicking::panic_handler::{closure#0}, !>
[INFO] [stdout]    9:     0x64d7b4af0a6d - __rustc[ea4f61d10b84890b]::rust_begin_unwind
[INFO] [stdout]   10:     0x64d7b4b2ccac - core[a373ad73a504971]::panicking::panic_fmt
[INFO] [stdout]   11:     0x64d7b4b2ca82 - core[a373ad73a504971]::result::unwrap_failed
[INFO] [stdout]   12:     0x64d7b49de965 - rust_hdl_core[bafcab1ad42c0cb0]::yosys::yosys_validate
[INFO] [stdout]   13:     0x64d7b493792f - <rust_hdl_hls[97a14744fabd006f]::sdram_controller_tester::test_sdram_controller_tester_synthesizes::{closure#0} as core[a373ad73a504971]::ops::function::FnOnce<()>>::call_once
[INFO] [stdout]   14:     0x64d7b4979b3b - test[aada8e7e76ba119b]::__rust_begin_short_backtrace::<core[a373ad73a504971]::result::Result<(), alloc[2e1b2a31b91974c5]::string::String>, fn() -> core[a373ad73a504971]::result::Result<(), alloc[2e1b2a31b91974c5]::string::String>>
[INFO] [stdout]   15:     0x64d7b4986d15 - test[aada8e7e76ba119b]::run_test::{closure#0}
[INFO] [stdout]   16:     0x64d7b4980604 - std[617be2ca0a6fd877]::sys::backtrace::__rust_begin_short_backtrace::<test[aada8e7e76ba119b]::run_test::{closure#1}, ()>
[INFO] [stdout]   17:     0x64d7b4989da2 - <std[617be2ca0a6fd877]::thread::lifecycle::spawn_unchecked<test[aada8e7e76ba119b]::run_test::{closure#1}, ()>::{closure#1} as core[a373ad73a504971]::ops::function::FnOnce<()>>::call_once::{shim:vtable#0}
[INFO] [stdout]   18:     0x64d7b4b1455f - <std[617be2ca0a6fd877]::sys::thread::unix::Thread>::new::thread_start
[INFO] [stdout]   19:     0x78e6a1ac8dfa - <unknown>
[INFO] [stdout]   20:     0x78e6a1b5c3d4 - clone
[INFO] [stdout]   21:                0x0 - <unknown>
[INFO] [stdout] 
[INFO] [stdout] 
[INFO] [stdout] failures:
[INFO] [stdout]     bidi::test_bidi_device_synthesizable
[INFO] [stdout]     bidi::test_bidi_master2_synthesizable
[INFO] [stdout]     bridge::test_bridge_is_synthesizable
[INFO] [stdout]     controller::test_base_controller_is_synthesizable
[INFO] [stdout]     cross_fifo::test_hsl_cross_fifo_synthesizes
[INFO] [stdout]     cross_fifo::test_hsl_cross_narrow_synthesizes
[INFO] [stdout]     fifo::test_hsl_fifo_synthesizes
[INFO] [stdout]     fifo::test_hsl_sync_fifo_synthesizes
[INFO] [stdout]     fifo_linker::test_link_synthesizes
[INFO] [stdout]     host::test_host_synthesizes
[INFO] [stdout]     miso_fifo_port::test_miso_fifo_port_is_synthesizable
[INFO] [stdout]     miso_port::test_local_in_port_is_synthesizable
[INFO] [stdout]     miso_wide_port::test_local_in_wide_port_is_synthesizable
[INFO] [stdout]     mosi_fifo_port::test_mosi_fifo_port_is_synthesizable
[INFO] [stdout]     mosi_port::test_local_out_port_is_synthesizable
[INFO] [stdout]     router::test_router_is_synthesizable
[INFO] [stdout]     router_rom::test_router_rom_is_synthesizable
[INFO] [stdout]     sdram_controller::test_sdram_controller_synthesizes
[INFO] [stdout]     sdram_controller_tester::test_sdram_controller_tester_synthesizes
[INFO] [stdout]     sdram_fifo::test_sdram_fifo_synthesizes
[INFO] [stdout]     spi::test_hls_spi_master_dynamic_mode_is_synthesizable
[INFO] [stdout]     spi::test_hls_spi_master_is_synthesizable
[INFO] [stdout]     spi::test_hls_spi_mux_is_synthesizable
[INFO] [stdout]     spi::test_hls_spi_mux_slaves_is_synthesizable
[INFO] [stdout] 
[INFO] [stdout] test result: FAILED. 0 passed; 24 failed; 0 ignored; 0 measured; 0 filtered out; finished in 0.25s
[INFO] [stdout] 
[INFO] [stderr] error: test failed, to rerun pass `--lib`
[INFO] running `Command { std: "docker" "inspect" "681cb377d49ed081c615a6709a080cf75c76bfac4e2d2cabe34d0e3e24b9049e", kill_on_drop: false }`
[INFO] running `Command { std: "docker" "rm" "-f" "681cb377d49ed081c615a6709a080cf75c76bfac4e2d2cabe34d0e3e24b9049e", kill_on_drop: false }`
[INFO] [stdout] 681cb377d49ed081c615a6709a080cf75c76bfac4e2d2cabe34d0e3e24b9049e
