[INFO] fetching crate rust-hdl-fpga-support 0.46.0...
[INFO] testing rust-hdl-fpga-support-0.46.0 against 1.100.0-beta.1+cargoflags=--release for beta-release-1.100-2
[INFO] extracting crate rust-hdl-fpga-support 0.46.0 into /workspace/builds/worker-4-tc2/source
[INFO] started tweaking crates.io crate rust-hdl-fpga-support 0.46.0
[INFO] finished tweaking crates.io crate rust-hdl-fpga-support 0.46.0
[INFO] tweaked toml for crates.io crate rust-hdl-fpga-support 0.46.0 written to /workspace/builds/worker-4-tc2/source/Cargo.toml
[INFO] validating manifest of crates.io crate rust-hdl-fpga-support 0.46.0 on toolchain 1.100.0-beta.1
[INFO] running `Command { std: CARGO_HOME="/workspace/cargo-home" RUSTUP_HOME="/workspace/rustup-home" "/workspace/cargo-home/bin/cargo" "+1.100.0-beta.1" "metadata" "--manifest-path" "Cargo.toml" "--no-deps", kill_on_drop: false }`
[INFO] running `Command { std: CARGO_HOME="/workspace/cargo-home" RUSTUP_HOME="/workspace/rustup-home" "/workspace/cargo-home/bin/cargo" "+1.100.0-beta.1" "generate-lockfile" "--manifest-path" "Cargo.toml", kill_on_drop: false }`
[INFO] [stderr]     Updating crates.io index
[INFO] [stderr]      Locking 47 packages to highest compatible versions
[INFO] running `Command { std: CARGO_HOME="/workspace/cargo-home" RUSTUP_HOME="/workspace/rustup-home" "/workspace/cargo-home/bin/cargo" "+1.100.0-beta.1" "fetch" "--manifest-path" "Cargo.toml", kill_on_drop: false }`
[INFO] running `Command { std: "docker" "create" "-v" "/var/lib/crater-agent-workspace/builds/worker-4-tc2/source:/opt/rustwide/workdir:ro,Z" "-v" "/var/lib/crater-agent-workspace/builds/worker-4-tc2/target:/opt/rustwide/target:rw,Z" "-v" "/var/lib/crater-agent-workspace/cargo-home:/opt/rustwide/cargo-home:ro,Z" "-v" "/var/lib/crater-agent-workspace/rustup-home:/opt/rustwide/rustup-home:ro,Z" "-m" "1610612736" "--network" "none" "ghcr.io/rust-lang/crates-build-env/linux@sha256:77db811e55d90add9212f6832c23229e3de5f1c1f9905e8cb07319ea15df73ac" "sleep" "infinity", kill_on_drop: false }`
[INFO] [stdout] 904685dc01c3547fef5223f9b02da1c88a7b25e5228788cc1897c5ba38a6d99b
[INFO] running `Command { std: "docker" "start" "904685dc01c3547fef5223f9b02da1c88a7b25e5228788cc1897c5ba38a6d99b", kill_on_drop: false }`
[INFO] running `Command { std: "docker" "inspect" "904685dc01c3547fef5223f9b02da1c88a7b25e5228788cc1897c5ba38a6d99b", kill_on_drop: false }`
[INFO] running `Command { std: "docker" "exec" "-e" "SOURCE_DIR=/opt/rustwide/workdir" "-e" "CARGO_HOME=/opt/rustwide/cargo-home" "-e" "RUSTUP_HOME=/opt/rustwide/rustup-home" "-e" "CARGO_TARGET_DIR=/opt/rustwide/target" "-w" "/opt/rustwide/workdir" "--user" "0:0" "904685dc01c3547fef5223f9b02da1c88a7b25e5228788cc1897c5ba38a6d99b" "/opt/rustwide/cargo-home/bin/cargo" "+1.100.0-beta.1" "metadata" "--no-deps" "--format-version=1", kill_on_drop: false }`
[INFO] running `Command { std: "docker" "inspect" "904685dc01c3547fef5223f9b02da1c88a7b25e5228788cc1897c5ba38a6d99b", kill_on_drop: false }`
[INFO] running `Command { std: "docker" "exec" "-e" "SOURCE_DIR=/opt/rustwide/workdir" "-e" "CARGO_HOME=/opt/rustwide/cargo-home" "-e" "RUSTUP_HOME=/opt/rustwide/rustup-home" "-e" "CARGO_TARGET_DIR=/opt/rustwide/target" "-e" "CARGO_INCREMENTAL=0" "-e" "RUST_BACKTRACE=full" "-e" "RUSTFLAGS=--cap-lints=warn" "-e" "RUSTDOCFLAGS=--cap-lints=warn" "-w" "/opt/rustwide/workdir" "--user" "0:0" "904685dc01c3547fef5223f9b02da1c88a7b25e5228788cc1897c5ba38a6d99b" "/opt/rustwide/cargo-home/bin/cargo" "+1.100.0-beta.1" "build" "--frozen" "--message-format=json" "--release", kill_on_drop: false }`
[INFO] [stderr]    Compiling libc v0.2.191
[INFO] [stderr]    Compiling regex-syntax v0.8.11
[INFO] [stderr]    Compiling substring v1.4.5
[INFO] [stderr]    Compiling aho-corasick v1.1.5
[INFO] [stderr]    Compiling crossbeam-queue v0.3.14
[INFO] [stderr]    Compiling base64 v0.13.1
[INFO] [stderr]    Compiling fixedbitset v0.4.2
[INFO] [stderr]    Compiling num-integer v0.1.47
[INFO] [stderr]    Compiling evalexpr v6.6.0
[INFO] [stderr]    Compiling array-init v2.1.0
[INFO] [stderr]    Compiling svg v0.10.0
[INFO] [stderr]    Compiling syn v1.0.109
[INFO] [stderr]    Compiling vcd v0.6.1
[INFO] [stderr]    Compiling petgraph v0.6.5
[INFO] [stderr]    Compiling crossbeam v0.8.5
[INFO] [stderr]    Compiling num-bigint v0.4.8
[INFO] [stderr]    Compiling getrandom v0.2.17
[INFO] [stderr]    Compiling rand_core v0.6.4
[INFO] [stderr]    Compiling rand_chacha v0.3.1
[INFO] [stderr]    Compiling rand v0.8.8
[INFO] [stderr]    Compiling regex-automata v0.4.18
[INFO] [stderr]    Compiling embed-doc-image v0.1.4
[INFO] [stderr]    Compiling regex v1.13.1
[INFO] [stderr]    Compiling rust-hdl-macros v0.46.0
[INFO] [stderr]    Compiling rust-hdl-core v0.46.0
[INFO] [stderr]    Compiling rust-hdl-widgets v0.46.0
[INFO] [stderr]    Compiling rust-hdl-fpga-support v0.46.0 (/opt/rustwide/workdir)
[INFO] [stderr]     Finished `release` profile [optimized] target(s) in 28.80s
[INFO] [stderr] warning: the following packages contain code that will be rejected by a future version of Rust: svg v0.10.0
[INFO] [stderr] note: to see what the problems were, use the option `--future-incompat-report`, or run `cargo report future-incompatibilities --id 8`
[INFO] running `Command { std: "docker" "inspect" "904685dc01c3547fef5223f9b02da1c88a7b25e5228788cc1897c5ba38a6d99b", kill_on_drop: false }`
[INFO] running `Command { std: "docker" "exec" "-e" "SOURCE_DIR=/opt/rustwide/workdir" "-e" "CARGO_HOME=/opt/rustwide/cargo-home" "-e" "RUSTUP_HOME=/opt/rustwide/rustup-home" "-e" "CARGO_TARGET_DIR=/opt/rustwide/target" "-e" "CARGO_INCREMENTAL=0" "-e" "RUST_BACKTRACE=full" "-e" "RUSTFLAGS=--cap-lints=warn" "-e" "RUSTDOCFLAGS=--cap-lints=warn" "-w" "/opt/rustwide/workdir" "--user" "0:0" "904685dc01c3547fef5223f9b02da1c88a7b25e5228788cc1897c5ba38a6d99b" "/opt/rustwide/cargo-home/bin/cargo" "+1.100.0-beta.1" "test" "--frozen" "--no-run" "--message-format=json" "--release", kill_on_drop: false }`
[INFO] [stderr]    Compiling rust-hdl-fpga-support v0.46.0 (/opt/rustwide/workdir)
[INFO] [stderr]     Finished `release` profile [optimized] target(s) in 1.55s
[INFO] [stderr] warning: the following packages contain code that will be rejected by a future version of Rust: svg v0.10.0
[INFO] [stderr] note: to see what the problems were, use the option `--future-incompat-report`, or run `cargo report future-incompatibilities --id 8`
[INFO] running `Command { std: "docker" "inspect" "904685dc01c3547fef5223f9b02da1c88a7b25e5228788cc1897c5ba38a6d99b", kill_on_drop: false }`
[INFO] running `Command { std: "docker" "exec" "-e" "SOURCE_DIR=/opt/rustwide/workdir" "-e" "CARGO_HOME=/opt/rustwide/cargo-home" "-e" "RUSTUP_HOME=/opt/rustwide/rustup-home" "-e" "CARGO_TARGET_DIR=/opt/rustwide/target" "-e" "CARGO_INCREMENTAL=0" "-e" "RUST_BACKTRACE=full" "-e" "RUSTFLAGS=--cap-lints=warn" "-e" "RUSTDOCFLAGS=--cap-lints=warn" "-w" "/opt/rustwide/workdir" "--user" "0:0" "904685dc01c3547fef5223f9b02da1c88a7b25e5228788cc1897c5ba38a6d99b" "/opt/rustwide/cargo-home/bin/cargo" "+1.100.0-beta.1" "test" "--frozen" "--release", kill_on_drop: false }`
[INFO] [stderr]     Finished `release` profile [optimized] target(s) in 0.07s
[INFO] [stderr] warning: the following packages contain code that will be rejected by a future version of Rust: svg v0.10.0
[INFO] [stderr] note: to see what the problems were, use the option `--future-incompat-report`, or run `cargo report future-incompatibilities --id 8`
[INFO] [stderr]      Running unittests src/lib.rs (/opt/rustwide/target/release/build/rust-hdl-fpga-support/65f9dd37475431a9/out/rust_hdl_fpga_support-65f9dd37475431a9)
[INFO] [stdout] 
[INFO] [stdout] running 7 tests
[INFO] [stdout] test lattice::ice40::ice_pll::test_pll_gen ... ok
[INFO] [stdout] test lattice::ecp5::edge_tristate_buffer::test_edge_buffer_synthesizes ... FAILED
[INFO] [stdout] test lattice::ecp5::io_delay::test_iodelay_synthesizes ... FAILED
[INFO] [stdout] test lattice::ecp5::edge_flip_flop::test_eflop_synthesizes ... FAILED
[INFO] [stdout] test lattice::ecp5::oddr::test_oddr_synthesizes ... FAILED
[INFO] [stdout] test lattice::ecp5::edge_tristate_buffer_delayed::test_edge_buffer_synthesizes ... FAILED
[INFO] [stdout] test lattice::ecp5::output_buffer::test_output_buffer_synthesizes ... FAILED
[INFO] [stdout] 
[INFO] [stdout] failures:
[INFO] [stdout] 
[INFO] [stdout] ---- lattice::ecp5::edge_tristate_buffer::test_edge_buffer_synthesizes stdout ----
[INFO] [stdout] 
[INFO] [stdout] thread 'lattice::ecp5::edge_tristate_buffer::test_edge_buffer_synthesizes' (624) panicked at /opt/rustwide/cargo-home/registry/src/index.crates.io-1949cf8c6b5b557f/rust-hdl-core-0.46.0/src/yosys.rs:35:10:
[INFO] [stdout] called `Result::unwrap()` on an `Err` value: Os { code: 2, kind: NotFound, message: "No such file or directory" }
[INFO] [stdout] stack backtrace:
[INFO] [stdout]    0:     0x56bd55554281 - <<std[617be2ca0a6fd877]::sys::backtrace::BacktraceLock>::print::DisplayBacktrace as core[a373ad73a504971]::fmt::Display>::fmt
[INFO] [stdout]    1:     0x56bd5556ba4a - core[a373ad73a504971]::fmt::write
[INFO] [stdout]    2:     0x56bd555586fc - <alloc[2e1b2a31b91974c5]::vec::Vec<u8> as core[a373ad73a504971]::io::write::Write>::write_fmt
[INFO] [stdout]    3:     0x56bd5552f336 - std[617be2ca0a6fd877]::panicking::default_hook::{closure#0}
[INFO] [stdout]    4:     0x56bd5554c239 - std[617be2ca0a6fd877]::panicking::default_hook
[INFO] [stdout]    5:     0x56bd553db7d0 - test[aada8e7e76ba119b]::test_main_inner::{closure#0}
[INFO] [stdout]    6:     0x56bd5554c3f2 - std[617be2ca0a6fd877]::panicking::panic_with_hook
[INFO] [stdout]    7:     0x56bd5552f3e2 - std[617be2ca0a6fd877]::panicking::panic_handler::{closure#0}
[INFO] [stdout]    8:     0x56bd55527fd9 - std[617be2ca0a6fd877]::sys::backtrace::__rust_end_short_backtrace::<std[617be2ca0a6fd877]::panicking::panic_handler::{closure#0}, !>
[INFO] [stdout]    9:     0x56bd5552ffed - __rustc[ea4f61d10b84890b]::rust_begin_unwind
[INFO] [stdout]   10:     0x56bd5556c22c - core[a373ad73a504971]::panicking::panic_fmt
[INFO] [stdout]   11:     0x56bd5556c002 - core[a373ad73a504971]::result::unwrap_failed
[INFO] [stdout]   12:     0x56bd5541df35 - rust_hdl_core[bafcab1ad42c0cb0]::yosys::yosys_validate
[INFO] [stdout]   13:     0x56bd553ce6a3 - <rust_hdl_fpga_support[31f85efe4ecebace]::lattice::ecp5::edge_tristate_buffer::test_edge_buffer_synthesizes::{closure#0} as core[a373ad73a504971]::ops::function::FnOnce<()>>::call_once
[INFO] [stdout]   14:     0x56bd553cec1b - test[aada8e7e76ba119b]::__rust_begin_short_backtrace::<core[a373ad73a504971]::result::Result<(), alloc[2e1b2a31b91974c5]::string::String>, fn() -> core[a373ad73a504971]::result::Result<(), alloc[2e1b2a31b91974c5]::string::String>>
[INFO] [stdout]   15:     0x56bd553dbdf5 - test[aada8e7e76ba119b]::run_test::{closure#0}
[INFO] [stdout]   16:     0x56bd553d56e4 - std[617be2ca0a6fd877]::sys::backtrace::__rust_begin_short_backtrace::<test[aada8e7e76ba119b]::run_test::{closure#1}, ()>
[INFO] [stdout]   17:     0x56bd553dee82 - <std[617be2ca0a6fd877]::thread::lifecycle::spawn_unchecked<test[aada8e7e76ba119b]::run_test::{closure#1}, ()>::{closure#1} as core[a373ad73a504971]::ops::function::FnOnce<()>>::call_once::{shim:vtable#0}
[INFO] [stdout]   18:     0x56bd55553adf - <std[617be2ca0a6fd877]::sys::thread::unix::Thread>::new::thread_start
[INFO] [stdout]   19:     0x7cfa4779ddfa - <unknown>
[INFO] [stdout]   20:     0x7cfa478313d4 - clone
[INFO] [stdout]   21:                0x0 - <unknown>
[INFO] [stdout] 
[INFO] [stdout] ---- lattice::ecp5::io_delay::test_iodelay_synthesizes stdout ----
[INFO] [stdout] 
[INFO] [stdout] thread 'lattice::ecp5::io_delay::test_iodelay_synthesizes' (626) panicked at /opt/rustwide/cargo-home/registry/src/index.crates.io-1949cf8c6b5b557f/rust-hdl-core-0.46.0/src/yosys.rs:35:10:
[INFO] [stdout] called `Result::unwrap()` on an `Err` value: Os { code: 2, kind: NotFound, message: "No such file or directory" }
[INFO] [stdout] stack backtrace:
[INFO] [stdout]    0:     0x56bd55554281 - <<std[617be2ca0a6fd877]::sys::backtrace::BacktraceLock>::print::DisplayBacktrace as core[a373ad73a504971]::fmt::Display>::fmt
[INFO] [stdout]    1:     0x56bd5556ba4a - core[a373ad73a504971]::fmt::write
[INFO] [stdout]    2:     0x56bd555586fc - <alloc[2e1b2a31b91974c5]::vec::Vec<u8> as core[a373ad73a504971]::io::write::Write>::write_fmt
[INFO] [stdout]    3:     0x56bd5552f336 - std[617be2ca0a6fd877]::panicking::default_hook::{closure#0}
[INFO] [stdout]    4:     0x56bd5554c239 - std[617be2ca0a6fd877]::panicking::default_hook
[INFO] [stdout]    5:     0x56bd553db7d0 - test[aada8e7e76ba119b]::test_main_inner::{closure#0}
[INFO] [stdout]    6:     0x56bd5554c3f2 - std[617be2ca0a6fd877]::panicking::panic_with_hook
[INFO] [stdout]    7:     0x56bd5552f3e2 - std[617be2ca0a6fd877]::panicking::panic_handler::{closure#0}
[INFO] [stdout]    8:     0x56bd55527fd9 - std[617be2ca0a6fd877]::sys::backtrace::__rust_end_short_backtrace::<std[617be2ca0a6fd877]::panicking::panic_handler::{closure#0}, !>
[INFO] [stdout]    9:     0x56bd5552ffed - __rustc[ea4f61d10b84890b]::rust_begin_unwind
[INFO] [stdout]   10:     0x56bd5556c22c - core[a373ad73a504971]::panicking::panic_fmt
[INFO] [stdout]   11:     0x56bd5556c002 - core[a373ad73a504971]::result::unwrap_failed
[INFO] [stdout]   12:     0x56bd5541df35 - rust_hdl_core[bafcab1ad42c0cb0]::yosys::yosys_validate
[INFO] [stdout]   13:     0x56bd553ceafb - <rust_hdl_fpga_support[31f85efe4ecebace]::lattice::ecp5::io_delay::test_iodelay_synthesizes::{closure#0} as core[a373ad73a504971]::ops::function::FnOnce<()>>::call_once
[INFO] [stdout]   14:     0x56bd553cec1b - test[aada8e7e76ba119b]::__rust_begin_short_backtrace::<core[a373ad73a504971]::result::Result<(), alloc[2e1b2a31b91974c5]::string::String>, fn() -> core[a373ad73a504971]::result::Result<(), alloc[2e1b2a31b91974c5]::string::String>>
[INFO] [stdout]   15:     0x56bd553dbdf5 - test[aada8e7e76ba119b]::run_test::{closure#0}
[INFO] [stdout]   16:     0x56bd553d56e4 - std[617be2ca0a6fd877]::sys::backtrace::__rust_begin_short_backtrace::<test[aada8e7e76ba119b]::run_test::{closure#1}, ()>
[INFO] [stdout]   17:     0x56bd553dee82 - <std[617be2ca0a6fd877]::thread::lifecycle::spawn_unchecked<test[aada8e7e76ba119b]::run_test::{closure#1}, ()>::{closure#1} as core[a373ad73a504971]::ops::function::FnOnce<()>>::call_once::{shim:vtable#0}
[INFO] [stdout]   18:     0x56bd55553adf - <std[617be2ca0a6fd877]::sys::thread::unix::Thread>::new::thread_start
[INFO] [stdout]   19:     0x7cfa4779ddfa - <unknown>
[INFO] [stdout]   20:     0x7cfa478313d4 - clone
[INFO] [stdout]   21:                0x0 - <unknown>
[INFO] [stdout] 
[INFO] [stdout] ---- lattice::ecp5::edge_flip_flop::test_eflop_synthesizes stdout ----
[INFO] [stdout] 
[INFO] [stdout] thread 'lattice::ecp5::edge_flip_flop::test_eflop_synthesizes' (623) panicked at /opt/rustwide/cargo-home/registry/src/index.crates.io-1949cf8c6b5b557f/rust-hdl-core-0.46.0/src/yosys.rs:35:10:
[INFO] [stdout] called `Result::unwrap()` on an `Err` value: Os { code: 2, kind: NotFound, message: "No such file or directory" }
[INFO] [stdout] stack backtrace:
[INFO] [stdout]    0:     0x56bd55554281 - <<std[617be2ca0a6fd877]::sys::backtrace::BacktraceLock>::print::DisplayBacktrace as core[a373ad73a504971]::fmt::Display>::fmt
[INFO] [stdout]    1:     0x56bd5556ba4a - core[a373ad73a504971]::fmt::write
[INFO] [stdout]    2:     0x56bd555586fc - <alloc[2e1b2a31b91974c5]::vec::Vec<u8> as core[a373ad73a504971]::io::write::Write>::write_fmt
[INFO] [stdout]    3:     0x56bd5552f336 - std[617be2ca0a6fd877]::panicking::default_hook::{closure#0}
[INFO] [stdout]    4:     0x56bd5554c239 - std[617be2ca0a6fd877]::panicking::default_hook
[INFO] [stdout]    5:     0x56bd553db7d0 - test[aada8e7e76ba119b]::test_main_inner::{closure#0}
[INFO] [stdout]    6:     0x56bd5554c3f2 - std[617be2ca0a6fd877]::panicking::panic_with_hook
[INFO] [stdout]    7:     0x56bd5552f3e2 - std[617be2ca0a6fd877]::panicking::panic_handler::{closure#0}
[INFO] [stdout]    8:     0x56bd55527fd9 - std[617be2ca0a6fd877]::sys::backtrace::__rust_end_short_backtrace::<std[617be2ca0a6fd877]::panicking::panic_handler::{closure#0}, !>
[INFO] [stdout]    9:     0x56bd5552ffed - __rustc[ea4f61d10b84890b]::rust_begin_unwind
[INFO] [stdout]   10:     0x56bd5556c22c - core[a373ad73a504971]::panicking::panic_fmt
[INFO] [stdout]   11:     0x56bd5556c002 - core[a373ad73a504971]::result::unwrap_failed
[INFO] [stdout]   12:     0x56bd5541df35 - rust_hdl_core[bafcab1ad42c0cb0]::yosys::yosys_validate
[INFO] [stdout]   13:     0x56bd553c6f46 - <rust_hdl_fpga_support[31f85efe4ecebace]::lattice::ecp5::edge_flip_flop::test_eflop_synthesizes::{closure#0} as core[a373ad73a504971]::ops::function::FnOnce<()>>::call_once
[INFO] [stdout]   14:     0x56bd553cec1b - test[aada8e7e76ba119b]::__rust_begin_short_backtrace::<core[a373ad73a504971]::result::Result<(), alloc[2e1b2a31b91974c5]::string::String>, fn() -> core[a373ad73a504971]::result::Result<(), alloc[2e1b2a31b91974c5]::string::String>>
[INFO] [stdout]   15:     0x56bd553dbdf5 - test[aada8e7e76ba119b]::run_test::{closure#0}
[INFO] [stdout]   16:     0x56bd553d56e4 - std[617be2ca0a6fd877]::sys::backtrace::__rust_begin_short_backtrace::<test[aada8e7e76ba119b]::run_test::{closure#1}, ()>
[INFO] [stdout]   17:     0x56bd553dee82 - <std[617be2ca0a6fd877]::thread::lifecycle::spawn_unchecked<test[aada8e7e76ba119b]::run_test::{closure#1}, ()>::{closure#1} as core[a373ad73a504971]::ops::function::FnOnce<()>>::call_once::{shim:vtable#0}
[INFO] [stdout]   18:     0x56bd55553adf - <std[617be2ca0a6fd877]::sys::thread::unix::Thread>::new::thread_start
[INFO] [stdout]   19:     0x7cfa4779ddfa - <unknown>
[INFO] [stdout]   20:     0x7cfa478313d4 - clone
[INFO] [stdout]   21:                0x0 - <unknown>
[INFO] [stdout] 
[INFO] [stdout] ---- lattice::ecp5::oddr::test_oddr_synthesizes stdout ----
[INFO] [stdout] 
[INFO] [stdout] thread 'lattice::ecp5::oddr::test_oddr_synthesizes' (627) panicked at /opt/rustwide/cargo-home/registry/src/index.crates.io-1949cf8c6b5b557f/rust-hdl-core-0.46.0/src/yosys.rs:35:10:
[INFO] [stdout] called `Result::unwrap()` on an `Err` value: Os { code: 2, kind: NotFound, message: "No such file or directory" }
[INFO] [stdout] stack backtrace:
[INFO] [stdout]    0:     0x56bd55554281 - <<std[617be2ca0a6fd877]::sys::backtrace::BacktraceLock>::print::DisplayBacktrace as core[a373ad73a504971]::fmt::Display>::fmt
[INFO] [stdout]    1:     0x56bd5556ba4a - core[a373ad73a504971]::fmt::write
[INFO] [stdout]    2:     0x56bd555586fc - <alloc[2e1b2a31b91974c5]::vec::Vec<u8> as core[a373ad73a504971]::io::write::Write>::write_fmt
[INFO] [stdout]    3:     0x56bd5552f336 - std[617be2ca0a6fd877]::panicking::default_hook::{closure#0}
[INFO] [stdout]    4:     0x56bd5554c239 - std[617be2ca0a6fd877]::panicking::default_hook
[INFO] [stdout]    5:     0x56bd553db7d0 - test[aada8e7e76ba119b]::test_main_inner::{closure#0}
[INFO] [stdout]    6:     0x56bd5554c3f2 - std[617be2ca0a6fd877]::panicking::panic_with_hook
[INFO] [stdout]    7:     0x56bd5552f3e2 - std[617be2ca0a6fd877]::panicking::panic_handler::{closure#0}
[INFO] [stdout]    8:     0x56bd55527fd9 - std[617be2ca0a6fd877]::sys::backtrace::__rust_end_short_backtrace::<std[617be2ca0a6fd877]::panicking::panic_handler::{closure#0}, !>
[INFO] [stdout]    9:     0x56bd5552ffed - __rustc[ea4f61d10b84890b]::rust_begin_unwind
[INFO] [stdout]   10:     0x56bd5556c22c - core[a373ad73a504971]::panicking::panic_fmt
[INFO] [stdout]   11:     0x56bd5556c002 - core[a373ad73a504971]::result::unwrap_failed
[INFO] [stdout]   12:     0x56bd5541df35 - rust_hdl_core[bafcab1ad42c0cb0]::yosys::yosys_validate
[INFO] [stdout]   13:     0x56bd553ce913 - <rust_hdl_fpga_support[31f85efe4ecebace]::lattice::ecp5::oddr::test_oddr_synthesizes::{closure#0} as core[a373ad73a504971]::ops::function::FnOnce<()>>::call_once
[INFO] [stdout]   14:     0x56bd553cec1b - test[aada8e7e76ba119b]::__rust_begin_short_backtrace::<core[a373ad73a504971]::result::Result<(), alloc[2e1b2a31b91974c5]::string::String>, fn() -> core[a373ad73a504971]::result::Result<(), alloc[2e1b2a31b91974c5]::string::String>>
[INFO] [stdout]   15:     0x56bd553dbdf5 - test[aada8e7e76ba119b]::run_test::{closure#0}
[INFO] [stdout]   16:     0x56bd553d56e4 - std[617be2ca0a6fd877]::sys::backtrace::__rust_begin_short_backtrace::<test[aada8e7e76ba119b]::run_test::{closure#1}, ()>
[INFO] [stdout]   17:     0x56bd553dee82 - <std[617be2ca0a6fd877]::thread::lifecycle::spawn_unchecked<test[aada8e7e76ba119b]::run_test::{closure#1}, ()>::{closure#1} as core[a373ad73a504971]::ops::function::FnOnce<()>>::call_once::{shim:vtable#0}
[INFO] [stdout]   18:     0x56bd55553adf - <std[617be2ca0a6fd877]::sys::thread::unix::Thread>::new::thread_start
[INFO] [stdout]   19:     0x7cfa4779ddfa - <unknown>
[INFO] [stdout]   20:     0x7cfa478313d4 - clone
[INFO] [stdout]   21:                0x0 - <unknown>
[INFO] [stdout] 
[INFO] [stdout] ---- lattice::ecp5::edge_tristate_buffer_delayed::test_edge_buffer_synthesizes stdout ----
[INFO] [stdout] 
[INFO] [stdout] thread 'lattice::ecp5::edge_tristate_buffer_delayed::test_edge_buffer_synthesizes' (625) panicked at /opt/rustwide/cargo-home/registry/src/index.crates.io-1949cf8c6b5b557f/rust-hdl-core-0.46.0/src/yosys.rs:35:10:
[INFO] [stdout] called `Result::unwrap()` on an `Err` value: Os { code: 2, kind: NotFound, message: "No such file or directory" }
[INFO] [stdout] stack backtrace:
[INFO] [stdout]    0:     0x56bd55554281 - <<std[617be2ca0a6fd877]::sys::backtrace::BacktraceLock>::print::DisplayBacktrace as core[a373ad73a504971]::fmt::Display>::fmt
[INFO] [stdout]    1:     0x56bd5556ba4a - core[a373ad73a504971]::fmt::write
[INFO] [stdout]    2:     0x56bd555586fc - <alloc[2e1b2a31b91974c5]::vec::Vec<u8> as core[a373ad73a504971]::io::write::Write>::write_fmt
[INFO] [stdout]    3:     0x56bd5552f336 - std[617be2ca0a6fd877]::panicking::default_hook::{closure#0}
[INFO] [stdout]    4:     0x56bd5554c239 - std[617be2ca0a6fd877]::panicking::default_hook
[INFO] [stdout]    5:     0x56bd553db7d0 - test[aada8e7e76ba119b]::test_main_inner::{closure#0}
[INFO] [stdout]    6:     0x56bd5554c3f2 - std[617be2ca0a6fd877]::panicking::panic_with_hook
[INFO] [stdout]    7:     0x56bd5552f3e2 - std[617be2ca0a6fd877]::panicking::panic_handler::{closure#0}
[INFO] [stdout]    8:     0x56bd55527fd9 - std[617be2ca0a6fd877]::sys::backtrace::__rust_end_short_backtrace::<std[617be2ca0a6fd877]::panicking::panic_handler::{closure#0}, !>
[INFO] [stdout]    9:     0x56bd5552ffed - __rustc[ea4f61d10b84890b]::rust_begin_unwind
[INFO] [stdout]   10:     0x56bd5556c22c - core[a373ad73a504971]::panicking::panic_fmt
[INFO] [stdout]   11:     0x56bd5556c002 - core[a373ad73a504971]::result::unwrap_failed
[INFO] [stdout]   12:     0x56bd5541df35 - rust_hdl_core[bafcab1ad42c0cb0]::yosys::yosys_validate
[INFO] [stdout]   13:     0x56bd553c4eee - <rust_hdl_fpga_support[31f85efe4ecebace]::lattice::ecp5::edge_tristate_buffer_delayed::test_edge_buffer_synthesizes::{closure#0} as core[a373ad73a504971]::ops::function::FnOnce<()>>::call_once
[INFO] [stdout]   14:     0x56bd553cec1b - test[aada8e7e76ba119b]::__rust_begin_short_backtrace::<core[a373ad73a504971]::result::Result<(), alloc[2e1b2a31b91974c5]::string::String>, fn() -> core[a373ad73a504971]::result::Result<(), alloc[2e1b2a31b91974c5]::string::String>>
[INFO] [stdout]   15:     0x56bd553dbdf5 - test[aada8e7e76ba119b]::run_test::{closure#0}
[INFO] [stdout]   16:     0x56bd553d56e4 - std[617be2ca0a6fd877]::sys::backtrace::__rust_begin_short_backtrace::<test[aada8e7e76ba119b]::run_test::{closure#1}, ()>
[INFO] [stdout]   17:     0x56bd553dee82 - <std[617be2ca0a6fd877]::thread::lifecycle::spawn_unchecked<test[aada8e7e76ba119b]::run_test::{closure#1}, ()>::{closure#1} as core[a373ad73a504971]::ops::function::FnOnce<()>>::call_once::{shim:vtable#0}
[INFO] [stdout]   18:     0x56bd55553adf - <std[617be2ca0a6fd877]::sys::thread::unix::Thread>::new::thread_start
[INFO] [stdout]   19:     0x7cfa4779ddfa - <unknown>
[INFO] [stdout]   20:     0x7cfa478313d4 - clone
[INFO] [stdout]   21:                0x0 - <unknown>
[INFO] [stdout] 
[INFO] [stdout] ---- lattice::ecp5::output_buffer::test_output_buffer_synthesizes stdout ----
[INFO] [stdout] 
[INFO] [stdout] thread 'lattice::ecp5::output_buffer::test_output_buffer_synthesizes' (628) panicked at /opt/rustwide/cargo-home/registry/src/index.crates.io-1949cf8c6b5b557f/rust-hdl-core-0.46.0/src/yosys.rs:35:10:
[INFO] [stdout] called `Result::unwrap()` on an `Err` value: Os { code: 2, kind: NotFound, message: "No such file or directory" }
[INFO] [stdout] stack backtrace:
[INFO] [stdout]    0:     0x56bd55554281 - <<std[617be2ca0a6fd877]::sys::backtrace::BacktraceLock>::print::DisplayBacktrace as core[a373ad73a504971]::fmt::Display>::fmt
[INFO] [stdout]    1:     0x56bd5556ba4a - core[a373ad73a504971]::fmt::write
[INFO] [stdout]    2:     0x56bd555586fc - <alloc[2e1b2a31b91974c5]::vec::Vec<u8> as core[a373ad73a504971]::io::write::Write>::write_fmt
[INFO] [stdout]    3:     0x56bd5552f336 - std[617be2ca0a6fd877]::panicking::default_hook::{closure#0}
[INFO] [stdout]    4:     0x56bd5554c239 - std[617be2ca0a6fd877]::panicking::default_hook
[INFO] [stdout]    5:     0x56bd553db7d0 - test[aada8e7e76ba119b]::test_main_inner::{closure#0}
[INFO] [stdout]    6:     0x56bd5554c3f2 - std[617be2ca0a6fd877]::panicking::panic_with_hook
[INFO] [stdout]    7:     0x56bd5552f3e2 - std[617be2ca0a6fd877]::panicking::panic_handler::{closure#0}
[INFO] [stdout]    8:     0x56bd55527fd9 - std[617be2ca0a6fd877]::sys::backtrace::__rust_end_short_backtrace::<std[617be2ca0a6fd877]::panicking::panic_handler::{closure#0}, !>
[INFO] [stdout]    9:     0x56bd5552ffed - __rustc[ea4f61d10b84890b]::rust_begin_unwind
[INFO] [stdout]   10:     0x56bd5556c22c - core[a373ad73a504971]::panicking::panic_fmt
[INFO] [stdout]   11:     0x56bd5556c002 - core[a373ad73a504971]::result::unwrap_failed
[INFO] [stdout]   12:     0x56bd5541df35 - rust_hdl_core[bafcab1ad42c0cb0]::yosys::yosys_validate
[INFO] [stdout]   13:     0x56bd553c47b7 - <rust_hdl_fpga_support[31f85efe4ecebace]::lattice::ecp5::output_buffer::test_output_buffer_synthesizes::{closure#0} as core[a373ad73a504971]::ops::function::FnOnce<()>>::call_once
[INFO] [stdout]   14:     0x56bd553cec1b - test[aada8e7e76ba119b]::__rust_begin_short_backtrace::<core[a373ad73a504971]::result::Result<(), alloc[2e1b2a31b91974c5]::string::String>, fn() -> core[a373ad73a504971]::result::Result<(), alloc[2e1b2a31b91974c5]::string::String>>
[INFO] [stdout]   15:     0x56bd553dbdf5 - test[aada8e7e76ba119b]::run_test::{closure#0}
[INFO] [stdout]   16:     0x56bd553d56e4 - std[617be2ca0a6fd877]::sys::backtrace::__rust_begin_short_backtrace::<test[aada8e7e76ba119b]::run_test::{closure#1}, ()>
[INFO] [stdout]   17:     0x56bd553dee82 - <std[617be2ca0a6fd877]::thread::lifecycle::spawn_unchecked<test[aada8e7e76ba119b]::run_test::{closure#1}, ()>::{closure#1} as core[a373ad73a504971]::ops::function::FnOnce<()>>::call_once::{shim:vtable#0}
[INFO] [stdout]   18:     0x56bd55553adf - <std[617be2ca0a6fd877]::sys::thread::unix::Thread>::new::thread_start
[INFO] [stdout]   19:     0x7cfa4779ddfa - <unknown>
[INFO] [stdout]   20:     0x7cfa478313d4 - clone
[INFO] [stdout]   21:                0x0 - <unknown>
[INFO] [stdout] 
[INFO] [stdout] 
[INFO] [stdout] failures:
[INFO] [stdout]     lattice::ecp5::edge_flip_flop::test_eflop_synthesizes
[INFO] [stdout]     lattice::ecp5::edge_tristate_buffer::test_edge_buffer_synthesizes
[INFO] [stdout]     lattice::ecp5::edge_tristate_buffer_delayed::test_edge_buffer_synthesizes
[INFO] [stdout]     lattice::ecp5::io_delay::test_iodelay_synthesizes
[INFO] [stdout]     lattice::ecp5::oddr::test_oddr_synthesizes
[INFO] [stdout]     lattice::ecp5::output_buffer::test_output_buffer_synthesizes
[INFO] [stdout] 
[INFO] [stdout] test result: FAILED. 1 passed; 6 failed; 0 ignored; 0 measured; 0 filtered out; finished in 0.01s
[INFO] [stdout] 
[INFO] [stderr] error: test failed, to rerun pass `--lib`
[INFO] running `Command { std: "docker" "inspect" "904685dc01c3547fef5223f9b02da1c88a7b25e5228788cc1897c5ba38a6d99b", kill_on_drop: false }`
[INFO] running `Command { std: "docker" "rm" "-f" "904685dc01c3547fef5223f9b02da1c88a7b25e5228788cc1897c5ba38a6d99b", kill_on_drop: false }`
[INFO] [stdout] 904685dc01c3547fef5223f9b02da1c88a7b25e5228788cc1897c5ba38a6d99b
