[INFO] fetching crate rust-freely 0.1.1...
[INFO] testing rust-freely-0.1.1 against 1.100.0-beta.1+cargoflags=--release for beta-release-1.100-2
[INFO] extracting crate rust-freely 0.1.1 into /workspace/builds/worker-7-tc2/source
[INFO] started tweaking crates.io crate rust-freely 0.1.1
[INFO] finished tweaking crates.io crate rust-freely 0.1.1
[INFO] tweaked toml for crates.io crate rust-freely 0.1.1 written to /workspace/builds/worker-7-tc2/source/Cargo.toml
[INFO] validating manifest of crates.io crate rust-freely 0.1.1 on toolchain 1.100.0-beta.1
[INFO] running `Command { std: CARGO_HOME="/workspace/cargo-home" RUSTUP_HOME="/workspace/rustup-home" "/workspace/cargo-home/bin/cargo" "+1.100.0-beta.1" "metadata" "--manifest-path" "Cargo.toml" "--no-deps", kill_on_drop: false }`
[INFO] running `Command { std: CARGO_HOME="/workspace/cargo-home" RUSTUP_HOME="/workspace/rustup-home" "/workspace/cargo-home/bin/cargo" "+1.100.0-beta.1" "generate-lockfile" "--manifest-path" "Cargo.toml", kill_on_drop: false }`
[INFO] [stderr]     Updating crates.io index
[INFO] [stderr]      Locking 174 packages to highest compatible versions
[INFO] [stderr]       Adding reqwest v0.12.28 (available: v0.13.5)
[INFO] running `Command { std: CARGO_HOME="/workspace/cargo-home" RUSTUP_HOME="/workspace/rustup-home" "/workspace/cargo-home/bin/cargo" "+1.100.0-beta.1" "fetch" "--manifest-path" "Cargo.toml", kill_on_drop: false }`
[INFO] [stderr] warning: `package.homepage` is redundant with `package.repository`
[INFO] [stderr]   --> Cargo.toml:44:12
[INFO] [stderr]    |
[INFO] [stderr] 44 | homepage = "https://github.com/dax-dot-gay/rust-freely"
[INFO] [stderr]    |            ^^^^^^^^^^^^^^^^^^^^^^^^^^^^^^^^^^^^^^^^^^^^
[INFO] [stderr] ...
[INFO] [stderr] 49 | repository = "https://github.com/dax-dot-gay/rust-freely"
[INFO] [stderr]    |              --------------------------------------------
[INFO] [stderr]    |
[INFO] [stderr]    = note: `cargo::redundant_homepage` is set to `warn` by default
[INFO] [stderr] help: consider removing `package.homepage`
[INFO] [stderr] warning: `rust-freely` (manifest) generated 1 warning
[INFO] running `Command { std: "docker" "create" "-v" "/var/lib/crater-agent-workspace/builds/worker-7-tc2/source:/opt/rustwide/workdir:ro,Z" "-v" "/var/lib/crater-agent-workspace/builds/worker-7-tc2/target:/opt/rustwide/target:rw,Z" "-v" "/var/lib/crater-agent-workspace/cargo-home:/opt/rustwide/cargo-home:ro,Z" "-v" "/var/lib/crater-agent-workspace/rustup-home:/opt/rustwide/rustup-home:ro,Z" "-m" "1610612736" "--network" "none" "ghcr.io/rust-lang/crates-build-env/linux@sha256:77db811e55d90add9212f6832c23229e3de5f1c1f9905e8cb07319ea15df73ac" "sleep" "infinity", kill_on_drop: false }`
[INFO] [stdout] 90e31eebe28888facd043d48517e8a8cfa475017182218b75b438945dd7f942a
[INFO] running `Command { std: "docker" "start" "90e31eebe28888facd043d48517e8a8cfa475017182218b75b438945dd7f942a", kill_on_drop: false }`
[INFO] running `Command { std: "docker" "inspect" "90e31eebe28888facd043d48517e8a8cfa475017182218b75b438945dd7f942a", kill_on_drop: false }`
[INFO] running `Command { std: "docker" "exec" "-e" "SOURCE_DIR=/opt/rustwide/workdir" "-e" "CARGO_HOME=/opt/rustwide/cargo-home" "-e" "RUSTUP_HOME=/opt/rustwide/rustup-home" "-e" "CARGO_TARGET_DIR=/opt/rustwide/target" "-w" "/opt/rustwide/workdir" "--user" "0:0" "90e31eebe28888facd043d48517e8a8cfa475017182218b75b438945dd7f942a" "/opt/rustwide/cargo-home/bin/cargo" "+1.100.0-beta.1" "metadata" "--no-deps" "--format-version=1", kill_on_drop: false }`
[INFO] running `Command { std: "docker" "inspect" "90e31eebe28888facd043d48517e8a8cfa475017182218b75b438945dd7f942a", kill_on_drop: false }`
[INFO] running `Command { std: "docker" "exec" "-e" "SOURCE_DIR=/opt/rustwide/workdir" "-e" "CARGO_HOME=/opt/rustwide/cargo-home" "-e" "RUSTUP_HOME=/opt/rustwide/rustup-home" "-e" "CARGO_TARGET_DIR=/opt/rustwide/target" "-e" "CARGO_INCREMENTAL=0" "-e" "RUST_BACKTRACE=full" "-e" "RUSTFLAGS=--cap-lints=warn" "-e" "RUSTDOCFLAGS=--cap-lints=warn" "-w" "/opt/rustwide/workdir" "--user" "0:0" "90e31eebe28888facd043d48517e8a8cfa475017182218b75b438945dd7f942a" "/opt/rustwide/cargo-home/bin/cargo" "+1.100.0-beta.1" "build" "--frozen" "--message-format=json" "--release", kill_on_drop: false }`
[INFO] [stderr] warning: `package.homepage` is redundant with `package.repository`
[INFO] [stderr]   --> Cargo.toml:44:12
[INFO] [stderr]    |
[INFO] [stderr] 44 | homepage = "https://github.com/dax-dot-gay/rust-freely"
[INFO] [stderr]    |            ^^^^^^^^^^^^^^^^^^^^^^^^^^^^^^^^^^^^^^^^^^^^
[INFO] [stderr] ...
[INFO] [stderr] 49 | repository = "https://github.com/dax-dot-gay/rust-freely"
[INFO] [stderr]    |              --------------------------------------------
[INFO] [stderr]    |
[INFO] [stderr]    = note: `cargo::redundant_homepage` is set to `warn` by default
[INFO] [stderr] help: consider removing `package.homepage`
[INFO] [stderr] warning: `rust-freely` (manifest) generated 1 warning
[INFO] [stderr]    Compiling unicode-ident v1.0.27
[INFO] [stderr]    Compiling libc v0.2.191
[INFO] [stderr]    Compiling find-msvc-tools v0.1.14
[INFO] [stderr]    Compiling pkg-config v0.3.34
[INFO] [stderr]    Compiling smallvec v1.16.3
[INFO] [stderr]    Compiling http v1.5.0
[INFO] [stderr]    Compiling slab v0.4.12
[INFO] [stderr]    Compiling rustversion v1.0.23
[INFO] [stderr]    Compiling openssl v0.10.81
[INFO] [stderr]    Compiling equivalent v1.0.3
[INFO] [stderr]    Compiling bitflags v2.13.2
[INFO] [stderr]    Compiling futures-task v0.3.34
[INFO] [stderr]    Compiling tracing v0.1.44
[INFO] [stderr]    Compiling serde v1.0.229
[INFO] [stderr]    Compiling native-tls v0.2.18
[INFO] [stderr]    Compiling want v0.3.2
[INFO] [stderr]    Compiling proc-macro2 v1.0.107
[INFO] [stderr]    Compiling indexmap v2.14.2
[INFO] [stderr]    Compiling futures-channel v0.3.34
[INFO] [stderr]    Compiling openssl-probe v0.2.1
[INFO] [stderr]    Compiling cc v1.8.0
[INFO] [stderr]    Compiling num-traits v0.2.19
[INFO] [stderr]    Compiling sync_wrapper v1.0.2
[INFO] [stderr]    Compiling futures-util v0.3.34
[INFO] [stderr]    Compiling base64 v0.23.1
[INFO] [stderr]    Compiling serde_json v1.0.154
[INFO] [stderr]    Compiling ipnet v2.12.2
[INFO] [stderr]    Compiling multiversion_no_op v1.0.0
[INFO] [stderr]    Compiling simdutf8 v0.1.5
[INFO] [stderr]    Compiling core_detect v1.0.0
[INFO] [stderr]    Compiling zeroize v1.9.1
[INFO] [stderr]    Compiling encoding_rs v0.8.42
[INFO] [stderr]    Compiling rustls-pki-types v1.15.1
[INFO] [stderr]    Compiling quote v1.0.47
[INFO] [stderr]    Compiling http-body v1.1.0
[INFO] [stderr]    Compiling http-body-util v0.1.5
[INFO] [stderr]    Compiling syn v3.0.9
[INFO] [stderr]    Compiling syn v2.0.119
[INFO] [stderr]    Compiling serde_urlencoded v0.7.1
[INFO] [stderr]    Compiling chrono v0.4.45
[INFO] [stderr]    Compiling mio v1.2.4
[INFO] [stderr]    Compiling socket2 v0.6.5
[INFO] [stderr]    Compiling openssl-sys v0.9.117
[INFO] [stderr]    Compiling tokio v1.53.3
[INFO] [stderr]    Compiling synstructure v0.14.0
[INFO] [stderr]    Compiling zerovec-derive v0.11.6
[INFO] [stderr]    Compiling displaydoc v0.2.7
[INFO] [stderr]    Compiling serde_repr v0.1.21
[INFO] [stderr]    Compiling serde_derive v1.0.229
[INFO] [stderr]    Compiling zerofrom-derive v0.1.8
[INFO] [stderr]    Compiling yoke-derive v0.8.4
[INFO] [stderr]    Compiling darling_core v0.20.11
[INFO] [stderr]    Compiling zerofrom v0.1.8
[INFO] [stderr]    Compiling yoke v0.8.3
[INFO] [stderr]    Compiling zerovec v0.11.8
[INFO] [stderr]    Compiling zerotrie v0.2.5
[INFO] [stderr]    Compiling tokio-util v0.7.20
[INFO] [stderr]    Compiling tower v0.5.3
[INFO] [stderr]    Compiling tokio-stream v0.1.19
[INFO] [stderr]    Compiling openssl-macros v0.1.1
[INFO] [stderr]    Compiling tokio-test v0.4.6
[INFO] [stderr]    Compiling tinystr v0.8.4
[INFO] [stderr]    Compiling potential_utf v0.1.6
[INFO] [stderr]    Compiling icu_collections v2.3.0
[INFO] [stderr]    Compiling icu_locale_core v2.3.0
[INFO] [stderr]    Compiling h2 v0.4.20
[INFO] [stderr]    Compiling darling_macro v0.20.11
[INFO] [stderr]    Compiling darling v0.20.11
[INFO] [stderr]    Compiling derive_builder_core v0.20.2
[INFO] [stderr]    Compiling derive_builder_macro v0.20.2
[INFO] [stderr]    Compiling derive_builder v0.20.2
[INFO] [stderr]    Compiling icu_provider v2.3.1
[INFO] [stderr]    Compiling icu_normalizer v2.3.0
[INFO] [stderr]    Compiling icu_properties v2.3.0
[INFO] [stderr]    Compiling tokio-native-tls v0.3.1
[INFO] [stderr]    Compiling idna_adapter v1.2.2
[INFO] [stderr]    Compiling idna v1.1.0
[INFO] [stderr]    Compiling url v2.5.8
[INFO] [stderr]    Compiling hyper v1.12.0
[INFO] [stderr]    Compiling tower-http v0.6.11
[INFO] [stderr]    Compiling hyper-util v0.1.21
[INFO] [stderr]    Compiling hyper-tls v0.6.0
[INFO] [stderr]    Compiling reqwest v0.12.28
[INFO] [stderr]    Compiling rust-freely v0.1.1 (/opt/rustwide/workdir)
[INFO] [stderr] warning: unused dependency `tokio-test`
[INFO] [stderr]   --> Cargo.toml:28:15
[INFO] [stderr]    |
[INFO] [stderr] 28 | [dependencies.tokio-test]
[INFO] [stderr]    |               ^^^^^^^^^^^
[INFO] [stderr]    |
[INFO] [stderr]    = note: `cargo::unused_dependencies` is set to `warn` by default
[INFO] [stderr] help: consider removing the dependency on `tokio-test`
[INFO] [stderr] warning: `rust-freely` (manifest) generated 1 warning
[INFO] [stderr]     Finished `release` profile [optimized] target(s) in 51.16s
[INFO] running `Command { std: "docker" "inspect" "90e31eebe28888facd043d48517e8a8cfa475017182218b75b438945dd7f942a", kill_on_drop: false }`
[INFO] running `Command { std: "docker" "exec" "-e" "SOURCE_DIR=/opt/rustwide/workdir" "-e" "CARGO_HOME=/opt/rustwide/cargo-home" "-e" "RUSTUP_HOME=/opt/rustwide/rustup-home" "-e" "CARGO_TARGET_DIR=/opt/rustwide/target" "-e" "CARGO_INCREMENTAL=0" "-e" "RUST_BACKTRACE=full" "-e" "RUSTFLAGS=--cap-lints=warn" "-e" "RUSTDOCFLAGS=--cap-lints=warn" "-w" "/opt/rustwide/workdir" "--user" "0:0" "90e31eebe28888facd043d48517e8a8cfa475017182218b75b438945dd7f942a" "/opt/rustwide/cargo-home/bin/cargo" "+1.100.0-beta.1" "test" "--frozen" "--no-run" "--message-format=json" "--release", kill_on_drop: false }`
[INFO] [stderr] warning: `package.homepage` is redundant with `package.repository`
[INFO] [stderr]   --> Cargo.toml:44:12
[INFO] [stderr]    |
[INFO] [stderr] 44 | homepage = "https://github.com/dax-dot-gay/rust-freely"
[INFO] [stderr]    |            ^^^^^^^^^^^^^^^^^^^^^^^^^^^^^^^^^^^^^^^^^^^^
[INFO] [stderr] ...
[INFO] [stderr] 49 | repository = "https://github.com/dax-dot-gay/rust-freely"
[INFO] [stderr]    |              --------------------------------------------
[INFO] [stderr]    |
[INFO] [stderr]    = note: `cargo::redundant_homepage` is set to `warn` by default
[INFO] [stderr] help: consider removing `package.homepage`
[INFO] [stderr] warning: `rust-freely` (manifest) generated 1 warning
[INFO] [stderr]    Compiling rust-freely v0.1.1 (/opt/rustwide/workdir)
[INFO] [stderr] warning: unused dependency `tokio-test`
[INFO] [stderr]   --> Cargo.toml:28:15
[INFO] [stderr]    |
[INFO] [stderr] 28 | [dependencies.tokio-test]
[INFO] [stderr]    |               ^^^^^^^^^^^
[INFO] [stderr]    |
[INFO] [stderr]    = note: `cargo::unused_dependencies` is set to `warn` by default
[INFO] [stderr] help: consider removing the dependency on `tokio-test`
[INFO] [stderr] help: to still use for development builds, move to `dev-dependencies`
[INFO] [stderr] warning: `rust-freely` (manifest) generated 1 warning
[INFO] [stderr]     Finished `release` profile [optimized] target(s) in 3.63s
[INFO] running `Command { std: "docker" "inspect" "90e31eebe28888facd043d48517e8a8cfa475017182218b75b438945dd7f942a", kill_on_drop: false }`
[INFO] running `Command { std: "docker" "exec" "-e" "SOURCE_DIR=/opt/rustwide/workdir" "-e" "CARGO_HOME=/opt/rustwide/cargo-home" "-e" "RUSTUP_HOME=/opt/rustwide/rustup-home" "-e" "CARGO_TARGET_DIR=/opt/rustwide/target" "-e" "CARGO_INCREMENTAL=0" "-e" "RUST_BACKTRACE=full" "-e" "RUSTFLAGS=--cap-lints=warn" "-e" "RUSTDOCFLAGS=--cap-lints=warn" "-w" "/opt/rustwide/workdir" "--user" "0:0" "90e31eebe28888facd043d48517e8a8cfa475017182218b75b438945dd7f942a" "/opt/rustwide/cargo-home/bin/cargo" "+1.100.0-beta.1" "test" "--frozen" "--release", kill_on_drop: false }`
[INFO] [stderr] warning: `package.homepage` is redundant with `package.repository`
[INFO] [stderr]   --> Cargo.toml:44:12
[INFO] [stderr]    |
[INFO] [stderr] 44 | homepage = "https://github.com/dax-dot-gay/rust-freely"
[INFO] [stderr]    |            ^^^^^^^^^^^^^^^^^^^^^^^^^^^^^^^^^^^^^^^^^^^^
[INFO] [stderr] ...
[INFO] [stderr] 49 | repository = "https://github.com/dax-dot-gay/rust-freely"
[INFO] [stderr]    |              --------------------------------------------
[INFO] [stderr]    |
[INFO] [stderr]    = note: `cargo::redundant_homepage` is set to `warn` by default
[INFO] [stderr] help: consider removing `package.homepage`
[INFO] [stderr] warning: `rust-freely` (manifest) generated 1 warning
[INFO] [stderr] warning: unused dependency `tokio-test`
[INFO] [stderr]   --> Cargo.toml:28:15
[INFO] [stderr]    |
[INFO] [stderr] 28 | [dependencies.tokio-test]
[INFO] [stderr]    |               ^^^^^^^^^^^
[INFO] [stderr]    |
[INFO] [stderr]    = note: `cargo::unused_dependencies` is set to `warn` by default
[INFO] [stderr] help: consider removing the dependency on `tokio-test`
[INFO] [stderr] help: to still use for development builds, move to `dev-dependencies`
[INFO] [stderr] warning: `rust-freely` (manifest) generated 1 warning
[INFO] [stderr]     Finished `release` profile [optimized] target(s) in 0.19s
[INFO] [stderr]      Running unittests src/lib.rs (/opt/rustwide/target/release/build/rust-freely/20875cc0e1035768/out/rust_freely-20875cc0e1035768)
[INFO] [stdout] 
[INFO] [stdout] running 5 tests
[INFO] [stdout] test client::client::tests::eq_url ... ok
[INFO] [stdout] test client::client::tests::anon_no_token ... ok
[INFO] [stdout] test client::client::tests::auth_has_token ... FAILED
[INFO] [stdout] test client::client::tests::auth_bad_login ... ok
[INFO] [stdout] test client::client::tests::auth_logout ... FAILED
[INFO] [stdout] 
[INFO] [stdout] failures:
[INFO] [stdout] 
[INFO] [stdout] ---- client::client::tests::auth_has_token stdout ----
[INFO] [stdout] Url { scheme: "http", cannot_be_a_base: false, username: "", password: None, host: Some(Ipv4(0.0.0.0)), port: Some(8080), path: "/api/auth/login", query: None, fragment: None }
[INFO] [stdout] 
[INFO] [stdout] thread 'client::client::tests::auth_has_token' (1767) panicked at src/client/client.rs:176:159:
[INFO] [stdout] called `Result::unwrap()` on an `Err` value: ConnectionError
[INFO] [stdout] stack backtrace:
[INFO] [stdout]    0:     0x6497a44ef481 - <<std[617be2ca0a6fd877]::sys::backtrace::BacktraceLock>::print::DisplayBacktrace as core[a373ad73a504971]::fmt::Display>::fmt
[INFO] [stdout]    1:     0x6497a450512a - core[a373ad73a504971]::fmt::write
[INFO] [stdout]    2:     0x6497a44f3e3c - <alloc[2e1b2a31b91974c5]::vec::Vec<u8> as core[a373ad73a504971]::io::write::Write>::write_fmt
[INFO] [stdout]    3:     0x6497a44ca4e6 - std[617be2ca0a6fd877]::panicking::default_hook::{closure#0}
[INFO] [stdout]    4:     0x6497a44e72a9 - std[617be2ca0a6fd877]::panicking::default_hook
[INFO] [stdout]    5:     0x6497a4340580 - test[aada8e7e76ba119b]::test_main_inner::{closure#0}
[INFO] [stdout]    6:     0x6497a44e75d2 - std[617be2ca0a6fd877]::panicking::panic_with_hook
[INFO] [stdout]    7:     0x6497a44ca592 - std[617be2ca0a6fd877]::panicking::panic_handler::{closure#0}
[INFO] [stdout]    8:     0x6497a44c31c9 - std[617be2ca0a6fd877]::sys::backtrace::__rust_end_short_backtrace::<std[617be2ca0a6fd877]::panicking::panic_handler::{closure#0}, !>
[INFO] [stdout]    9:     0x6497a44cb38d - __rustc[ea4f61d10b84890b]::rust_begin_unwind
[INFO] [stdout]   10:     0x6497a450588c - core[a373ad73a504971]::panicking::panic_fmt
[INFO] [stdout]   11:     0x6497a4505662 - core[a373ad73a504971]::result::unwrap_failed
[INFO] [stdout]   12:     0x6497a4317be0 - rust_freely[e7fbf7d4813ad7f1]::client::client::tests::auth::{closure#0}
[INFO] [stdout]   13:     0x6497a431b558 - <tokio[3994703ff83eec1d]::runtime::scheduler::current_thread::Context>::enter::<core[a373ad73a504971]::task::poll::Poll<rust_freely[e7fbf7d4813ad7f1]::client::client::api_client::Client>, <tokio[3994703ff83eec1d]::runtime::scheduler::current_thread::CoreGuard>::block_on<core[a373ad73a504971]::pin::Pin<&mut rust_freely[e7fbf7d4813ad7f1]::client::client::tests::auth::{closure#0}>>::{closure#0}::{closure#0}>
[INFO] [stdout]   14:     0x6497a432071a - <tokio[3994703ff83eec1d]::runtime::context::scoped::Scoped<tokio[3994703ff83eec1d]::runtime::scheduler::Context>>::set::<<tokio[3994703ff83eec1d]::runtime::scheduler::current_thread::CoreGuard>::enter<<tokio[3994703ff83eec1d]::runtime::scheduler::current_thread::CoreGuard>::block_on<core[a373ad73a504971]::pin::Pin<&mut rust_freely[e7fbf7d4813ad7f1]::client::client::tests::auth::{closure#0}>>::{closure#0}, core[a373ad73a504971]::option::Option<rust_freely[e7fbf7d4813ad7f1]::client::client::api_client::Client>>::{closure#0}, (alloc[2e1b2a31b91974c5]::boxed::Box<tokio[3994703ff83eec1d]::runtime::scheduler::current_thread::Core>, core[a373ad73a504971]::option::Option<rust_freely[e7fbf7d4813ad7f1]::client::client::api_client::Client>)>
[INFO] [stdout]   15:     0x6497a431bc0c - <tokio[3994703ff83eec1d]::runtime::scheduler::current_thread::CoreGuard>::block_on::<core[a373ad73a504971]::pin::Pin<&mut rust_freely[e7fbf7d4813ad7f1]::client::client::tests::auth::{closure#0}>>
[INFO] [stdout]   16:     0x6497a43227ef - tokio[3994703ff83eec1d]::runtime::context::runtime::enter_runtime::<<tokio[3994703ff83eec1d]::runtime::scheduler::current_thread::CurrentThread>::block_on<rust_freely[e7fbf7d4813ad7f1]::client::client::tests::auth::{closure#0}>::{closure#0}, rust_freely[e7fbf7d4813ad7f1]::client::client::api_client::Client>
[INFO] [stdout]   17:     0x6497a431b063 - <tokio[3994703ff83eec1d]::runtime::scheduler::current_thread::CurrentThread>::block_on::<rust_freely[e7fbf7d4813ad7f1]::client::client::tests::auth::{closure#0}>
[INFO] [stdout]   18:     0x6497a4322fa5 - <tokio[3994703ff83eec1d]::runtime::runtime::Runtime>::block_on::<rust_freely[e7fbf7d4813ad7f1]::client::client::tests::auth::{closure#0}>
[INFO] [stdout]   19:     0x6497a4329362 - tokio_test[67d85b47c8c26be6]::block_on::<rust_freely[e7fbf7d4813ad7f1]::client::client::tests::auth::{closure#0}>
[INFO] [stdout]   20:     0x6497a4328e12 - <rust_freely[e7fbf7d4813ad7f1]::client::client::tests::auth_has_token::{closure#0} as core[a373ad73a504971]::ops::function::FnOnce<()>>::call_once
[INFO] [stdout]   21:     0x6497a43339cb - test[aada8e7e76ba119b]::__rust_begin_short_backtrace::<core[a373ad73a504971]::result::Result<(), alloc[2e1b2a31b91974c5]::string::String>, fn() -> core[a373ad73a504971]::result::Result<(), alloc[2e1b2a31b91974c5]::string::String>>
[INFO] [stdout]   22:     0x6497a4340ba5 - test[aada8e7e76ba119b]::run_test::{closure#0}
[INFO] [stdout]   23:     0x6497a433a494 - std[617be2ca0a6fd877]::sys::backtrace::__rust_begin_short_backtrace::<test[aada8e7e76ba119b]::run_test::{closure#1}, ()>
[INFO] [stdout]   24:     0x6497a4343c32 - <std[617be2ca0a6fd877]::thread::lifecycle::spawn_unchecked<test[aada8e7e76ba119b]::run_test::{closure#1}, ()>::{closure#1} as core[a373ad73a504971]::ops::function::FnOnce<()>>::call_once::{shim:vtable#0}
[INFO] [stdout]   25:     0x6497a44ee92f - <std[617be2ca0a6fd877]::sys::thread::unix::Thread>::new::thread_start
[INFO] [stdout]   26:     0x780e9fdbfdfa - <unknown>
[INFO] [stdout]   27:     0x780e9fe533d4 - clone
[INFO] [stdout]   28:                0x0 - <unknown>
[INFO] [stdout] 
[INFO] [stdout] ---- client::client::tests::auth_logout stdout ----
[INFO] [stdout] Url { scheme: "http", cannot_be_a_base: false, username: "", password: None, host: Some(Ipv4(0.0.0.0)), port: Some(8080), path: "/api/auth/login", query: None, fragment: None }
[INFO] [stdout] 
[INFO] [stdout] thread 'client::client::tests::auth_logout' (1768) panicked at src/client/client.rs:176:159:
[INFO] [stdout] called `Result::unwrap()` on an `Err` value: ConnectionError
[INFO] [stdout] stack backtrace:
[INFO] [stdout]    0:     0x6497a44ef481 - <<std[617be2ca0a6fd877]::sys::backtrace::BacktraceLock>::print::DisplayBacktrace as core[a373ad73a504971]::fmt::Display>::fmt
[INFO] [stdout]    1:     0x6497a450512a - core[a373ad73a504971]::fmt::write
[INFO] [stdout]    2:     0x6497a44f3e3c - <alloc[2e1b2a31b91974c5]::vec::Vec<u8> as core[a373ad73a504971]::io::write::Write>::write_fmt
[INFO] [stdout]    3:     0x6497a44ca4e6 - std[617be2ca0a6fd877]::panicking::default_hook::{closure#0}
[INFO] [stdout]    4:     0x6497a44e72a9 - std[617be2ca0a6fd877]::panicking::default_hook
[INFO] [stdout]    5:     0x6497a4340580 - test[aada8e7e76ba119b]::test_main_inner::{closure#0}
[INFO] [stdout]    6:     0x6497a44e75d2 - std[617be2ca0a6fd877]::panicking::panic_with_hook
[INFO] [stdout]    7:     0x6497a44ca592 - std[617be2ca0a6fd877]::panicking::panic_handler::{closure#0}
[INFO] [stdout]    8:     0x6497a44c31c9 - std[617be2ca0a6fd877]::sys::backtrace::__rust_end_short_backtrace::<std[617be2ca0a6fd877]::panicking::panic_handler::{closure#0}, !>
[INFO] [stdout]    9:     0x6497a44cb38d - __rustc[ea4f61d10b84890b]::rust_begin_unwind
[INFO] [stdout]   10:     0x6497a450588c - core[a373ad73a504971]::panicking::panic_fmt
[INFO] [stdout]   11:     0x6497a4505662 - core[a373ad73a504971]::result::unwrap_failed
[INFO] [stdout]   12:     0x6497a4317be0 - rust_freely[e7fbf7d4813ad7f1]::client::client::tests::auth::{closure#0}
[INFO] [stdout]   13:     0x6497a431b558 - <tokio[3994703ff83eec1d]::runtime::scheduler::current_thread::Context>::enter::<core[a373ad73a504971]::task::poll::Poll<rust_freely[e7fbf7d4813ad7f1]::client::client::api_client::Client>, <tokio[3994703ff83eec1d]::runtime::scheduler::current_thread::CoreGuard>::block_on<core[a373ad73a504971]::pin::Pin<&mut rust_freely[e7fbf7d4813ad7f1]::client::client::tests::auth::{closure#0}>>::{closure#0}::{closure#0}>
[INFO] [stdout]   14:     0x6497a432071a - <tokio[3994703ff83eec1d]::runtime::context::scoped::Scoped<tokio[3994703ff83eec1d]::runtime::scheduler::Context>>::set::<<tokio[3994703ff83eec1d]::runtime::scheduler::current_thread::CoreGuard>::enter<<tokio[3994703ff83eec1d]::runtime::scheduler::current_thread::CoreGuard>::block_on<core[a373ad73a504971]::pin::Pin<&mut rust_freely[e7fbf7d4813ad7f1]::client::client::tests::auth::{closure#0}>>::{closure#0}, core[a373ad73a504971]::option::Option<rust_freely[e7fbf7d4813ad7f1]::client::client::api_client::Client>>::{closure#0}, (alloc[2e1b2a31b91974c5]::boxed::Box<tokio[3994703ff83eec1d]::runtime::scheduler::current_thread::Core>, core[a373ad73a504971]::option::Option<rust_freely[e7fbf7d4813ad7f1]::client::client::api_client::Client>)>
[INFO] [stdout]   15:     0x6497a431bc0c - <tokio[3994703ff83eec1d]::runtime::scheduler::current_thread::CoreGuard>::block_on::<core[a373ad73a504971]::pin::Pin<&mut rust_freely[e7fbf7d4813ad7f1]::client::client::tests::auth::{closure#0}>>
[INFO] [stdout]   16:     0x6497a43227ef - tokio[3994703ff83eec1d]::runtime::context::runtime::enter_runtime::<<tokio[3994703ff83eec1d]::runtime::scheduler::current_thread::CurrentThread>::block_on<rust_freely[e7fbf7d4813ad7f1]::client::client::tests::auth::{closure#0}>::{closure#0}, rust_freely[e7fbf7d4813ad7f1]::client::client::api_client::Client>
[INFO] [stdout]   17:     0x6497a431b063 - <tokio[3994703ff83eec1d]::runtime::scheduler::current_thread::CurrentThread>::block_on::<rust_freely[e7fbf7d4813ad7f1]::client::client::tests::auth::{closure#0}>
[INFO] [stdout]   18:     0x6497a4322fa5 - <tokio[3994703ff83eec1d]::runtime::runtime::Runtime>::block_on::<rust_freely[e7fbf7d4813ad7f1]::client::client::tests::auth::{closure#0}>
[INFO] [stdout]   19:     0x6497a4329362 - tokio_test[67d85b47c8c26be6]::block_on::<rust_freely[e7fbf7d4813ad7f1]::client::client::tests::auth::{closure#0}>
[INFO] [stdout]   20:     0x6497a432884c - <rust_freely[e7fbf7d4813ad7f1]::client::client::tests::auth_logout::{closure#0} as core[a373ad73a504971]::ops::function::FnOnce<()>>::call_once
[INFO] [stdout]   21:     0x6497a43339cb - test[aada8e7e76ba119b]::__rust_begin_short_backtrace::<core[a373ad73a504971]::result::Result<(), alloc[2e1b2a31b91974c5]::string::String>, fn() -> core[a373ad73a504971]::result::Result<(), alloc[2e1b2a31b91974c5]::string::String>>
[INFO] [stdout]   22:     0x6497a4340ba5 - test[aada8e7e76ba119b]::run_test::{closure#0}
[INFO] [stdout]   23:     0x6497a433a494 - std[617be2ca0a6fd877]::sys::backtrace::__rust_begin_short_backtrace::<test[aada8e7e76ba119b]::run_test::{closure#1}, ()>
[INFO] [stdout]   24:     0x6497a4343c32 - <std[617be2ca0a6fd877]::thread::lifecycle::spawn_unchecked<test[aada8e7e76ba119b]::run_test::{closure#1}, ()>::{closure#1} as core[a373ad73a504971]::ops::function::FnOnce<()>>::call_once::{shim:vtable#0}
[INFO] [stdout]   25:     0x6497a44ee92f - <std[617be2ca0a6fd877]::sys::thread::unix::Thread>::new::thread_start
[INFO] [stdout]   26:     0x780e9fdbfdfa - <unknown>
[INFO] [stdout]   27:     0x780e9fe533d4 - clone
[INFO] [stdout]   28:                0x0 - <unknown>
[INFO] [stdout] 
[INFO] [stdout] 
[INFO] [stdout] failures:
[INFO] [stdout]     client::client::tests::auth_has_token
[INFO] [stdout]     client::client::tests::auth_logout
[INFO] [stdout] 
[INFO] [stdout] test result: FAILED. 3 passed; 2 failed; 0 ignored; 0 measured; 0 filtered out; finished in 0.13s
[INFO] [stdout] 
[INFO] [stderr] error: test failed, to rerun pass `--lib`
[INFO] running `Command { std: "docker" "inspect" "90e31eebe28888facd043d48517e8a8cfa475017182218b75b438945dd7f942a", kill_on_drop: false }`
[INFO] running `Command { std: "docker" "rm" "-f" "90e31eebe28888facd043d48517e8a8cfa475017182218b75b438945dd7f942a", kill_on_drop: false }`
[INFO] [stdout] 90e31eebe28888facd043d48517e8a8cfa475017182218b75b438945dd7f942a
