[INFO] fetching crate rust-eigenda-client 0.1.6...
[INFO] testing rust-eigenda-client-0.1.6 against 1.100.0-beta.1+cargoflags=--release for beta-release-1.100-2
[INFO] extracting crate rust-eigenda-client 0.1.6 into /workspace/builds/worker-5-tc2/source
[INFO] started tweaking crates.io crate rust-eigenda-client 0.1.6
[INFO] finished tweaking crates.io crate rust-eigenda-client 0.1.6
[INFO] tweaked toml for crates.io crate rust-eigenda-client 0.1.6 written to /workspace/builds/worker-5-tc2/source/Cargo.toml
[INFO] validating manifest of crates.io crate rust-eigenda-client 0.1.6 on toolchain 1.100.0-beta.1
[INFO] running `Command { std: CARGO_HOME="/workspace/cargo-home" RUSTUP_HOME="/workspace/rustup-home" "/workspace/cargo-home/bin/cargo" "+1.100.0-beta.1" "metadata" "--manifest-path" "Cargo.toml" "--no-deps", kill_on_drop: false }`
[INFO] crate crates.io crate rust-eigenda-client 0.1.6 already has a lockfile, it will not be regenerated
[INFO] running `Command { std: CARGO_HOME="/workspace/cargo-home" RUSTUP_HOME="/workspace/rustup-home" "/workspace/cargo-home/bin/cargo" "+1.100.0-beta.1" "fetch" "--manifest-path" "Cargo.toml", kill_on_drop: false }`
[INFO] running `Command { std: "docker" "create" "-v" "/var/lib/crater-agent-workspace/builds/worker-5-tc2/source:/opt/rustwide/workdir:ro,Z" "-v" "/var/lib/crater-agent-workspace/builds/worker-5-tc2/target:/opt/rustwide/target:rw,Z" "-v" "/var/lib/crater-agent-workspace/cargo-home:/opt/rustwide/cargo-home:ro,Z" "-v" "/var/lib/crater-agent-workspace/rustup-home:/opt/rustwide/rustup-home:ro,Z" "-m" "1610612736" "--network" "none" "ghcr.io/rust-lang/crates-build-env/linux@sha256:77db811e55d90add9212f6832c23229e3de5f1c1f9905e8cb07319ea15df73ac" "sleep" "infinity", kill_on_drop: false }`
[INFO] [stdout] 02d0795dccc256d8ced7ae1a708c5a19426449c4e3008a06cd650f90f7f1aba0
[INFO] running `Command { std: "docker" "start" "02d0795dccc256d8ced7ae1a708c5a19426449c4e3008a06cd650f90f7f1aba0", kill_on_drop: false }`
[INFO] running `Command { std: "docker" "inspect" "02d0795dccc256d8ced7ae1a708c5a19426449c4e3008a06cd650f90f7f1aba0", kill_on_drop: false }`
[INFO] running `Command { std: "docker" "exec" "-e" "SOURCE_DIR=/opt/rustwide/workdir" "-e" "CARGO_HOME=/opt/rustwide/cargo-home" "-e" "RUSTUP_HOME=/opt/rustwide/rustup-home" "-e" "CARGO_TARGET_DIR=/opt/rustwide/target" "-w" "/opt/rustwide/workdir" "--user" "0:0" "02d0795dccc256d8ced7ae1a708c5a19426449c4e3008a06cd650f90f7f1aba0" "/opt/rustwide/cargo-home/bin/cargo" "+1.100.0-beta.1" "metadata" "--no-deps" "--format-version=1", kill_on_drop: false }`
[INFO] running `Command { std: "docker" "inspect" "02d0795dccc256d8ced7ae1a708c5a19426449c4e3008a06cd650f90f7f1aba0", kill_on_drop: false }`
[INFO] running `Command { std: "docker" "exec" "-e" "SOURCE_DIR=/opt/rustwide/workdir" "-e" "CARGO_HOME=/opt/rustwide/cargo-home" "-e" "RUSTUP_HOME=/opt/rustwide/rustup-home" "-e" "CARGO_TARGET_DIR=/opt/rustwide/target" "-e" "CARGO_INCREMENTAL=0" "-e" "RUST_BACKTRACE=full" "-e" "RUSTFLAGS=--cap-lints=warn" "-e" "RUSTDOCFLAGS=--cap-lints=warn" "-w" "/opt/rustwide/workdir" "--user" "0:0" "02d0795dccc256d8ced7ae1a708c5a19426449c4e3008a06cd650f90f7f1aba0" "/opt/rustwide/cargo-home/bin/cargo" "+1.100.0-beta.1" "build" "--frozen" "--message-format=json" "--release", kill_on_drop: false }`
[INFO] [stderr]    Compiling proc-macro2 v1.0.95
[INFO] [stderr]    Compiling unicode-ident v1.0.18
[INFO] [stderr]    Compiling libc v0.2.172
[INFO] [stderr]    Compiling serde v1.0.219
[INFO] [stderr]    Compiling zerocopy v0.8.25
[INFO] [stderr]    Compiling stable_deref_trait v1.2.0
[INFO] [stderr]    Compiling cc v1.2.23
[INFO] [stderr]    Compiling hashbrown v0.15.3
[INFO] [stderr]    Compiling typenum v1.18.0
[INFO] [stderr]    Compiling slab v0.4.9
[INFO] [stderr]    Compiling futures-task v0.3.31
[INFO] [stderr]    Compiling tracing-core v0.1.33
[INFO] [stderr]    Compiling num-traits v0.2.19
[INFO] [stderr]    Compiling writeable v0.6.1
[INFO] [stderr]    Compiling rayon-core v1.12.1
[INFO] [stderr]    Compiling log v0.4.27
[INFO] [stderr]    Compiling litemap v0.8.0
[INFO] [stderr]    Compiling smallvec v1.15.0
[INFO] [stderr]    Compiling futures-util v0.3.31
[INFO] [stderr]    Compiling rustversion v1.0.20
[INFO] [stderr]    Compiling crunchy v0.2.3
[INFO] [stderr]    Compiling icu_properties_data v2.0.1
[INFO] [stderr]    Compiling icu_normalizer_data v2.0.0
[INFO] [stderr]    Compiling futures-channel v0.3.31
[INFO] [stderr]    Compiling rustc-hex v2.1.0
[INFO] [stderr]    Compiling static_assertions v1.1.0
[INFO] [stderr]    Compiling bitflags v2.9.1
[INFO] [stderr]    Compiling ahash v0.8.12
[INFO] [stderr]    Compiling tiny-keccak v2.0.2
[INFO] [stderr]    Compiling arrayvec v0.7.6
[INFO] [stderr]    Compiling quote v1.0.40
[INFO] [stderr]    Compiling openssl v0.10.72
[INFO] [stderr]    Compiling openssl-probe v0.1.6
[INFO] [stderr]    Compiling getrandom v0.2.16
[INFO] [stderr]    Compiling socket2 v0.5.9
[INFO] [stderr]    Compiling mio v1.0.3
[INFO] [stderr]    Compiling syn v2.0.101
[INFO] [stderr]    Compiling rand_core v0.6.4
[INFO] [stderr]    Compiling rayon v1.10.0
[INFO] [stderr]    Compiling num-integer v0.1.46
[INFO] [stderr]    Compiling itertools v0.13.0
[INFO] [stderr]    Compiling indexmap v1.9.3
[INFO] [stderr]    Compiling native-tls v0.2.14
[INFO] [stderr]    Compiling indexmap v2.9.0
[INFO] [stderr]    Compiling anyhow v1.0.98
[INFO] [stderr]    Compiling generic-array v0.14.7
[INFO] [stderr]    Compiling uint v0.9.5
[INFO] [stderr]    Compiling num-bigint v0.4.6
[INFO] [stderr]    Compiling axum-core v0.3.4
[INFO] [stderr]    Compiling hashbrown v0.12.3
[INFO] [stderr]    Compiling rustls v0.22.4
[INFO] [stderr]    Compiling either v1.15.0
[INFO] [stderr]    Compiling adler2 v2.0.0
[INFO] [stderr]    Compiling rustls v0.23.27
[INFO] [stderr]    Compiling serde_json v1.0.140
[INFO] [stderr]    Compiling miniz_oxide v0.8.8
[INFO] [stderr]    Compiling itertools v0.12.1
[INFO] [stderr]    Compiling axum v0.6.20
[INFO] [stderr]    Compiling aho-corasick v1.1.3
[INFO] [stderr]    Compiling ring v0.17.14
[INFO] [stderr]    Compiling openssl-sys v0.9.108
[INFO] [stderr]    Compiling block-buffer v0.10.4
[INFO] [stderr]    Compiling crypto-common v0.1.6
[INFO] [stderr]    Compiling secp256k1-sys v0.8.1
[INFO] [stderr]    Compiling digest v0.10.7
[INFO] [stderr]    Compiling sys-info v0.9.1
[INFO] [stderr]    Compiling crc32fast v1.4.2
[INFO] [stderr]    Compiling rustix v1.0.7
[INFO] [stderr]    Compiling ppv-lite86 v0.2.21
[INFO] [stderr]    Compiling getrandom v0.3.3
[INFO] [stderr]    Compiling regex-syntax v0.8.5
[INFO] [stderr]    Compiling flate2 v1.1.1
[INFO] [stderr]    Compiling dirs-sys v0.4.1
[INFO] [stderr]    Compiling sync_wrapper v1.0.2
[INFO] [stderr]    Compiling fastrand v2.3.0
[INFO] [stderr]    Compiling bitflags v1.3.2
[INFO] [stderr]    Compiling matchit v0.7.3
[INFO] [stderr]    Compiling sync_wrapper v0.1.2
[INFO] [stderr]    Compiling keccak v0.1.5
[INFO] [stderr]    Compiling rand_chacha v0.3.1
[INFO] [stderr]    Compiling linux-raw-sys v0.9.4
[INFO] [stderr]    Compiling sha2 v0.10.9
[INFO] [stderr]    Compiling sha3 v0.10.8
[INFO] [stderr]    Compiling rand v0.8.5
[INFO] [stderr]    Compiling directories v5.0.1
[INFO] [stderr]    Compiling num_cpus v1.16.0
[INFO] [stderr]    Compiling crossbeam-channel v0.5.15
[INFO] [stderr]    Compiling encoding_rs v0.8.35
[INFO] [stderr]    Compiling hex-literal v0.4.1
[INFO] [stderr]    Compiling base64 v0.21.7
[INFO] [stderr]    Compiling ipnet v2.11.0
[INFO] [stderr]    Compiling hex-literal v0.3.4
[INFO] [stderr]    Compiling ark-std v0.5.0
[INFO] [stderr]    Compiling fixed-hash v0.8.0
[INFO] [stderr]    Compiling regex-automata v0.4.9
[INFO] [stderr]    Compiling synstructure v0.13.2
[INFO] [stderr]    Compiling tempfile v3.20.0
[INFO] [stderr]    Compiling serde_derive v1.0.219
[INFO] [stderr]    Compiling zeroize_derive v1.4.2
[INFO] [stderr]    Compiling tokio-macros v2.5.0
[INFO] [stderr]    Compiling zerofrom-derive v0.1.6
[INFO] [stderr]    Compiling yoke-derive v0.8.0
[INFO] [stderr]    Compiling zerovec-derive v0.11.1
[INFO] [stderr]    Compiling displaydoc v0.2.5
[INFO] [stderr]    Compiling tracing-attributes v0.1.28
[INFO] [stderr]    Compiling enum-ordinalize-derive v4.3.1
[INFO] [stderr]    Compiling ark-serialize-derive v0.5.0
[INFO] [stderr]    Compiling pin-project-internal v1.1.10
[INFO] [stderr]    Compiling ark-ff-macros v0.5.0
[INFO] [stderr]    Compiling openssl-macros v0.1.1
[INFO] [stderr]    Compiling ark-ff-asm v0.5.0
[INFO] [stderr]    Compiling ark-serialize v0.5.0
[INFO] [stderr]    Compiling zeroize v1.8.1
[INFO] [stderr]    Compiling rustls-pki-types v1.12.0
[INFO] [stderr]    Compiling enum-ordinalize v4.3.0
[INFO] [stderr]    Compiling educe v0.6.0
[INFO] [stderr]    Compiling async-trait v0.1.88
[INFO] [stderr]    Compiling thiserror-impl v1.0.69
[INFO] [stderr]    Compiling rustls-pemfile v2.2.0
[INFO] [stderr]    Compiling webpki-roots v1.0.0
[INFO] [stderr]    Compiling webpki-roots v0.26.11
[INFO] [stderr]    Compiling async-stream-impl v0.3.6
[INFO] [stderr]    Compiling prost-derive v0.12.6
[INFO] [stderr]    Compiling rustls-native-certs v0.7.3
[INFO] [stderr]    Compiling secrecy v0.8.0
[INFO] [stderr]    Compiling tracing v0.1.41
[INFO] [stderr]    Compiling pin-project v1.1.10
[INFO] [stderr]    Compiling zerofrom v0.1.6
[INFO] [stderr]    Compiling yoke v0.8.0
[INFO] [stderr]    Compiling async-stream v0.3.6
[INFO] [stderr]    Compiling thiserror v1.0.69
[INFO] [stderr]    Compiling zerovec v0.11.2
[INFO] [stderr]    Compiling zerotrie v0.2.2
[INFO] [stderr]    Compiling regex v1.11.1
[INFO] [stderr]    Compiling ark-ff v0.5.0
[INFO] [stderr]    Compiling tinystr v0.8.1
[INFO] [stderr]    Compiling potential_utf v0.1.2
[INFO] [stderr]    Compiling icu_collections v2.0.0
[INFO] [stderr]    Compiling icu_locale_core v2.0.0
[INFO] [stderr]    Compiling secp256k1 v0.27.0
[INFO] [stderr]    Compiling icu_provider v2.0.0
[INFO] [stderr]    Compiling icu_normalizer v2.0.0
[INFO] [stderr]    Compiling icu_properties v2.0.1
[INFO] [stderr]    Compiling idna_adapter v1.2.1
[INFO] [stderr]    Compiling idna v1.0.3
[INFO] [stderr]    Compiling url v2.5.4
[INFO] [stderr]    Compiling rustls-webpki v0.103.3
[INFO] [stderr]    Compiling rustls-webpki v0.102.8
[INFO] [stderr]    Compiling bytes v1.10.1
[INFO] [stderr]    Compiling impl-serde v0.4.0
[INFO] [stderr]    Compiling serde_urlencoded v0.7.1
[INFO] [stderr]    Compiling tokio v1.45.0
[INFO] [stderr]    Compiling http v0.2.12
[INFO] [stderr]    Compiling http v1.3.1
[INFO] [stderr]    Compiling rlp v0.5.2
[INFO] [stderr]    Compiling prost v0.12.6
[INFO] [stderr]    Compiling impl-rlp v0.3.0
[INFO] [stderr]    Compiling primitive-types v0.12.2
[INFO] [stderr]    Compiling ethbloom v0.13.0
[INFO] [stderr]    Compiling ark-poly v0.5.0
[INFO] [stderr]    Compiling http-body v1.0.1
[INFO] [stderr]    Compiling http-body v0.4.6
[INFO] [stderr]    Compiling http-body-util v0.1.3
[INFO] [stderr]    Compiling ethereum-types v0.14.1
[INFO] [stderr]    Compiling ark-ec v0.5.0
[INFO] [stderr]    Compiling ethabi v18.0.0
[INFO] [stderr]    Compiling rust-eigenda-signers v0.1.5
[INFO] [stderr]    Compiling ureq v2.12.1
[INFO] [stderr]    Compiling ark-bn254 v0.5.0
[INFO] [stderr]    Compiling tokio-util v0.7.15
[INFO] [stderr]    Compiling tokio-native-tls v0.3.1
[INFO] [stderr]    Compiling tokio-io-timeout v1.2.0
[INFO] [stderr]    Compiling tokio-stream v0.1.17
[INFO] [stderr]    Compiling tokio-rustls v0.25.0
[INFO] [stderr]    Compiling tower v0.5.2
[INFO] [stderr]    Compiling rust-kzg-bn254 v0.2.1
[INFO] [stderr]    Compiling backon v0.4.4
[INFO] [stderr]    Compiling h2 v0.4.10
[INFO] [stderr]    Compiling h2 v0.3.26
[INFO] [stderr]    Compiling tower v0.4.13
[INFO] [stderr]    Compiling hyper v0.14.32
[INFO] [stderr]    Compiling hyper v1.6.0
[INFO] [stderr]    Compiling hyper-util v0.1.12
[INFO] [stderr]    Compiling hyper-tls v0.6.0
[INFO] [stderr]    Compiling reqwest v0.12.15
[INFO] [stderr]    Compiling hyper-timeout v0.4.1
[INFO] [stderr]    Compiling tonic v0.11.0
[INFO] [stderr]    Compiling rust-eigenda-client v0.1.6 (/opt/rustwide/workdir)
[INFO] [stdout] warning: struct `G2Commitment` is never constructed
[INFO] [stdout]   --> src/generated/common.rs:14:12
[INFO] [stdout]    |
[INFO] [stdout] 14 | pub struct G2Commitment {
[INFO] [stdout]    |            ^^^^^^^^^^^^
[INFO] [stdout]    |
[INFO] [stdout]    = note: `#[warn(dead_code)]` (part of `#[warn(unused)]`) on by default
[INFO] [stdout] 
[INFO] [stdout] 
[INFO] [stdout] warning: struct `BlobCommitment` is never constructed
[INFO] [stdout]   --> src/generated/common.rs:32:12
[INFO] [stdout]    |
[INFO] [stdout] 32 | pub struct BlobCommitment {
[INFO] [stdout]    |            ^^^^^^^^^^^^^^
[INFO] [stdout] 
[INFO] [stdout] 
[INFO] [stdout] warning: struct `BlobCertificate` is never constructed
[INFO] [stdout]   --> src/generated/common.rs:45:12
[INFO] [stdout]    |
[INFO] [stdout] 45 | pub struct BlobCertificate {
[INFO] [stdout]    |            ^^^^^^^^^^^^^^^
[INFO] [stdout] 
[INFO] [stdout] 
[INFO] [stdout] warning: struct `ChunkData` is never constructed
[INFO] [stdout]   --> src/generated/common.rs:60:12
[INFO] [stdout]    |
[INFO] [stdout] 60 | pub struct ChunkData {
[INFO] [stdout]    |            ^^^^^^^^^
[INFO] [stdout] 
[INFO] [stdout] 
[INFO] [stderr] warning: unused dependency `backon`
[INFO] [stderr]  --> Cargo.toml:7:15
[INFO] [stderr]   |
[INFO] [stderr] 7 | [dependencies.backon]
[INFO] [stderr]   |               ^^^^^^^
[INFO] [stderr]   |
[INFO] [stderr]   = note: `cargo::unused_dependencies` is set to `warn` by default
[INFO] [stderr] help: consider removing the dependency on `backon`
[INFO] [stderr] warning: unused dependency `hex-literal`
[INFO] [stderr]   --> Cargo.toml:27:15
[INFO] [stderr]    |
[INFO] [stderr] 27 | [dependencies.hex-literal]
[INFO] [stderr]    |               ^^^^^^^^^^^^
[INFO] [stderr]    |
[INFO] [stderr] help: consider removing the dependency on `hex-literal`
[INFO] [stderr] warning: `rust-eigenda-client` (manifest) generated 2 warnings
[INFO] [stderr]     Finished `release` profile [optimized] target(s) in 3m 12s
[INFO] [stderr] warning: the following packages contain code that will be rejected by a future version of Rust: ethereum-types v0.14.1, primitive-types v0.12.2
[INFO] [stderr] note: to see what the problems were, use the option `--future-incompat-report`, or run `cargo report future-incompatibilities --id 1`
[INFO] running `Command { std: "docker" "inspect" "02d0795dccc256d8ced7ae1a708c5a19426449c4e3008a06cd650f90f7f1aba0", kill_on_drop: false }`
[INFO] running `Command { std: "docker" "exec" "-e" "SOURCE_DIR=/opt/rustwide/workdir" "-e" "CARGO_HOME=/opt/rustwide/cargo-home" "-e" "RUSTUP_HOME=/opt/rustwide/rustup-home" "-e" "CARGO_TARGET_DIR=/opt/rustwide/target" "-e" "CARGO_INCREMENTAL=0" "-e" "RUST_BACKTRACE=full" "-e" "RUSTFLAGS=--cap-lints=warn" "-e" "RUSTDOCFLAGS=--cap-lints=warn" "-w" "/opt/rustwide/workdir" "--user" "0:0" "02d0795dccc256d8ced7ae1a708c5a19426449c4e3008a06cd650f90f7f1aba0" "/opt/rustwide/cargo-home/bin/cargo" "+1.100.0-beta.1" "test" "--frozen" "--no-run" "--message-format=json" "--release", kill_on_drop: false }`
[INFO] [stderr]    Compiling futures-util v0.3.31
[INFO] [stderr]    Compiling parking_lot_core v0.9.10
[INFO] [stderr]    Compiling sdd v3.0.8
[INFO] [stderr]    Compiling serial_test_derive v3.2.0
[INFO] [stderr]    Compiling scc v2.3.4
[INFO] [stderr]    Compiling parking_lot v0.12.3
[INFO] [stderr]    Compiling h2 v0.3.26
[INFO] [stderr]    Compiling hyper v1.6.0
[INFO] [stderr]    Compiling tower v0.4.13
[INFO] [stderr]    Compiling axum-core v0.3.4
[INFO] [stderr]    Compiling futures-executor v0.3.31
[INFO] [stderr]    Compiling tower v0.5.2
[INFO] [stderr]    Compiling futures v0.3.31
[INFO] [stderr]    Compiling serial_test v3.2.0
[INFO] [stderr]    Compiling hyper-util v0.1.12
[INFO] [stderr]    Compiling hyper-tls v0.6.0
[INFO] [stderr]    Compiling reqwest v0.12.15
[INFO] [stderr]    Compiling hyper v0.14.32
[INFO] [stderr]    Compiling axum v0.6.20
[INFO] [stderr]    Compiling hyper-timeout v0.4.1
[INFO] [stderr]    Compiling tonic v0.11.0
[INFO] [stderr]    Compiling rust-eigenda-client v0.1.6 (/opt/rustwide/workdir)
[INFO] [stdout] warning: struct `G2Commitment` is never constructed
[INFO] [stdout]   --> src/generated/common.rs:14:12
[INFO] [stdout]    |
[INFO] [stdout] 14 | pub struct G2Commitment {
[INFO] [stdout]    |            ^^^^^^^^^^^^
[INFO] [stdout]    |
[INFO] [stdout]    = note: `#[warn(dead_code)]` (part of `#[warn(unused)]`) on by default
[INFO] [stdout] 
[INFO] [stdout] 
[INFO] [stdout] warning: struct `BlobCommitment` is never constructed
[INFO] [stdout]   --> src/generated/common.rs:32:12
[INFO] [stdout]    |
[INFO] [stdout] 32 | pub struct BlobCommitment {
[INFO] [stdout]    |            ^^^^^^^^^^^^^^
[INFO] [stdout] 
[INFO] [stdout] 
[INFO] [stdout] warning: struct `BlobCertificate` is never constructed
[INFO] [stdout]   --> src/generated/common.rs:45:12
[INFO] [stdout]    |
[INFO] [stdout] 45 | pub struct BlobCertificate {
[INFO] [stdout]    |            ^^^^^^^^^^^^^^^
[INFO] [stdout] 
[INFO] [stdout] 
[INFO] [stdout] warning: struct `ChunkData` is never constructed
[INFO] [stdout]   --> src/generated/common.rs:60:12
[INFO] [stdout]    |
[INFO] [stdout] 60 | pub struct ChunkData {
[INFO] [stdout]    |            ^^^^^^^^^
[INFO] [stdout] 
[INFO] [stdout] 
[INFO] [stdout] warning: struct `G2Commitment` is never constructed
[INFO] [stdout]   --> src/generated/common.rs:14:12
[INFO] [stdout]    |
[INFO] [stdout] 14 | pub struct G2Commitment {
[INFO] [stdout]    |            ^^^^^^^^^^^^
[INFO] [stdout]    |
[INFO] [stdout]    = note: `#[warn(dead_code)]` (part of `#[warn(unused)]`) on by default
[INFO] [stdout] 
[INFO] [stdout] 
[INFO] [stdout] warning: struct `BlobCommitment` is never constructed
[INFO] [stdout]   --> src/generated/common.rs:32:12
[INFO] [stdout]    |
[INFO] [stdout] 32 | pub struct BlobCommitment {
[INFO] [stdout]    |            ^^^^^^^^^^^^^^
[INFO] [stdout] 
[INFO] [stdout] 
[INFO] [stdout] warning: struct `BlobCertificate` is never constructed
[INFO] [stdout]   --> src/generated/common.rs:45:12
[INFO] [stdout]    |
[INFO] [stdout] 45 | pub struct BlobCertificate {
[INFO] [stdout]    |            ^^^^^^^^^^^^^^^
[INFO] [stdout] 
[INFO] [stdout] 
[INFO] [stdout] warning: struct `ChunkData` is never constructed
[INFO] [stdout]   --> src/generated/common.rs:60:12
[INFO] [stdout]    |
[INFO] [stdout] 60 | pub struct ChunkData {
[INFO] [stdout]    |            ^^^^^^^^^
[INFO] [stdout] 
[INFO] [stdout] 
[INFO] [stderr] warning: unused dependency `backon`
[INFO] [stderr]  --> Cargo.toml:7:15
[INFO] [stderr]   |
[INFO] [stderr] 7 | [dependencies.backon]
[INFO] [stderr]   |               ^^^^^^^
[INFO] [stderr]   |
[INFO] [stderr]   = note: `cargo::unused_dependencies` is set to `warn` by default
[INFO] [stderr] help: consider removing the dependency on `backon`
[INFO] [stderr] help: to still use for development builds, move to `dev-dependencies`
[INFO] [stderr] warning: unused dependency `hex-literal`
[INFO] [stderr]   --> Cargo.toml:27:15
[INFO] [stderr]    |
[INFO] [stderr] 27 | [dependencies.hex-literal]
[INFO] [stderr]    |               ^^^^^^^^^^^^
[INFO] [stderr]    |
[INFO] [stderr] help: consider removing the dependency on `hex-literal`
[INFO] [stderr] help: to still use for development builds, move to `dev-dependencies`
[INFO] [stderr] warning: `rust-eigenda-client` (manifest) generated 2 warnings
[INFO] [stderr]     Finished `release` profile [optimized] target(s) in 1m 05s
[INFO] [stderr] warning: the following packages contain code that will be rejected by a future version of Rust: ethereum-types v0.14.1, primitive-types v0.12.2
[INFO] [stderr] note: to see what the problems were, use the option `--future-incompat-report`, or run `cargo report future-incompatibilities --id 1`
[INFO] running `Command { std: "docker" "inspect" "02d0795dccc256d8ced7ae1a708c5a19426449c4e3008a06cd650f90f7f1aba0", kill_on_drop: false }`
[INFO] running `Command { std: "docker" "exec" "-e" "SOURCE_DIR=/opt/rustwide/workdir" "-e" "CARGO_HOME=/opt/rustwide/cargo-home" "-e" "RUSTUP_HOME=/opt/rustwide/rustup-home" "-e" "CARGO_TARGET_DIR=/opt/rustwide/target" "-e" "CARGO_INCREMENTAL=0" "-e" "RUST_BACKTRACE=full" "-e" "RUSTFLAGS=--cap-lints=warn" "-e" "RUSTDOCFLAGS=--cap-lints=warn" "-w" "/opt/rustwide/workdir" "--user" "0:0" "02d0795dccc256d8ced7ae1a708c5a19426449c4e3008a06cd650f90f7f1aba0" "/opt/rustwide/cargo-home/bin/cargo" "+1.100.0-beta.1" "test" "--frozen" "--release", kill_on_drop: false }`
[INFO] [stderr] warning: struct `G2Commitment` is never constructed
[INFO] [stderr]   --> src/generated/common.rs:14:12
[INFO] [stderr]    |
[INFO] [stderr] 14 | pub struct G2Commitment {
[INFO] [stderr]    |            ^^^^^^^^^^^^
[INFO] [stderr]    |
[INFO] [stderr]    = note: `#[warn(dead_code)]` (part of `#[warn(unused)]`) on by default
[INFO] [stderr] 
[INFO] [stderr] warning: struct `BlobCommitment` is never constructed
[INFO] [stderr]   --> src/generated/common.rs:32:12
[INFO] [stderr]    |
[INFO] [stderr] 32 | pub struct BlobCommitment {
[INFO] [stderr]    |            ^^^^^^^^^^^^^^
[INFO] [stderr] 
[INFO] [stderr] warning: struct `BlobCertificate` is never constructed
[INFO] [stderr]   --> src/generated/common.rs:45:12
[INFO] [stderr]    |
[INFO] [stderr] 45 | pub struct BlobCertificate {
[INFO] [stderr]    |            ^^^^^^^^^^^^^^^
[INFO] [stderr] 
[INFO] [stderr] warning: struct `ChunkData` is never constructed
[INFO] [stderr]   --> src/generated/common.rs:60:12
[INFO] [stderr]    |
[INFO] [stderr] 60 | pub struct ChunkData {
[INFO] [stderr]    |            ^^^^^^^^^
[INFO] [stderr] 
[INFO] [stderr] warning: `rust-eigenda-client` (lib) generated 4 warnings
[INFO] [stderr] warning: `rust-eigenda-client` (lib test) generated 4 warnings (4 duplicates)
[INFO] [stderr] warning: unused dependency `backon`
[INFO] [stderr]  --> Cargo.toml:7:15
[INFO] [stderr]   |
[INFO] [stderr] 7 | [dependencies.backon]
[INFO] [stderr]   |               ^^^^^^^
[INFO] [stderr]   |
[INFO] [stderr]   = note: `cargo::unused_dependencies` is set to `warn` by default
[INFO] [stderr] help: consider removing the dependency on `backon`
[INFO] [stderr] help: to still use for development builds, move to `dev-dependencies`
[INFO] [stderr] warning: unused dependency `hex-literal`
[INFO] [stderr]   --> Cargo.toml:27:15
[INFO] [stderr]    |
[INFO] [stderr] 27 | [dependencies.hex-literal]
[INFO] [stderr]    |               ^^^^^^^^^^^^
[INFO] [stderr]    |
[INFO] [stderr] help: consider removing the dependency on `hex-literal`
[INFO] [stderr] help: to still use for development builds, move to `dev-dependencies`
[INFO] [stderr] warning: `rust-eigenda-client` (manifest) generated 2 warnings
[INFO] [stderr]     Finished `release` profile [optimized] target(s) in 0.33s
[INFO] [stderr] warning: the following packages contain code that will be rejected by a future version of Rust: ethereum-types v0.14.1, primitive-types v0.12.2
[INFO] [stderr] note: to see what the problems were, use the option `--future-incompat-report`, or run `cargo report future-incompatibilities --id 1`
[INFO] [stderr]      Running unittests src/lib.rs (/opt/rustwide/target/release/build/rust-eigenda-client/449f276bf98dfec9/out/rust_eigenda_client-449f276bf98dfec9)
[INFO] [stdout] 
[INFO] [stdout] running 22 tests
[INFO] [stdout] test client_tests::tests::test_auth_dispersal ... ignored, depends on external RPC
[INFO] [stdout] test client_tests::tests::test_auth_dispersal_settlement_layer_confirmation_depth ... ignored, depends on external RPC
[INFO] [stdout] test client_tests::tests::test_check_finality ... ignored, depends on external RPC
[INFO] [stdout] test client_tests::tests::test_custom_quorum_numbers ... ignored, depends on external RPC
[INFO] [stdout] test client_tests::tests::test_non_auth_dispersal ... ignored, depends on external RPC
[INFO] [stdout] test client_tests::tests::test_settlement_layer_confirmation_depth ... ignored, depends on external RPC
[INFO] [stdout] test client_tests::tests::test_wait_for_finalization ... ignored, depends on external RPC
[INFO] [stdout] test verifier_tests::test::test_hash_blob_header ... ignored, depends on external RPC
[INFO] [stdout] test verifier_tests::test::test_inclusion_proof ... ignored, depends on external RPC
[INFO] [stdout] test verifier_tests::test::test_verify_batch ... ignored, depends on external RPC
[INFO] [stdout] test verifier_tests::test::test_verify_commitment ... ignored, depends on external RPC
[INFO] [stdout] test verifier_tests::test::test_verify_merkle_proof ... ignored, depends on external RPC
[INFO] [stdout] test sdk::test::test_pad_and_unpad ... ok
[INFO] [stdout] test sdk::test::test_pad_and_unpad_empty ... ok
[INFO] [stdout] test sdk::test::test_pad_and_unpad_large ... ok
[INFO] [stdout] test verifier_tests::test::test_verify_security_params_mocked ... FAILED
[INFO] [stdout] test verifier_tests::test::test_verify_batch_mocked ... FAILED
[INFO] [stdout] test verifier_tests::test::test_hash_blob_header_mocked ... FAILED
[INFO] [stdout] test verifier_tests::test::test_verify_commitment_mocked ... FAILED
[INFO] [stdout] test verifier_tests::test::test_verify_merkle_proof_mocked ... FAILED
[INFO] [stdout] test verifier_tests::test::test_inclusion_proof_mocked ... FAILED
[INFO] [stdout] test verifier_tests::test::test_verify_security_params ... FAILED
[INFO] [stdout] 
[INFO] [stdout] failures:
[INFO] [stdout] 
[INFO] [stdout] ---- verifier_tests::test::test_verify_security_params_mocked stdout ----
[INFO] [stdout] 
[INFO] [stdout] thread 'verifier_tests::test::test_verify_security_params_mocked' (4608) panicked at src/verifier_tests.rs:714:65:
[INFO] [stdout] called `Result::unwrap()` on an `Err` value: PointDownloadError("error sending request for url (https://github.com/Layr-Labs/eigenda-proxy/raw/2fd70b99ef5bf137d7bbca3461cf9e1f2c899451/resources/g1.point)")
[INFO] [stdout] stack backtrace:
[INFO] [stdout]    0:     0x5e95d50bf201 - <<std[617be2ca0a6fd877]::sys::backtrace::BacktraceLock>::print::DisplayBacktrace as core[a373ad73a504971]::fmt::Display>::fmt
[INFO] [stdout]    1:     0x5e95d50d57fa - core[a373ad73a504971]::fmt::write
[INFO] [stdout]    2:     0x5e95d50c3d8c - <alloc[2e1b2a31b91974c5]::vec::Vec<u8> as core[a373ad73a504971]::io::write::Write>::write_fmt
[INFO] [stdout]    3:     0x5e95d5099bb6 - std[617be2ca0a6fd877]::panicking::default_hook::{closure#0}
[INFO] [stdout]    4:     0x5e95d50b6ce9 - std[617be2ca0a6fd877]::panicking::default_hook
[INFO] [stdout]    5:     0x5e95d4e55200 - test[aada8e7e76ba119b]::test_main_inner::{closure#0}
[INFO] [stdout]    6:     0x5e95d50b7012 - std[617be2ca0a6fd877]::panicking::panic_with_hook
[INFO] [stdout]    7:     0x5e95d5099c62 - std[617be2ca0a6fd877]::panicking::panic_handler::{closure#0}
[INFO] [stdout]    8:     0x5e95d5092749 - std[617be2ca0a6fd877]::sys::backtrace::__rust_end_short_backtrace::<std[617be2ca0a6fd877]::panicking::panic_handler::{closure#0}, !>
[INFO] [stdout]    9:     0x5e95d509aa5d - __rustc[ea4f61d10b84890b]::rust_begin_unwind
[INFO] [stdout]   10:     0x5e95d50d5f5c - core[a373ad73a504971]::panicking::panic_fmt
[INFO] [stdout]   11:     0x5e95d50d5d32 - core[a373ad73a504971]::result::unwrap_failed
[INFO] [stdout]   12:     0x5e95d4cc8d45 - rust_eigenda_client[ee9874f32916e31e]::verifier_tests::test::test_verify_security_params_mocked::{closure#0}
[INFO] [stdout]   13:     0x5e95d4cdd743 - <tokio[e2cb374523c1167f]::runtime::scheduler::current_thread::Context>::enter::<core[a373ad73a504971]::task::poll::Poll<()>, <tokio[e2cb374523c1167f]::runtime::scheduler::current_thread::CoreGuard>::block_on<core[a373ad73a504971]::pin::Pin<&mut core[a373ad73a504971]::pin::Pin<&mut dyn core[a373ad73a504971]::future::future::Future<Output = ()>>>>::{closure#0}::{closure#0}>
[INFO] [stdout]   14:     0x5e95d4d3fc79 - <std[617be2ca0a6fd877]::thread::local::LocalKey<tokio[e2cb374523c1167f]::runtime::context::Context>>::with::<tokio[e2cb374523c1167f]::runtime::context::set_scheduler<(alloc[2e1b2a31b91974c5]::boxed::Box<tokio[e2cb374523c1167f]::runtime::scheduler::current_thread::Core>, core[a373ad73a504971]::option::Option<()>), <tokio[e2cb374523c1167f]::runtime::scheduler::current_thread::CoreGuard>::enter<<tokio[e2cb374523c1167f]::runtime::scheduler::current_thread::CoreGuard>::block_on<core[a373ad73a504971]::pin::Pin<&mut core[a373ad73a504971]::pin::Pin<&mut dyn core[a373ad73a504971]::future::future::Future<Output = ()>>>>::{closure#0}, core[a373ad73a504971]::option::Option<()>>::{closure#0}>::{closure#0}, (alloc[2e1b2a31b91974c5]::boxed::Box<tokio[e2cb374523c1167f]::runtime::scheduler::current_thread::Core>, core[a373ad73a504971]::option::Option<()>)>
[INFO] [stdout]   15:     0x5e95d4cde4a5 - <tokio[e2cb374523c1167f]::runtime::scheduler::current_thread::CoreGuard>::block_on::<core[a373ad73a504971]::pin::Pin<&mut core[a373ad73a504971]::pin::Pin<&mut dyn core[a373ad73a504971]::future::future::Future<Output = ()>>>>
[INFO] [stdout]   16:     0x5e95d4d487c8 - tokio[e2cb374523c1167f]::runtime::context::runtime::enter_runtime::<<tokio[e2cb374523c1167f]::runtime::scheduler::current_thread::CurrentThread>::block_on<core[a373ad73a504971]::pin::Pin<&mut dyn core[a373ad73a504971]::future::future::Future<Output = ()>>>::{closure#0}, ()>
[INFO] [stdout]   17:     0x5e95d4cdc84b - <tokio[e2cb374523c1167f]::runtime::runtime::Runtime>::block_on::<core[a373ad73a504971]::pin::Pin<&mut dyn core[a373ad73a504971]::future::future::Future<Output = ()>>>
[INFO] [stdout]   18:     0x5e95d4ccceeb - <rust_eigenda_client[ee9874f32916e31e]::verifier_tests::test::test_verify_security_params_mocked::{closure#0} as core[a373ad73a504971]::ops::function::FnOnce<()>>::call_once
[INFO] [stdout]   19:     0x5e95d4e4864b - test[aada8e7e76ba119b]::__rust_begin_short_backtrace::<core[a373ad73a504971]::result::Result<(), alloc[2e1b2a31b91974c5]::string::String>, fn() -> core[a373ad73a504971]::result::Result<(), alloc[2e1b2a31b91974c5]::string::String>>
[INFO] [stdout]   20:     0x5e95d4e55825 - test[aada8e7e76ba119b]::run_test::{closure#0}
[INFO] [stdout]   21:     0x5e95d4e4f114 - std[617be2ca0a6fd877]::sys::backtrace::__rust_begin_short_backtrace::<test[aada8e7e76ba119b]::run_test::{closure#1}, ()>
[INFO] [stdout]   22:     0x5e95d4e588b2 - <std[617be2ca0a6fd877]::thread::lifecycle::spawn_unchecked<test[aada8e7e76ba119b]::run_test::{closure#1}, ()>::{closure#1} as core[a373ad73a504971]::ops::function::FnOnce<()>>::call_once::{shim:vtable#0}
[INFO] [stdout]   23:     0x5e95d50be6af - <std[617be2ca0a6fd877]::sys::thread::unix::Thread>::new::thread_start
[INFO] [stdout]   24:     0x76336f5c0dfa - <unknown>
[INFO] [stdout]   25:     0x76336f6543d4 - clone
[INFO] [stdout]   26:                0x0 - <unknown>
[INFO] [stdout] 
[INFO] [stdout] ---- verifier_tests::test::test_verify_batch_mocked stdout ----
[INFO] [stdout] 
[INFO] [stdout] thread 'verifier_tests::test::test_verify_batch_mocked' (4604) panicked at src/verifier_tests.rs:526:65:
[INFO] [stdout] called `Result::unwrap()` on an `Err` value: PointDownloadError("error sending request for url (https://github.com/Layr-Labs/eigenda-proxy/raw/2fd70b99ef5bf137d7bbca3461cf9e1f2c899451/resources/g1.point)")
[INFO] [stdout] stack backtrace:
[INFO] [stdout]    0:     0x5e95d50bf201 - <<std[617be2ca0a6fd877]::sys::backtrace::BacktraceLock>::print::DisplayBacktrace as core[a373ad73a504971]::fmt::Display>::fmt
[INFO] [stdout]    1:     0x5e95d50d57fa - core[a373ad73a504971]::fmt::write
[INFO] [stdout]    2:     0x5e95d50c3d8c - <alloc[2e1b2a31b91974c5]::vec::Vec<u8> as core[a373ad73a504971]::io::write::Write>::write_fmt
[INFO] [stdout]    3:     0x5e95d5099bb6 - std[617be2ca0a6fd877]::panicking::default_hook::{closure#0}
[INFO] [stdout]    4:     0x5e95d50b6ce9 - std[617be2ca0a6fd877]::panicking::default_hook
[INFO] [stdout]    5:     0x5e95d4e55200 - test[aada8e7e76ba119b]::test_main_inner::{closure#0}
[INFO] [stdout]    6:     0x5e95d50b7012 - std[617be2ca0a6fd877]::panicking::panic_with_hook
[INFO] [stdout]    7:     0x5e95d5099c62 - std[617be2ca0a6fd877]::panicking::panic_handler::{closure#0}
[INFO] [stdout]    8:     0x5e95d5092749 - std[617be2ca0a6fd877]::sys::backtrace::__rust_end_short_backtrace::<std[617be2ca0a6fd877]::panicking::panic_handler::{closure#0}, !>
[INFO] [stdout]    9:     0x5e95d509aa5d - __rustc[ea4f61d10b84890b]::rust_begin_unwind
[INFO] [stdout]   10:     0x5e95d50d5f5c - core[a373ad73a504971]::panicking::panic_fmt
[INFO] [stdout]   11:     0x5e95d50d5d32 - core[a373ad73a504971]::result::unwrap_failed
[INFO] [stdout]   12:     0x5e95d4cc2e99 - rust_eigenda_client[ee9874f32916e31e]::verifier_tests::test::test_verify_batch_mocked::{closure#0}
[INFO] [stdout]   13:     0x5e95d4cdd743 - <tokio[e2cb374523c1167f]::runtime::scheduler::current_thread::Context>::enter::<core[a373ad73a504971]::task::poll::Poll<()>, <tokio[e2cb374523c1167f]::runtime::scheduler::current_thread::CoreGuard>::block_on<core[a373ad73a504971]::pin::Pin<&mut core[a373ad73a504971]::pin::Pin<&mut dyn core[a373ad73a504971]::future::future::Future<Output = ()>>>>::{closure#0}::{closure#0}>
[INFO] [stdout]   14:     0x5e95d4d3fc79 - <std[617be2ca0a6fd877]::thread::local::LocalKey<tokio[e2cb374523c1167f]::runtime::context::Context>>::with::<tokio[e2cb374523c1167f]::runtime::context::set_scheduler<(alloc[2e1b2a31b91974c5]::boxed::Box<tokio[e2cb374523c1167f]::runtime::scheduler::current_thread::Core>, core[a373ad73a504971]::option::Option<()>), <tokio[e2cb374523c1167f]::runtime::scheduler::current_thread::CoreGuard>::enter<<tokio[e2cb374523c1167f]::runtime::scheduler::current_thread::CoreGuard>::block_on<core[a373ad73a504971]::pin::Pin<&mut core[a373ad73a504971]::pin::Pin<&mut dyn core[a373ad73a504971]::future::future::Future<Output = ()>>>>::{closure#0}, core[a373ad73a504971]::option::Option<()>>::{closure#0}>::{closure#0}, (alloc[2e1b2a31b91974c5]::boxed::Box<tokio[e2cb374523c1167f]::runtime::scheduler::current_thread::Core>, core[a373ad73a504971]::option::Option<()>)>
[INFO] [stdout]   15:     0x5e95d4cde4a5 - <tokio[e2cb374523c1167f]::runtime::scheduler::current_thread::CoreGuard>::block_on::<core[a373ad73a504971]::pin::Pin<&mut core[a373ad73a504971]::pin::Pin<&mut dyn core[a373ad73a504971]::future::future::Future<Output = ()>>>>
[INFO] [stdout]   16:     0x5e95d4d487c8 - tokio[e2cb374523c1167f]::runtime::context::runtime::enter_runtime::<<tokio[e2cb374523c1167f]::runtime::scheduler::current_thread::CurrentThread>::block_on<core[a373ad73a504971]::pin::Pin<&mut dyn core[a373ad73a504971]::future::future::Future<Output = ()>>>::{closure#0}, ()>
[INFO] [stdout]   17:     0x5e95d4cdc84b - <tokio[e2cb374523c1167f]::runtime::runtime::Runtime>::block_on::<core[a373ad73a504971]::pin::Pin<&mut dyn core[a373ad73a504971]::future::future::Future<Output = ()>>>
[INFO] [stdout]   18:     0x5e95d4ccc53b - <rust_eigenda_client[ee9874f32916e31e]::verifier_tests::test::test_verify_batch_mocked::{closure#0} as core[a373ad73a504971]::ops::function::FnOnce<()>>::call_once
[INFO] [stdout]   19:     0x5e95d4e4864b - test[aada8e7e76ba119b]::__rust_begin_short_backtrace::<core[a373ad73a504971]::result::Result<(), alloc[2e1b2a31b91974c5]::string::String>, fn() -> core[a373ad73a504971]::result::Result<(), alloc[2e1b2a31b91974c5]::string::String>>
[INFO] [stdout]   20:     0x5e95d4e55825 - test[aada8e7e76ba119b]::run_test::{closure#0}
[INFO] [stdout]   21:     0x5e95d4e4f114 - std[617be2ca0a6fd877]::sys::backtrace::__rust_begin_short_backtrace::<test[aada8e7e76ba119b]::run_test::{closure#1}, ()>
[INFO] [stdout]   22:     0x5e95d4e588b2 - <std[617be2ca0a6fd877]::thread::lifecycle::spawn_unchecked<test[aada8e7e76ba119b]::run_test::{closure#1}, ()>::{closure#1} as core[a373ad73a504971]::ops::function::FnOnce<()>>::call_once::{shim:vtable#0}
[INFO] [stdout]   23:     0x5e95d50be6af - <std[617be2ca0a6fd877]::sys::thread::unix::Thread>::new::thread_start
[INFO] [stdout]   24:     0x76336f5c0dfa - <unknown>
[INFO] [stdout]   25:     0x76336f6543d4 - clone
[INFO] [stdout]   26:                0x0 - <unknown>
[INFO] [stdout] 
[INFO] [stdout] ---- verifier_tests::test::test_hash_blob_header_mocked stdout ----
[INFO] [stdout] 
[INFO] [stdout] thread 'verifier_tests::test::test_hash_blob_header_mocked' (4602) panicked at src/verifier_tests.rs:346:65:
[INFO] [stdout] called `Result::unwrap()` on an `Err` value: PointDownloadError("error sending request for url (https://github.com/Layr-Labs/eigenda-proxy/raw/2fd70b99ef5bf137d7bbca3461cf9e1f2c899451/resources/g1.point)")
[INFO] [stdout] stack backtrace:
[INFO] [stdout]    0:     0x5e95d50bf201 - <<std[617be2ca0a6fd877]::sys::backtrace::BacktraceLock>::print::DisplayBacktrace as core[a373ad73a504971]::fmt::Display>::fmt
[INFO] [stdout]    1:     0x5e95d50d57fa - core[a373ad73a504971]::fmt::write
[INFO] [stdout]    2:     0x5e95d50c3d8c - <alloc[2e1b2a31b91974c5]::vec::Vec<u8> as core[a373ad73a504971]::io::write::Write>::write_fmt
[INFO] [stdout]    3:     0x5e95d5099bb6 - std[617be2ca0a6fd877]::panicking::default_hook::{closure#0}
[INFO] [stdout]    4:     0x5e95d50b6ce9 - std[617be2ca0a6fd877]::panicking::default_hook
[INFO] [stdout]    5:     0x5e95d4e55200 - test[aada8e7e76ba119b]::test_main_inner::{closure#0}
[INFO] [stdout]    6:     0x5e95d50b7012 - std[617be2ca0a6fd877]::panicking::panic_with_hook
[INFO] [stdout]    7:     0x5e95d5099c62 - std[617be2ca0a6fd877]::panicking::panic_handler::{closure#0}
[INFO] [stdout]    8:     0x5e95d5092749 - std[617be2ca0a6fd877]::sys::backtrace::__rust_end_short_backtrace::<std[617be2ca0a6fd877]::panicking::panic_handler::{closure#0}, !>
[INFO] [stdout]    9:     0x5e95d509aa5d - __rustc[ea4f61d10b84890b]::rust_begin_unwind
[INFO] [stdout]   10:     0x5e95d50d5f5c - core[a373ad73a504971]::panicking::panic_fmt
[INFO] [stdout]   11:     0x5e95d50d5d32 - core[a373ad73a504971]::result::unwrap_failed
[INFO] [stdout]   12:     0x5e95d4cc681c - rust_eigenda_client[ee9874f32916e31e]::verifier_tests::test::test_hash_blob_header_mocked::{closure#0}
[INFO] [stdout]   13:     0x5e95d4cdd743 - <tokio[e2cb374523c1167f]::runtime::scheduler::current_thread::Context>::enter::<core[a373ad73a504971]::task::poll::Poll<()>, <tokio[e2cb374523c1167f]::runtime::scheduler::current_thread::CoreGuard>::block_on<core[a373ad73a504971]::pin::Pin<&mut core[a373ad73a504971]::pin::Pin<&mut dyn core[a373ad73a504971]::future::future::Future<Output = ()>>>>::{closure#0}::{closure#0}>
[INFO] [stdout]   14:     0x5e95d4d3fc79 - <std[617be2ca0a6fd877]::thread::local::LocalKey<tokio[e2cb374523c1167f]::runtime::context::Context>>::with::<tokio[e2cb374523c1167f]::runtime::context::set_scheduler<(alloc[2e1b2a31b91974c5]::boxed::Box<tokio[e2cb374523c1167f]::runtime::scheduler::current_thread::Core>, core[a373ad73a504971]::option::Option<()>), <tokio[e2cb374523c1167f]::runtime::scheduler::current_thread::CoreGuard>::enter<<tokio[e2cb374523c1167f]::runtime::scheduler::current_thread::CoreGuard>::block_on<core[a373ad73a504971]::pin::Pin<&mut core[a373ad73a504971]::pin::Pin<&mut dyn core[a373ad73a504971]::future::future::Future<Output = ()>>>>::{closure#0}, core[a373ad73a504971]::option::Option<()>>::{closure#0}>::{closure#0}, (alloc[2e1b2a31b91974c5]::boxed::Box<tokio[e2cb374523c1167f]::runtime::scheduler::current_thread::Core>, core[a373ad73a504971]::option::Option<()>)>
[INFO] [stdout]   15:     0x5e95d4cde4a5 - <tokio[e2cb374523c1167f]::runtime::scheduler::current_thread::CoreGuard>::block_on::<core[a373ad73a504971]::pin::Pin<&mut core[a373ad73a504971]::pin::Pin<&mut dyn core[a373ad73a504971]::future::future::Future<Output = ()>>>>
[INFO] [stdout]   16:     0x5e95d4d487c8 - tokio[e2cb374523c1167f]::runtime::context::runtime::enter_runtime::<<tokio[e2cb374523c1167f]::runtime::scheduler::current_thread::CurrentThread>::block_on<core[a373ad73a504971]::pin::Pin<&mut dyn core[a373ad73a504971]::future::future::Future<Output = ()>>>::{closure#0}, ()>
[INFO] [stdout]   17:     0x5e95d4cdc84b - <tokio[e2cb374523c1167f]::runtime::runtime::Runtime>::block_on::<core[a373ad73a504971]::pin::Pin<&mut dyn core[a373ad73a504971]::future::future::Future<Output = ()>>>
[INFO] [stdout]   18:     0x5e95d4ccca9f - <rust_eigenda_client[ee9874f32916e31e]::verifier_tests::test::test_hash_blob_header_mocked::{closure#0} as core[a373ad73a504971]::ops::function::FnOnce<()>>::call_once
[INFO] [stdout]   19:     0x5e95d4e4864b - test[aada8e7e76ba119b]::__rust_begin_short_backtrace::<core[a373ad73a504971]::result::Result<(), alloc[2e1b2a31b91974c5]::string::String>, fn() -> core[a373ad73a504971]::result::Result<(), alloc[2e1b2a31b91974c5]::string::String>>
[INFO] [stdout]   20:     0x5e95d4e55825 - test[aada8e7e76ba119b]::run_test::{closure#0}
[INFO] [stdout]   21:     0x5e95d4e4f114 - std[617be2ca0a6fd877]::sys::backtrace::__rust_begin_short_backtrace::<test[aada8e7e76ba119b]::run_test::{closure#1}, ()>
[INFO] [stdout]   22:     0x5e95d4e588b2 - <std[617be2ca0a6fd877]::thread::lifecycle::spawn_unchecked<test[aada8e7e76ba119b]::run_test::{closure#1}, ()>::{closure#1} as core[a373ad73a504971]::ops::function::FnOnce<()>>::call_once::{shim:vtable#0}
[INFO] [stdout]   23:     0x5e95d50be6af - <std[617be2ca0a6fd877]::sys::thread::unix::Thread>::new::thread_start
[INFO] [stdout]   24:     0x76336f5c0dfa - <unknown>
[INFO] [stdout]   25:     0x76336f6543d4 - clone
[INFO] [stdout]   26:                0x0 - <unknown>
[INFO] [stdout] 
[INFO] [stdout] ---- verifier_tests::test::test_verify_commitment_mocked stdout ----
[INFO] [stdout] 
[INFO] [stdout] thread 'verifier_tests::test::test_verify_commitment_mocked' (4605) panicked at src/verifier_tests.rs:115:65:
[INFO] [stdout] called `Result::unwrap()` on an `Err` value: PointDownloadError("error sending request for url (https://github.com/Layr-Labs/eigenda-proxy/raw/2fd70b99ef5bf137d7bbca3461cf9e1f2c899451/resources/g1.point)")
[INFO] [stdout] stack backtrace:
[INFO] [stdout]    0:     0x5e95d50bf201 - <<std[617be2ca0a6fd877]::sys::backtrace::BacktraceLock>::print::DisplayBacktrace as core[a373ad73a504971]::fmt::Display>::fmt
[INFO] [stdout]    1:     0x5e95d50d57fa - core[a373ad73a504971]::fmt::write
[INFO] [stdout]    2:     0x5e95d50c3d8c - <alloc[2e1b2a31b91974c5]::vec::Vec<u8> as core[a373ad73a504971]::io::write::Write>::write_fmt
[INFO] [stdout]    3:     0x5e95d5099bb6 - std[617be2ca0a6fd877]::panicking::default_hook::{closure#0}
[INFO] [stdout]    4:     0x5e95d50b6ce9 - std[617be2ca0a6fd877]::panicking::default_hook
[INFO] [stdout]    5:     0x5e95d4e55200 - test[aada8e7e76ba119b]::test_main_inner::{closure#0}
[INFO] [stdout]    6:     0x5e95d50b7012 - std[617be2ca0a6fd877]::panicking::panic_with_hook
[INFO] [stdout]    7:     0x5e95d5099c62 - std[617be2ca0a6fd877]::panicking::panic_handler::{closure#0}
[INFO] [stdout]    8:     0x5e95d5092749 - std[617be2ca0a6fd877]::sys::backtrace::__rust_end_short_backtrace::<std[617be2ca0a6fd877]::panicking::panic_handler::{closure#0}, !>
[INFO] [stdout]    9:     0x5e95d509aa5d - __rustc[ea4f61d10b84890b]::rust_begin_unwind
[INFO] [stdout]   10:     0x5e95d50d5f5c - core[a373ad73a504971]::panicking::panic_fmt
[INFO] [stdout]   11:     0x5e95d50d5d32 - core[a373ad73a504971]::result::unwrap_failed
[INFO] [stdout]   12:     0x5e95d4cc6f29 - rust_eigenda_client[ee9874f32916e31e]::verifier_tests::test::test_verify_commitment_mocked::{closure#0}
[INFO] [stdout]   13:     0x5e95d4cdd743 - <tokio[e2cb374523c1167f]::runtime::scheduler::current_thread::Context>::enter::<core[a373ad73a504971]::task::poll::Poll<()>, <tokio[e2cb374523c1167f]::runtime::scheduler::current_thread::CoreGuard>::block_on<core[a373ad73a504971]::pin::Pin<&mut core[a373ad73a504971]::pin::Pin<&mut dyn core[a373ad73a504971]::future::future::Future<Output = ()>>>>::{closure#0}::{closure#0}>
[INFO] [stdout]   14:     0x5e95d4d3fc79 - <std[617be2ca0a6fd877]::thread::local::LocalKey<tokio[e2cb374523c1167f]::runtime::context::Context>>::with::<tokio[e2cb374523c1167f]::runtime::context::set_scheduler<(alloc[2e1b2a31b91974c5]::boxed::Box<tokio[e2cb374523c1167f]::runtime::scheduler::current_thread::Core>, core[a373ad73a504971]::option::Option<()>), <tokio[e2cb374523c1167f]::runtime::scheduler::current_thread::CoreGuard>::enter<<tokio[e2cb374523c1167f]::runtime::scheduler::current_thread::CoreGuard>::block_on<core[a373ad73a504971]::pin::Pin<&mut core[a373ad73a504971]::pin::Pin<&mut dyn core[a373ad73a504971]::future::future::Future<Output = ()>>>>::{closure#0}, core[a373ad73a504971]::option::Option<()>>::{closure#0}>::{closure#0}, (alloc[2e1b2a31b91974c5]::boxed::Box<tokio[e2cb374523c1167f]::runtime::scheduler::current_thread::Core>, core[a373ad73a504971]::option::Option<()>)>
[INFO] [stdout]   15:     0x5e95d4cde4a5 - <tokio[e2cb374523c1167f]::runtime::scheduler::current_thread::CoreGuard>::block_on::<core[a373ad73a504971]::pin::Pin<&mut core[a373ad73a504971]::pin::Pin<&mut dyn core[a373ad73a504971]::future::future::Future<Output = ()>>>>
[INFO] [stdout]   16:     0x5e95d4d487c8 - tokio[e2cb374523c1167f]::runtime::context::runtime::enter_runtime::<<tokio[e2cb374523c1167f]::runtime::scheduler::current_thread::CurrentThread>::block_on<core[a373ad73a504971]::pin::Pin<&mut dyn core[a373ad73a504971]::future::future::Future<Output = ()>>>::{closure#0}, ()>
[INFO] [stdout]   17:     0x5e95d4cdc84b - <tokio[e2cb374523c1167f]::runtime::runtime::Runtime>::block_on::<core[a373ad73a504971]::pin::Pin<&mut dyn core[a373ad73a504971]::future::future::Future<Output = ()>>>
[INFO] [stdout]   18:     0x5e95d4cccc0f - <rust_eigenda_client[ee9874f32916e31e]::verifier_tests::test::test_verify_commitment_mocked::{closure#0} as core[a373ad73a504971]::ops::function::FnOnce<()>>::call_once
[INFO] [stdout]   19:     0x5e95d4e4864b - test[aada8e7e76ba119b]::__rust_begin_short_backtrace::<core[a373ad73a504971]::result::Result<(), alloc[2e1b2a31b91974c5]::string::String>, fn() -> core[a373ad73a504971]::result::Result<(), alloc[2e1b2a31b91974c5]::string::String>>
[INFO] [stdout]   20:     0x5e95d4e55825 - test[aada8e7e76ba119b]::run_test::{closure#0}
[INFO] [stdout]   21:     0x5e95d4e4f114 - std[617be2ca0a6fd877]::sys::backtrace::__rust_begin_short_backtrace::<test[aada8e7e76ba119b]::run_test::{closure#1}, ()>
[INFO] [stdout]   22:     0x5e95d4e588b2 - <std[617be2ca0a6fd877]::thread::lifecycle::spawn_unchecked<test[aada8e7e76ba119b]::run_test::{closure#1}, ()>::{closure#1} as core[a373ad73a504971]::ops::function::FnOnce<()>>::call_once::{shim:vtable#0}
[INFO] [stdout]   23:     0x5e95d50be6af - <std[617be2ca0a6fd877]::sys::thread::unix::Thread>::new::thread_start
[INFO] [stdout]   24:     0x76336f5c0dfa - <unknown>
[INFO] [stdout]   25:     0x76336f6543d4 - clone
[INFO] [stdout]   26:                0x0 - <unknown>
[INFO] [stdout] 
[INFO] [stdout] ---- verifier_tests::test::test_verify_merkle_proof_mocked stdout ----
[INFO] [stdout] 
[INFO] [stdout] thread 'verifier_tests::test::test_verify_merkle_proof_mocked' (4606) panicked at src/verifier_tests.rs:222:65:
[INFO] [stdout] called `Result::unwrap()` on an `Err` value: PointDownloadError("error sending request for url (https://github.com/Layr-Labs/eigenda-proxy/raw/2fd70b99ef5bf137d7bbca3461cf9e1f2c899451/resources/g1.point)")
[INFO] [stdout] stack backtrace:
[INFO] [stdout]    0:     0x5e95d50bf201 - <<std[617be2ca0a6fd877]::sys::backtrace::BacktraceLock>::print::DisplayBacktrace as core[a373ad73a504971]::fmt::Display>::fmt
[INFO] [stdout]    1:     0x5e95d50d57fa - core[a373ad73a504971]::fmt::write
[INFO] [stdout]    2:     0x5e95d50c3d8c - <alloc[2e1b2a31b91974c5]::vec::Vec<u8> as core[a373ad73a504971]::io::write::Write>::write_fmt
[INFO] [stdout]    3:     0x5e95d5099bb6 - std[617be2ca0a6fd877]::panicking::default_hook::{closure#0}
[INFO] [stdout]    4:     0x5e95d50b6ce9 - std[617be2ca0a6fd877]::panicking::default_hook
[INFO] [stdout]    5:     0x5e95d4e55200 - test[aada8e7e76ba119b]::test_main_inner::{closure#0}
[INFO] [stdout]    6:     0x5e95d50b7012 - std[617be2ca0a6fd877]::panicking::panic_with_hook
[INFO] [stdout]    7:     0x5e95d5099c62 - std[617be2ca0a6fd877]::panicking::panic_handler::{closure#0}
[INFO] [stdout]    8:     0x5e95d5092749 - std[617be2ca0a6fd877]::sys::backtrace::__rust_end_short_backtrace::<std[617be2ca0a6fd877]::panicking::panic_handler::{closure#0}, !>
[INFO] [stdout]    9:     0x5e95d509aa5d - __rustc[ea4f61d10b84890b]::rust_begin_unwind
[INFO] [stdout]   10:     0x5e95d50d5f5c - core[a373ad73a504971]::panicking::panic_fmt
[INFO] [stdout]   11:     0x5e95d50d5d32 - core[a373ad73a504971]::result::unwrap_failed
[INFO] [stdout]   12:     0x5e95d4cc796a - rust_eigenda_client[ee9874f32916e31e]::verifier_tests::test::test_verify_merkle_proof_mocked::{closure#0}
[INFO] [stdout]   13:     0x5e95d4cdd743 - <tokio[e2cb374523c1167f]::runtime::scheduler::current_thread::Context>::enter::<core[a373ad73a504971]::task::poll::Poll<()>, <tokio[e2cb374523c1167f]::runtime::scheduler::current_thread::CoreGuard>::block_on<core[a373ad73a504971]::pin::Pin<&mut core[a373ad73a504971]::pin::Pin<&mut dyn core[a373ad73a504971]::future::future::Future<Output = ()>>>>::{closure#0}::{closure#0}>
[INFO] [stdout]   14:     0x5e95d4d3fc79 - <std[617be2ca0a6fd877]::thread::local::LocalKey<tokio[e2cb374523c1167f]::runtime::context::Context>>::with::<tokio[e2cb374523c1167f]::runtime::context::set_scheduler<(alloc[2e1b2a31b91974c5]::boxed::Box<tokio[e2cb374523c1167f]::runtime::scheduler::current_thread::Core>, core[a373ad73a504971]::option::Option<()>), <tokio[e2cb374523c1167f]::runtime::scheduler::current_thread::CoreGuard>::enter<<tokio[e2cb374523c1167f]::runtime::scheduler::current_thread::CoreGuard>::block_on<core[a373ad73a504971]::pin::Pin<&mut core[a373ad73a504971]::pin::Pin<&mut dyn core[a373ad73a504971]::future::future::Future<Output = ()>>>>::{closure#0}, core[a373ad73a504971]::option::Option<()>>::{closure#0}>::{closure#0}, (alloc[2e1b2a31b91974c5]::boxed::Box<tokio[e2cb374523c1167f]::runtime::scheduler::current_thread::Core>, core[a373ad73a504971]::option::Option<()>)>
[INFO] [stdout]   15:     0x5e95d4cde4a5 - <tokio[e2cb374523c1167f]::runtime::scheduler::current_thread::CoreGuard>::block_on::<core[a373ad73a504971]::pin::Pin<&mut core[a373ad73a504971]::pin::Pin<&mut dyn core[a373ad73a504971]::future::future::Future<Output = ()>>>>
[INFO] [stdout]   16:     0x5e95d4d487c8 - tokio[e2cb374523c1167f]::runtime::context::runtime::enter_runtime::<<tokio[e2cb374523c1167f]::runtime::scheduler::current_thread::CurrentThread>::block_on<core[a373ad73a504971]::pin::Pin<&mut dyn core[a373ad73a504971]::future::future::Future<Output = ()>>>::{closure#0}, ()>
[INFO] [stdout]   17:     0x5e95d4cdc84b - <tokio[e2cb374523c1167f]::runtime::runtime::Runtime>::block_on::<core[a373ad73a504971]::pin::Pin<&mut dyn core[a373ad73a504971]::future::future::Future<Output = ()>>>
[INFO] [stdout]   18:     0x5e95d4cccd7f - <rust_eigenda_client[ee9874f32916e31e]::verifier_tests::test::test_verify_merkle_proof_mocked::{closure#0} as core[a373ad73a504971]::ops::function::FnOnce<()>>::call_once
[INFO] [stdout]   19:     0x5e95d4e4864b - test[aada8e7e76ba119b]::__rust_begin_short_backtrace::<core[a373ad73a504971]::result::Result<(), alloc[2e1b2a31b91974c5]::string::String>, fn() -> core[a373ad73a504971]::result::Result<(), alloc[2e1b2a31b91974c5]::string::String>>
[INFO] [stdout]   20:     0x5e95d4e55825 - test[aada8e7e76ba119b]::run_test::{closure#0}
[INFO] [stdout]   21:     0x5e95d4e4f114 - std[617be2ca0a6fd877]::sys::backtrace::__rust_begin_short_backtrace::<test[aada8e7e76ba119b]::run_test::{closure#1}, ()>
[INFO] [stdout]   22:     0x5e95d4e588b2 - <std[617be2ca0a6fd877]::thread::lifecycle::spawn_unchecked<test[aada8e7e76ba119b]::run_test::{closure#1}, ()>::{closure#1} as core[a373ad73a504971]::ops::function::FnOnce<()>>::call_once::{shim:vtable#0}
[INFO] [stdout]   23:     0x5e95d50be6af - <std[617be2ca0a6fd877]::sys::thread::unix::Thread>::new::thread_start
[INFO] [stdout]   24:     0x76336f5c0dfa - <unknown>
[INFO] [stdout]   25:     0x76336f6543d4 - clone
[INFO] [stdout]   26:                0x0 - <unknown>
[INFO] [stdout] 
[INFO] [stdout] ---- verifier_tests::test::test_inclusion_proof_mocked stdout ----
[INFO] [stdout] 
[INFO] [stdout] thread 'verifier_tests::test::test_inclusion_proof_mocked' (4603) panicked at src/verifier_tests.rs:408:65:
[INFO] [stdout] called `Result::unwrap()` on an `Err` value: PointDownloadError("error sending request for url (https://github.com/Layr-Labs/eigenda-proxy/raw/2fd70b99ef5bf137d7bbca3461cf9e1f2c899451/resources/g1.point)")
[INFO] [stdout] stack backtrace:
[INFO] [stdout]    0:     0x5e95d50bf201 - <<std[617be2ca0a6fd877]::sys::backtrace::BacktraceLock>::print::DisplayBacktrace as core[a373ad73a504971]::fmt::Display>::fmt
[INFO] [stdout]    1:     0x5e95d50d57fa - core[a373ad73a504971]::fmt::write
[INFO] [stdout]    2:     0x5e95d50c3d8c - <alloc[2e1b2a31b91974c5]::vec::Vec<u8> as core[a373ad73a504971]::io::write::Write>::write_fmt
[INFO] [stdout]    3:     0x5e95d5099bb6 - std[617be2ca0a6fd877]::panicking::default_hook::{closure#0}
[INFO] [stdout]    4:     0x5e95d50b6ce9 - std[617be2ca0a6fd877]::panicking::default_hook
[INFO] [stdout]    5:     0x5e95d4e55200 - test[aada8e7e76ba119b]::test_main_inner::{closure#0}
[INFO] [stdout]    6:     0x5e95d50b7012 - std[617be2ca0a6fd877]::panicking::panic_with_hook
[INFO] [stdout]    7:     0x5e95d5099c62 - std[617be2ca0a6fd877]::panicking::panic_handler::{closure#0}
[INFO] [stdout]    8:     0x5e95d5092749 - std[617be2ca0a6fd877]::sys::backtrace::__rust_end_short_backtrace::<std[617be2ca0a6fd877]::panicking::panic_handler::{closure#0}, !>
[INFO] [stdout]    9:     0x5e95d509aa5d - __rustc[ea4f61d10b84890b]::rust_begin_unwind
[INFO] [stdout]   10:     0x5e95d50d5f5c - core[a373ad73a504971]::panicking::panic_fmt
[INFO] [stdout]   11:     0x5e95d50d5d32 - core[a373ad73a504971]::result::unwrap_failed
[INFO] [stdout]   12:     0x5e95d4cc4719 - rust_eigenda_client[ee9874f32916e31e]::verifier_tests::test::test_inclusion_proof_mocked::{closure#0}
[INFO] [stdout]   13:     0x5e95d4cdd743 - <tokio[e2cb374523c1167f]::runtime::scheduler::current_thread::Context>::enter::<core[a373ad73a504971]::task::poll::Poll<()>, <tokio[e2cb374523c1167f]::runtime::scheduler::current_thread::CoreGuard>::block_on<core[a373ad73a504971]::pin::Pin<&mut core[a373ad73a504971]::pin::Pin<&mut dyn core[a373ad73a504971]::future::future::Future<Output = ()>>>>::{closure#0}::{closure#0}>
[INFO] [stdout]   14:     0x5e95d4d3fc79 - <std[617be2ca0a6fd877]::thread::local::LocalKey<tokio[e2cb374523c1167f]::runtime::context::Context>>::with::<tokio[e2cb374523c1167f]::runtime::context::set_scheduler<(alloc[2e1b2a31b91974c5]::boxed::Box<tokio[e2cb374523c1167f]::runtime::scheduler::current_thread::Core>, core[a373ad73a504971]::option::Option<()>), <tokio[e2cb374523c1167f]::runtime::scheduler::current_thread::CoreGuard>::enter<<tokio[e2cb374523c1167f]::runtime::scheduler::current_thread::CoreGuard>::block_on<core[a373ad73a504971]::pin::Pin<&mut core[a373ad73a504971]::pin::Pin<&mut dyn core[a373ad73a504971]::future::future::Future<Output = ()>>>>::{closure#0}, core[a373ad73a504971]::option::Option<()>>::{closure#0}>::{closure#0}, (alloc[2e1b2a31b91974c5]::boxed::Box<tokio[e2cb374523c1167f]::runtime::scheduler::current_thread::Core>, core[a373ad73a504971]::option::Option<()>)>
[INFO] [stdout]   15:     0x5e95d4cde4a5 - <tokio[e2cb374523c1167f]::runtime::scheduler::current_thread::CoreGuard>::block_on::<core[a373ad73a504971]::pin::Pin<&mut core[a373ad73a504971]::pin::Pin<&mut dyn core[a373ad73a504971]::future::future::Future<Output = ()>>>>
[INFO] [stdout]   16:     0x5e95d4d487c8 - tokio[e2cb374523c1167f]::runtime::context::runtime::enter_runtime::<<tokio[e2cb374523c1167f]::runtime::scheduler::current_thread::CurrentThread>::block_on<core[a373ad73a504971]::pin::Pin<&mut dyn core[a373ad73a504971]::future::future::Future<Output = ()>>>::{closure#0}, ()>
[INFO] [stdout]   17:     0x5e95d4cdc84b - <tokio[e2cb374523c1167f]::runtime::runtime::Runtime>::block_on::<core[a373ad73a504971]::pin::Pin<&mut dyn core[a373ad73a504971]::future::future::Future<Output = ()>>>
[INFO] [stdout]   18:     0x5e95d4ccc7ef - <rust_eigenda_client[ee9874f32916e31e]::verifier_tests::test::test_inclusion_proof_mocked::{closure#0} as core[a373ad73a504971]::ops::function::FnOnce<()>>::call_once
[INFO] [stdout]   19:     0x5e95d4e4864b - test[aada8e7e76ba119b]::__rust_begin_short_backtrace::<core[a373ad73a504971]::result::Result<(), alloc[2e1b2a31b91974c5]::string::String>, fn() -> core[a373ad73a504971]::result::Result<(), alloc[2e1b2a31b91974c5]::string::String>>
[INFO] [stdout]   20:     0x5e95d4e55825 - test[aada8e7e76ba119b]::run_test::{closure#0}
[INFO] [stdout]   21:     0x5e95d4e4f114 - std[617be2ca0a6fd877]::sys::backtrace::__rust_begin_short_backtrace::<test[aada8e7e76ba119b]::run_test::{closure#1}, ()>
[INFO] [stdout]   22:     0x5e95d4e588b2 - <std[617be2ca0a6fd877]::thread::lifecycle::spawn_unchecked<test[aada8e7e76ba119b]::run_test::{closure#1}, ()>::{closure#1} as core[a373ad73a504971]::ops::function::FnOnce<()>>::call_once::{shim:vtable#0}
[INFO] [stdout]   23:     0x5e95d50be6af - <std[617be2ca0a6fd877]::sys::thread::unix::Thread>::new::thread_start
[INFO] [stdout]   24:     0x76336f5c0dfa - <unknown>
[INFO] [stdout]   25:     0x76336f6543d4 - clone
[INFO] [stdout]   26:                0x0 - <unknown>
[INFO] [stdout] 
[INFO] [stdout] ---- verifier_tests::test::test_verify_security_params stdout ----
[INFO] [stdout] 
[INFO] [stdout] thread 'verifier_tests::test::test_verify_security_params' (4607) panicked at src/verifier_tests.rs:611:61:
[INFO] [stdout] called `Result::unwrap()` on an `Err` value: PointDownloadError("error sending request for url (https://github.com/Layr-Labs/eigenda-proxy/raw/2fd70b99ef5bf137d7bbca3461cf9e1f2c899451/resources/g1.point)")
[INFO] [stdout] stack backtrace:
[INFO] [stdout]    0:     0x5e95d50bf201 - <<std[617be2ca0a6fd877]::sys::backtrace::BacktraceLock>::print::DisplayBacktrace as core[a373ad73a504971]::fmt::Display>::fmt
[INFO] [stdout]    1:     0x5e95d50d57fa - core[a373ad73a504971]::fmt::write
[INFO] [stdout]    2:     0x5e95d50c3d8c - <alloc[2e1b2a31b91974c5]::vec::Vec<u8> as core[a373ad73a504971]::io::write::Write>::write_fmt
[INFO] [stdout]    3:     0x5e95d5099bb6 - std[617be2ca0a6fd877]::panicking::default_hook::{closure#0}
[INFO] [stdout]    4:     0x5e95d50b6ce9 - std[617be2ca0a6fd877]::panicking::default_hook
[INFO] [stdout]    5:     0x5e95d4e55200 - test[aada8e7e76ba119b]::test_main_inner::{closure#0}
[INFO] [stdout]    6:     0x5e95d50b7012 - std[617be2ca0a6fd877]::panicking::panic_with_hook
[INFO] [stdout]    7:     0x5e95d5099c62 - std[617be2ca0a6fd877]::panicking::panic_handler::{closure#0}
[INFO] [stdout]    8:     0x5e95d5092749 - std[617be2ca0a6fd877]::sys::backtrace::__rust_end_short_backtrace::<std[617be2ca0a6fd877]::panicking::panic_handler::{closure#0}, !>
[INFO] [stdout]    9:     0x5e95d509aa5d - __rustc[ea4f61d10b84890b]::rust_begin_unwind
[INFO] [stdout]   10:     0x5e95d50d5f5c - core[a373ad73a504971]::panicking::panic_fmt
[INFO] [stdout]   11:     0x5e95d50d5d32 - core[a373ad73a504971]::result::unwrap_failed
[INFO] [stdout]   12:     0x5e95d4cc57f1 - rust_eigenda_client[ee9874f32916e31e]::verifier_tests::test::test_verify_security_params::{closure#0}
[INFO] [stdout]   13:     0x5e95d4cdd743 - <tokio[e2cb374523c1167f]::runtime::scheduler::current_thread::Context>::enter::<core[a373ad73a504971]::task::poll::Poll<()>, <tokio[e2cb374523c1167f]::runtime::scheduler::current_thread::CoreGuard>::block_on<core[a373ad73a504971]::pin::Pin<&mut core[a373ad73a504971]::pin::Pin<&mut dyn core[a373ad73a504971]::future::future::Future<Output = ()>>>>::{closure#0}::{closure#0}>
[INFO] [stdout]   14:     0x5e95d4d3fc79 - <std[617be2ca0a6fd877]::thread::local::LocalKey<tokio[e2cb374523c1167f]::runtime::context::Context>>::with::<tokio[e2cb374523c1167f]::runtime::context::set_scheduler<(alloc[2e1b2a31b91974c5]::boxed::Box<tokio[e2cb374523c1167f]::runtime::scheduler::current_thread::Core>, core[a373ad73a504971]::option::Option<()>), <tokio[e2cb374523c1167f]::runtime::scheduler::current_thread::CoreGuard>::enter<<tokio[e2cb374523c1167f]::runtime::scheduler::current_thread::CoreGuard>::block_on<core[a373ad73a504971]::pin::Pin<&mut core[a373ad73a504971]::pin::Pin<&mut dyn core[a373ad73a504971]::future::future::Future<Output = ()>>>>::{closure#0}, core[a373ad73a504971]::option::Option<()>>::{closure#0}>::{closure#0}, (alloc[2e1b2a31b91974c5]::boxed::Box<tokio[e2cb374523c1167f]::runtime::scheduler::current_thread::Core>, core[a373ad73a504971]::option::Option<()>)>
[INFO] [stdout]   15:     0x5e95d4cde4a5 - <tokio[e2cb374523c1167f]::runtime::scheduler::current_thread::CoreGuard>::block_on::<core[a373ad73a504971]::pin::Pin<&mut core[a373ad73a504971]::pin::Pin<&mut dyn core[a373ad73a504971]::future::future::Future<Output = ()>>>>
[INFO] [stdout]   16:     0x5e95d4d487c8 - tokio[e2cb374523c1167f]::runtime::context::runtime::enter_runtime::<<tokio[e2cb374523c1167f]::runtime::scheduler::current_thread::CurrentThread>::block_on<core[a373ad73a504971]::pin::Pin<&mut dyn core[a373ad73a504971]::future::future::Future<Output = ()>>>::{closure#0}, ()>
[INFO] [stdout]   17:     0x5e95d4cdc84b - <tokio[e2cb374523c1167f]::runtime::runtime::Runtime>::block_on::<core[a373ad73a504971]::pin::Pin<&mut dyn core[a373ad73a504971]::future::future::Future<Output = ()>>>
[INFO] [stdout]   18:     0x5e95d4ccc95b - <rust_eigenda_client[ee9874f32916e31e]::verifier_tests::test::test_verify_security_params::{closure#0} as core[a373ad73a504971]::ops::function::FnOnce<()>>::call_once
[INFO] [stdout]   19:     0x5e95d4e4864b - test[aada8e7e76ba119b]::__rust_begin_short_backtrace::<core[a373ad73a504971]::result::Result<(), alloc[2e1b2a31b91974c5]::string::String>, fn() -> core[a373ad73a504971]::result::Result<(), alloc[2e1b2a31b91974c5]::string::String>>
[INFO] [stdout]   20:     0x5e95d4e55825 - test[aada8e7e76ba119b]::run_test::{closure#0}
[INFO] [stdout]   21:     0x5e95d4e4f114 - std[617be2ca0a6fd877]::sys::backtrace::__rust_begin_short_backtrace::<test[aada8e7e76ba119b]::run_test::{closure#1}, ()>
[INFO] [stdout]   22:     0x5e95d4e588b2 - <std[617be2ca0a6fd877]::thread::lifecycle::spawn_unchecked<test[aada8e7e76ba119b]::run_test::{closure#1}, ()>::{closure#1} as core[a373ad73a504971]::ops::function::FnOnce<()>>::call_once::{shim:vtable#0}
[INFO] [stdout]   23:     0x5e95d50be6af - <std[617be2ca0a6fd877]::sys::thread::unix::Thread>::new::thread_start
[INFO] [stdout]   24:     0x76336f5c0dfa - <unknown>
[INFO] [stdout]   25:     0x76336f6543d4 - clone
[INFO] [stdout]   26:                0x0 - <unknown>
[INFO] [stdout] 
[INFO] [stdout] 
[INFO] [stdout] failures:
[INFO] [stdout]     verifier_tests::test::test_hash_blob_header_mocked
[INFO] [stdout]     verifier_tests::test::test_inclusion_proof_mocked
[INFO] [stdout]     verifier_tests::test::test_verify_batch_mocked
[INFO] [stdout]     verifier_tests::test::test_verify_commitment_mocked
[INFO] [stdout]     verifier_tests::test::test_verify_merkle_proof_mocked
[INFO] [stdout]     verifier_tests::test::test_verify_security_params
[INFO] [stdout]     verifier_tests::test::test_verify_security_params_mocked
[INFO] [stdout] 
[INFO] [stdout] test result: FAILED. 3 passed; 7 failed; 12 ignored; 0 measured; 0 filtered out; finished in 0.21s
[INFO] [stdout] 
[INFO] [stderr] error: test failed, to rerun pass `--lib`
[INFO] running `Command { std: "docker" "inspect" "02d0795dccc256d8ced7ae1a708c5a19426449c4e3008a06cd650f90f7f1aba0", kill_on_drop: false }`
[INFO] running `Command { std: "docker" "rm" "-f" "02d0795dccc256d8ced7ae1a708c5a19426449c4e3008a06cd650f90f7f1aba0", kill_on_drop: false }`
[INFO] [stdout] 02d0795dccc256d8ced7ae1a708c5a19426449c4e3008a06cd650f90f7f1aba0
