[INFO] fetching crate rust-dice 0.1.8...
[INFO] testing rust-dice-0.1.8 against 1.100.0-beta.1+cargoflags=--release for beta-release-1.100-2
[INFO] extracting crate rust-dice 0.1.8 into /workspace/builds/worker-1-tc2/source
[INFO] started tweaking crates.io crate rust-dice 0.1.8
[INFO] finished tweaking crates.io crate rust-dice 0.1.8
[INFO] tweaked toml for crates.io crate rust-dice 0.1.8 written to /workspace/builds/worker-1-tc2/source/Cargo.toml
[INFO] validating manifest of crates.io crate rust-dice 0.1.8 on toolchain 1.100.0-beta.1
[INFO] running `Command { std: CARGO_HOME="/workspace/cargo-home" RUSTUP_HOME="/workspace/rustup-home" "/workspace/cargo-home/bin/cargo" "+1.100.0-beta.1" "metadata" "--manifest-path" "Cargo.toml" "--no-deps", kill_on_drop: false }`
[INFO] crate crates.io crate rust-dice 0.1.8 already has a lockfile, it will not be regenerated
[INFO] running `Command { std: CARGO_HOME="/workspace/cargo-home" RUSTUP_HOME="/workspace/rustup-home" "/workspace/cargo-home/bin/cargo" "+1.100.0-beta.1" "fetch" "--manifest-path" "Cargo.toml", kill_on_drop: false }`
[INFO] running `Command { std: "docker" "create" "-v" "/var/lib/crater-agent-workspace/builds/worker-1-tc2/source:/opt/rustwide/workdir:ro,Z" "-v" "/var/lib/crater-agent-workspace/builds/worker-1-tc2/target:/opt/rustwide/target:rw,Z" "-v" "/var/lib/crater-agent-workspace/cargo-home:/opt/rustwide/cargo-home:ro,Z" "-v" "/var/lib/crater-agent-workspace/rustup-home:/opt/rustwide/rustup-home:ro,Z" "-m" "1610612736" "--network" "none" "ghcr.io/rust-lang/crates-build-env/linux@sha256:77db811e55d90add9212f6832c23229e3de5f1c1f9905e8cb07319ea15df73ac" "sleep" "infinity", kill_on_drop: false }`
[INFO] [stdout] edf4ad3304527e3116d5c1de6d9f2790acd6c570141ff3fafd9b27a6186e9d9f
[INFO] running `Command { std: "docker" "start" "edf4ad3304527e3116d5c1de6d9f2790acd6c570141ff3fafd9b27a6186e9d9f", kill_on_drop: false }`
[INFO] running `Command { std: "docker" "inspect" "edf4ad3304527e3116d5c1de6d9f2790acd6c570141ff3fafd9b27a6186e9d9f", kill_on_drop: false }`
[INFO] running `Command { std: "docker" "exec" "-e" "SOURCE_DIR=/opt/rustwide/workdir" "-e" "CARGO_HOME=/opt/rustwide/cargo-home" "-e" "RUSTUP_HOME=/opt/rustwide/rustup-home" "-e" "CARGO_TARGET_DIR=/opt/rustwide/target" "-w" "/opt/rustwide/workdir" "--user" "0:0" "edf4ad3304527e3116d5c1de6d9f2790acd6c570141ff3fafd9b27a6186e9d9f" "/opt/rustwide/cargo-home/bin/cargo" "+1.100.0-beta.1" "metadata" "--no-deps" "--format-version=1", kill_on_drop: false }`
[INFO] running `Command { std: "docker" "inspect" "edf4ad3304527e3116d5c1de6d9f2790acd6c570141ff3fafd9b27a6186e9d9f", kill_on_drop: false }`
[INFO] running `Command { std: "docker" "exec" "-e" "SOURCE_DIR=/opt/rustwide/workdir" "-e" "CARGO_HOME=/opt/rustwide/cargo-home" "-e" "RUSTUP_HOME=/opt/rustwide/rustup-home" "-e" "CARGO_TARGET_DIR=/opt/rustwide/target" "-e" "CARGO_INCREMENTAL=0" "-e" "RUST_BACKTRACE=full" "-e" "RUSTFLAGS=--cap-lints=warn" "-e" "RUSTDOCFLAGS=--cap-lints=warn" "-w" "/opt/rustwide/workdir" "--user" "0:0" "edf4ad3304527e3116d5c1de6d9f2790acd6c570141ff3fafd9b27a6186e9d9f" "/opt/rustwide/cargo-home/bin/cargo" "+1.100.0-beta.1" "build" "--frozen" "--message-format=json" "--release", kill_on_drop: false }`
[INFO] [stderr]    Compiling zeroize v1.9.0
[INFO] [stderr]    Compiling subtle v2.6.1
[INFO] [stderr]    Compiling rand_core v0.10.1
[INFO] [stderr]    Compiling cmov v0.5.4
[INFO] [stderr]    Compiling const-oid v0.10.2
[INFO] [stderr]    Compiling base64ct v1.8.3
[INFO] [stderr]    Compiling cpubits v0.1.1
[INFO] [stderr]    Compiling base16ct v1.0.0
[INFO] [stderr]    Compiling cpufeatures v0.3.0
[INFO] [stderr]    Compiling zerocopy v0.8.52
[INFO] [stderr]    Compiling fiat-crypto v0.3.0
[INFO] [stderr]    Compiling cty v0.2.2
[INFO] [stderr]    Compiling num-traits v0.2.19
[INFO] [stderr]    Compiling hybrid-array v0.4.12
[INFO] [stderr]    Compiling ff v0.14.0
[INFO] [stderr]    Compiling ctutils v0.4.2
[INFO] [stderr]    Compiling group v0.14.0
[INFO] [stderr]    Compiling pem-rfc7468 v1.0.0
[INFO] [stderr]    Compiling der v0.8.0
[INFO] [stderr]    Compiling crypto-common v0.2.2
[INFO] [stderr]    Compiling block-buffer v0.12.1
[INFO] [stderr]    Compiling inout v0.2.2
[INFO] [stderr]    Compiling dbl v0.5.0
[INFO] [stderr]    Compiling crypto-bigint v0.7.5
[INFO] [stderr]    Compiling digest v0.11.3
[INFO] [stderr]    Compiling cipher v0.5.2
[INFO] [stderr]    Compiling universal-hash v0.6.1
[INFO] [stderr]    Compiling aead v0.6.1
[INFO] [stderr]    Compiling polyval v0.7.1
[INFO] [stderr]    Compiling ghash v0.6.0
[INFO] [stderr]    Compiling hmac v0.13.0
[INFO] [stderr]    Compiling signature v3.0.0
[INFO] [stderr]    Compiling sha2 v0.11.0
[INFO] [stderr]    Compiling sm3 v0.5.0
[INFO] [stderr]    Compiling md-5 v0.11.0
[INFO] [stderr]    Compiling sha1 v0.11.0
[INFO] [stderr]    Compiling ctr v0.10.1
[INFO] [stderr]    Compiling sm4 v0.6.0
[INFO] [stderr]    Compiling des v0.9.0
[INFO] [stderr]    Compiling aes v0.9.1
[INFO] [stderr]    Compiling cmac v0.8.0
[INFO] [stderr]    Compiling spki v0.8.0
[INFO] [stderr]    Compiling sec1 v0.8.1
[INFO] [stderr]    Compiling hkdf v0.13.0
[INFO] [stderr]    Compiling rfc6979 v0.6.0-pre.0
[INFO] [stderr]    Compiling pkcs8 v0.11.0
[INFO] [stderr]    Compiling pkcs1 v0.8.0-rc.4
[INFO] [stderr]    Compiling ccm v0.6.0-rc.3
[INFO] [stderr]    Compiling elliptic-curve v0.14.0-rc.36
[INFO] [stderr]    Compiling primefield v0.14.0-rc.13
[INFO] [stderr]    Compiling crypto-primes v0.7.2
[INFO] [stderr]    Compiling ppv-lite86 v0.2.21
[INFO] [stderr]    Compiling rand_chacha v0.10.0
[INFO] [stderr]    Compiling primeorder v0.14.0-rc.13
[INFO] [stderr]    Compiling ecdsa v0.17.0-rc.21
[INFO] [stderr]    Compiling rsa v0.10.0-rc.18
[INFO] [stderr]    Compiling p521 v0.14.0-rc.13
[INFO] [stderr]    Compiling p384 v0.14.0-rc.13
[INFO] [stderr]    Compiling p224 v0.14.0-rc.13
[INFO] [stderr]    Compiling p256 v0.14.0-rc.13
[INFO] [stderr]    Compiling p192 v0.14.0-rc.13
[INFO] [stderr]    Compiling sm2 v0.14.0-rc.13
[INFO] [stderr]    Compiling tee_crypto v0.1.1
[INFO] [stderr]    Compiling rust-dice v0.1.8 (/opt/rustwide/workdir)
[INFO] [stderr]     Finished `release` profile [optimized] target(s) in 1m 01s
[INFO] running `Command { std: "docker" "inspect" "edf4ad3304527e3116d5c1de6d9f2790acd6c570141ff3fafd9b27a6186e9d9f", kill_on_drop: false }`
[INFO] running `Command { std: "docker" "exec" "-e" "SOURCE_DIR=/opt/rustwide/workdir" "-e" "CARGO_HOME=/opt/rustwide/cargo-home" "-e" "RUSTUP_HOME=/opt/rustwide/rustup-home" "-e" "CARGO_TARGET_DIR=/opt/rustwide/target" "-e" "CARGO_INCREMENTAL=0" "-e" "RUST_BACKTRACE=full" "-e" "RUSTFLAGS=--cap-lints=warn" "-e" "RUSTDOCFLAGS=--cap-lints=warn" "-w" "/opt/rustwide/workdir" "--user" "0:0" "edf4ad3304527e3116d5c1de6d9f2790acd6c570141ff3fafd9b27a6186e9d9f" "/opt/rustwide/cargo-home/bin/cargo" "+1.100.0-beta.1" "test" "--frozen" "--no-run" "--message-format=json" "--release", kill_on_drop: false }`
[INFO] [stderr]    Compiling rust-dice v0.1.8 (/opt/rustwide/workdir)
[INFO] [stderr]     Finished `release` profile [optimized] target(s) in 1.96s
[INFO] running `Command { std: "docker" "inspect" "edf4ad3304527e3116d5c1de6d9f2790acd6c570141ff3fafd9b27a6186e9d9f", kill_on_drop: false }`
[INFO] running `Command { std: "docker" "exec" "-e" "SOURCE_DIR=/opt/rustwide/workdir" "-e" "CARGO_HOME=/opt/rustwide/cargo-home" "-e" "RUSTUP_HOME=/opt/rustwide/rustup-home" "-e" "CARGO_TARGET_DIR=/opt/rustwide/target" "-e" "CARGO_INCREMENTAL=0" "-e" "RUST_BACKTRACE=full" "-e" "RUSTFLAGS=--cap-lints=warn" "-e" "RUSTDOCFLAGS=--cap-lints=warn" "-w" "/opt/rustwide/workdir" "--user" "0:0" "edf4ad3304527e3116d5c1de6d9f2790acd6c570141ff3fafd9b27a6186e9d9f" "/opt/rustwide/cargo-home/bin/cargo" "+1.100.0-beta.1" "test" "--frozen" "--release", kill_on_drop: false }`
[INFO] [stderr]     Finished `release` profile [optimized] target(s) in 0.10s
[INFO] [stderr]      Running unittests src/lib.rs (/opt/rustwide/target/release/build/rust-dice/4134929d5ae795b1/out/rust_dice-4134929d5ae795b1)
[INFO] [stdout] 
[INFO] [stdout] running 32 tests
[INFO] [stdout] test android::tests::test_dice_android_format_config_descriptor ... ok
[INFO] [stdout] test cbor_cert_op::tests::test_encode_cwt_empty_buffer ... ok
[INFO] [stdout] test dice::tests::test_dice_main_flow_empty_buffer_size_calculation ... ok
[INFO] [stdout] test android::tests::test_dice_android_main_flow ... ok
[INFO] [stdout] test android::tests::test_dice_android_handover_parse_find_err ... ok
[INFO] [stdout] test android::tests::test_dice_android_handover_main_flow ... ok
[INFO] [stdout] test android::tests::test_dice_android_handover_parse ... ok
[INFO] [stdout] test cbor_cert_op::tests::test_dice_generate_certificate_empty_buffer ... ok
[INFO] [stdout] test cbor_cert_op::tests::test_cbor_out_empty_buffer ... ok
[INFO] [stdout] test cbor_cert_op::tests::test_empty_buffer_size_calculation ... ok
[INFO] [stdout] test dice::tests::dice_main_flow_descriptor_does_not_crash ... ok
[INFO] [stdout] test test::sm2_api_tests::test_dice_kdf_deterministic ... ok
[INFO] [stdout] test mbedtls_sm2dsa::tests::test_dice_hash ... ok
[INFO] [stdout] test mbedtls_sm2dsa::tests::test_dice_kdf ... ok
[INFO] [stdout] test tee_dice::tests::test_dice_tee_handover_main_flow_chain_code_hash ... ok
[INFO] [stdout] test test::sm2_api_tests::test_dice_kdf ... ok
[INFO] [stdout] test lib_tests::test_dice_main_flow_chain_codehash ... ok
[INFO] [stdout] test test::sm2_api_tests::test_dice_keypair_from_seed ... ok
[INFO] [stdout] test test::sm2_api_tests::test_different_seeds_produce_different_keys ... ok
[INFO] [stdout] test lib_tests::test_dice_parse_handover ... FAILED
[INFO] [stdout] test mbedtls_sm2dsa::tests::test_sm2_sign_verify_roundtrip ... ok
[INFO] [stdout] test test::sm2_api_tests::test_hmac3_rust ... ok
[INFO] [stdout] test test::sm2_api_tests::test_hmac_rust ... ok
[INFO] [stdout] test test::sm2_api_tests::test_sm3_hash_known_vector ... ok
[INFO] [stdout] test test::sm2_api_tests::test_sm2_keypair_from_seed ... ok
[INFO] [stdout] test test::sm2_api_tests::test_sm2_keypair_deterministic ... ok
[INFO] [stdout] test test::sm2_api_tests::test_sm2_verify_wrong_message ... ok
[INFO] [stdout] test test_dice_generate_certificate_platform_error ... ok
[INFO] [stdout] test test::sm2_api_tests::test_sm2_sign_verify_roundtrip ... ok
[INFO] [stdout] test test::sm2_api_tests::test_dice_sign_verify_roundtrip ... ok
[INFO] [stdout] test test::sm2_api_tests::test_sm2_verify_tampered_signature ... ok
[INFO] [stdout] test lib_tests::test_dice_main_flow_chain ... ok
[INFO] [stdout] 
[INFO] [stdout] failures:
[INFO] [stdout] 
[INFO] [stdout] ---- lib_tests::test_dice_parse_handover stdout ----
[INFO] [stdout] 
[INFO] [stdout] thread 'lib_tests::test_dice_parse_handover' (980) panicked at src/lib.rs:137:17:
[INFO] [stdout] cdi_seal:[182, 184, 170, 139, 95, 240, 199, 167, 231, 4, 209, 16, 39, 109, 101, 223, 47, 171, 219, 136, 160, 76, 47, 229, 21, 18, 23, 250, 93, 39, 1, 77]
[INFO] [stdout] stack backtrace:
[INFO] [stdout]    0:     0x635e7158cd31 - <<std[617be2ca0a6fd877]::sys::backtrace::BacktraceLock>::print::DisplayBacktrace as core[a373ad73a504971]::fmt::Display>::fmt
[INFO] [stdout]    1:     0x635e715e044a - core[a373ad73a504971]::fmt::write
[INFO] [stdout]    2:     0x635e71590f4c - <alloc[2e1b2a31b91974c5]::vec::Vec<u8> as core[a373ad73a504971]::io::write::Write>::write_fmt
[INFO] [stdout]    3:     0x635e71569196 - std[617be2ca0a6fd877]::panicking::default_hook::{closure#0}
[INFO] [stdout]    4:     0x635e715853c9 - std[617be2ca0a6fd877]::panicking::default_hook
[INFO] [stdout]    5:     0x635e71521a70 - test[aada8e7e76ba119b]::test_main_inner::{closure#0}
[INFO] [stdout]    6:     0x635e71585582 - std[617be2ca0a6fd877]::panicking::panic_with_hook
[INFO] [stdout]    7:     0x635e71569242 - std[617be2ca0a6fd877]::panicking::panic_handler::{closure#0}
[INFO] [stdout]    8:     0x635e71561f59 - std[617be2ca0a6fd877]::sys::backtrace::__rust_end_short_backtrace::<std[617be2ca0a6fd877]::panicking::panic_handler::{closure#0}, !>
[INFO] [stdout]    9:     0x635e71569e4d - __rustc[ea4f61d10b84890b]::rust_begin_unwind
[INFO] [stdout]   10:     0x635e715e0b7c - core[a373ad73a504971]::panicking::panic_fmt
[INFO] [stdout]   11:     0x635e715133ad - rust_dice[e91a3519588583b2]::lib_tests::test_dice_parse_handover
[INFO] [stdout]   12:     0x635e71514156 - <rust_dice[e91a3519588583b2]::lib_tests::test_dice_parse_handover::{closure#0} as core[a373ad73a504971]::ops::function::FnOnce<()>>::call_once
[INFO] [stdout]   13:     0x635e71514ebb - test[aada8e7e76ba119b]::__rust_begin_short_backtrace::<core[a373ad73a504971]::result::Result<(), alloc[2e1b2a31b91974c5]::string::String>, fn() -> core[a373ad73a504971]::result::Result<(), alloc[2e1b2a31b91974c5]::string::String>>
[INFO] [stdout]   14:     0x635e71522095 - test[aada8e7e76ba119b]::run_test::{closure#0}
[INFO] [stdout]   15:     0x635e7151b984 - std[617be2ca0a6fd877]::sys::backtrace::__rust_begin_short_backtrace::<test[aada8e7e76ba119b]::run_test::{closure#1}, ()>
[INFO] [stdout]   16:     0x635e71525122 - <std[617be2ca0a6fd877]::thread::lifecycle::spawn_unchecked<test[aada8e7e76ba119b]::run_test::{closure#1}, ()>::{closure#1} as core[a373ad73a504971]::ops::function::FnOnce<()>>::call_once::{shim:vtable#0}
[INFO] [stdout]   17:     0x635e7158c58f - <std[617be2ca0a6fd877]::sys::thread::unix::Thread>::new::thread_start
[INFO] [stdout]   18:     0x7c9ee17bddfa - <unknown>
[INFO] [stdout]   19:     0x7c9ee18513d4 - clone
[INFO] [stdout]   20:                0x0 - <unknown>
[INFO] [stdout] 
[INFO] [stdout] 
[INFO] [stdout] failures:
[INFO] [stdout]     lib_tests::test_dice_parse_handover
[INFO] [stdout] 
[INFO] [stdout] test result: FAILED. 31 passed; 1 failed; 0 ignored; 0 measured; 0 filtered out; finished in 0.04s
[INFO] [stdout] 
[INFO] [stderr] error: test failed, to rerun pass `--lib`
[INFO] running `Command { std: "docker" "inspect" "edf4ad3304527e3116d5c1de6d9f2790acd6c570141ff3fafd9b27a6186e9d9f", kill_on_drop: false }`
[INFO] running `Command { std: "docker" "rm" "-f" "edf4ad3304527e3116d5c1de6d9f2790acd6c570141ff3fafd9b27a6186e9d9f", kill_on_drop: false }`
[INFO] [stdout] edf4ad3304527e3116d5c1de6d9f2790acd6c570141ff3fafd9b27a6186e9d9f
