[INFO] fetching crate rust-checker-cli 0.1.0...
[INFO] testing rust-checker-cli-0.1.0 against 1.100.0-beta.1+cargoflags=--release for beta-release-1.100-2
[INFO] extracting crate rust-checker-cli 0.1.0 into /workspace/builds/worker-5-tc2/source
[INFO] started tweaking crates.io crate rust-checker-cli 0.1.0
[INFO] removed 0 missing tests
[INFO] finished tweaking crates.io crate rust-checker-cli 0.1.0
[INFO] tweaked toml for crates.io crate rust-checker-cli 0.1.0 written to /workspace/builds/worker-5-tc2/source/Cargo.toml
[INFO] validating manifest of crates.io crate rust-checker-cli 0.1.0 on toolchain 1.100.0-beta.1
[INFO] running `Command { std: CARGO_HOME="/workspace/cargo-home" RUSTUP_HOME="/workspace/rustup-home" "/workspace/cargo-home/bin/cargo" "+1.100.0-beta.1" "metadata" "--manifest-path" "Cargo.toml" "--no-deps", kill_on_drop: false }`
[INFO] crate crates.io crate rust-checker-cli 0.1.0 already has a lockfile, it will not be regenerated
[INFO] running `Command { std: CARGO_HOME="/workspace/cargo-home" RUSTUP_HOME="/workspace/rustup-home" "/workspace/cargo-home/bin/cargo" "+1.100.0-beta.1" "fetch" "--manifest-path" "Cargo.toml", kill_on_drop: false }`
[INFO] running `Command { std: "docker" "create" "-v" "/var/lib/crater-agent-workspace/builds/worker-5-tc2/source:/opt/rustwide/workdir:ro,Z" "-v" "/var/lib/crater-agent-workspace/builds/worker-5-tc2/target:/opt/rustwide/target:rw,Z" "-v" "/var/lib/crater-agent-workspace/cargo-home:/opt/rustwide/cargo-home:ro,Z" "-v" "/var/lib/crater-agent-workspace/rustup-home:/opt/rustwide/rustup-home:ro,Z" "-m" "1610612736" "--network" "none" "ghcr.io/rust-lang/crates-build-env/linux@sha256:77db811e55d90add9212f6832c23229e3de5f1c1f9905e8cb07319ea15df73ac" "sleep" "infinity", kill_on_drop: false }`
[INFO] [stdout] ec2a7957110f62e7a488bbdd53a9d14fde4a180d6ef6e9023bd4fe7c7c053112
[INFO] running `Command { std: "docker" "start" "ec2a7957110f62e7a488bbdd53a9d14fde4a180d6ef6e9023bd4fe7c7c053112", kill_on_drop: false }`
[INFO] running `Command { std: "docker" "inspect" "ec2a7957110f62e7a488bbdd53a9d14fde4a180d6ef6e9023bd4fe7c7c053112", kill_on_drop: false }`
[INFO] running `Command { std: "docker" "exec" "-e" "SOURCE_DIR=/opt/rustwide/workdir" "-e" "CARGO_HOME=/opt/rustwide/cargo-home" "-e" "RUSTUP_HOME=/opt/rustwide/rustup-home" "-e" "CARGO_TARGET_DIR=/opt/rustwide/target" "-w" "/opt/rustwide/workdir" "--user" "0:0" "ec2a7957110f62e7a488bbdd53a9d14fde4a180d6ef6e9023bd4fe7c7c053112" "/opt/rustwide/cargo-home/bin/cargo" "+1.100.0-beta.1" "metadata" "--no-deps" "--format-version=1", kill_on_drop: false }`
[INFO] running `Command { std: "docker" "inspect" "ec2a7957110f62e7a488bbdd53a9d14fde4a180d6ef6e9023bd4fe7c7c053112", kill_on_drop: false }`
[INFO] running `Command { std: "docker" "exec" "-e" "SOURCE_DIR=/opt/rustwide/workdir" "-e" "CARGO_HOME=/opt/rustwide/cargo-home" "-e" "RUSTUP_HOME=/opt/rustwide/rustup-home" "-e" "CARGO_TARGET_DIR=/opt/rustwide/target" "-e" "CARGO_INCREMENTAL=0" "-e" "RUST_BACKTRACE=full" "-e" "RUSTFLAGS=--cap-lints=warn" "-e" "RUSTDOCFLAGS=--cap-lints=warn" "-w" "/opt/rustwide/workdir" "--user" "0:0" "ec2a7957110f62e7a488bbdd53a9d14fde4a180d6ef6e9023bd4fe7c7c053112" "/opt/rustwide/cargo-home/bin/cargo" "+1.100.0-beta.1" "build" "--frozen" "--message-format=json" "--release", kill_on_drop: false }`
[INFO] [stderr]    Compiling syn v2.0.118
[INFO] [stderr]    Compiling libc v0.2.186
[INFO] [stderr]    Compiling litemap v0.8.2
[INFO] [stderr]    Compiling writeable v0.6.3
[INFO] [stderr]    Compiling icu_normalizer_data v2.2.0
[INFO] [stderr]    Compiling icu_properties_data v2.2.0
[INFO] [stderr]    Compiling smallvec v1.15.2
[INFO] [stderr]    Compiling cc v1.2.64
[INFO] [stderr]    Compiling rustls-pki-types v1.14.1
[INFO] [stderr]    Compiling bitflags v2.13.0
[INFO] [stderr]    Compiling rustix v1.1.4
[INFO] [stderr]    Compiling crossbeam-utils v0.8.21
[INFO] [stderr]    Compiling log v0.4.32
[INFO] [stderr]    Compiling percent-encoding v2.3.2
[INFO] [stderr]    Compiling rustix v0.38.44
[INFO] [stderr]    Compiling rustls v0.23.40
[INFO] [stderr]    Compiling unicode-width v0.2.2
[INFO] [stderr]    Compiling simd-adler32 v0.3.9
[INFO] [stderr]    Compiling linux-raw-sys v0.12.1
[INFO] [stderr]    Compiling portable-atomic v1.13.1
[INFO] [stderr]    Compiling indexmap v2.14.0
[INFO] [stderr]    Compiling miniz_oxide v0.8.9
[INFO] [stderr]    Compiling form_urlencoded v1.2.2
[INFO] [stderr]    Compiling linux-raw-sys v0.4.15
[INFO] [stderr]    Compiling fastrand v2.4.1
[INFO] [stderr]    Compiling winnow v0.7.15
[INFO] [stderr]    Compiling bitflags v1.3.2
[INFO] [stderr]    Compiling shell-words v1.1.1
[INFO] [stderr]    Compiling either v1.16.0
[INFO] [stderr]    Compiling home v0.5.12
[INFO] [stderr]    Compiling number_prefix v0.4.0
[INFO] [stderr]    Compiling memchr v2.8.2
[INFO] [stderr]    Compiling webpki-roots v1.0.8
[INFO] [stderr]    Compiling webpki-roots v0.26.11
[INFO] [stderr]    Compiling crossbeam-channel v0.5.15
[INFO] [stderr]    Compiling flate2 v1.1.9
[INFO] [stderr]    Compiling serde_json v1.0.150
[INFO] [stderr]    Compiling getrandom v0.2.17
[INFO] [stderr]    Compiling getrandom v0.4.3
[INFO] [stderr]    Compiling inotify-sys v0.1.5
[INFO] [stderr]    Compiling console v0.15.11
[INFO] [stderr]    Compiling filetime v0.2.29
[INFO] [stderr]    Compiling mio v0.8.11
[INFO] [stderr]    Compiling inotify v0.9.6
[INFO] [stderr]    Compiling ring v0.17.14
[INFO] [stderr]    Compiling notify v6.1.1
[INFO] [stderr]    Compiling indicatif v0.17.11
[INFO] [stderr]    Compiling tempfile v3.27.0
[INFO] [stderr]    Compiling which v6.0.3
[INFO] [stderr]    Compiling synstructure v0.13.2
[INFO] [stderr]    Compiling zerofrom-derive v0.1.7
[INFO] [stderr]    Compiling yoke-derive v0.8.2
[INFO] [stderr]    Compiling zerovec-derive v0.11.3
[INFO] [stderr]    Compiling displaydoc v0.2.6
[INFO] [stderr]    Compiling serde_derive v1.0.228
[INFO] [stderr]    Compiling thiserror-impl v1.0.69
[INFO] [stderr]    Compiling clap_derive v4.6.1
[INFO] [stderr]    Compiling thiserror v1.0.69
[INFO] [stderr]    Compiling dialoguer v0.11.0
[INFO] [stderr]    Compiling zerofrom v0.1.8
[INFO] [stderr]    Compiling yoke v0.8.3
[INFO] [stderr]    Compiling zerotrie v0.2.4
[INFO] [stderr]    Compiling zerovec v0.11.6
[INFO] [stderr]    Compiling clap v4.6.1
[INFO] [stderr]    Compiling tinystr v0.8.3
[INFO] [stderr]    Compiling potential_utf v0.1.5
[INFO] [stderr]    Compiling icu_collections v2.2.0
[INFO] [stderr]    Compiling icu_locale_core v2.2.0
[INFO] [stderr]    Compiling serde v1.0.228
[INFO] [stderr]    Compiling icu_provider v2.2.0
[INFO] [stderr]    Compiling icu_normalizer v2.2.0
[INFO] [stderr]    Compiling icu_properties v2.2.0
[INFO] [stderr]    Compiling serde_spanned v0.6.9
[INFO] [stderr]    Compiling toml_datetime v0.6.11
[INFO] [stderr]    Compiling toml_edit v0.22.27
[INFO] [stderr]    Compiling idna_adapter v1.2.2
[INFO] [stderr]    Compiling idna v1.1.0
[INFO] [stderr]    Compiling url v2.5.8
[INFO] [stderr]    Compiling toml v0.8.23
[INFO] [stderr]    Compiling rustls-webpki v0.103.13
[INFO] [stderr]    Compiling ureq v2.12.1
[INFO] [stderr]    Compiling rust-checker-cli v0.1.0 (/opt/rustwide/workdir)
[INFO] [stderr]     Finished `release` profile [optimized] target(s) in 1m 13s
[INFO] running `Command { std: "docker" "inspect" "ec2a7957110f62e7a488bbdd53a9d14fde4a180d6ef6e9023bd4fe7c7c053112", kill_on_drop: false }`
[INFO] running `Command { std: "docker" "exec" "-e" "SOURCE_DIR=/opt/rustwide/workdir" "-e" "CARGO_HOME=/opt/rustwide/cargo-home" "-e" "RUSTUP_HOME=/opt/rustwide/rustup-home" "-e" "CARGO_TARGET_DIR=/opt/rustwide/target" "-e" "CARGO_INCREMENTAL=0" "-e" "RUST_BACKTRACE=full" "-e" "RUSTFLAGS=--cap-lints=warn" "-e" "RUSTDOCFLAGS=--cap-lints=warn" "-w" "/opt/rustwide/workdir" "--user" "0:0" "ec2a7957110f62e7a488bbdd53a9d14fde4a180d6ef6e9023bd4fe7c7c053112" "/opt/rustwide/cargo-home/bin/cargo" "+1.100.0-beta.1" "test" "--frozen" "--no-run" "--message-format=json" "--release", kill_on_drop: false }`
[INFO] [stderr]    Compiling rust-checker-cli v0.1.0 (/opt/rustwide/workdir)
[INFO] [stderr]     Finished `release` profile [optimized] target(s) in 13.01s
[INFO] running `Command { std: "docker" "inspect" "ec2a7957110f62e7a488bbdd53a9d14fde4a180d6ef6e9023bd4fe7c7c053112", kill_on_drop: false }`
[INFO] running `Command { std: "docker" "exec" "-e" "SOURCE_DIR=/opt/rustwide/workdir" "-e" "CARGO_HOME=/opt/rustwide/cargo-home" "-e" "RUSTUP_HOME=/opt/rustwide/rustup-home" "-e" "CARGO_TARGET_DIR=/opt/rustwide/target" "-e" "CARGO_INCREMENTAL=0" "-e" "RUST_BACKTRACE=full" "-e" "RUSTFLAGS=--cap-lints=warn" "-e" "RUSTDOCFLAGS=--cap-lints=warn" "-w" "/opt/rustwide/workdir" "--user" "0:0" "ec2a7957110f62e7a488bbdd53a9d14fde4a180d6ef6e9023bd4fe7c7c053112" "/opt/rustwide/cargo-home/bin/cargo" "+1.100.0-beta.1" "test" "--frozen" "--release", kill_on_drop: false }`
[INFO] [stderr]     Finished `release` profile [optimized] target(s) in 0.17s
[INFO] [stderr]      Running unittests src/lib.rs (/opt/rustwide/target/release/build/rust-checker-cli/48727b236e11b90e/out/rust_checker_cli-48727b236e11b90e)
[INFO] [stdout] 
[INFO] [stdout] running 207 tests
[INFO] [stdout] test cli::init::tests::test_select_tools_depends_on_set_correctly ... ok
[INFO] [stdout] test cli::init::tests::test_run_init_creates_rust_checker_dir ... ok
[INFO] [stdout] test cli::init::tests::test_select_tools_minimal ... ok
[INFO] [stdout] test cli::init::tests::test_select_tools_quality ... ok
[INFO] [stdout] test cli::init::tests::test_full_preset_uses_full_valgrind_and_asan_commands ... ok
[INFO] [stdout] test config::tests::test_builtin_output_paths ... ok
[INFO] [stdout] test config::tests::test_builtin_output_paths_all_known_tools ... ok
[INFO] [stdout] test config::tests::test_config_inactive_tool ... ok
[INFO] [stdout] test cli::init::tests::test_run_init_does_not_overwrite_without_force ... ok
[INFO] [stdout] test cli::run::tests::test_run_check_full_missing_config_errors ... ok
[INFO] [stdout] test cli::run::tests::test_set_cmd_bad_format_errors ... ok
[INFO] [stdout] test config::tests::test_config_load_invalid_toml_errors ... ok
[INFO] [stdout] test config::tests::test_config_load_missing_file_errors ... ok
[INFO] [stdout] test config::tests::test_config_load_from_file ... ok
[INFO] [stdout] test config::tests::test_effective_output_path_builtin_fallback ... ok
[INFO] [stdout] test config::tests::test_effective_output_path_configured ... ok
[INFO] [stdout] test config::tests::test_config_resolve_output_paths_custom_tool ... ok
[INFO] [stdout] test cli::init::tests::test_run_init_schema_version_set ... ok
[INFO] [stdout] test config::tests::test_config_resolve_output_paths_fills_builtins ... ok
[INFO] [stdout] test config::tests::test_config_resolve_output_paths_preserves_existing ... ok
[INFO] [stdout] test config::tests::test_effective_output_path_custom ... ok
[INFO] [stdout] test cli::init::tests::test_select_tools_security ... ok
[INFO] [stdout] test cli::init::tests::test_select_tools_unknown_preset ... ok
[INFO] [stdout] test diff::tests::test_change_indicator_improvement_error_to_warn ... ok
[INFO] [stdout] test diff::tests::test_change_indicator_improvement_warn_to_ok ... ok
[INFO] [stdout] test diff::tests::test_change_indicator_new_tool ... ok
[INFO] [stdout] test cli::init::tests::test_select_tools_full ... ok
[INFO] [stdout] test diff::tests::test_change_indicator_regression_ok_to_error ... ok
[INFO] [stdout] test diff::tests::test_change_indicator_removed_tool ... ok
[INFO] [stdout] test diff::tests::test_diff_new_tool ... ok
[INFO] [stdout] test cli::run::tests::test_set_cmd_unknown_tool_errors ... ok
[INFO] [stdout] test cli::init::tests::test_run_init_creates_config ... ok
[INFO] [stdout] test diff::tests::test_format_diff_shows_changed_status ... ok
[INFO] [stdout] test diff::tests::test_change_indicator_same_status ... ok
[INFO] [stdout] test cli::init::tests::test_run_init_force_overwrites ... ok
[INFO] [stdout] test diff::tests::test_change_indicator_error_to_skipped_is_neutral ... ok
[INFO] [stdout] test diff::tests::test_diff_status_changed ... ok
[INFO] [stdout] test config::tests::test_config_parse ... ok
[INFO] [stdout] test cli::init::tests::test_run_init_config_is_valid_toml ... ok
[INFO] [stdout] test diff::tests::test_diff_no_changes ... ok
[INFO] [stdout] test cli::init::tests::test_select_tools_all_active ... ok
[INFO] [stdout] test diff::tests::test_change_indicator_regression_ok_to_warn ... ok
[INFO] [stdout] test diff::tests::test_diff_removed_tool ... ok
[INFO] [stdout] test diff::tests::test_format_diff_shows_no_change ... ok
[INFO] [stdout] test diff::tests::test_change_indicator_ok_to_skipped_is_regression ... ok
[INFO] [stdout] test diff::tests::test_format_trend_multiple_entries ... ok
[INFO] [stdout] test plugin::tests::test_list_plugins_empty ... ok
[INFO] [stdout] test plugin::tests::test_remove_nonexistent_plugin_is_ok ... ok
[INFO] [stdout] test plugin::tests::test_remove_installed_plugin ... ok
[INFO] [stdout] test plugin::tests::test_plugin_toml_parse ... ok
[INFO] [stdout] test report::html::tests::test_html_escape ... ok
[INFO] [stdout] test history::tests::test_history_prune_keeps_max_entries ... ok
[INFO] [stdout] test report::html::tests::test_write_summary_html_creates_file ... ok
[INFO] [stdout] test history::tests::test_list_history_empty ... ok
[INFO] [stdout] test diff::tests::test_format_trend_empty ... ok
[INFO] [stdout] test plugin::tests::test_plugin_command_string ... ok
[INFO] [stdout] test report::html::tests::test_write_tool_report_html_contains_tool_name ... ok
[INFO] [stdout] test plugin::tests::test_load_plugin_tools ... ok
[INFO] [stdout] test diff::tests::test_format_diff_contains_timestamps ... ok
[INFO] [stdout] test history::tests::test_save_and_load_history ... ok
[INFO] [stdout] test report::html::tests::test_write_summary_html_has_stat_bar ... ok
[INFO] [stdout] test plugin::tests::test_install_and_list_local ... ok
[INFO] [stdout] test report::json::tests::test_build_ci_json_empty ... ok
[INFO] [stdout] test report::json::tests::test_build_ci_json_tool_fields ... ok
[INFO] [stdout] test report::tests::test_tool_status_label ... ok
[INFO] [stdout] test runner::dependency_check::tests::test_check_tool_available_cargo_always_true ... ok
[INFO] [stdout] test report::tests::test_tool_status_emoji ... ok
[INFO] [stdout] test report::html::tests::test_write_tool_report_html_creates_file ... ok
[INFO] [stdout] test runner::dependency_check::tests::test_coverage_has_system_install_hint ... ok
[INFO] [stdout] test runner::dependency_check::tests::test_check_tool_available_unknown_tool_returns_true ... ok
[INFO] [stdout] test report::tests::test_write_summary_creates_file ... ok
[INFO] [stdout] test report::tests::test_write_summary_counts ... ok
[INFO] [stdout] test runner::dependency_check::tests::test_flamegraph_has_system_install_hints ... ok
[INFO] [stdout] test runner::dependency_check::tests::test_flamegraph_install_hint_uses_correct_crate_name ... ok
[INFO] [stdout] test runner::dependency_check::tests::test_get_tool_dep_cargo_subcommands ... ok
[INFO] [stdout] test runner::dependency_check::tests::test_get_tool_dep_known_tools ... ok
[INFO] [stdout] test runner::dependency_check::tests::test_get_tool_dep_unknown_tool_returns_none ... ok
[INFO] [stdout] test runner::dependency_check::tests::test_valgrind_memcheck_uses_cargo_valgrind ... ok
[INFO] [stdout] test report::tests::test_write_summary_empty_reports ... ok
[INFO] [stdout] test runner::tests::test_topo_sort_circular_dep ... ok
[INFO] [stdout] test runner::tests::test_topo_sort_empty ... ok
[INFO] [stdout] test runner::tests::test_topo_sort_no_deps ... ok
[INFO] [stdout] test runner::tests::test_topo_sort_single_tool ... ok
[INFO] [stdout] test runner::dependency_check::tests::test_valgrind_thread_tools_use_system_valgrind ... ok
[INFO] [stdout] test runner::tests::test_warn_dep_filter_does_not_skip ... ok
[INFO] [stdout] test tools::asan::tests::test_asan_build_ok ... ok
[INFO] [stdout] test runner::tests::test_make_skipped_report_with_output_path ... ok
[INFO] [stdout] test runner::tests::test_make_skipped_report_without_output_path_uses_default ... ok
[INFO] [stdout] test tools::asan::tests::test_asan_runtime_error ... ok
[INFO] [stdout] test runner::tests::test_topo_sort_chain ... ok
[INFO] [stdout] test runner::tests::test_topo_sort_dep_not_in_tools_is_ignored ... ok
[INFO] [stdout] test tools::audit::tests::test_audit_empty ... ok
[INFO] [stdout] test report::json::tests::test_build_ci_json_tool_status_strings ... ok
[INFO] [stdout] test report::json::tests::test_build_ci_json_structure ... ok
[INFO] [stdout] test tools::audit::tests::test_audit_clean ... ok
[INFO] [stdout] test report::markdown::tests::test_write_tool_report_creates_subdirectories ... ok
[INFO] [stdout] test tools::asan::tests::test_asan_build_fail ... ok
[INFO] [stdout] test report::markdown::tests::test_write_tool_report_nested_path ... ok
[INFO] [stdout] test report::markdown::tests::test_write_tool_report_creates_file ... ok
[INFO] [stdout] test tools::bench::tests::test_bench_fail ... ok
[INFO] [stdout] test tools::audit::tests::test_audit_vuln ... ok
[INFO] [stdout] test tools::audit::tests::test_audit_json_no_vulns ... ok
[INFO] [stdout] test tools::bloat::tests::test_bloat_bytes_format ... ok
[INFO] [stdout] test tools::audit::tests::test_audit_json_vuln_count ... ok
[INFO] [stdout] test tools::audit::tests::test_audit_json_with_stderr_progress_lines ... ok
[INFO] [stdout] test tools::audit::tests::test_audit_multiple_rustsec_text_mode ... ok
[INFO] [stdout] test history::tests::test_status_str_roundtrip ... ok
[INFO] [stdout] test tools::build::tests::test_build_errors_excludes_aborting_due_to_line ... ok
[INFO] [stdout] test tools::build::tests::test_build_errors_excludes_could_not_compile_line ... ok
[INFO] [stdout] test tools::build::tests::test_build_failure ... ok
[INFO] [stdout] test tools::build::tests::test_build_warning_mid_line_not_counted ... ok
[INFO] [stdout] test tools::bloat::tests::test_bloat_crate_name_contains_file_not_confused_with_size_line ... ok
[INFO] [stdout] test tools::bench::tests::test_bench_no_results ... ok
[INFO] [stdout] test tools::bench::tests::test_bench_ok ... ok
[INFO] [stdout] test tools::bloat::tests::test_bloat_crate_name_contains_total_still_counted ... ok
[INFO] [stdout] test tools::build::tests::test_build_success ... ok
[INFO] [stdout] test tools::clippy::tests::test_clippy_error_bracket_format ... ok
[INFO] [stdout] test tools::clippy::tests::test_clippy_error_mid_line_not_counted ... ok
[INFO] [stdout] test tools::build::tests::test_build_with_warnings ... ok
[INFO] [stdout] test tools::bloat::tests::test_bloat_kib_format ... ok
[INFO] [stdout] test tools::clippy::tests::test_clippy_clean ... ok
[INFO] [stdout] test tools::bloat::tests::test_bloat_ok ... ok
[INFO] [stdout] test tools::clippy::tests::test_clippy_errors_excludes_could_not_compile_line ... ok
[INFO] [stdout] test tools::clippy::tests::test_clippy_warnings ... ok
[INFO] [stdout] test tools::clippy::tests::test_clippy_warning_mid_line_not_counted ... ok
[INFO] [stdout] test tools::clippy::tests::test_clippy_warnings_excludes_emitted_summary_line ... ok
[INFO] [stdout] test tools::coverage::tests::test_parse_coverage_ok ... ok
[INFO] [stdout] test tools::bench::tests::test_bench_criterion_format ... ok
[INFO] [stdout] test tools::coverage::tests::test_parse_coverage_subtotal_not_matched ... ok
[INFO] [stdout] test tools::bloat::tests::test_bloat_fail ... ok
[INFO] [stdout] test tools::binary::tests::test_binary_ok ... ok
[INFO] [stdout] test tools::binary::tests::test_binary_fail ... ok
[INFO] [stdout] test tools::deny::tests::test_deny_error_with_warning_in_message_not_suppressed ... ok
[INFO] [stdout] test tools::doc::tests::test_doc_warning_excludes_emitted_summary_line ... ok
[INFO] [stdout] test tools::deps::tests::test_deps_fail ... ok
[INFO] [stdout] test tools::clippy::tests::test_clippy_errors ... ok
[INFO] [stdout] test tools::deps::tests::test_deps_ok ... ok
[INFO] [stdout] test tools::doc::tests::test_doc_warning ... ok
[INFO] [stdout] test tools::deny::tests::test_deny_error_filter_not_too_broad ... ok
[INFO] [stdout] test tools::flamegraph::tests::test_flamegraph_fail ... ok
[INFO] [stdout] test tools::flamegraph::tests::test_flamegraph_no_false_positive_from_word_flamegraph ... ok
[INFO] [stdout] test tools::flamegraph::tests::test_flamegraph_ok ... ok
[INFO] [stdout] test tools::flamegraph::tests::test_flamegraph_no_svg ... ok
[INFO] [stdout] test tools::coverage::tests::test_parse_no_data ... ok
[INFO] [stdout] test tools::coverage::tests::test_parse_coverage_warn ... ok
[INFO] [stdout] test tools::deny::tests::test_deny_error ... ok
[INFO] [stdout] test tools::coverage::tests::test_parse_coverage_warn_markdown_shows_warning_status ... ok
[INFO] [stdout] test tools::deny::tests::test_deny_warn_bare_warning_line ... ok
[INFO] [stdout] test tools::deny::tests::test_deny_ok ... ok
[INFO] [stdout] test tools::deny::tests::test_deny_warn_markdown_shows_warning_status ... ok
[INFO] [stdout] test tools::fmt::tests::test_fmt_multiple_files ... ok
[INFO] [stdout] test tools::fmt::tests::test_fmt_needs_formatting ... ok
[INFO] [stdout] test tools::fmt::tests::test_fmt_ok ... ok
[INFO] [stdout] test tools::geiger::tests::test_geiger_failure ... ok
[INFO] [stdout] test tools::geiger::tests::test_geiger_multi_unsafe_functions_lines_no_total ... ok
[INFO] [stdout] test tools::geiger::tests::test_geiger_safe ... ok
[INFO] [stdout] test tools::geiger::tests::test_geiger_total_line_not_confused_by_subtotal ... ok
[INFO] [stdout] test tools::geiger::tests::test_geiger_unsafe ... ok
[INFO] [stdout] test tools::metrics::tests::test_metrics_fail ... ok
[INFO] [stdout] test tools::semver::tests::test_semver_ok ... ok
[INFO] [stdout] test tools::test::tests::test_parse_empty ... ok
[INFO] [stdout] test tools::semver::tests::test_semver_singular_violation ... ok
[INFO] [stdout] test tools::test::tests::test_parse_failure ... ok
[INFO] [stdout] test tools::test::tests::test_parse_multiple_result_lines_are_accumulated ... ok
[INFO] [stdout] test tools::msrv::tests::test_msrv_not_found ... ok
[INFO] [stdout] test runner::tests::test_topo_sort_with_deps ... ok
[INFO] [stdout] test tools::semver::tests::test_semver_empty ... ok
[INFO] [stdout] test tools::msrv::tests::test_msrv_fail ... ok
[INFO] [stdout] test tools::semver::tests::test_semver_failed ... ok
[INFO] [stdout] test tools::msrv::tests::test_msrv_found ... ok
[INFO] [stdout] test tools::semver::tests::test_semver_failed_multiline_context_not_inflated ... ok
[INFO] [stdout] test tools::semver::tests::test_semver_summary_line_count ... ok
[INFO] [stdout] test tools::valgrind::tests::test_valgrind_split_tool_output_path ... ok
[INFO] [stdout] test upgrade::tests::test_detect_version_comment_not_matched ... ok
[INFO] [stdout] test tools::valgrind::tests::test_valgrind_leak_without_error_summary_is_warn ... ok
[INFO] [stdout] test upgrade::tests::test_detect_version_missing ... ok
[INFO] [stdout] test tools::valgrind::tests::test_valgrind_ok_with_zero_error_summary ... ok
[INFO] [stdout] test upgrade::tests::test_detect_version_with_version ... ok
[INFO] [stdout] test upgrade::tests::test_replace_schema_version ... ok
[INFO] [stdout] test upgrade::tests::test_replace_schema_version_preserves_trailing_newline ... ok
[INFO] [stdout] test tools::valgrind::tests::test_valgrind_error_summary_is_error ... ok
[INFO] [stdout] test upgrade::tests::test_replace_schema_version_no_trailing_newline ... ok
[INFO] [stdout] test upgrade::tests::test_detect_version_single_quotes ... ok
[INFO] [stdout] test tools::test::tests::test_parse_success ... ok
[INFO] [stdout] test tools::udeps::tests::test_udeps_clean ... ok
[INFO] [stdout] test tools::udeps::tests::test_udeps_fail ... ok
[INFO] [stdout] test tools::udeps::tests::test_udeps_unused ... ok
[INFO] [stdout] test tools::udeps::tests::test_udeps_unused_single_quote_variant ... ok
[INFO] [stdout] test upgrade::tests::test_detect_version_no_space_around_equals ... ok
[INFO] [stdout] test tools::valgrind::tests::test_valgrind_nonzero_exit_is_error ... ok
[INFO] [stdout] test upgrade::tests::test_upgrade_already_current ... ok
[INFO] [stdout] test watch::tests::test_build_options_with_config_empty_paths_falls_back_to_default ... ok
[INFO] [stdout] test watch::tests::test_build_options_with_config_no_paths_falls_back_to_default ... ok
[INFO] [stdout] test workspace::tests::test_detect_workspace_no_cargo_toml ... ok
[INFO] [stdout] test workspace::tests::test_detect_workspace_no_workspace_section ... ok
[INFO] [stdout] test workspace::tests::test_detect_workspace_single_member ... ok
[INFO] [stdout] test workspace::tests::test_detect_workspace_glob_expansion ... ok
[INFO] [stdout] test watch::tests::test_build_options_default ... ok
[INFO] [stdout] test upgrade::tests::test_upgrade_from_v1_creates_backup ... ok
[INFO] [stdout] test watch::tests::test_build_options_with_config ... ok
[INFO] [stdout] test workspace::tests::test_detect_workspace_multiple_members ... ok
[INFO] [stdout] test tools::metrics::tests::test_metrics_ok ... ok
[INFO] [stdout] test tools::msrv::tests::test_msrv_found_backtick_wrapped ... ok
[INFO] [stdout] test upgrade::tests::test_upgrade_no_config_errors ... ok
[INFO] [stdout] test tools::doc::tests::test_doc_ok ... ok
[INFO] [stdout] test upgrade::tests::test_upgrade_from_v1_updates_version ... ok
[INFO] [stdout] test cli::run::tests::test_set_cmd_overrides_tool_command ... ok
[INFO] [stdout] 
[INFO] [stdout] test result: ok. 207 passed; 0 failed; 0 ignored; 0 measured; 0 filtered out; finished in 0.05s
[INFO] [stdout] 
[INFO] [stderr]      Running unittests src/main.rs (/opt/rustwide/target/release/build/rust-checker-cli/b52e9fcf00c42c86/out/rust_checker_cli-b52e9fcf00c42c86)
[INFO] [stdout] 
[INFO] [stdout] running 0 tests
[INFO] [stdout] 
[INFO] [stdout] test result: ok. 0 passed; 0 failed; 0 ignored; 0 measured; 0 filtered out; finished in 0.00s
[INFO] [stdout] 
[INFO] [stderr]      Running tests/integration.rs (/opt/rustwide/target/release/build/rust-checker-cli/de2fec968984197e/out/integration-de2fec968984197e)
[INFO] [stdout] 
[INFO] [stdout] running 32 tests
[INFO] [stdout] test test_init_creates_config_file ... FAILED
[INFO] [stdout] test test_init_minimal_preset_content ... FAILED
[INFO] [stdout] test test_diff_last_single_entry_shows_trend ... FAILED
[INFO] [stdout] test test_init_force_flag_overwrites ... FAILED
[INFO] [stdout] test test_run_creates_history_entry ... FAILED
[INFO] [stdout] test test_run_ci_json_tool_fields_present ... FAILED
[INFO] [stdout] test test_help_flag ... FAILED
[INFO] [stdout] test test_diff_latest_with_two_entries ... FAILED
[INFO] [stdout] test test_run_format_html_creates_summary_html ... FAILED
[INFO] [stdout] test test_init_full_preset_has_all_tools ... FAILED
[INFO] [stdout] test test_run_format_html_summary_counts ... FAILED
[INFO] [stdout] test test_diff_no_history_errors ... FAILED
[INFO] [stdout] test test_run_fails_without_config ... FAILED
[INFO] [stdout] test test_run_ci_mode_creates_json ... FAILED
[INFO] [stdout] test test_diff_last_shows_trend ... FAILED
[INFO] [stdout] test test_run_format_html_creates_tool_html_reports ... FAILED
[INFO] [stdout] test test_run_crate_mode_reports_go_to_workspace_root ... FAILED
[INFO] [stdout] test test_plugin_remove_nonexistent_is_ok ... FAILED
[INFO] [stdout] test test_run_inactive_tool_report_file_is_written ... FAILED
[INFO] [stdout] test test_plugin_list_empty ... FAILED
[INFO] [stdout] test test_init_no_overwrite_without_force ... FAILED
[INFO] [stdout] test test_version_flag ... FAILED
[INFO] [stdout] test test_run_generates_summary_md ... FAILED
[INFO] [stdout] test test_run_format_json_creates_ci_result ... FAILED
[INFO] [stdout] test test_run_unknown_tool_in_only_flag_errors ... FAILED
[INFO] [stdout] test test_run_set_cmd_overrides_inactive_tool ... FAILED
[INFO] [stdout] test test_diff_range_no_match_errors ... FAILED
[INFO] [stdout] test test_upgrade_no_config_fails ... FAILED
[INFO] [stdout] test test_upgrade_migrates_v1_config ... FAILED
[INFO] [stdout] test test_run_summary_md_structure ... FAILED
[INFO] [stdout] test test_run_set_cmd_unknown_tool_errors ... FAILED
[INFO] [stdout] test test_run_set_cmd_bad_format_errors ... FAILED
[INFO] [stdout] 
[INFO] [stdout] failures:
[INFO] [stdout] 
[INFO] [stdout] ---- test_init_creates_config_file stdout ----
[INFO] [stdout] 
[INFO] [stdout] thread 'test_init_creates_config_file' (2137) panicked at tests/integration.rs:77:10:
[INFO] [stdout] run init: Os { code: 2, kind: NotFound, message: "No such file or directory" }
[INFO] [stdout] stack backtrace:
[INFO] [stdout]    0:     0x63df89b66ac1 - <<std[617be2ca0a6fd877]::sys::backtrace::BacktraceLock>::print::DisplayBacktrace as core[a373ad73a504971]::fmt::Display>::fmt
[INFO] [stdout]    1:     0x63df89b7b9fa - core[a373ad73a504971]::fmt::write
[INFO] [stdout]    2:     0x63df89b6affc - <alloc[2e1b2a31b91974c5]::vec::Vec<u8> as core[a373ad73a504971]::io::write::Write>::write_fmt
[INFO] [stdout]    3:     0x63df89b41176 - std[617be2ca0a6fd877]::panicking::default_hook::{closure#0}
[INFO] [stdout]    4:     0x63df89b5e249 - std[617be2ca0a6fd877]::panicking::default_hook
[INFO] [stdout]    5:     0x63df89af7b60 - test[aada8e7e76ba119b]::test_main_inner::{closure#0}
[INFO] [stdout]    6:     0x63df89b5e402 - std[617be2ca0a6fd877]::panicking::panic_with_hook
[INFO] [stdout]    7:     0x63df89b41222 - std[617be2ca0a6fd877]::panicking::panic_handler::{closure#0}
[INFO] [stdout]    8:     0x63df89b39be9 - std[617be2ca0a6fd877]::sys::backtrace::__rust_end_short_backtrace::<std[617be2ca0a6fd877]::panicking::panic_handler::{closure#0}, !>
[INFO] [stdout]    9:     0x63df89b41e2d - __rustc[ea4f61d10b84890b]::rust_begin_unwind
[INFO] [stdout]   10:     0x63df89b7c12c - core[a373ad73a504971]::panicking::panic_fmt
[INFO] [stdout]   11:     0x63df89b7bf02 - core[a373ad73a504971]::result::unwrap_failed
[INFO] [stdout]   12:     0x63df89ad6992 - <integration[e39856eb1e34d83]::test_init_creates_config_file::{closure#0} as core[a373ad73a504971]::ops::function::FnOnce<()>>::call_once
[INFO] [stdout]   13:     0x63df89aeafab - test[aada8e7e76ba119b]::__rust_begin_short_backtrace::<core[a373ad73a504971]::result::Result<(), alloc[2e1b2a31b91974c5]::string::String>, fn() -> core[a373ad73a504971]::result::Result<(), alloc[2e1b2a31b91974c5]::string::String>>
[INFO] [stdout]   14:     0x63df89af8185 - test[aada8e7e76ba119b]::run_test::{closure#0}
[INFO] [stdout]   15:     0x63df89af1a74 - std[617be2ca0a6fd877]::sys::backtrace::__rust_begin_short_backtrace::<test[aada8e7e76ba119b]::run_test::{closure#1}, ()>
[INFO] [stdout]   16:     0x63df89afb212 - <std[617be2ca0a6fd877]::thread::lifecycle::spawn_unchecked<test[aada8e7e76ba119b]::run_test::{closure#1}, ()>::{closure#1} as core[a373ad73a504971]::ops::function::FnOnce<()>>::call_once::{shim:vtable#0}
[INFO] [stdout]   17:     0x63df89b65ddf - <std[617be2ca0a6fd877]::sys::thread::unix::Thread>::new::thread_start
[INFO] [stdout]   18:     0x7e059994fdfa - <unknown>
[INFO] [stdout]   19:     0x7e05999e33d4 - clone
[INFO] [stdout]   20:                0x0 - <unknown>
[INFO] [stdout] 
[INFO] [stdout] ---- test_init_minimal_preset_content stdout ----
[INFO] [stdout] 
[INFO] [stdout] thread 'test_init_minimal_preset_content' (2140) panicked at tests/integration.rs:98:10:
[INFO] [stdout] run init: Os { code: 2, kind: NotFound, message: "No such file or directory" }
[INFO] [stdout] stack backtrace:
[INFO] [stdout]    0:     0x63df89b66ac1 - <<std[617be2ca0a6fd877]::sys::backtrace::BacktraceLock>::print::DisplayBacktrace as core[a373ad73a504971]::fmt::Display>::fmt
[INFO] [stdout]    1:     0x63df89b7b9fa - core[a373ad73a504971]::fmt::write
[INFO] [stdout]    2:     0x63df89b6affc - <alloc[2e1b2a31b91974c5]::vec::Vec<u8> as core[a373ad73a504971]::io::write::Write>::write_fmt
[INFO] [stdout]    3:     0x63df89b41176 - std[617be2ca0a6fd877]::panicking::default_hook::{closure#0}
[INFO] [stdout]    4:     0x63df89b5e249 - std[617be2ca0a6fd877]::panicking::default_hook
[INFO] [stdout]    5:     0x63df89af7b60 - test[aada8e7e76ba119b]::test_main_inner::{closure#0}
[INFO] [stdout]    6:     0x63df89b5e402 - std[617be2ca0a6fd877]::panicking::panic_with_hook
[INFO] [stdout]    7:     0x63df89b41222 - std[617be2ca0a6fd877]::panicking::panic_handler::{closure#0}
[INFO] [stdout]    8:     0x63df89b39be9 - std[617be2ca0a6fd877]::sys::backtrace::__rust_end_short_backtrace::<std[617be2ca0a6fd877]::panicking::panic_handler::{closure#0}, !>
[INFO] [stdout]    9:     0x63df89b41e2d - __rustc[ea4f61d10b84890b]::rust_begin_unwind
[INFO] [stdout]   10:     0x63df89b7c12c - core[a373ad73a504971]::panicking::panic_fmt
[INFO] [stdout]   11:     0x63df89b7bf02 - core[a373ad73a504971]::result::unwrap_failed
[INFO] [stdout]   12:     0x63df89adaa6b - <integration[e39856eb1e34d83]::test_init_minimal_preset_content::{closure#0} as core[a373ad73a504971]::ops::function::FnOnce<()>>::call_once
[INFO] [stdout]   13:     0x63df89aeafab - test[aada8e7e76ba119b]::__rust_begin_short_backtrace::<core[a373ad73a504971]::result::Result<(), alloc[2e1b2a31b91974c5]::string::String>, fn() -> core[a373ad73a504971]::result::Result<(), alloc[2e1b2a31b91974c5]::string::String>>
[INFO] [stdout]   14:     0x63df89af8185 - test[aada8e7e76ba119b]::run_test::{closure#0}
[INFO] [stdout]   15:     0x63df89af1a74 - std[617be2ca0a6fd877]::sys::backtrace::__rust_begin_short_backtrace::<test[aada8e7e76ba119b]::run_test::{closure#1}, ()>
[INFO] [stdout]   16:     0x63df89afb212 - <std[617be2ca0a6fd877]::thread::lifecycle::spawn_unchecked<test[aada8e7e76ba119b]::run_test::{closure#1}, ()>::{closure#1} as core[a373ad73a504971]::ops::function::FnOnce<()>>::call_once::{shim:vtable#0}
[INFO] [stdout]   17:     0x63df89b65ddf - <std[617be2ca0a6fd877]::sys::thread::unix::Thread>::new::thread_start
[INFO] [stdout]   18:     0x7e059994fdfa - <unknown>
[INFO] [stdout]   19:     0x7e05999e33d4 - clone
[INFO] [stdout]   20:                0x0 - <unknown>
[INFO] [stdout] 
[INFO] [stdout] ---- test_diff_last_single_entry_shows_trend stdout ----
[INFO] [stdout] 
[INFO] [stdout] thread 'test_diff_last_single_entry_shows_trend' (2132) panicked at tests/integration.rs:783:10:
[INFO] [stdout] diff --last 5: Os { code: 2, kind: NotFound, message: "No such file or directory" }
[INFO] [stdout] stack backtrace:
[INFO] [stdout]    0:     0x63df89b66ac1 - <<std[617be2ca0a6fd877]::sys::backtrace::BacktraceLock>::print::DisplayBacktrace as core[a373ad73a504971]::fmt::Display>::fmt
[INFO] [stdout]    1:     0x63df89b7b9fa - core[a373ad73a504971]::fmt::write
[INFO] [stdout]    2:     0x63df89b6affc - <alloc[2e1b2a31b91974c5]::vec::Vec<u8> as core[a373ad73a504971]::io::write::Write>::write_fmt
[INFO] [stdout]    3:     0x63df89b41176 - std[617be2ca0a6fd877]::panicking::default_hook::{closure#0}
[INFO] [stdout]    4:     0x63df89b5e249 - std[617be2ca0a6fd877]::panicking::default_hook
[INFO] [stdout]    5:     0x63df89af7b60 - test[aada8e7e76ba119b]::test_main_inner::{closure#0}
[INFO] [stdout]    6:     0x63df89b5e402 - std[617be2ca0a6fd877]::panicking::panic_with_hook
[INFO] [stdout]    7:     0x63df89b41222 - std[617be2ca0a6fd877]::panicking::panic_handler::{closure#0}
[INFO] [stdout]    8:     0x63df89b39be9 - std[617be2ca0a6fd877]::sys::backtrace::__rust_end_short_backtrace::<std[617be2ca0a6fd877]::panicking::panic_handler::{closure#0}, !>
[INFO] [stdout]    9:     0x63df89b41e2d - __rustc[ea4f61d10b84890b]::rust_begin_unwind
[INFO] [stdout]   10:     0x63df89b7c12c - core[a373ad73a504971]::panicking::panic_fmt
[INFO] [stdout]   11:     0x63df89b7bf02 - core[a373ad73a504971]::result::unwrap_failed
[INFO] [stdout]   12:     0x63df89adf39f - <integration[e39856eb1e34d83]::test_diff_last_single_entry_shows_trend::{closure#0} as core[a373ad73a504971]::ops::function::FnOnce<()>>::call_once
[INFO] [stdout]   13:     0x63df89aeafab - test[aada8e7e76ba119b]::__rust_begin_short_backtrace::<core[a373ad73a504971]::result::Result<(), alloc[2e1b2a31b91974c5]::string::String>, fn() -> core[a373ad73a504971]::result::Result<(), alloc[2e1b2a31b91974c5]::string::String>>
[INFO] [stdout]   14:     0x63df89af8185 - test[aada8e7e76ba119b]::run_test::{closure#0}
[INFO] [stdout]   15:     0x63df89af1a74 - std[617be2ca0a6fd877]::sys::backtrace::__rust_begin_short_backtrace::<test[aada8e7e76ba119b]::run_test::{closure#1}, ()>
[INFO] [stdout]   16:     0x63df89afb212 - <std[617be2ca0a6fd877]::thread::lifecycle::spawn_unchecked<test[aada8e7e76ba119b]::run_test::{closure#1}, ()>::{closure#1} as core[a373ad73a504971]::ops::function::FnOnce<()>>::call_once::{shim:vtable#0}
[INFO] [stdout]   17:     0x63df89b65ddf - <std[617be2ca0a6fd877]::sys::thread::unix::Thread>::new::thread_start
[INFO] [stdout]   18:     0x7e059994fdfa - <unknown>
[INFO] [stdout]   19:     0x7e05999e33d4 - clone
[INFO] [stdout]   20:                0x0 - <unknown>
[INFO] [stdout] 
[INFO] [stdout] ---- test_init_force_flag_overwrites stdout ----
[INFO] [stdout] 
[INFO] [stdout] thread 'test_init_force_flag_overwrites' (2138) panicked at tests/integration.rs:202:10:
[INFO] [stdout] first init: Os { code: 2, kind: NotFound, message: "No such file or directory" }
[INFO] [stdout] stack backtrace:
[INFO] [stdout]    0:     0x63df89b66ac1 - <<std[617be2ca0a6fd877]::sys::backtrace::BacktraceLock>::print::DisplayBacktrace as core[a373ad73a504971]::fmt::Display>::fmt
[INFO] [stdout]    1:     0x63df89b7b9fa - core[a373ad73a504971]::fmt::write
[INFO] [stdout]    2:     0x63df89b6affc - <alloc[2e1b2a31b91974c5]::vec::Vec<u8> as core[a373ad73a504971]::io::write::Write>::write_fmt
[INFO] [stdout]    3:     0x63df89b41176 - std[617be2ca0a6fd877]::panicking::default_hook::{closure#0}
[INFO] [stdout]    4:     0x63df89b5e249 - std[617be2ca0a6fd877]::panicking::default_hook
[INFO] [stdout]    5:     0x63df89af7b60 - test[aada8e7e76ba119b]::test_main_inner::{closure#0}
[INFO] [stdout]    6:     0x63df89b5e402 - std[617be2ca0a6fd877]::panicking::panic_with_hook
[INFO] [stdout]    7:     0x63df89b41222 - std[617be2ca0a6fd877]::panicking::panic_handler::{closure#0}
[INFO] [stdout]    8:     0x63df89b39be9 - std[617be2ca0a6fd877]::sys::backtrace::__rust_end_short_backtrace::<std[617be2ca0a6fd877]::panicking::panic_handler::{closure#0}, !>
[INFO] [stdout]    9:     0x63df89b41e2d - __rustc[ea4f61d10b84890b]::rust_begin_unwind
[INFO] [stdout]   10:     0x63df89b7c12c - core[a373ad73a504971]::panicking::panic_fmt
[INFO] [stdout]   11:     0x63df89b7bf02 - core[a373ad73a504971]::result::unwrap_failed
[INFO] [stdout]   12:     0x63df89ad9dfa - <integration[e39856eb1e34d83]::test_init_force_flag_overwrites::{closure#0} as core[a373ad73a504971]::ops::function::FnOnce<()>>::call_once
[INFO] [stdout]   13:     0x63df89aeafab - test[aada8e7e76ba119b]::__rust_begin_short_backtrace::<core[a373ad73a504971]::result::Result<(), alloc[2e1b2a31b91974c5]::string::String>, fn() -> core[a373ad73a504971]::result::Result<(), alloc[2e1b2a31b91974c5]::string::String>>
[INFO] [stdout]   14:     0x63df89af8185 - test[aada8e7e76ba119b]::run_test::{closure#0}
[INFO] [stdout]   15:     0x63df89af1a74 - std[617be2ca0a6fd877]::sys::backtrace::__rust_begin_short_backtrace::<test[aada8e7e76ba119b]::run_test::{closure#1}, ()>
[INFO] [stdout]   16:     0x63df89afb212 - <std[617be2ca0a6fd877]::thread::lifecycle::spawn_unchecked<test[aada8e7e76ba119b]::run_test::{closure#1}, ()>::{closure#1} as core[a373ad73a504971]::ops::function::FnOnce<()>>::call_once::{shim:vtable#0}
[INFO] [stdout]   17:     0x63df89b65ddf - <std[617be2ca0a6fd877]::sys::thread::unix::Thread>::new::thread_start
[INFO] [stdout]   18:     0x7e059994fdfa - <unknown>
[INFO] [stdout]   19:     0x7e05999e33d4 - clone
[INFO] [stdout]   20:                0x0 - <unknown>
[INFO] [stdout] 
[INFO] [stdout] ---- test_run_creates_history_entry stdout ----
[INFO] [stdout] 
[INFO] [stdout] thread 'test_run_creates_history_entry' (2152) panicked at tests/integration.rs:430:10:
[INFO] [stdout] run command: Os { code: 2, kind: NotFound, message: "No such file or directory" }
[INFO] [stdout] stack backtrace:
[INFO] [stdout]    0:     0x63df89b66ac1 - <<std[617be2ca0a6fd877]::sys::backtrace::BacktraceLock>::print::DisplayBacktrace as core[a373ad73a504971]::fmt::Display>::fmt
[INFO] [stdout]    1:     0x63df89b7b9fa - core[a373ad73a504971]::fmt::write
[INFO] [stdout]    2:     0x63df89b6affc - <alloc[2e1b2a31b91974c5]::vec::Vec<u8> as core[a373ad73a504971]::io::write::Write>::write_fmt
[INFO] [stdout]    3:     0x63df89b41176 - std[617be2ca0a6fd877]::panicking::default_hook::{closure#0}
[INFO] [stdout]    4:     0x63df89b5e249 - std[617be2ca0a6fd877]::panicking::default_hook
[INFO] [stdout]    5:     0x63df89af7b60 - test[aada8e7e76ba119b]::test_main_inner::{closure#0}
[INFO] [stdout]    6:     0x63df89b5e402 - std[617be2ca0a6fd877]::panicking::panic_with_hook
[INFO] [stdout]    7:     0x63df89b41222 - std[617be2ca0a6fd877]::panicking::panic_handler::{closure#0}
[INFO] [stdout]    8:     0x63df89b39be9 - std[617be2ca0a6fd877]::sys::backtrace::__rust_end_short_backtrace::<std[617be2ca0a6fd877]::panicking::panic_handler::{closure#0}, !>
[INFO] [stdout]    9:     0x63df89b41e2d - __rustc[ea4f61d10b84890b]::rust_begin_unwind
[INFO] [stdout]   10:     0x63df89b7c12c - core[a373ad73a504971]::panicking::panic_fmt
[INFO] [stdout]   11:     0x63df89b7bf02 - core[a373ad73a504971]::result::unwrap_failed
[INFO] [stdout]   12:     0x63df89ad8dcb - <integration[e39856eb1e34d83]::test_run_creates_history_entry::{closure#0} as core[a373ad73a504971]::ops::function::FnOnce<()>>::call_once
[INFO] [stdout]   13:     0x63df89aeafab - test[aada8e7e76ba119b]::__rust_begin_short_backtrace::<core[a373ad73a504971]::result::Result<(), alloc[2e1b2a31b91974c5]::string::String>, fn() -> core[a373ad73a504971]::result::Result<(), alloc[2e1b2a31b91974c5]::string::String>>
[INFO] [stdout]   14:     0x63df89af8185 - test[aada8e7e76ba119b]::run_test::{closure#0}
[INFO] [stdout]   15:     0x63df89af1a74 - std[617be2ca0a6fd877]::sys::backtrace::__rust_begin_short_backtrace::<test[aada8e7e76ba119b]::run_test::{closure#1}, ()>
[INFO] [stdout]   16:     0x63df89afb212 - <std[617be2ca0a6fd877]::thread::lifecycle::spawn_unchecked<test[aada8e7e76ba119b]::run_test::{closure#1}, ()>::{closure#1} as core[a373ad73a504971]::ops::function::FnOnce<()>>::call_once::{shim:vtable#0}
[INFO] [stdout]   17:     0x63df89b65ddf - <std[617be2ca0a6fd877]::sys::thread::unix::Thread>::new::thread_start
[INFO] [stdout]   18:     0x7e059994fdfa - <unknown>
[INFO] [stdout]   19:     0x7e05999e33d4 - clone
[INFO] [stdout]   20:                0x0 - <unknown>
[INFO] [stdout] 
[INFO] [stdout] ---- test_run_ci_json_tool_fields_present stdout ----
[INFO] [stdout] 
[INFO] [stdout] thread 'test_run_ci_json_tool_fields_present' (2145) panicked at tests/integration.rs:973:10:
[INFO] [stdout] run command: Os { code: 2, kind: NotFound, message: "No such file or directory" }
[INFO] [stdout] stack backtrace:
[INFO] [stdout]    0:     0x63df89b66ac1 - <<std[617be2ca0a6fd877]::sys::backtrace::BacktraceLock>::print::DisplayBacktrace as core[a373ad73a504971]::fmt::Display>::fmt
[INFO] [stdout]    1:     0x63df89b7b9fa - core[a373ad73a504971]::fmt::write
[INFO] [stdout]    2:     0x63df89b6affc - <alloc[2e1b2a31b91974c5]::vec::Vec<u8> as core[a373ad73a504971]::io::write::Write>::write_fmt
[INFO] [stdout]    3:     0x63df89b41176 - std[617be2ca0a6fd877]::panicking::default_hook::{closure#0}
[INFO] [stdout]    4:     0x63df89b5e249 - std[617be2ca0a6fd877]::panicking::default_hook
[INFO] [stdout]    5:     0x63df89af7b60 - test[aada8e7e76ba119b]::test_main_inner::{closure#0}
[INFO] [stdout]    6:     0x63df89b5e402 - std[617be2ca0a6fd877]::panicking::panic_with_hook
[INFO] [stdout]    7:     0x63df89b41222 - std[617be2ca0a6fd877]::panicking::panic_handler::{closure#0}
[INFO] [stdout]    8:     0x63df89b39be9 - std[617be2ca0a6fd877]::sys::backtrace::__rust_end_short_backtrace::<std[617be2ca0a6fd877]::panicking::panic_handler::{closure#0}, !>
[INFO] [stdout]    9:     0x63df89b41e2d - __rustc[ea4f61d10b84890b]::rust_begin_unwind
[INFO] [stdout]   10:     0x63df89b7c12c - core[a373ad73a504971]::panicking::panic_fmt
[INFO] [stdout]   11:     0x63df89b7bf02 - core[a373ad73a504971]::result::unwrap_failed
[INFO] [stdout]   12:     0x63df89adddcf - <integration[e39856eb1e34d83]::test_run_ci_json_tool_fields_present::{closure#0} as core[a373ad73a504971]::ops::function::FnOnce<()>>::call_once
[INFO] [stdout]   13:     0x63df89aeafab - test[aada8e7e76ba119b]::__rust_begin_short_backtrace::<core[a373ad73a504971]::result::Result<(), alloc[2e1b2a31b91974c5]::string::String>, fn() -> core[a373ad73a504971]::result::Result<(), alloc[2e1b2a31b91974c5]::string::String>>
[INFO] [stdout]   14:     0x63df89af8185 - test[aada8e7e76ba119b]::run_test::{closure#0}
[INFO] [stdout]   15:     0x63df89af1a74 - std[617be2ca0a6fd877]::sys::backtrace::__rust_begin_short_backtrace::<test[aada8e7e76ba119b]::run_test::{closure#1}, ()>
[INFO] [stdout]   16:     0x63df89afb212 - <std[617be2ca0a6fd877]::thread::lifecycle::spawn_unchecked<test[aada8e7e76ba119b]::run_test::{closure#1}, ()>::{closure#1} as core[a373ad73a504971]::ops::function::FnOnce<()>>::call_once::{shim:vtable#0}
[INFO] [stdout]   17:     0x63df89b65ddf - <std[617be2ca0a6fd877]::sys::thread::unix::Thread>::new::thread_start
[INFO] [stdout]   18:     0x7e059994fdfa - <unknown>
[INFO] [stdout]   19:     0x7e05999e33d4 - clone
[INFO] [stdout]   20:                0x0 - <unknown>
[INFO] [stdout] 
[INFO] [stdout] ---- test_help_flag stdout ----
[INFO] [stdout] 
[INFO] [stdout] thread 'test_help_flag' (2136) panicked at tests/integration.rs:45:10:
[INFO] [stdout] run binary: Os { code: 2, kind: NotFound, message: "No such file or directory" }
[INFO] [stdout] stack backtrace:
[INFO] [stdout]    0:     0x63df89b66ac1 - <<std[617be2ca0a6fd877]::sys::backtrace::BacktraceLock>::print::DisplayBacktrace as core[a373ad73a504971]::fmt::Display>::fmt
[INFO] [stdout]    1:     0x63df89b7b9fa - core[a373ad73a504971]::fmt::write
[INFO] [stdout]    2:     0x63df89b6affc - <alloc[2e1b2a31b91974c5]::vec::Vec<u8> as core[a373ad73a504971]::io::write::Write>::write_fmt
[INFO] [stdout]    3:     0x63df89b41176 - std[617be2ca0a6fd877]::panicking::default_hook::{closure#0}
[INFO] [stdout]    4:     0x63df89b5e249 - std[617be2ca0a6fd877]::panicking::default_hook
[INFO] [stdout]    5:     0x63df89af7b60 - test[aada8e7e76ba119b]::test_main_inner::{closure#0}
[INFO] [stdout]    6:     0x63df89b5e402 - std[617be2ca0a6fd877]::panicking::panic_with_hook
[INFO] [stdout]    7:     0x63df89b41222 - std[617be2ca0a6fd877]::panicking::panic_handler::{closure#0}
[INFO] [stdout]    8:     0x63df89b39be9 - std[617be2ca0a6fd877]::sys::backtrace::__rust_end_short_backtrace::<std[617be2ca0a6fd877]::panicking::panic_handler::{closure#0}, !>
[INFO] [stdout]    9:     0x63df89b41e2d - __rustc[ea4f61d10b84890b]::rust_begin_unwind
[INFO] [stdout]   10:     0x63df89b7c12c - core[a373ad73a504971]::panicking::panic_fmt
[INFO] [stdout]   11:     0x63df89b7bf02 - core[a373ad73a504971]::result::unwrap_failed
[INFO] [stdout]   12:     0x63df89ad4d6e - <integration[e39856eb1e34d83]::test_help_flag::{closure#0} as core[a373ad73a504971]::ops::function::FnOnce<()>>::call_once
[INFO] [stdout]   13:     0x63df89aeafab - test[aada8e7e76ba119b]::__rust_begin_short_backtrace::<core[a373ad73a504971]::result::Result<(), alloc[2e1b2a31b91974c5]::string::String>, fn() -> core[a373ad73a504971]::result::Result<(), alloc[2e1b2a31b91974c5]::string::String>>
[INFO] [stdout]   14:     0x63df89af8185 - test[aada8e7e76ba119b]::run_test::{closure#0}
[INFO] [stdout]   15:     0x63df89af1a74 - std[617be2ca0a6fd877]::sys::backtrace::__rust_begin_short_backtrace::<test[aada8e7e76ba119b]::run_test::{closure#1}, ()>
[INFO] [stdout]   16:     0x63df89afb212 - <std[617be2ca0a6fd877]::thread::lifecycle::spawn_unchecked<test[aada8e7e76ba119b]::run_test::{closure#1}, ()>::{closure#1} as core[a373ad73a504971]::ops::function::FnOnce<()>>::call_once::{shim:vtable#0}
[INFO] [stdout]   17:     0x63df89b65ddf - <std[617be2ca0a6fd877]::sys::thread::unix::Thread>::new::thread_start
[INFO] [stdout]   18:     0x7e059994fdfa - <unknown>
[INFO] [stdout]   19:     0x7e05999e33d4 - clone
[INFO] [stdout]   20:                0x0 - <unknown>
[INFO] [stdout] 
[INFO] [stdout] ---- test_diff_latest_with_two_entries stdout ----
[INFO] [stdout] 
[INFO] [stdout] thread 'test_diff_latest_with_two_entries' (2133) panicked at tests/integration.rs:707:10:
[INFO] [stdout] diff command: Os { code: 2, kind: NotFound, message: "No such file or directory" }
[INFO] [stdout] stack backtrace:
[INFO] [stdout]    0:     0x63df89b66ac1 - <<std[617be2ca0a6fd877]::sys::backtrace::BacktraceLock>::print::DisplayBacktrace as core[a373ad73a504971]::fmt::Display>::fmt
[INFO] [stdout]    1:     0x63df89b7b9fa - core[a373ad73a504971]::fmt::write
[INFO] [stdout]    2:     0x63df89b6affc - <alloc[2e1b2a31b91974c5]::vec::Vec<u8> as core[a373ad73a504971]::io::write::Write>::write_fmt
[INFO] [stdout]    3:     0x63df89b41176 - std[617be2ca0a6fd877]::panicking::default_hook::{closure#0}
[INFO] [stdout]    4:     0x63df89b5e249 - std[617be2ca0a6fd877]::panicking::default_hook
[INFO] [stdout]    5:     0x63df89af7b60 - test[aada8e7e76ba119b]::test_main_inner::{closure#0}
[INFO] [stdout]    6:     0x63df89b5e402 - std[617be2ca0a6fd877]::panicking::panic_with_hook
[INFO] [stdout]    7:     0x63df89b41222 - std[617be2ca0a6fd877]::panicking::panic_handler::{closure#0}
[INFO] [stdout]    8:     0x63df89b39be9 - std[617be2ca0a6fd877]::sys::backtrace::__rust_end_short_backtrace::<std[617be2ca0a6fd877]::panicking::panic_handler::{closure#0}, !>
[INFO] [stdout]    9:     0x63df89b41e2d - __rustc[ea4f61d10b84890b]::rust_begin_unwind
[INFO] [stdout]   10:     0x63df89b7c12c - core[a373ad73a504971]::panicking::panic_fmt
[INFO] [stdout]   11:     0x63df89b7bf02 - core[a373ad73a504971]::result::unwrap_failed
[INFO] [stdout]   12:     0x63df89adb30b - <integration[e39856eb1e34d83]::test_diff_latest_with_two_entries::{closure#0} as core[a373ad73a504971]::ops::function::FnOnce<()>>::call_once
[INFO] [stdout]   13:     0x63df89aeafab - test[aada8e7e76ba119b]::__rust_begin_short_backtrace::<core[a373ad73a504971]::result::Result<(), alloc[2e1b2a31b91974c5]::string::String>, fn() -> core[a373ad73a504971]::result::Result<(), alloc[2e1b2a31b91974c5]::string::String>>
[INFO] [stdout]   14:     0x63df89af8185 - test[aada8e7e76ba119b]::run_test::{closure#0}
[INFO] [stdout]   15:     0x63df89af1a74 - std[617be2ca0a6fd877]::sys::backtrace::__rust_begin_short_backtrace::<test[aada8e7e76ba119b]::run_test::{closure#1}, ()>
[INFO] [stdout]   16:     0x63df89afb212 - <std[617be2ca0a6fd877]::thread::lifecycle::spawn_unchecked<test[aada8e7e76ba119b]::run_test::{closure#1}, ()>::{closure#1} as core[a373ad73a504971]::ops::function::FnOnce<()>>::call_once::{shim:vtable#0}
[INFO] [stdout]   17:     0x63df89b65ddf - <std[617be2ca0a6fd877]::sys::thread::unix::Thread>::new::thread_start
[INFO] [stdout]   18:     0x7e059994fdfa - <unknown>
[INFO] [stdout]   19:     0x7e05999e33d4 - clone
[INFO] [stdout]   20:                0x0 - <unknown>
[INFO] [stdout] 
[INFO] [stdout] ---- test_run_format_html_creates_summary_html stdout ----
[INFO] [stdout] 
[INFO] [stdout] thread 'test_run_format_html_creates_summary_html' (2159) panicked at tests/integration.rs:1091:10:
[INFO] [stdout] run command: Os { code: 2, kind: NotFound, message: "No such file or directory" }
[INFO] [stdout] stack backtrace:
[INFO] [stdout]    0:     0x63df89b66ac1 - <<std[617be2ca0a6fd877]::sys::backtrace::BacktraceLock>::print::DisplayBacktrace as core[a373ad73a504971]::fmt::Display>::fmt
[INFO] [stdout]    1:     0x63df89b7b9fa - core[a373ad73a504971]::fmt::write
[INFO] [stdout]    2:     0x63df89b6affc - <alloc[2e1b2a31b91974c5]::vec::Vec<u8> as core[a373ad73a504971]::io::write::Write>::write_fmt
[INFO] [stdout]    3:     0x63df89b41176 - std[617be2ca0a6fd877]::panicking::default_hook::{closure#0}
[INFO] [stdout]    4:     0x63df89b5e249 - std[617be2ca0a6fd877]::panicking::default_hook
[INFO] [stdout]    5:     0x63df89af7b60 - test[aada8e7e76ba119b]::test_main_inner::{closure#0}
[INFO] [stdout]    6:     0x63df89b5e402 - std[617be2ca0a6fd877]::panicking::panic_with_hook
[INFO] [stdout]    7:     0x63df89b41222 - std[617be2ca0a6fd877]::panicking::panic_handler::{closure#0}
[INFO] [stdout]    8:     0x63df89b39be9 - std[617be2ca0a6fd877]::sys::backtrace::__rust_end_short_backtrace::<std[617be2ca0a6fd877]::panicking::panic_handler::{closure#0}, !>
[INFO] [stdout]    9:     0x63df89b41e2d - __rustc[ea4f61d10b84890b]::rust_begin_unwind
[INFO] [stdout]   10:     0x63df89b7c12c - core[a373ad73a504971]::panicking::panic_fmt
[INFO] [stdout]   11:     0x63df89b7bf02 - core[a373ad73a504971]::result::unwrap_failed
[INFO] [stdout]   12:     0x63df89adff94 - <integration[e39856eb1e34d83]::test_run_format_html_creates_summary_html::{closure#0} as core[a373ad73a504971]::ops::function::FnOnce<()>>::call_once
[INFO] [stdout]   13:     0x63df89aeafab - test[aada8e7e76ba119b]::__rust_begin_short_backtrace::<core[a373ad73a504971]::result::Result<(), alloc[2e1b2a31b91974c5]::string::String>, fn() -> core[a373ad73a504971]::result::Result<(), alloc[2e1b2a31b91974c5]::string::String>>
[INFO] [stdout]   14:     0x63df89af8185 - test[aada8e7e76ba119b]::run_test::{closure#0}
[INFO] [stdout]   15:     0x63df89af1a74 - std[617be2ca0a6fd877]::sys::backtrace::__rust_begin_short_backtrace::<test[aada8e7e76ba119b]::run_test::{closure#1}, ()>
[INFO] [stdout]   16:     0x63df89afb212 - <std[617be2ca0a6fd877]::thread::lifecycle::spawn_unchecked<test[aada8e7e76ba119b]::run_test::{closure#1}, ()>::{closure#1} as core[a373ad73a504971]::ops::function::FnOnce<()>>::call_once::{shim:vtable#0}
[INFO] [stdout]   17:     0x63df89b65ddf - <std[617be2ca0a6fd877]::sys::thread::unix::Thread>::new::thread_start
[INFO] [stdout]   18:     0x7e059994fdfa - <unknown>
[INFO] [stdout]   19:     0x7e05999e33d4 - clone
[INFO] [stdout]   20:                0x0 - <unknown>
[INFO] [stdout] 
[INFO] [stdout] ---- test_init_full_preset_has_all_tools stdout ----
[INFO] [stdout] 
[INFO] [stdout] thread 'test_init_full_preset_has_all_tools' (2139) panicked at tests/integration.rs:116:10:
[INFO] [stdout] run init: Os { code: 2, kind: NotFound, message: "No such file or directory" }
[INFO] [stdout] stack backtrace:
[INFO] [stdout]    0:     0x63df89b66ac1 - <<std[617be2ca0a6fd877]::sys::backtrace::BacktraceLock>::print::DisplayBacktrace as core[a373ad73a504971]::fmt::Display>::fmt
[INFO] [stdout]    1:     0x63df89b7b9fa - core[a373ad73a504971]::fmt::write
[INFO] [stdout]    2:     0x63df89b6affc - <alloc[2e1b2a31b91974c5]::vec::Vec<u8> as core[a373ad73a504971]::io::write::Write>::write_fmt
[INFO] [stdout]    3:     0x63df89b41176 - std[617be2ca0a6fd877]::panicking::default_hook::{closure#0}
[INFO] [stdout]    4:     0x63df89b5e249 - std[617be2ca0a6fd877]::panicking::default_hook
[INFO] [stdout]    5:     0x63df89af7b60 - test[aada8e7e76ba119b]::test_main_inner::{closure#0}
[INFO] [stdout]    6:     0x63df89b5e402 - std[617be2ca0a6fd877]::panicking::panic_with_hook
[INFO] [stdout]    7:     0x63df89b41222 - std[617be2ca0a6fd877]::panicking::panic_handler::{closure#0}
[INFO] [stdout]    8:     0x63df89b39be9 - std[617be2ca0a6fd877]::sys::backtrace::__rust_end_short_backtrace::<std[617be2ca0a6fd877]::panicking::panic_handler::{closure#0}, !>
[INFO] [stdout]    9:     0x63df89b41e2d - __rustc[ea4f61d10b84890b]::rust_begin_unwind
[INFO] [stdout]   10:     0x63df89b7c12c - core[a373ad73a504971]::panicking::panic_fmt
[INFO] [stdout]   11:     0x63df89b7bf02 - core[a373ad73a504971]::result::unwrap_failed
[INFO] [stdout]   12:     0x63df89adc28b - <integration[e39856eb1e34d83]::test_init_full_preset_has_all_tools::{closure#0} as core[a373ad73a504971]::ops::function::FnOnce<()>>::call_once
[INFO] [stdout]   13:     0x63df89aeafab - test[aada8e7e76ba119b]::__rust_begin_short_backtrace::<core[a373ad73a504971]::result::Result<(), alloc[2e1b2a31b91974c5]::string::String>, fn() -> core[a373ad73a504971]::result::Result<(), alloc[2e1b2a31b91974c5]::string::String>>
[INFO] [stdout]   14:     0x63df89af8185 - test[aada8e7e76ba119b]::run_test::{closure#0}
[INFO] [stdout]   15:     0x63df89af1a74 - std[617be2ca0a6fd877]::sys::backtrace::__rust_begin_short_backtrace::<test[aada8e7e76ba119b]::run_test::{closure#1}, ()>
[INFO] [stdout]   16:     0x63df89afb212 - <std[617be2ca0a6fd877]::thread::lifecycle::spawn_unchecked<test[aada8e7e76ba119b]::run_test::{closure#1}, ()>::{closure#1} as core[a373ad73a504971]::ops::function::FnOnce<()>>::call_once::{shim:vtable#0}
[INFO] [stdout]   17:     0x63df89b65ddf - <std[617be2ca0a6fd877]::sys::thread::unix::Thread>::new::thread_start
[INFO] [stdout]   18:     0x7e059994fdfa - <unknown>
[INFO] [stdout]   19:     0x7e05999e33d4 - clone
[INFO] [stdout]   20:                0x0 - <unknown>
[INFO] [stdout] 
[INFO] [stdout] ---- test_run_format_html_summary_counts stdout ----
[INFO] [stdout] 
[INFO] [stdout] thread 'test_run_format_html_summary_counts' (2162) panicked at tests/integration.rs:1196:10:
[INFO] [stdout] run command: Os { code: 2, kind: NotFound, message: "No such file or directory" }
[INFO] [stdout] stack backtrace:
[INFO] [stdout]    0:     0x63df89b66ac1 - <<std[617be2ca0a6fd877]::sys::backtrace::BacktraceLock>::print::DisplayBacktrace as core[a373ad73a504971]::fmt::Display>::fmt
[INFO] [stdout]    1:     0x63df89b7b9fa - core[a373ad73a504971]::fmt::write
[INFO] [stdout]    2:     0x63df89b6affc - <alloc[2e1b2a31b91974c5]::vec::Vec<u8> as core[a373ad73a504971]::io::write::Write>::write_fmt
[INFO] [stdout]    3:     0x63df89b41176 - std[617be2ca0a6fd877]::panicking::default_hook::{closure#0}
[INFO] [stdout]    4:     0x63df89b5e249 - std[617be2ca0a6fd877]::panicking::default_hook
[INFO] [stdout]    5:     0x63df89af7b60 - test[aada8e7e76ba119b]::test_main_inner::{closure#0}
[INFO] [stdout]    6:     0x63df89b5e402 - std[617be2ca0a6fd877]::panicking::panic_with_hook
[INFO] [stdout]    7:     0x63df89b41222 - std[617be2ca0a6fd877]::panicking::panic_handler::{closure#0}
[INFO] [stdout]    8:     0x63df89b39be9 - std[617be2ca0a6fd877]::sys::backtrace::__rust_end_short_backtrace::<std[617be2ca0a6fd877]::panicking::panic_handler::{closure#0}, !>
[INFO] [stdout]    9:     0x63df89b41e2d - __rustc[ea4f61d10b84890b]::rust_begin_unwind
[INFO] [stdout]   10:     0x63df89b7c12c - core[a373ad73a504971]::panicking::panic_fmt
[INFO] [stdout]   11:     0x63df89b7bf02 - core[a373ad73a504971]::result::unwrap_failed
[INFO] [stdout]   12:     0x63df89adc90e - <integration[e39856eb1e34d83]::test_run_format_html_summary_counts::{closure#0} as core[a373ad73a504971]::ops::function::FnOnce<()>>::call_once
[INFO] [stdout]   13:     0x63df89aeafab - test[aada8e7e76ba119b]::__rust_begin_short_backtrace::<core[a373ad73a504971]::result::Result<(), alloc[2e1b2a31b91974c5]::string::String>, fn() -> core[a373ad73a504971]::result::Result<(), alloc[2e1b2a31b91974c5]::string::String>>
[INFO] [stdout]   14:     0x63df89af8185 - test[aada8e7e76ba119b]::run_test::{closure#0}
[INFO] [stdout]   15:     0x63df89af1a74 - std[617be2ca0a6fd877]::sys::backtrace::__rust_begin_short_backtrace::<test[aada8e7e76ba119b]::run_test::{closure#1}, ()>
[INFO] [stdout]   16:     0x63df89afb212 - <std[617be2ca0a6fd877]::thread::lifecycle::spawn_unchecked<test[aada8e7e76ba119b]::run_test::{closure#1}, ()>::{closure#1} as core[a373ad73a504971]::ops::function::FnOnce<()>>::call_once::{shim:vtable#0}
[INFO] [stdout]   17:     0x63df89b65ddf - <std[617be2ca0a6fd877]::sys::thread::unix::Thread>::new::thread_start
[INFO] [stdout]   18:     0x7e059994fdfa - <unknown>
[INFO] [stdout]   19:     0x7e05999e33d4 - clone
[INFO] [stdout]   20:                0x0 - <unknown>
[INFO] [stdout] 
[INFO] [stdout] ---- test_diff_no_history_errors stdout ----
[INFO] [stdout] 
[INFO] [stdout] thread 'test_diff_no_history_errors' (2134) panicked at tests/integration.rs:477:10:
[INFO] [stdout] diff command: Os { code: 2, kind: NotFound, message: "No such file or directory" }
[INFO] [stdout] stack backtrace:
[INFO] [stdout]    0:     0x63df89b66ac1 - <<std[617be2ca0a6fd877]::sys::backtrace::BacktraceLock>::print::DisplayBacktrace as core[a373ad73a504971]::fmt::Display>::fmt
[INFO] [stdout]    1:     0x63df89b7b9fa - core[a373ad73a504971]::fmt::write
[INFO] [stdout]    2:     0x63df89b6affc - <alloc[2e1b2a31b91974c5]::vec::Vec<u8> as core[a373ad73a504971]::io::write::Write>::write_fmt
[INFO] [stdout]    3:     0x63df89b41176 - std[617be2ca0a6fd877]::panicking::default_hook::{closure#0}
[INFO] [stdout]    4:     0x63df89b5e249 - std[617be2ca0a6fd877]::panicking::default_hook
[INFO] [stdout]    5:     0x63df89af7b60 - test[aada8e7e76ba119b]::test_main_inner::{closure#0}
[INFO] [stdout]    6:     0x63df89b5e402 - std[617be2ca0a6fd877]::panicking::panic_with_hook
[INFO] [stdout]    7:     0x63df89b41222 - std[617be2ca0a6fd877]::panicking::panic_handler::{closure#0}
[INFO] [stdout]    8:     0x63df89b39be9 - std[617be2ca0a6fd877]::sys::backtrace::__rust_end_short_backtrace::<std[617be2ca0a6fd877]::panicking::panic_handler::{closure#0}, !>
[INFO] [stdout]    9:     0x63df89b41e2d - __rustc[ea4f61d10b84890b]::rust_begin_unwind
[INFO] [stdout]   10:     0x63df89b7c12c - core[a373ad73a504971]::panicking::panic_fmt
[INFO] [stdout]   11:     0x63df89b7bf02 - core[a373ad73a504971]::result::unwrap_failed
[INFO] [stdout]   12:     0x63df89ad62a9 - <integration[e39856eb1e34d83]::test_diff_no_history_errors::{closure#0} as core[a373ad73a504971]::ops::function::FnOnce<()>>::call_once
[INFO] [stdout]   13:     0x63df89aeafab - test[aada8e7e76ba119b]::__rust_begin_short_backtrace::<core[a373ad73a504971]::result::Result<(), alloc[2e1b2a31b91974c5]::string::String>, fn() -> core[a373ad73a504971]::result::Result<(), alloc[2e1b2a31b91974c5]::string::String>>
[INFO] [stdout]   14:     0x63df89af8185 - test[aada8e7e76ba119b]::run_test::{closure#0}
[INFO] [stdout]   15:     0x63df89af1a74 - std[617be2ca0a6fd877]::sys::backtrace::__rust_begin_short_backtrace::<test[aada8e7e76ba119b]::run_test::{closure#1}, ()>
[INFO] [stdout]   16:     0x63df89afb212 - <std[617be2ca0a6fd877]::thread::lifecycle::spawn_unchecked<test[aada8e7e76ba119b]::run_test::{closure#1}, ()>::{closure#1} as core[a373ad73a504971]::ops::function::FnOnce<()>>::call_once::{shim:vtable#0}
[INFO] [stdout]   17:     0x63df89b65ddf - <std[617be2ca0a6fd877]::sys::thread::unix::Thread>::new::thread_start
[INFO] [stdout]   18:     0x7e059994fdfa - <unknown>
[INFO] [stdout]   19:     0x7e05999e33d4 - clone
[INFO] [stdout]   20:                0x0 - <unknown>
[INFO] [stdout] 
[INFO] [stdout] ---- test_run_fails_without_config stdout ----
[INFO] [stdout] 
[INFO] [stdout] thread 'test_run_fails_without_config' (2153) panicked at tests/integration.rs:234:10:
[INFO] [stdout] run command: Os { code: 2, kind: NotFound, message: "No such file or directory" }
[INFO] [stdout] stack backtrace:
[INFO] [stdout]    0:     0x63df89b66ac1 - <<std[617be2ca0a6fd877]::sys::backtrace::BacktraceLock>::print::DisplayBacktrace as core[a373ad73a504971]::fmt::Display>::fmt
[INFO] [stdout]    1:     0x63df89b7b9fa - core[a373ad73a504971]::fmt::write
[INFO] [stdout]    2:     0x63df89b6affc - <alloc[2e1b2a31b91974c5]::vec::Vec<u8> as core[a373ad73a504971]::io::write::Write>::write_fmt
[INFO] [stdout]    3:     0x63df89b41176 - std[617be2ca0a6fd877]::panicking::default_hook::{closure#0}
[INFO] [stdout]    4:     0x63df89b5e249 - std[617be2ca0a6fd877]::panicking::default_hook
[INFO] [stdout]    5:     0x63df89af7b60 - test[aada8e7e76ba119b]::test_main_inner::{closure#0}
[INFO] [stdout]    6:     0x63df89b5e402 - std[617be2ca0a6fd877]::panicking::panic_with_hook
[INFO] [stdout]    7:     0x63df89b41222 - std[617be2ca0a6fd877]::panicking::panic_handler::{closure#0}
[INFO] [stdout]    8:     0x63df89b39be9 - std[617be2ca0a6fd877]::sys::backtrace::__rust_end_short_backtrace::<std[617be2ca0a6fd877]::panicking::panic_handler::{closure#0}, !>
[INFO] [stdout]    9:     0x63df89b41e2d - __rustc[ea4f61d10b84890b]::rust_begin_unwind
[INFO] [stdout]   10:     0x63df89b7c12c - core[a373ad73a504971]::panicking::panic_fmt
[INFO] [stdout]   11:     0x63df89b7bf02 - core[a373ad73a504971]::result::unwrap_failed
[INFO] [stdout]   12:     0x63df89ad765f - <integration[e39856eb1e34d83]::test_run_fails_without_config::{closure#0} as core[a373ad73a504971]::ops::function::FnOnce<()>>::call_once
[INFO] [stdout]   13:     0x63df89aeafab - test[aada8e7e76ba119b]::__rust_begin_short_backtrace::<core[a373ad73a504971]::result::Result<(), alloc[2e1b2a31b91974c5]::string::String>, fn() -> core[a373ad73a504971]::result::Result<(), alloc[2e1b2a31b91974c5]::string::String>>
[INFO] [stdout]   14:     0x63df89af8185 - test[aada8e7e76ba119b]::run_test::{closure#0}
[INFO] [stdout]   15:     0x63df89af1a74 - std[617be2ca0a6fd877]::sys::backtrace::__rust_begin_short_backtrace::<test[aada8e7e76ba119b]::run_test::{closure#1}, ()>
[INFO] [stdout]   16:     0x63df89afb212 - <std[617be2ca0a6fd877]::thread::lifecycle::spawn_unchecked<test[aada8e7e76ba119b]::run_test::{closure#1}, ()>::{closure#1} as core[a373ad73a504971]::ops::function::FnOnce<()>>::call_once::{shim:vtable#0}
[INFO] [stdout]   17:     0x63df89b65ddf - <std[617be2ca0a6fd877]::sys::thread::unix::Thread>::new::thread_start
[INFO] [stdout]   18:     0x7e059994fdfa - <unknown>
[INFO] [stdout]   19:     0x7e05999e33d4 - clone
[INFO] [stdout]   20:                0x0 - <unknown>
[INFO] [stdout] 
[INFO] [stdout] ---- test_run_ci_mode_creates_json stdout ----
[INFO] [stdout] 
[INFO] [stdout] thread 'test_run_ci_mode_creates_json' (2146) panicked at tests/integration.rs:295:10:
[INFO] [stdout] run command: Os { code: 2, kind: NotFound, message: "No such file or directory" }
[INFO] [stdout] stack backtrace:
[INFO] [stdout]    0:     0x63df89b66ac1 - <<std[617be2ca0a6fd877]::sys::backtrace::BacktraceLock>::print::DisplayBacktrace as core[a373ad73a504971]::fmt::Display>::fmt
[INFO] [stdout]    1:     0x63df89b7b9fa - core[a373ad73a504971]::fmt::write
[INFO] [stdout]    2:     0x63df89b6affc - <alloc[2e1b2a31b91974c5]::vec::Vec<u8> as core[a373ad73a504971]::io::write::Write>::write_fmt
[INFO] [stdout]    3:     0x63df89b41176 - std[617be2ca0a6fd877]::panicking::default_hook::{closure#0}
[INFO] [stdout]    4:     0x63df89b5e249 - std[617be2ca0a6fd877]::panicking::default_hook
[INFO] [stdout]    5:     0x63df89af7b60 - test[aada8e7e76ba119b]::test_main_inner::{closure#0}
[INFO] [stdout]    6:     0x63df89b5e402 - std[617be2ca0a6fd877]::panicking::panic_with_hook
[INFO] [stdout]    7:     0x63df89b41222 - std[617be2ca0a6fd877]::panicking::panic_handler::{closure#0}
[INFO] [stdout]    8:     0x63df89b39be9 - std[617be2ca0a6fd877]::sys::backtrace::__rust_end_short_backtrace::<std[617be2ca0a6fd877]::panicking::panic_handler::{closure#0}, !>
[INFO] [stdout]    9:     0x63df89b41e2d - __rustc[ea4f61d10b84890b]::rust_begin_unwind
[INFO] [stdout]   10:     0x63df89b7c12c - core[a373ad73a504971]::panicking::panic_fmt
[INFO] [stdout]   11:     0x63df89b7bf02 - core[a373ad73a504971]::result::unwrap_failed
[INFO] [stdout]   12:     0x63df89ad70a6 - <integration[e39856eb1e34d83]::test_run_ci_mode_creates_json::{closure#0} as core[a373ad73a504971]::ops::function::FnOnce<()>>::call_once
[INFO] [stdout]   13:     0x63df89aeafab - test[aada8e7e76ba119b]::__rust_begin_short_backtrace::<core[a373ad73a504971]::result::Result<(), alloc[2e1b2a31b91974c5]::string::String>, fn() -> core[a373ad73a504971]::result::Result<(), alloc[2e1b2a31b91974c5]::string::String>>
[INFO] [stdout]   14:     0x63df89af8185 - test[aada8e7e76ba119b]::run_test::{closure#0}
[INFO] [stdout]   15:     0x63df89af1a74 - std[617be2ca0a6fd877]::sys::backtrace::__rust_begin_short_backtrace::<test[aada8e7e76ba119b]::run_test::{closure#1}, ()>
[INFO] [stdout]   16:     0x63df89afb212 - <std[617be2ca0a6fd877]::thread::lifecycle::spawn_unchecked<test[aada8e7e76ba119b]::run_test::{closure#1}, ()>::{closure#1} as core[a373ad73a504971]::ops::function::FnOnce<()>>::call_once::{shim:vtable#0}
[INFO] [stdout]   17:     0x63df89b65ddf - <std[617be2ca0a6fd877]::sys::thread::unix::Thread>::new::thread_start
[INFO] [stdout]   18:     0x7e059994fdfa - <unknown>
[INFO] [stdout]   19:     0x7e05999e33d4 - clone
[INFO] [stdout]   20:                0x0 - <unknown>
[INFO] [stdout] 
[INFO] [stdout] ---- test_diff_last_shows_trend stdout ----
[INFO] [stdout] 
[INFO] [stdout] thread 'test_diff_last_shows_trend' (2131) panicked at tests/integration.rs:508:10:
[INFO] [stdout] diff --last: Os { code: 2, kind: NotFound, message: "No such file or directory" }
[INFO] [stdout] stack backtrace:
[INFO] [stdout]    0:     0x63df89b66ac1 - <<std[617be2ca0a6fd877]::sys::backtrace::BacktraceLock>::print::DisplayBacktrace as core[a373ad73a504971]::fmt::Display>::fmt
[INFO] [stdout]    1:     0x63df89b7b9fa - core[a373ad73a504971]::fmt::write
[INFO] [stdout]    2:     0x63df89b6affc - <alloc[2e1b2a31b91974c5]::vec::Vec<u8> as core[a373ad73a504971]::io::write::Write>::write_fmt
[INFO] [stdout]    3:     0x63df89b41176 - std[617be2ca0a6fd877]::panicking::default_hook::{closure#0}
[INFO] [stdout]    4:     0x63df89b5e249 - std[617be2ca0a6fd877]::panicking::default_hook
[INFO] [stdout]    5:     0x63df89af7b60 - test[aada8e7e76ba119b]::test_main_inner::{closure#0}
[INFO] [stdout]    6:     0x63df89b5e402 - std[617be2ca0a6fd877]::panicking::panic_with_hook
[INFO] [stdout]    7:     0x63df89b41222 - std[617be2ca0a6fd877]::panicking::panic_handler::{closure#0}
[INFO] [stdout]    8:     0x63df89b39be9 - std[617be2ca0a6fd877]::sys::backtrace::__rust_end_short_backtrace::<std[617be2ca0a6fd877]::panicking::panic_handler::{closure#0}, !>
[INFO] [stdout]    9:     0x63df89b41e2d - __rustc[ea4f61d10b84890b]::rust_begin_unwind
[INFO] [stdout]   10:     0x63df89b7c12c - core[a373ad73a504971]::panicking::panic_fmt
[INFO] [stdout]   11:     0x63df89b7bf02 - core[a373ad73a504971]::result::unwrap_failed
[INFO] [stdout]   12:     0x63df89ad5c78 - <integration[e39856eb1e34d83]::test_diff_last_shows_trend::{closure#0} as core[a373ad73a504971]::ops::function::FnOnce<()>>::call_once
[INFO] [stdout]   13:     0x63df89aeafab - test[aada8e7e76ba119b]::__rust_begin_short_backtrace::<core[a373ad73a504971]::result::Result<(), alloc[2e1b2a31b91974c5]::string::String>, fn() -> core[a373ad73a504971]::result::Result<(), alloc[2e1b2a31b91974c5]::string::String>>
[INFO] [stdout]   14:     0x63df89af8185 - test[aada8e7e76ba119b]::run_test::{closure#0}
[INFO] [stdout]   15:     0x63df89af1a74 - std[617be2ca0a6fd877]::sys::backtrace::__rust_begin_short_backtrace::<test[aada8e7e76ba119b]::run_test::{closure#1}, ()>
[INFO] [stdout]   16:     0x63df89afb212 - <std[617be2ca0a6fd877]::thread::lifecycle::spawn_unchecked<test[aada8e7e76ba119b]::run_test::{closure#1}, ()>::{closure#1} as core[a373ad73a504971]::ops::function::FnOnce<()>>::call_once::{shim:vtable#0}
[INFO] [stdout]   17:     0x63df89b65ddf - <std[617be2ca0a6fd877]::sys::thread::unix::Thread>::new::thread_start
[INFO] [stdout]   18:     0x7e059994fdfa - <unknown>
[INFO] [stdout]   19:     0x7e05999e33d4 - clone
[INFO] [stdout]   20:                0x0 - <unknown>
[INFO] [stdout] 
[INFO] [stdout] ---- test_run_format_html_creates_tool_html_reports stdout ----
[INFO] [stdout] 
[INFO] [stdout] thread 'test_run_format_html_creates_tool_html_reports' (2160) panicked at tests/integration.rs:1138:10:
[INFO] [stdout] run command: Os { code: 2, kind: NotFound, message: "No such file or directory" }
[INFO] [stdout] stack backtrace:
[INFO] [stdout]    0:     0x63df89b66ac1 - <<std[617be2ca0a6fd877]::sys::backtrace::BacktraceLock>::print::DisplayBacktrace as core[a373ad73a504971]::fmt::Display>::fmt
[INFO] [stdout]    1:     0x63df89b7b9fa - core[a373ad73a504971]::fmt::write
[INFO] [stdout]    2:     0x63df89b6affc - <alloc[2e1b2a31b91974c5]::vec::Vec<u8> as core[a373ad73a504971]::io::write::Write>::write_fmt
[INFO] [stdout]    3:     0x63df89b41176 - std[617be2ca0a6fd877]::panicking::default_hook::{closure#0}
[INFO] [stdout]    4:     0x63df89b5e249 - std[617be2ca0a6fd877]::panicking::default_hook
[INFO] [stdout]    5:     0x63df89af7b60 - test[aada8e7e76ba119b]::test_main_inner::{closure#0}
[INFO] [stdout]    6:     0x63df89b5e402 - std[617be2ca0a6fd877]::panicking::panic_with_hook
[INFO] [stdout]    7:     0x63df89b41222 - std[617be2ca0a6fd877]::panicking::panic_handler::{closure#0}
[INFO] [stdout]    8:     0x63df89b39be9 - std[617be2ca0a6fd877]::sys::backtrace::__rust_end_short_backtrace::<std[617be2ca0a6fd877]::panicking::panic_handler::{closure#0}, !>
[INFO] [stdout]    9:     0x63df89b41e2d - __rustc[ea4f61d10b84890b]::rust_begin_unwind
[INFO] [stdout]   10:     0x63df89b7c12c - core[a373ad73a504971]::panicking::panic_fmt
[INFO] [stdout]   11:     0x63df89b7bf02 - core[a373ad73a504971]::result::unwrap_failed
[INFO] [stdout]   12:     0x63df89ae134b - <integration[e39856eb1e34d83]::test_run_format_html_creates_tool_html_reports::{closure#0} as core[a373ad73a504971]::ops::function::FnOnce<()>>::call_once
[INFO] [stdout]   13:     0x63df89aeafab - test[aada8e7e76ba119b]::__rust_begin_short_backtrace::<core[a373ad73a504971]::result::Result<(), alloc[2e1b2a31b91974c5]::string::String>, fn() -> core[a373ad73a504971]::result::Result<(), alloc[2e1b2a31b91974c5]::string::String>>
[INFO] [stdout]   14:     0x63df89af8185 - test[aada8e7e76ba119b]::run_test::{closure#0}
[INFO] [stdout]   15:     0x63df89af1a74 - std[617be2ca0a6fd877]::sys::backtrace::__rust_begin_short_backtrace::<test[aada8e7e76ba119b]::run_test::{closure#1}, ()>
[INFO] [stdout]   16:     0x63df89afb212 - <std[617be2ca0a6fd877]::thread::lifecycle::spawn_unchecked<test[aada8e7e76ba119b]::run_test::{closure#1}, ()>::{closure#1} as core[a373ad73a504971]::ops::function::FnOnce<()>>::call_once::{shim:vtable#0}
[INFO] [stdout]   17:     0x63df89b65ddf - <std[617be2ca0a6fd877]::sys::thread::unix::Thread>::new::thread_start
[INFO] [stdout]   18:     0x7e059994fdfa - <unknown>
[INFO] [stdout]   19:     0x7e05999e33d4 - clone
[INFO] [stdout]   20:                0x0 - <unknown>
[INFO] [stdout] 
[INFO] [stdout] ---- test_run_crate_mode_reports_go_to_workspace_root stdout ----
[INFO] [stdout] 
[INFO] [stdout] thread 'test_run_crate_mode_reports_go_to_workspace_root' (2147) panicked at tests/integration.rs:641:10:
[INFO] [stdout] run --crate command: Os { code: 2, kind: NotFound, message: "No such file or directory" }
[INFO] [stdout] stack backtrace:
[INFO] [stdout]    0:     0x63df89b66ac1 - <<std[617be2ca0a6fd877]::sys::backtrace::BacktraceLock>::print::DisplayBacktrace as core[a373ad73a504971]::fmt::Display>::fmt
[INFO] [stdout]    1:     0x63df89b7b9fa - core[a373ad73a504971]::fmt::write
[INFO] [stdout]    2:     0x63df89b6affc - <alloc[2e1b2a31b91974c5]::vec::Vec<u8> as core[a373ad73a504971]::io::write::Write>::write_fmt
[INFO] [stdout]    3:     0x63df89b41176 - std[617be2ca0a6fd877]::panicking::default_hook::{closure#0}
[INFO] [stdout]    4:     0x63df89b5e249 - std[617be2ca0a6fd877]::panicking::default_hook
[INFO] [stdout]    5:     0x63df89af7b60 - test[aada8e7e76ba119b]::test_main_inner::{closure#0}
[INFO] [stdout]    6:     0x63df89b5e402 - std[617be2ca0a6fd877]::panicking::panic_with_hook
[INFO] [stdout]    7:     0x63df89b41222 - std[617be2ca0a6fd877]::panicking::panic_handler::{closure#0}
[INFO] [stdout]    8:     0x63df89b39be9 - std[617be2ca0a6fd877]::sys::backtrace::__rust_end_short_backtrace::<std[617be2ca0a6fd877]::panicking::panic_handler::{closure#0}, !>
[INFO] [stdout]    9:     0x63df89b41e2d - __rustc[ea4f61d10b84890b]::rust_begin_unwind
[INFO] [stdout]   10:     0x63df89b7c12c - core[a373ad73a504971]::panicking::panic_fmt
[INFO] [stdout]   11:     0x63df89b7bf02 - core[a373ad73a504971]::result::unwrap_failed
[INFO] [stdout]   12:     0x63df89ae1d33 - <integration[e39856eb1e34d83]::test_run_crate_mode_reports_go_to_workspace_root::{closure#0} as core[a373ad73a504971]::ops::function::FnOnce<()>>::call_once
[INFO] [stdout]   13:     0x63df89aeafab - test[aada8e7e76ba119b]::__rust_begin_short_backtrace::<core[a373ad73a504971]::result::Result<(), alloc[2e1b2a31b91974c5]::string::String>, fn() -> core[a373ad73a504971]::result::Result<(), alloc[2e1b2a31b91974c5]::string::String>>
[INFO] [stdout]   14:     0x63df89af8185 - test[aada8e7e76ba119b]::run_test::{closure#0}
[INFO] [stdout]   15:     0x63df89af1a74 - std[617be2ca0a6fd877]::sys::backtrace::__rust_begin_short_backtrace::<test[aada8e7e76ba119b]::run_test::{closure#1}, ()>
[INFO] [stdout]   16:     0x63df89afb212 - <std[617be2ca0a6fd877]::thread::lifecycle::spawn_unchecked<test[aada8e7e76ba119b]::run_test::{closure#1}, ()>::{closure#1} as core[a373ad73a504971]::ops::function::FnOnce<()>>::call_once::{shim:vtable#0}
[INFO] [stdout]   17:     0x63df89b65ddf - <std[617be2ca0a6fd877]::sys::thread::unix::Thread>::new::thread_start
[INFO] [stdout]   18:     0x7e059994fdfa - <unknown>
[INFO] [stdout]   19:     0x7e05999e33d4 - clone
[INFO] [stdout]   20:                0x0 - <unknown>
[INFO] [stdout] 
[INFO] [stdout] ---- test_plugin_remove_nonexistent_is_ok stdout ----
[INFO] [stdout] 
[INFO] [stdout] thread 'test_plugin_remove_nonexistent_is_ok' (2143) panicked at tests/integration.rs:671:10:
[INFO] [stdout] plugin remove: Os { code: 2, kind: NotFound, message: "No such file or directory" }
[INFO] [stdout] stack backtrace:
[INFO] [stdout]    0:     0x63df89b66ac1 - <<std[617be2ca0a6fd877]::sys::backtrace::BacktraceLock>::print::DisplayBacktrace as core[a373ad73a504971]::fmt::Display>::fmt
[INFO] [stdout]    1:     0x63df89b7b9fa - core[a373ad73a504971]::fmt::write
[INFO] [stdout]    2:     0x63df89b6affc - <alloc[2e1b2a31b91974c5]::vec::Vec<u8> as core[a373ad73a504971]::io::write::Write>::write_fmt
[INFO] [stdout]    3:     0x63df89b41176 - std[617be2ca0a6fd877]::panicking::default_hook::{closure#0}
[INFO] [stdout]    4:     0x63df89b5e249 - std[617be2ca0a6fd877]::panicking::default_hook
[INFO] [stdout]    5:     0x63df89af7b60 - test[aada8e7e76ba119b]::test_main_inner::{closure#0}
[INFO] [stdout]    6:     0x63df89b5e402 - std[617be2ca0a6fd877]::panicking::panic_with_hook
[INFO] [stdout]    7:     0x63df89b41222 - std[617be2ca0a6fd877]::panicking::panic_handler::{closure#0}
[INFO] [stdout]    8:     0x63df89b39be9 - std[617be2ca0a6fd877]::sys::backtrace::__rust_end_short_backtrace::<std[617be2ca0a6fd877]::panicking::panic_handler::{closure#0}, !>
[INFO] [stdout]    9:     0x63df89b41e2d - __rustc[ea4f61d10b84890b]::rust_begin_unwind
[INFO] [stdout]   10:     0x63df89b7c12c - core[a373ad73a504971]::panicking::panic_fmt
[INFO] [stdout]   11:     0x63df89b7bf02 - core[a373ad73a504971]::result::unwrap_failed
[INFO] [stdout]   12:     0x63df89add43a - <integration[e39856eb1e34d83]::test_plugin_remove_nonexistent_is_ok::{closure#0} as core[a373ad73a504971]::ops::function::FnOnce<()>>::call_once
[INFO] [stdout]   13:     0x63df89aeafab - test[aada8e7e76ba119b]::__rust_begin_short_backtrace::<core[a373ad73a504971]::result::Result<(), alloc[2e1b2a31b91974c5]::string::String>, fn() -> core[a373ad73a504971]::result::Result<(), alloc[2e1b2a31b91974c5]::string::String>>
[INFO] [stdout]   14:     0x63df89af8185 - test[aada8e7e76ba119b]::run_test::{closure#0}
[INFO] [stdout]   15:     0x63df89af1a74 - std[617be2ca0a6fd877]::sys::backtrace::__rust_begin_short_backtrace::<test[aada8e7e76ba119b]::run_test::{closure#1}, ()>
[INFO] [stdout]   16:     0x63df89afb212 - <std[617be2ca0a6fd877]::thread::lifecycle::spawn_unchecked<test[aada8e7e76ba119b]::run_test::{closure#1}, ()>::{closure#1} as core[a373ad73a504971]::ops::function::FnOnce<()>>::call_once::{shim:vtable#0}
[INFO] [stdout]   17:     0x63df89b65ddf - <std[617be2ca0a6fd877]::sys::thread::unix::Thread>::new::thread_start
[INFO] [stdout]   18:     0x7e059994fdfa - <unknown>
[INFO] [stdout]   19:     0x7e05999e33d4 - clone
[INFO] [stdout]   20:                0x0 - <unknown>
[INFO] [stdout] 
[INFO] [stdout] ---- test_run_inactive_tool_report_file_is_written stdout ----
[INFO] [stdout] 
[INFO] [stdout] thread 'test_run_inactive_tool_report_file_is_written' (2170) panicked at tests/integration.rs:377:10:
[INFO] [stdout] run command: Os { code: 2, kind: NotFound, message: "No such file or directory" }
[INFO] [stdout] stack backtrace:
[INFO] [stdout]    0:     0x63df89b66ac1 - <<std[617be2ca0a6fd877]::sys::backtrace::BacktraceLock>::print::DisplayBacktrace as core[a373ad73a504971]::fmt::Display>::fmt
[INFO] [stdout]    1:     0x63df89b7b9fa - core[a373ad73a504971]::fmt::write
[INFO] [stdout]    2:     0x63df89b6affc - <alloc[2e1b2a31b91974c5]::vec::Vec<u8> as core[a373ad73a504971]::io::write::Write>::write_fmt
[INFO] [stdout]    3:     0x63df89b41176 - std[617be2ca0a6fd877]::panicking::default_hook::{closure#0}
[INFO] [stdout]    4:     0x63df89b5e249 - std[617be2ca0a6fd877]::panicking::default_hook
[INFO] [stdout]    5:     0x63df89af7b60 - test[aada8e7e76ba119b]::test_main_inner::{closure#0}
[INFO] [stdout]    6:     0x63df89b5e402 - std[617be2ca0a6fd877]::panicking::panic_with_hook
[INFO] [stdout]    7:     0x63df89b41222 - std[617be2ca0a6fd877]::panicking::panic_handler::{closure#0}
[INFO] [stdout]    8:     0x63df89b39be9 - std[617be2ca0a6fd877]::sys::backtrace::__rust_end_short_backtrace::<std[617be2ca0a6fd877]::panicking::panic_handler::{closure#0}, !>
[INFO] [stdout]    9:     0x63df89b41e2d - __rustc[ea4f61d10b84890b]::rust_begin_unwind
[INFO] [stdout]   10:     0x63df89b7c12c - core[a373ad73a504971]::panicking::panic_fmt
[INFO] [stdout]   11:     0x63df89b7bf02 - core[a373ad73a504971]::result::unwrap_failed
[INFO] [stdout]   12:     0x63df89ae0b97 - <integration[e39856eb1e34d83]::test_run_inactive_tool_report_file_is_written::{closure#0} as core[a373ad73a504971]::ops::function::FnOnce<()>>::call_once
[INFO] [stdout]   13:     0x63df89aeafab - test[aada8e7e76ba119b]::__rust_begin_short_backtrace::<core[a373ad73a504971]::result::Result<(), alloc[2e1b2a31b91974c5]::string::String>, fn() -> core[a373ad73a504971]::result::Result<(), alloc[2e1b2a31b91974c5]::string::String>>
[INFO] [stdout]   14:     0x63df89af8185 - test[aada8e7e76ba119b]::run_test::{closure#0}
[INFO] [stdout]   15:     0x63df89af1a74 - std[617be2ca0a6fd877]::sys::backtrace::__rust_begin_short_backtrace::<test[aada8e7e76ba119b]::run_test::{closure#1}, ()>
[INFO] [stdout]   16:     0x63df89afb212 - <std[617be2ca0a6fd877]::thread::lifecycle::spawn_unchecked<test[aada8e7e76ba119b]::run_test::{closure#1}, ()>::{closure#1} as core[a373ad73a504971]::ops::function::FnOnce<()>>::call_once::{shim:vtable#0}
[INFO] [stdout]   17:     0x63df89b65ddf - <std[617be2ca0a6fd877]::sys::thread::unix::Thread>::new::thread_start
[INFO] [stdout]   18:     0x7e059994fdfa - <unknown>
[INFO] [stdout]   19:     0x7e05999e33d4 - clone
[INFO] [stdout]   20:                0x0 - <unknown>
[INFO] [stdout] 
[INFO] [stdout] ---- test_plugin_list_empty stdout ----
[INFO] [stdout] 
[INFO] [stdout] thread 'test_plugin_list_empty' (2142) panicked at tests/integration.rs:588:10:
[INFO] [stdout] plugin list: Os { code: 2, kind: NotFound, message: "No such file or directory" }
[INFO] [stdout] stack backtrace:
[INFO] [stdout]    0:     0x63df89b66ac1 - <<std[617be2ca0a6fd877]::sys::backtrace::BacktraceLock>::print::DisplayBacktrace as core[a373ad73a504971]::fmt::Display>::fmt
[INFO] [stdout]    1:     0x63df89b7b9fa - core[a373ad73a504971]::fmt::write
[INFO] [stdout]    2:     0x63df89b6affc - <alloc[2e1b2a31b91974c5]::vec::Vec<u8> as core[a373ad73a504971]::io::write::Write>::write_fmt
[INFO] [stdout]    3:     0x63df89b41176 - std[617be2ca0a6fd877]::panicking::default_hook::{closure#0}
[INFO] [stdout]    4:     0x63df89b5e249 - std[617be2ca0a6fd877]::panicking::default_hook
[INFO] [stdout]    5:     0x63df89af7b60 - test[aada8e7e76ba119b]::test_main_inner::{closure#0}
[INFO] [stdout]    6:     0x63df89b5e402 - std[617be2ca0a6fd877]::panicking::panic_with_hook
[INFO] [stdout]    7:     0x63df89b41222 - std[617be2ca0a6fd877]::panicking::panic_handler::{closure#0}
[INFO] [stdout]    8:     0x63df89b39be9 - std[617be2ca0a6fd877]::sys::backtrace::__rust_end_short_backtrace::<std[617be2ca0a6fd877]::panicking::panic_handler::{closure#0}, !>
[INFO] [stdout]    9:     0x63df89b41e2d - __rustc[ea4f61d10b84890b]::rust_begin_unwind
[INFO] [stdout]   10:     0x63df89b7c12c - core[a373ad73a504971]::panicking::panic_fmt
[INFO] [stdout]   11:     0x63df89b7bf02 - core[a373ad73a504971]::result::unwrap_failed
[INFO] [stdout]   12:     0x63df89ad537d - <integration[e39856eb1e34d83]::test_plugin_list_empty::{closure#0} as core[a373ad73a504971]::ops::function::FnOnce<()>>::call_once
[INFO] [stdout]   13:     0x63df89aeafab - test[aada8e7e76ba119b]::__rust_begin_short_backtrace::<core[a373ad73a504971]::result::Result<(), alloc[2e1b2a31b91974c5]::string::String>, fn() -> core[a373ad73a504971]::result::Result<(), alloc[2e1b2a31b91974c5]::string::String>>
[INFO] [stdout]   14:     0x63df89af8185 - test[aada8e7e76ba119b]::run_test::{closure#0}
[INFO] [stdout]   15:     0x63df89af1a74 - std[617be2ca0a6fd877]::sys::backtrace::__rust_begin_short_backtrace::<test[aada8e7e76ba119b]::run_test::{closure#1}, ()>
[INFO] [stdout]   16:     0x63df89afb212 - <std[617be2ca0a6fd877]::thread::lifecycle::spawn_unchecked<test[aada8e7e76ba119b]::run_test::{closure#1}, ()>::{closure#1} as core[a373ad73a504971]::ops::function::FnOnce<()>>::call_once::{shim:vtable#0}
[INFO] [stdout]   17:     0x63df89b65ddf - <std[617be2ca0a6fd877]::sys::thread::unix::Thread>::new::thread_start
[INFO] [stdout]   18:     0x7e059994fdfa - <unknown>
[INFO] [stdout]   19:     0x7e05999e33d4 - clone
[INFO] [stdout]   20:                0x0 - <unknown>
[INFO] [stdout] 
[INFO] [stdout] ---- test_init_no_overwrite_without_force stdout ----
[INFO] [stdout] 
[INFO] [stdout] thread 'test_init_no_overwrite_without_force' (2141) panicked at tests/integration.rs:172:10:
[INFO] [stdout] first init: Os { code: 2, kind: NotFound, message: "No such file or directory" }
[INFO] [stdout] stack backtrace:
[INFO] [stdout]    0:     0x63df89b66ac1 - <<std[617be2ca0a6fd877]::sys::backtrace::BacktraceLock>::print::DisplayBacktrace as core[a373ad73a504971]::fmt::Display>::fmt
[INFO] [stdout]    1:     0x63df89b7b9fa - core[a373ad73a504971]::fmt::write
[INFO] [stdout]    2:     0x63df89b6affc - <alloc[2e1b2a31b91974c5]::vec::Vec<u8> as core[a373ad73a504971]::io::write::Write>::write_fmt
[INFO] [stdout]    3:     0x63df89b41176 - std[617be2ca0a6fd877]::panicking::default_hook::{closure#0}
[INFO] [stdout]    4:     0x63df89b5e249 - std[617be2ca0a6fd877]::panicking::default_hook
[INFO] [stdout]    5:     0x63df89af7b60 - test[aada8e7e76ba119b]::test_main_inner::{closure#0}
[INFO] [stdout]    6:     0x63df89b5e402 - std[617be2ca0a6fd877]::panicking::panic_with_hook
[INFO] [stdout]    7:     0x63df89b41222 - std[617be2ca0a6fd877]::panicking::panic_handler::{closure#0}
[INFO] [stdout]    8:     0x63df89b39be9 - std[617be2ca0a6fd877]::sys::backtrace::__rust_end_short_backtrace::<std[617be2ca0a6fd877]::panicking::panic_handler::{closure#0}, !>
[INFO] [stdout]    9:     0x63df89b41e2d - __rustc[ea4f61d10b84890b]::rust_begin_unwind
[INFO] [stdout]   10:     0x63df89b7c12c - core[a373ad73a504971]::panicking::panic_fmt
[INFO] [stdout]   11:     0x63df89b7bf02 - core[a373ad73a504971]::result::unwrap_failed
[INFO] [stdout]   12:     0x63df89adcff0 - <integration[e39856eb1e34d83]::test_init_no_overwrite_without_force::{closure#0} as core[a373ad73a504971]::ops::function::FnOnce<()>>::call_once
[INFO] [stdout]   13:     0x63df89aeafab - test[aada8e7e76ba119b]::__rust_begin_short_backtrace::<core[a373ad73a504971]::result::Result<(), alloc[2e1b2a31b91974c5]::string::String>, fn() -> core[a373ad73a504971]::result::Result<(), alloc[2e1b2a31b91974c5]::string::String>>
[INFO] [stdout]   14:     0x63df89af8185 - test[aada8e7e76ba119b]::run_test::{closure#0}
[INFO] [stdout]   15:     0x63df89af1a74 - std[617be2ca0a6fd877]::sys::backtrace::__rust_begin_short_backtrace::<test[aada8e7e76ba119b]::run_test::{closure#1}, ()>
[INFO] [stdout]   16:     0x63df89afb212 - <std[617be2ca0a6fd877]::thread::lifecycle::spawn_unchecked<test[aada8e7e76ba119b]::run_test::{closure#1}, ()>::{closure#1} as core[a373ad73a504971]::ops::function::FnOnce<()>>::call_once::{shim:vtable#0}
[INFO] [stdout]   17:     0x63df89b65ddf - <std[617be2ca0a6fd877]::sys::thread::unix::Thread>::new::thread_start
[INFO] [stdout]   18:     0x7e059994fdfa - <unknown>
[INFO] [stdout]   19:     0x7e05999e33d4 - clone
[INFO] [stdout]   20:                0x0 - <unknown>
[INFO] [stdout] 
[INFO] [stdout] ---- test_version_flag stdout ----
[INFO] [stdout] 
[INFO] [stdout] thread 'test_version_flag' (2186) panicked at tests/integration.rs:59:10:
[INFO] [stdout] run binary: Os { code: 2, kind: NotFound, message: "No such file or directory" }
[INFO] [stdout] stack backtrace:
[INFO] [stdout]    0:     0x63df89b66ac1 - <<std[617be2ca0a6fd877]::sys::backtrace::BacktraceLock>::print::DisplayBacktrace as core[a373ad73a504971]::fmt::Display>::fmt
[INFO] [stdout]    1:     0x63df89b7b9fa - core[a373ad73a504971]::fmt::write
[INFO] [stdout]    2:     0x63df89b6affc - <alloc[2e1b2a31b91974c5]::vec::Vec<u8> as core[a373ad73a504971]::io::write::Write>::write_fmt
[INFO] [stdout]    3:     0x63df89b41176 - std[617be2ca0a6fd877]::panicking::default_hook::{closure#0}
[INFO] [stdout]    4:     0x63df89b5e249 - std[617be2ca0a6fd877]::panicking::default_hook
[INFO] [stdout]    5:     0x63df89af7b60 - test[aada8e7e76ba119b]::test_main_inner::{closure#0}
[INFO] [stdout]    6:     0x63df89b5e402 - std[617be2ca0a6fd877]::panicking::panic_with_hook
[INFO] [stdout]    7:     0x63df89b41222 - std[617be2ca0a6fd877]::panicking::panic_handler::{closure#0}
[INFO] [stdout]    8:     0x63df89b39be9 - std[617be2ca0a6fd877]::sys::backtrace::__rust_end_short_backtrace::<std[617be2ca0a6fd877]::panicking::panic_handler::{closure#0}, !>
[INFO] [stdout]    9:     0x63df89b41e2d - __rustc[ea4f61d10b84890b]::rust_begin_unwind
[INFO] [stdout]   10:     0x63df89b7c12c - core[a373ad73a504971]::panicking::panic_fmt
[INFO] [stdout]   11:     0x63df89b7bf02 - core[a373ad73a504971]::result::unwrap_failed
[INFO] [stdout]   12:     0x63df89ad5010 - <integration[e39856eb1e34d83]::test_version_flag::{closure#0} as core[a373ad73a504971]::ops::function::FnOnce<()>>::call_once
[INFO] [stdout]   13:     0x63df89aeafab - test[aada8e7e76ba119b]::__rust_begin_short_backtrace::<core[a373ad73a504971]::result::Result<(), alloc[2e1b2a31b91974c5]::string::String>, fn() -> core[a373ad73a504971]::result::Result<(), alloc[2e1b2a31b91974c5]::string::String>>
[INFO] [stdout]   14:     0x63df89af8185 - test[aada8e7e76ba119b]::run_test::{closure#0}
[INFO] [stdout]   15:     0x63df89af1a74 - std[617be2ca0a6fd877]::sys::backtrace::__rust_begin_short_backtrace::<test[aada8e7e76ba119b]::run_test::{closure#1}, ()>
[INFO] [stdout]   16:     0x63df89afb212 - <std[617be2ca0a6fd877]::thread::lifecycle::spawn_unchecked<test[aada8e7e76ba119b]::run_test::{closure#1}, ()>::{closure#1} as core[a373ad73a504971]::ops::function::FnOnce<()>>::call_once::{shim:vtable#0}
[INFO] [stdout]   17:     0x63df89b65ddf - <std[617be2ca0a6fd877]::sys::thread::unix::Thread>::new::thread_start
[INFO] [stdout]   18:     0x7e059994fdfa - <unknown>
[INFO] [stdout]   19:     0x7e05999e33d4 - clone
[INFO] [stdout]   20:                0x0 - <unknown>
[INFO] [stdout] 
[INFO] [stdout] ---- test_run_generates_summary_md stdout ----
[INFO] [stdout] 
[INFO] [stdout] thread 'test_run_generates_summary_md' (2168) panicked at tests/integration.rs:337:10:
[INFO] [stdout] run command: Os { code: 2, kind: NotFound, message: "No such file or directory" }
[INFO] [stdout] stack backtrace:
[INFO] [stdout]    0:     0x63df89b66ac1 - <<std[617be2ca0a6fd877]::sys::backtrace::BacktraceLock>::print::DisplayBacktrace as core[a373ad73a504971]::fmt::Display>::fmt
[INFO] [stdout]    1:     0x63df89b7b9fa - core[a373ad73a504971]::fmt::write
[INFO] [stdout]    2:     0x63df89b6affc - <alloc[2e1b2a31b91974c5]::vec::Vec<u8> as core[a373ad73a504971]::io::write::Write>::write_fmt
[INFO] [stdout]    3:     0x63df89b41176 - std[617be2ca0a6fd877]::panicking::default_hook::{closure#0}
[INFO] [stdout]    4:     0x63df89b5e249 - std[617be2ca0a6fd877]::panicking::default_hook
[INFO] [stdout]    5:     0x63df89af7b60 - test[aada8e7e76ba119b]::test_main_inner::{closure#0}
[INFO] [stdout]    6:     0x63df89b5e402 - std[617be2ca0a6fd877]::panicking::panic_with_hook
[INFO] [stdout]    7:     0x63df89b41222 - std[617be2ca0a6fd877]::panicking::panic_handler::{closure#0}
[INFO] [stdout]    8:     0x63df89b39be9 - std[617be2ca0a6fd877]::sys::backtrace::__rust_end_short_backtrace::<std[617be2ca0a6fd877]::panicking::panic_handler::{closure#0}, !>
[INFO] [stdout]    9:     0x63df89b41e2d - __rustc[ea4f61d10b84890b]::rust_begin_unwind
[INFO] [stdout]   10:     0x63df89b7c12c - core[a373ad73a504971]::panicking::panic_fmt
[INFO] [stdout]   11:     0x63df89b7bf02 - core[a373ad73a504971]::result::unwrap_failed
[INFO] [stdout]   12:     0x63df89ad7bcb - <integration[e39856eb1e34d83]::test_run_generates_summary_md::{closure#0} as core[a373ad73a504971]::ops::function::FnOnce<()>>::call_once
[INFO] [stdout]   13:     0x63df89aeafab - test[aada8e7e76ba119b]::__rust_begin_short_backtrace::<core[a373ad73a504971]::result::Result<(), alloc[2e1b2a31b91974c5]::string::String>, fn() -> core[a373ad73a504971]::result::Result<(), alloc[2e1b2a31b91974c5]::string::String>>
[INFO] [stdout]   14:     0x63df89af8185 - test[aada8e7e76ba119b]::run_test::{closure#0}
[INFO] [stdout]   15:     0x63df89af1a74 - std[617be2ca0a6fd877]::sys::backtrace::__rust_begin_short_backtrace::<test[aada8e7e76ba119b]::run_test::{closure#1}, ()>
[INFO] [stdout]   16:     0x63df89afb212 - <std[617be2ca0a6fd877]::thread::lifecycle::spawn_unchecked<test[aada8e7e76ba119b]::run_test::{closure#1}, ()>::{closure#1} as core[a373ad73a504971]::ops::function::FnOnce<()>>::call_once::{shim:vtable#0}
[INFO] [stdout]   17:     0x63df89b65ddf - <std[617be2ca0a6fd877]::sys::thread::unix::Thread>::new::thread_start
[INFO] [stdout]   18:     0x7e059994fdfa - <unknown>
[INFO] [stdout]   19:     0x7e05999e33d4 - clone
[INFO] [stdout]   20:                0x0 - <unknown>
[INFO] [stdout] 
[INFO] [stdout] ---- test_run_format_json_creates_ci_result stdout ----
[INFO] [stdout] 
[INFO] [stdout] thread 'test_run_format_json_creates_ci_result' (2166) panicked at tests/integration.rs:1042:10:
[INFO] [stdout] run command: Os { code: 2, kind: NotFound, message: "No such file or directory" }
[INFO] [stdout] stack backtrace:
[INFO] [stdout]    0:     0x63df89b66ac1 - <<std[617be2ca0a6fd877]::sys::backtrace::BacktraceLock>::print::DisplayBacktrace as core[a373ad73a504971]::fmt::Display>::fmt
[INFO] [stdout]    1:     0x63df89b7b9fa - core[a373ad73a504971]::fmt::write
[INFO] [stdout]    2:     0x63df89b6affc - <alloc[2e1b2a31b91974c5]::vec::Vec<u8> as core[a373ad73a504971]::io::write::Write>::write_fmt
[INFO] [stdout]    3:     0x63df89b41176 - std[617be2ca0a6fd877]::panicking::default_hook::{closure#0}
[INFO] [stdout]    4:     0x63df89b5e249 - std[617be2ca0a6fd877]::panicking::default_hook
[INFO] [stdout]    5:     0x63df89af7b60 - test[aada8e7e76ba119b]::test_main_inner::{closure#0}
[INFO] [stdout]    6:     0x63df89b5e402 - std[617be2ca0a6fd877]::panicking::panic_with_hook
[INFO] [stdout]    7:     0x63df89b41222 - std[617be2ca0a6fd877]::panicking::panic_handler::{closure#0}
[INFO] [stdout]    8:     0x63df89b39be9 - std[617be2ca0a6fd877]::sys::backtrace::__rust_end_short_backtrace::<std[617be2ca0a6fd877]::panicking::panic_handler::{closure#0}, !>
[INFO] [stdout]    9:     0x63df89b41e2d - __rustc[ea4f61d10b84890b]::rust_begin_unwind
[INFO] [stdout]   10:     0x63df89b7c12c - core[a373ad73a504971]::panicking::panic_fmt
[INFO] [stdout]   11:     0x63df89b7bf02 - core[a373ad73a504971]::result::unwrap_failed
[INFO] [stdout]   12:     0x63df89adeb70 - <integration[e39856eb1e34d83]::test_run_format_json_creates_ci_result::{closure#0} as core[a373ad73a504971]::ops::function::FnOnce<()>>::call_once
[INFO] [stdout]   13:     0x63df89aeafab - test[aada8e7e76ba119b]::__rust_begin_short_backtrace::<core[a373ad73a504971]::result::Result<(), alloc[2e1b2a31b91974c5]::string::String>, fn() -> core[a373ad73a504971]::result::Result<(), alloc[2e1b2a31b91974c5]::string::String>>
[INFO] [stdout]   14:     0x63df89af8185 - test[aada8e7e76ba119b]::run_test::{closure#0}
[INFO] [stdout]   15:     0x63df89af1a74 - std[617be2ca0a6fd877]::sys::backtrace::__rust_begin_short_backtrace::<test[aada8e7e76ba119b]::run_test::{closure#1}, ()>
[INFO] [stdout]   16:     0x63df89afb212 - <std[617be2ca0a6fd877]::thread::lifecycle::spawn_unchecked<test[aada8e7e76ba119b]::run_test::{closure#1}, ()>::{closure#1} as core[a373ad73a504971]::ops::function::FnOnce<()>>::call_once::{shim:vtable#0}
[INFO] [stdout]   17:     0x63df89b65ddf - <std[617be2ca0a6fd877]::sys::thread::unix::Thread>::new::thread_start
[INFO] [stdout]   18:     0x7e059994fdfa - <unknown>
[INFO] [stdout]   19:     0x7e05999e33d4 - clone
[INFO] [stdout]   20:                0x0 - <unknown>
[INFO] [stdout] 
[INFO] [stdout] ---- test_run_unknown_tool_in_only_flag_errors stdout ----
[INFO] [stdout] 
[INFO] [stdout] thread 'test_run_unknown_tool_in_only_flag_errors' (2183) panicked at tests/integration.rs:266:10:
[INFO] [stdout] run command: Os { code: 2, kind: NotFound, message: "No such file or directory" }
[INFO] [stdout] stack backtrace:
[INFO] [stdout]    0:     0x63df89b66ac1 - <<std[617be2ca0a6fd877]::sys::backtrace::BacktraceLock>::print::DisplayBacktrace as core[a373ad73a504971]::fmt::Display>::fmt
[INFO] [stdout]    1:     0x63df89b7b9fa - core[a373ad73a504971]::fmt::write
[INFO] [stdout]    2:     0x63df89b6affc - <alloc[2e1b2a31b91974c5]::vec::Vec<u8> as core[a373ad73a504971]::io::write::Write>::write_fmt
[INFO] [stdout]    3:     0x63df89b41176 - std[617be2ca0a6fd877]::panicking::default_hook::{closure#0}
[INFO] [stdout]    4:     0x63df89b5e249 - std[617be2ca0a6fd877]::panicking::default_hook
[INFO] [stdout]    5:     0x63df89af7b60 - test[aada8e7e76ba119b]::test_main_inner::{closure#0}
[INFO] [stdout]    6:     0x63df89b5e402 - std[617be2ca0a6fd877]::panicking::panic_with_hook
[INFO] [stdout]    7:     0x63df89b41222 - std[617be2ca0a6fd877]::panicking::panic_handler::{closure#0}
[INFO] [stdout]    8:     0x63df89b39be9 - std[617be2ca0a6fd877]::sys::backtrace::__rust_end_short_backtrace::<std[617be2ca0a6fd877]::panicking::panic_handler::{closure#0}, !>
[INFO] [stdout]    9:     0x63df89b41e2d - __rustc[ea4f61d10b84890b]::rust_begin_unwind
[INFO] [stdout]   10:     0x63df89b7c12c - core[a373ad73a504971]::panicking::panic_fmt
[INFO] [stdout]   11:     0x63df89b7bf02 - core[a373ad73a504971]::result::unwrap_failed
[INFO] [stdout]   12:     0x63df89ae05dd - <integration[e39856eb1e34d83]::test_run_unknown_tool_in_only_flag_errors::{closure#0} as core[a373ad73a504971]::ops::function::FnOnce<()>>::call_once
[INFO] [stdout]   13:     0x63df89aeafab - test[aada8e7e76ba119b]::__rust_begin_short_backtrace::<core[a373ad73a504971]::result::Result<(), alloc[2e1b2a31b91974c5]::string::String>, fn() -> core[a373ad73a504971]::result::Result<(), alloc[2e1b2a31b91974c5]::string::String>>
[INFO] [stdout]   14:     0x63df89af8185 - test[aada8e7e76ba119b]::run_test::{closure#0}
[INFO] [stdout]   15:     0x63df89af1a74 - std[617be2ca0a6fd877]::sys::backtrace::__rust_begin_short_backtrace::<test[aada8e7e76ba119b]::run_test::{closure#1}, ()>
[INFO] [stdout]   16:     0x63df89afb212 - <std[617be2ca0a6fd877]::thread::lifecycle::spawn_unchecked<test[aada8e7e76ba119b]::run_test::{closure#1}, ()>::{closure#1} as core[a373ad73a504971]::ops::function::FnOnce<()>>::call_once::{shim:vtable#0}
[INFO] [stdout]   17:     0x63df89b65ddf - <std[617be2ca0a6fd877]::sys::thread::unix::Thread>::new::thread_start
[INFO] [stdout]   18:     0x7e059994fdfa - <unknown>
[INFO] [stdout]   19:     0x7e05999e33d4 - clone
[INFO] [stdout]   20:                0x0 - <unknown>
[INFO] [stdout] 
[INFO] [stdout] ---- test_run_set_cmd_overrides_inactive_tool stdout ----
[INFO] [stdout] 
[INFO] [stdout] thread 'test_run_set_cmd_overrides_inactive_tool' (2179) panicked at tests/integration.rs:821:10:
[INFO] [stdout] run --set-cmd: Os { code: 2, kind: NotFound, message: "No such file or directory" }
[INFO] [stdout] stack backtrace:
[INFO] [stdout]    0:     0x63df89b66ac1 - <<std[617be2ca0a6fd877]::sys::backtrace::BacktraceLock>::print::DisplayBacktrace as core[a373ad73a504971]::fmt::Display>::fmt
[INFO] [stdout]    1:     0x63df89b7b9fa - core[a373ad73a504971]::fmt::write
[INFO] [stdout]    2:     0x63df89b6affc - <alloc[2e1b2a31b91974c5]::vec::Vec<u8> as core[a373ad73a504971]::io::write::Write>::write_fmt
[INFO] [stdout]    3:     0x63df89b41176 - std[617be2ca0a6fd877]::panicking::default_hook::{closure#0}
[INFO] [stderr] error: test failed, to rerun pass `--test integration`
[INFO] [stdout]    4:     0x63df89b5e249 - std[617be2ca0a6fd877]::panicking::default_hook
[INFO] [stdout]    5:     0x63df89af7b60 - test[aada8e7e76ba119b]::test_main_inner::{closure#0}
[INFO] [stdout]    6:     0x63df89b5e402 - std[617be2ca0a6fd877]::panicking::panic_with_hook
[INFO] [stdout]    7:     0x63df89b41222 - std[617be2ca0a6fd877]::panicking::panic_handler::{closure#0}
[INFO] [stdout]    8:     0x63df89b39be9 - std[617be2ca0a6fd877]::sys::backtrace::__rust_end_short_backtrace::<std[617be2ca0a6fd877]::panicking::panic_handler::{closure#0}, !>
[INFO] [stdout]    9:     0x63df89b41e2d - __rustc[ea4f61d10b84890b]::rust_begin_unwind
[INFO] [stdout]   10:     0x63df89b7c12c - core[a373ad73a504971]::panicking::panic_fmt
[INFO] [stdout]   11:     0x63df89b7bf02 - core[a373ad73a504971]::result::unwrap_failed
[INFO] [stdout]   12:     0x63df89adf940 - <integration[e39856eb1e34d83]::test_run_set_cmd_overrides_inactive_tool::{closure#0} as core[a373ad73a504971]::ops::function::FnOnce<()>>::call_once
[INFO] [stdout]   13:     0x63df89aeafab - test[aada8e7e76ba119b]::__rust_begin_short_backtrace::<core[a373ad73a504971]::result::Result<(), alloc[2e1b2a31b91974c5]::string::String>, fn() -> core[a373ad73a504971]::result::Result<(), alloc[2e1b2a31b91974c5]::string::String>>
[INFO] [stdout]   14:     0x63df89af8185 - test[aada8e7e76ba119b]::run_test::{closure#0}
[INFO] [stdout]   15:     0x63df89af1a74 - std[617be2ca0a6fd877]::sys::backtrace::__rust_begin_short_backtrace::<test[aada8e7e76ba119b]::run_test::{closure#1}, ()>
[INFO] [stdout]   16:     0x63df89afb212 - <std[617be2ca0a6fd877]::thread::lifecycle::spawn_unchecked<test[aada8e7e76ba119b]::run_test::{closure#1}, ()>::{closure#1} as core[a373ad73a504971]::ops::function::FnOnce<()>>::call_once::{shim:vtable#0}
[INFO] [stdout]   17:     0x63df89b65ddf - <std[617be2ca0a6fd877]::sys::thread::unix::Thread>::new::thread_start
[INFO] [stdout]   18:     0x7e059994fdfa - <unknown>
[INFO] [stdout]   19:     0x7e05999e33d4 - clone
[INFO] [stdout]   20:                0x0 - <unknown>
[INFO] [stdout] 
[INFO] [stdout] ---- test_diff_range_no_match_errors stdout ----
[INFO] [stdout] 
[INFO] [stdout] thread 'test_diff_range_no_match_errors' (2135) panicked at tests/integration.rs:753:10:
[INFO] [stdout] diff --from --to: Os { code: 2, kind: NotFound, message: "No such file or directory" }
[INFO] [stdout] stack backtrace:
[INFO] [stdout]    0:     0x63df89b66ac1 - <<std[617be2ca0a6fd877]::sys::backtrace::BacktraceLock>::print::DisplayBacktrace as core[a373ad73a504971]::fmt::Display>::fmt
[INFO] [stdout]    1:     0x63df89b7b9fa - core[a373ad73a504971]::fmt::write
[INFO] [stdout]    2:     0x63df89b6affc - <alloc[2e1b2a31b91974c5]::vec::Vec<u8> as core[a373ad73a504971]::io::write::Write>::write_fmt
[INFO] [stdout]    3:     0x63df89b41176 - std[617be2ca0a6fd877]::panicking::default_hook::{closure#0}
[INFO] [stdout]    4:     0x63df89b5e249 - std[617be2ca0a6fd877]::panicking::default_hook
[INFO] [stdout]    5:     0x63df89af7b60 - test[aada8e7e76ba119b]::test_main_inner::{closure#0}
[INFO] [stdout]    6:     0x63df89b5e402 - std[617be2ca0a6fd877]::panicking::panic_with_hook
[INFO] [stdout]    7:     0x63df89b41222 - std[617be2ca0a6fd877]::panicking::panic_handler::{closure#0}
[INFO] [stdout]    8:     0x63df89b39be9 - std[617be2ca0a6fd877]::sys::backtrace::__rust_end_short_backtrace::<std[617be2ca0a6fd877]::panicking::panic_handler::{closure#0}, !>
[INFO] [stdout]    9:     0x63df89b41e2d - __rustc[ea4f61d10b84890b]::rust_begin_unwind
[INFO] [stdout]   10:     0x63df89b7c12c - core[a373ad73a504971]::panicking::panic_fmt
[INFO] [stdout]   11:     0x63df89b7bf02 - core[a373ad73a504971]::result::unwrap_failed
[INFO] [stdout]   12:     0x63df89ad97cf - <integration[e39856eb1e34d83]::test_diff_range_no_match_errors::{closure#0} as core[a373ad73a504971]::ops::function::FnOnce<()>>::call_once
[INFO] [stdout]   13:     0x63df89aeafab - test[aada8e7e76ba119b]::__rust_begin_short_backtrace::<core[a373ad73a504971]::result::Result<(), alloc[2e1b2a31b91974c5]::string::String>, fn() -> core[a373ad73a504971]::result::Result<(), alloc[2e1b2a31b91974c5]::string::String>>
[INFO] [stdout]   14:     0x63df89af8185 - test[aada8e7e76ba119b]::run_test::{closure#0}
[INFO] [stdout]   15:     0x63df89af1a74 - std[617be2ca0a6fd877]::sys::backtrace::__rust_begin_short_backtrace::<test[aada8e7e76ba119b]::run_test::{closure#1}, ()>
[INFO] [stdout]   16:     0x63df89afb212 - <std[617be2ca0a6fd877]::thread::lifecycle::spawn_unchecked<test[aada8e7e76ba119b]::run_test::{closure#1}, ()>::{closure#1} as core[a373ad73a504971]::ops::function::FnOnce<()>>::call_once::{shim:vtable#0}
[INFO] [stdout]   17:     0x63df89b65ddf - <std[617be2ca0a6fd877]::sys::thread::unix::Thread>::new::thread_start
[INFO] [stdout]   18:     0x7e059994fdfa - <unknown>
[INFO] [stdout]   19:     0x7e05999e33d4 - clone
[INFO] [stdout]   20:                0x0 - <unknown>
[INFO] [stdout] 
[INFO] [stdout] ---- test_upgrade_no_config_fails stdout ----
[INFO] [stdout] 
[INFO] [stdout] thread 'test_upgrade_no_config_fails' (2185) panicked at tests/integration.rs:538:10:
[INFO] [stdout] upgrade command: Os { code: 2, kind: NotFound, message: "No such file or directory" }
[INFO] [stdout] stack backtrace:
[INFO] [stdout]    0:     0x63df89b66ac1 - <<std[617be2ca0a6fd877]::sys::backtrace::BacktraceLock>::print::DisplayBacktrace as core[a373ad73a504971]::fmt::Display>::fmt
[INFO] [stdout]    1:     0x63df89b7b9fa - core[a373ad73a504971]::fmt::write
[INFO] [stdout]    2:     0x63df89b6affc - <alloc[2e1b2a31b91974c5]::vec::Vec<u8> as core[a373ad73a504971]::io::write::Write>::write_fmt
[INFO] [stdout]    3:     0x63df89b41176 - std[617be2ca0a6fd877]::panicking::default_hook::{closure#0}
[INFO] [stdout]    4:     0x63df89b5e249 - std[617be2ca0a6fd877]::panicking::default_hook
[INFO] [stdout]    5:     0x63df89af7b60 - test[aada8e7e76ba119b]::test_main_inner::{closure#0}
[INFO] [stdout]    6:     0x63df89b5e402 - std[617be2ca0a6fd877]::panicking::panic_with_hook
[INFO] [stdout]    7:     0x63df89b41222 - std[617be2ca0a6fd877]::panicking::panic_handler::{closure#0}
[INFO] [stdout]    8:     0x63df89b39be9 - std[617be2ca0a6fd877]::sys::backtrace::__rust_end_short_backtrace::<std[617be2ca0a6fd877]::panicking::panic_handler::{closure#0}, !>
[INFO] [stdout]    9:     0x63df89b41e2d - __rustc[ea4f61d10b84890b]::rust_begin_unwind
[INFO] [stdout]   10:     0x63df89b7c12c - core[a373ad73a504971]::panicking::panic_fmt
[INFO] [stdout]   11:     0x63df89b7bf02 - core[a373ad73a504971]::result::unwrap_failed
[INFO] [stdout]   12:     0x63df89ad65d6 - <integration[e39856eb1e34d83]::test_upgrade_no_config_fails::{closure#0} as core[a373ad73a504971]::ops::function::FnOnce<()>>::call_once
[INFO] [stdout]   13:     0x63df89aeafab - test[aada8e7e76ba119b]::__rust_begin_short_backtrace::<core[a373ad73a504971]::result::Result<(), alloc[2e1b2a31b91974c5]::string::String>, fn() -> core[a373ad73a504971]::result::Result<(), alloc[2e1b2a31b91974c5]::string::String>>
[INFO] [stdout]   14:     0x63df89af8185 - test[aada8e7e76ba119b]::run_test::{closure#0}
[INFO] [stdout]   15:     0x63df89af1a74 - std[617be2ca0a6fd877]::sys::backtrace::__rust_begin_short_backtrace::<test[aada8e7e76ba119b]::run_test::{closure#1}, ()>
[INFO] [stdout]   16:     0x63df89afb212 - <std[617be2ca0a6fd877]::thread::lifecycle::spawn_unchecked<test[aada8e7e76ba119b]::run_test::{closure#1}, ()>::{closure#1} as core[a373ad73a504971]::ops::function::FnOnce<()>>::call_once::{shim:vtable#0}
[INFO] [stdout]   17:     0x63df89b65ddf - <std[617be2ca0a6fd877]::sys::thread::unix::Thread>::new::thread_start
[INFO] [stdout]   18:     0x7e059994fdfa - <unknown>
[INFO] [stdout]   19:     0x7e05999e33d4 - clone
[INFO] [stdout]   20:                0x0 - <unknown>
[INFO] [stdout] 
[INFO] [stdout] ---- test_upgrade_migrates_v1_config stdout ----
[INFO] [stdout] 
[INFO] [stdout] thread 'test_upgrade_migrates_v1_config' (2184) panicked at tests/integration.rs:557:10:
[INFO] [stdout] upgrade command: Os { code: 2, kind: NotFound, message: "No such file or directory" }
[INFO] [stdout] stack backtrace:
[INFO] [stdout]    0:     0x63df89b66ac1 - <<std[617be2ca0a6fd877]::sys::backtrace::BacktraceLock>::print::DisplayBacktrace as core[a373ad73a504971]::fmt::Display>::fmt
[INFO] [stdout]    1:     0x63df89b7b9fa - core[a373ad73a504971]::fmt::write
[INFO] [stdout]    2:     0x63df89b6affc - <alloc[2e1b2a31b91974c5]::vec::Vec<u8> as core[a373ad73a504971]::io::write::Write>::write_fmt
[INFO] [stdout]    3:     0x63df89b41176 - std[617be2ca0a6fd877]::panicking::default_hook::{closure#0}
[INFO] [stdout]    4:     0x63df89b5e249 - std[617be2ca0a6fd877]::panicking::default_hook
[INFO] [stdout]    5:     0x63df89af7b60 - test[aada8e7e76ba119b]::test_main_inner::{closure#0}
[INFO] [stdout]    6:     0x63df89b5e402 - std[617be2ca0a6fd877]::panicking::panic_with_hook
[INFO] [stdout]    7:     0x63df89b41222 - std[617be2ca0a6fd877]::panicking::panic_handler::{closure#0}
[INFO] [stdout]    8:     0x63df89b39be9 - std[617be2ca0a6fd877]::sys::backtrace::__rust_end_short_backtrace::<std[617be2ca0a6fd877]::panicking::panic_handler::{closure#0}, !>
[INFO] [stdout]    9:     0x63df89b41e2d - __rustc[ea4f61d10b84890b]::rust_begin_unwind
[INFO] [stdout]   10:     0x63df89b7c12c - core[a373ad73a504971]::panicking::panic_fmt
[INFO] [stdout]   11:     0x63df89b7bf02 - core[a373ad73a504971]::result::unwrap_failed
[INFO] [stdout]   12:     0x63df89ada454 - <integration[e39856eb1e34d83]::test_upgrade_migrates_v1_config::{closure#0} as core[a373ad73a504971]::ops::function::FnOnce<()>>::call_once
[INFO] [stdout]   13:     0x63df89aeafab - test[aada8e7e76ba119b]::__rust_begin_short_backtrace::<core[a373ad73a504971]::result::Result<(), alloc[2e1b2a31b91974c5]::string::String>, fn() -> core[a373ad73a504971]::result::Result<(), alloc[2e1b2a31b91974c5]::string::String>>
[INFO] [stdout]   14:     0x63df89af8185 - test[aada8e7e76ba119b]::run_test::{closure#0}
[INFO] [stdout]   15:     0x63df89af1a74 - std[617be2ca0a6fd877]::sys::backtrace::__rust_begin_short_backtrace::<test[aada8e7e76ba119b]::run_test::{closure#1}, ()>
[INFO] [stdout]   16:     0x63df89afb212 - <std[617be2ca0a6fd877]::thread::lifecycle::spawn_unchecked<test[aada8e7e76ba119b]::run_test::{closure#1}, ()>::{closure#1} as core[a373ad73a504971]::ops::function::FnOnce<()>>::call_once::{shim:vtable#0}
[INFO] [stdout]   17:     0x63df89b65ddf - <std[617be2ca0a6fd877]::sys::thread::unix::Thread>::new::thread_start
[INFO] [stdout]   18:     0x7e059994fdfa - <unknown>
[INFO] [stdout]   19:     0x7e05999e33d4 - clone
[INFO] [stdout]   20:                0x0 - <unknown>
[INFO] [stdout] 
[INFO] [stdout] ---- test_run_summary_md_structure stdout ----
[INFO] [stdout] 
[INFO] [stdout] thread 'test_run_summary_md_structure' (2182) panicked at tests/integration.rs:914:10:
[INFO] [stdout] run command: Os { code: 2, kind: NotFound, message: "No such file or directory" }
[INFO] [stdout] stack backtrace:
[INFO] [stdout]    0:     0x63df89b66ac1 - <<std[617be2ca0a6fd877]::sys::backtrace::BacktraceLock>::print::DisplayBacktrace as core[a373ad73a504971]::fmt::Display>::fmt
[INFO] [stdout]    1:     0x63df89b7b9fa - core[a373ad73a504971]::fmt::write
[INFO] [stdout]    2:     0x63df89b6affc - <alloc[2e1b2a31b91974c5]::vec::Vec<u8> as core[a373ad73a504971]::io::write::Write>::write_fmt
[INFO] [stdout]    3:     0x63df89b41176 - std[617be2ca0a6fd877]::panicking::default_hook::{closure#0}
[INFO] [stdout]    4:     0x63df89b5e249 - std[617be2ca0a6fd877]::panicking::default_hook
[INFO] [stdout]    5:     0x63df89af7b60 - test[aada8e7e76ba119b]::test_main_inner::{closure#0}
[INFO] [stdout]    6:     0x63df89b5e402 - std[617be2ca0a6fd877]::panicking::panic_with_hook
[INFO] [stdout]    7:     0x63df89b41222 - std[617be2ca0a6fd877]::panicking::panic_handler::{closure#0}
[INFO] [stdout]    8:     0x63df89b39be9 - std[617be2ca0a6fd877]::sys::backtrace::__rust_end_short_backtrace::<std[617be2ca0a6fd877]::panicking::panic_handler::{closure#0}, !>
[INFO] [stdout]    9:     0x63df89b41e2d - __rustc[ea4f61d10b84890b]::rust_begin_unwind
[INFO] [stdout]   10:     0x63df89b7c12c - core[a373ad73a504971]::panicking::panic_fmt
[INFO] [stdout]   11:     0x63df89b7bf02 - core[a373ad73a504971]::result::unwrap_failed
[INFO] [stdout]   12:     0x63df89ad838f - <integration[e39856eb1e34d83]::test_run_summary_md_structure::{closure#0} as core[a373ad73a504971]::ops::function::FnOnce<()>>::call_once
[INFO] [stdout]   13:     0x63df89aeafab - test[aada8e7e76ba119b]::__rust_begin_short_backtrace::<core[a373ad73a504971]::result::Result<(), alloc[2e1b2a31b91974c5]::string::String>, fn() -> core[a373ad73a504971]::result::Result<(), alloc[2e1b2a31b91974c5]::string::String>>
[INFO] [stdout]   14:     0x63df89af8185 - test[aada8e7e76ba119b]::run_test::{closure#0}
[INFO] [stdout]   15:     0x63df89af1a74 - std[617be2ca0a6fd877]::sys::backtrace::__rust_begin_short_backtrace::<test[aada8e7e76ba119b]::run_test::{closure#1}, ()>
[INFO] [stdout]   16:     0x63df89afb212 - <std[617be2ca0a6fd877]::thread::lifecycle::spawn_unchecked<test[aada8e7e76ba119b]::run_test::{closure#1}, ()>::{closure#1} as core[a373ad73a504971]::ops::function::FnOnce<()>>::call_once::{shim:vtable#0}
[INFO] [stdout]   17:     0x63df89b65ddf - <std[617be2ca0a6fd877]::sys::thread::unix::Thread>::new::thread_start
[INFO] [stdout]   18:     0x7e059994fdfa - <unknown>
[INFO] [stdout]   19:     0x7e05999e33d4 - clone
[INFO] [stdout]   20:                0x0 - <unknown>
[INFO] [stdout] 
[INFO] [stdout] ---- test_run_set_cmd_unknown_tool_errors stdout ----
[INFO] [stdout] 
[INFO] [stdout] thread 'test_run_set_cmd_unknown_tool_errors' (2180) panicked at tests/integration.rs:853:10:
[INFO] [stdout] run with unknown tool: Os { code: 2, kind: NotFound, message: "No such file or directory" }
[INFO] [stdout] stack backtrace:
[INFO] [stdout]    0:     0x63df89b66ac1 - <<std[617be2ca0a6fd877]::sys::backtrace::BacktraceLock>::print::DisplayBacktrace as core[a373ad73a504971]::fmt::Display>::fmt
[INFO] [stdout]    1:     0x63df89b7b9fa - core[a373ad73a504971]::fmt::write
[INFO] [stdout]    2:     0x63df89b6affc - <alloc[2e1b2a31b91974c5]::vec::Vec<u8> as core[a373ad73a504971]::io::write::Write>::write_fmt
[INFO] [stdout]    3:     0x63df89b41176 - std[617be2ca0a6fd877]::panicking::default_hook::{closure#0}
[INFO] [stdout]    4:     0x63df89b5e249 - std[617be2ca0a6fd877]::panicking::default_hook
[INFO] [stdout]    5:     0x63df89af7b60 - test[aada8e7e76ba119b]::test_main_inner::{closure#0}
[INFO] [stdout]    6:     0x63df89b5e402 - std[617be2ca0a6fd877]::panicking::panic_with_hook
[INFO] [stdout]    7:     0x63df89b41222 - std[617be2ca0a6fd877]::panicking::panic_handler::{closure#0}
[INFO] [stdout]    8:     0x63df89b39be9 - std[617be2ca0a6fd877]::sys::backtrace::__rust_end_short_backtrace::<std[617be2ca0a6fd877]::panicking::panic_handler::{closure#0}, !>
[INFO] [stdout]    9:     0x63df89b41e2d - __rustc[ea4f61d10b84890b]::rust_begin_unwind
[INFO] [stdout]   10:     0x63df89b7c12c - core[a373ad73a504971]::panicking::panic_fmt
[INFO] [stdout]   11:     0x63df89b7bf02 - core[a373ad73a504971]::result::unwrap_failed
[INFO] [stdout]   12:     0x63df89ade4fd - <integration[e39856eb1e34d83]::test_run_set_cmd_unknown_tool_errors::{closure#0} as core[a373ad73a504971]::ops::function::FnOnce<()>>::call_once
[INFO] [stdout]   13:     0x63df89aeafab - test[aada8e7e76ba119b]::__rust_begin_short_backtrace::<core[a373ad73a504971]::result::Result<(), alloc[2e1b2a31b91974c5]::string::String>, fn() -> core[a373ad73a504971]::result::Result<(), alloc[2e1b2a31b91974c5]::string::String>>
[INFO] [stdout]   14:     0x63df89af8185 - test[aada8e7e76ba119b]::run_test::{closure#0}
[INFO] [stdout]   15:     0x63df89af1a74 - std[617be2ca0a6fd877]::sys::backtrace::__rust_begin_short_backtrace::<test[aada8e7e76ba119b]::run_test::{closure#1}, ()>
[INFO] [stdout]   16:     0x63df89afb212 - <std[617be2ca0a6fd877]::thread::lifecycle::spawn_unchecked<test[aada8e7e76ba119b]::run_test::{closure#1}, ()>::{closure#1} as core[a373ad73a504971]::ops::function::FnOnce<()>>::call_once::{shim:vtable#0}
[INFO] [stdout]   17:     0x63df89b65ddf - <std[617be2ca0a6fd877]::sys::thread::unix::Thread>::new::thread_start
[INFO] [stdout]   18:     0x7e059994fdfa - <unknown>
[INFO] [stdout]   19:     0x7e05999e33d4 - clone
[INFO] [stdout]   20:                0x0 - <unknown>
[INFO] [stdout] 
[INFO] [stdout] ---- test_run_set_cmd_bad_format_errors stdout ----
[INFO] [stdout] 
[INFO] [stdout] thread 'test_run_set_cmd_bad_format_errors' (2178) panicked at tests/integration.rs:874:10:
[INFO] [stdout] run with bad set-cmd format: Os { code: 2, kind: NotFound, message: "No such file or directory" }
[INFO] [stdout] stack backtrace:
[INFO] [stdout]    0:     0x63df89b66ac1 - <<std[617be2ca0a6fd877]::sys::backtrace::BacktraceLock>::print::DisplayBacktrace as core[a373ad73a504971]::fmt::Display>::fmt
[INFO] [stdout]    1:     0x63df89b7b9fa - core[a373ad73a504971]::fmt::write
[INFO] [stdout]    2:     0x63df89b6affc - <alloc[2e1b2a31b91974c5]::vec::Vec<u8> as core[a373ad73a504971]::io::write::Write>::write_fmt
[INFO] [stdout]    3:     0x63df89b41176 - std[617be2ca0a6fd877]::panicking::default_hook::{closure#0}
[INFO] [stdout]    4:     0x63df89b5e249 - std[617be2ca0a6fd877]::panicking::default_hook
[INFO] [stdout]    5:     0x63df89af7b60 - test[aada8e7e76ba119b]::test_main_inner::{closure#0}
[INFO] [stdout]    6:     0x63df89b5e402 - std[617be2ca0a6fd877]::panicking::panic_with_hook
[INFO] [stdout]    7:     0x63df89b41222 - std[617be2ca0a6fd877]::panicking::panic_handler::{closure#0}
[INFO] [stdout]    8:     0x63df89b39be9 - std[617be2ca0a6fd877]::sys::backtrace::__rust_end_short_backtrace::<std[617be2ca0a6fd877]::panicking::panic_handler::{closure#0}, !>
[INFO] [stdout]    9:     0x63df89b41e2d - __rustc[ea4f61d10b84890b]::rust_begin_unwind
[INFO] [stdout]   10:     0x63df89b7c12c - core[a373ad73a504971]::panicking::panic_fmt
[INFO] [stdout]   11:     0x63df89b7bf02 - core[a373ad73a504971]::result::unwrap_failed
[INFO] [stdout]   12:     0x63df89adb98d - <integration[e39856eb1e34d83]::test_run_set_cmd_bad_format_errors::{closure#0} as core[a373ad73a504971]::ops::function::FnOnce<()>>::call_once
[INFO] [stdout]   13:     0x63df89aeafab - test[aada8e7e76ba119b]::__rust_begin_short_backtrace::<core[a373ad73a504971]::result::Result<(), alloc[2e1b2a31b91974c5]::string::String>, fn() -> core[a373ad73a504971]::result::Result<(), alloc[2e1b2a31b91974c5]::string::String>>
[INFO] [stdout]   14:     0x63df89af8185 - test[aada8e7e76ba119b]::run_test::{closure#0}
[INFO] [stdout]   15:     0x63df89af1a74 - std[617be2ca0a6fd877]::sys::backtrace::__rust_begin_short_backtrace::<test[aada8e7e76ba119b]::run_test::{closure#1}, ()>
[INFO] [stdout]   16:     0x63df89afb212 - <std[617be2ca0a6fd877]::thread::lifecycle::spawn_unchecked<test[aada8e7e76ba119b]::run_test::{closure#1}, ()>::{closure#1} as core[a373ad73a504971]::ops::function::FnOnce<()>>::call_once::{shim:vtable#0}
[INFO] [stdout]   17:     0x63df89b65ddf - <std[617be2ca0a6fd877]::sys::thread::unix::Thread>::new::thread_start
[INFO] [stdout]   18:     0x7e059994fdfa - <unknown>
[INFO] [stdout]   19:     0x7e05999e33d4 - clone
[INFO] [stdout]   20:                0x0 - <unknown>
[INFO] [stdout] 
[INFO] [stdout] 
[INFO] [stdout] failures:
[INFO] [stdout]     test_diff_last_shows_trend
[INFO] [stdout]     test_diff_last_single_entry_shows_trend
[INFO] [stdout]     test_diff_latest_with_two_entries
[INFO] [stdout]     test_diff_no_history_errors
[INFO] [stdout]     test_diff_range_no_match_errors
[INFO] [stdout]     test_help_flag
[INFO] [stdout]     test_init_creates_config_file
[INFO] [stdout]     test_init_force_flag_overwrites
[INFO] [stdout]     test_init_full_preset_has_all_tools
[INFO] [stdout]     test_init_minimal_preset_content
[INFO] [stdout]     test_init_no_overwrite_without_force
[INFO] [stdout]     test_plugin_list_empty
[INFO] [stdout]     test_plugin_remove_nonexistent_is_ok
[INFO] [stdout]     test_run_ci_json_tool_fields_present
[INFO] [stdout]     test_run_ci_mode_creates_json
[INFO] [stdout]     test_run_crate_mode_reports_go_to_workspace_root
[INFO] [stdout]     test_run_creates_history_entry
[INFO] [stdout]     test_run_fails_without_config
[INFO] [stdout]     test_run_format_html_creates_summary_html
[INFO] [stdout]     test_run_format_html_creates_tool_html_reports
[INFO] [stdout]     test_run_format_html_summary_counts
[INFO] [stdout]     test_run_format_json_creates_ci_result
[INFO] [stdout]     test_run_generates_summary_md
[INFO] [stdout]     test_run_inactive_tool_report_file_is_written
[INFO] [stdout]     test_run_set_cmd_bad_format_errors
[INFO] [stdout]     test_run_set_cmd_overrides_inactive_tool
[INFO] [stdout]     test_run_set_cmd_unknown_tool_errors
[INFO] [stdout]     test_run_summary_md_structure
[INFO] [stdout]     test_run_unknown_tool_in_only_flag_errors
[INFO] [stdout]     test_upgrade_migrates_v1_config
[INFO] [stdout]     test_upgrade_no_config_fails
[INFO] [stdout]     test_version_flag
[INFO] [stdout] 
[INFO] [stdout] test result: FAILED. 0 passed; 32 failed; 0 ignored; 0 measured; 0 filtered out; finished in 0.03s
[INFO] [stdout] 
[INFO] running `Command { std: "docker" "inspect" "ec2a7957110f62e7a488bbdd53a9d14fde4a180d6ef6e9023bd4fe7c7c053112", kill_on_drop: false }`
[INFO] running `Command { std: "docker" "rm" "-f" "ec2a7957110f62e7a488bbdd53a9d14fde4a180d6ef6e9023bd4fe7c7c053112", kill_on_drop: false }`
[INFO] [stdout] ec2a7957110f62e7a488bbdd53a9d14fde4a180d6ef6e9023bd4fe7c7c053112
