[INFO] fetching crate rust-blocktank-client 0.0.16...
[INFO] testing rust-blocktank-client-0.0.16 against 1.100.0-beta.1+cargoflags=--release for beta-release-1.100-2
[INFO] extracting crate rust-blocktank-client 0.0.16 into /workspace/builds/worker-2-tc2/source
[INFO] started tweaking crates.io crate rust-blocktank-client 0.0.16
[INFO] removed 0 missing tests
[INFO] finished tweaking crates.io crate rust-blocktank-client 0.0.16
[INFO] tweaked toml for crates.io crate rust-blocktank-client 0.0.16 written to /workspace/builds/worker-2-tc2/source/Cargo.toml
[INFO] validating manifest of crates.io crate rust-blocktank-client 0.0.16 on toolchain 1.100.0-beta.1
[INFO] running `Command { std: CARGO_HOME="/workspace/cargo-home" RUSTUP_HOME="/workspace/rustup-home" "/workspace/cargo-home/bin/cargo" "+1.100.0-beta.1" "metadata" "--manifest-path" "Cargo.toml" "--no-deps", kill_on_drop: false }`
[INFO] crate crates.io crate rust-blocktank-client 0.0.16 already has a lockfile, it will not be regenerated
[INFO] running `Command { std: CARGO_HOME="/workspace/cargo-home" RUSTUP_HOME="/workspace/rustup-home" "/workspace/cargo-home/bin/cargo" "+1.100.0-beta.1" "fetch" "--manifest-path" "Cargo.toml", kill_on_drop: false }`
[INFO] running `Command { std: "docker" "create" "-v" "/var/lib/crater-agent-workspace/builds/worker-2-tc2/source:/opt/rustwide/workdir:ro,Z" "-v" "/var/lib/crater-agent-workspace/builds/worker-2-tc2/target:/opt/rustwide/target:rw,Z" "-v" "/var/lib/crater-agent-workspace/cargo-home:/opt/rustwide/cargo-home:ro,Z" "-v" "/var/lib/crater-agent-workspace/rustup-home:/opt/rustwide/rustup-home:ro,Z" "-m" "1610612736" "--network" "none" "ghcr.io/rust-lang/crates-build-env/linux@sha256:77db811e55d90add9212f6832c23229e3de5f1c1f9905e8cb07319ea15df73ac" "sleep" "infinity", kill_on_drop: false }`
[INFO] [stdout] d9b80ad908926c3768e0749e03ee4f03516f51a29694861e58b6d4f311997ed3
[INFO] running `Command { std: "docker" "start" "d9b80ad908926c3768e0749e03ee4f03516f51a29694861e58b6d4f311997ed3", kill_on_drop: false }`
[INFO] running `Command { std: "docker" "inspect" "d9b80ad908926c3768e0749e03ee4f03516f51a29694861e58b6d4f311997ed3", kill_on_drop: false }`
[INFO] running `Command { std: "docker" "exec" "-e" "SOURCE_DIR=/opt/rustwide/workdir" "-e" "CARGO_HOME=/opt/rustwide/cargo-home" "-e" "RUSTUP_HOME=/opt/rustwide/rustup-home" "-e" "CARGO_TARGET_DIR=/opt/rustwide/target" "-w" "/opt/rustwide/workdir" "--user" "0:0" "d9b80ad908926c3768e0749e03ee4f03516f51a29694861e58b6d4f311997ed3" "/opt/rustwide/cargo-home/bin/cargo" "+1.100.0-beta.1" "metadata" "--no-deps" "--format-version=1", kill_on_drop: false }`
[INFO] running `Command { std: "docker" "inspect" "d9b80ad908926c3768e0749e03ee4f03516f51a29694861e58b6d4f311997ed3", kill_on_drop: false }`
[INFO] running `Command { std: "docker" "exec" "-e" "SOURCE_DIR=/opt/rustwide/workdir" "-e" "CARGO_HOME=/opt/rustwide/cargo-home" "-e" "RUSTUP_HOME=/opt/rustwide/rustup-home" "-e" "CARGO_TARGET_DIR=/opt/rustwide/target" "-e" "CARGO_INCREMENTAL=0" "-e" "RUST_BACKTRACE=full" "-e" "RUSTFLAGS=--cap-lints=warn" "-e" "RUSTDOCFLAGS=--cap-lints=warn" "-w" "/opt/rustwide/workdir" "--user" "0:0" "d9b80ad908926c3768e0749e03ee4f03516f51a29694861e58b6d4f311997ed3" "/opt/rustwide/cargo-home/bin/cargo" "+1.100.0-beta.1" "build" "--frozen" "--message-format=json" "--release", kill_on_drop: false }`
[INFO] [stderr]    Compiling proc-macro2 v1.0.93
[INFO] [stderr]    Compiling libc v0.2.169
[INFO] [stderr]    Compiling smallvec v1.13.2
[INFO] [stderr]    Compiling bytes v1.9.0
[INFO] [stderr]    Compiling writeable v0.5.5
[INFO] [stderr]    Compiling futures-core v0.3.31
[INFO] [stderr]    Compiling litemap v0.7.4
[INFO] [stderr]    Compiling rustls-pki-types v1.10.1
[INFO] [stderr]    Compiling cc v1.2.9
[INFO] [stderr]    Compiling futures-task v0.3.31
[INFO] [stderr]    Compiling icu_locid_transform_data v1.5.0
[INFO] [stderr]    Compiling once_cell v1.20.2
[INFO] [stderr]    Compiling spin v0.9.8
[INFO] [stderr]    Compiling icu_properties_data v1.5.0
[INFO] [stderr]    Compiling icu_normalizer_data v1.5.0
[INFO] [stderr]    Compiling rustls v0.23.21
[INFO] [stderr]    Compiling utf16_iter v1.0.5
[INFO] [stderr]    Compiling write16 v1.0.0
[INFO] [stderr]    Compiling futures-util v0.3.31
[INFO] [stderr]    Compiling futures-channel v0.3.31
[INFO] [stderr]    Compiling zeroize v1.8.1
[INFO] [stderr]    Compiling serde_json v1.0.135
[INFO] [stderr]    Compiling openssl-probe v0.1.5
[INFO] [stderr]    Compiling sync_wrapper v1.0.2
[INFO] [stderr]    Compiling thiserror v2.0.11
[INFO] [stderr]    Compiling ipnet v2.10.1
[INFO] [stderr]    Compiling log v0.4.25
[INFO] [stderr]    Compiling tracing-core v0.1.33
[INFO] [stderr]    Compiling quote v1.0.38
[INFO] [stderr]    Compiling rustls-pemfile v2.2.0
[INFO] [stderr]    Compiling webpki-roots v0.26.7
[INFO] [stderr]    Compiling syn v2.0.96
[INFO] [stderr]    Compiling rustls-native-certs v0.8.0
[INFO] [stderr]    Compiling tracing v0.1.41
[INFO] [stderr]    Compiling http v1.2.0
[INFO] [stderr]    Compiling parking_lot_core v0.9.10
[INFO] [stderr]    Compiling socket2 v0.5.8
[INFO] [stderr]    Compiling mio v1.0.3
[INFO] [stderr]    Compiling signal-hook-registry v1.4.2
[INFO] [stderr]    Compiling getrandom v0.2.15
[INFO] [stderr]    Compiling parking_lot v0.12.3
[INFO] [stderr]    Compiling ring v0.17.8
[INFO] [stderr]    Compiling http-body v1.0.1
[INFO] [stderr]    Compiling http-body-util v0.1.2
[INFO] [stderr]    Compiling synstructure v0.13.1
[INFO] [stderr]    Compiling zerofrom-derive v0.1.5
[INFO] [stderr]    Compiling yoke-derive v0.7.5
[INFO] [stderr]    Compiling zerovec-derive v0.10.3
[INFO] [stderr]    Compiling displaydoc v0.2.5
[INFO] [stderr]    Compiling icu_provider_macros v1.5.0
[INFO] [stderr]    Compiling tokio-macros v2.5.0
[INFO] [stderr]    Compiling serde_derive v1.0.217
[INFO] [stderr]    Compiling thiserror-impl v2.0.11
[INFO] [stderr]    Compiling tokio v1.43.0
[INFO] [stderr]    Compiling zerofrom v0.1.5
[INFO] [stderr]    Compiling yoke v0.7.5
[INFO] [stderr]    Compiling zerovec v0.10.4
[INFO] [stderr]    Compiling tinystr v0.7.6
[INFO] [stderr]    Compiling icu_collections v1.5.0
[INFO] [stderr]    Compiling serde v1.0.217
[INFO] [stderr]    Compiling icu_locid v1.5.0
[INFO] [stderr]    Compiling icu_provider v1.5.0
[INFO] [stderr]    Compiling icu_locid_transform v1.5.0
[INFO] [stderr]    Compiling icu_properties v1.5.1
[INFO] [stderr]    Compiling serde_urlencoded v0.7.1
[INFO] [stderr]    Compiling chrono v0.4.39
[INFO] [stderr]    Compiling hyper v1.5.2
[INFO] [stderr]    Compiling tower v0.5.2
[INFO] [stderr]    Compiling icu_normalizer v1.5.0
[INFO] [stderr]    Compiling hyper-util v0.1.10
[INFO] [stderr]    Compiling rustls-webpki v0.102.8
[INFO] [stderr]    Compiling idna_adapter v1.2.0
[INFO] [stderr]    Compiling idna v1.0.3
[INFO] [stderr]    Compiling url v2.5.4
[INFO] [stderr]    Compiling tokio-rustls v0.26.1
[INFO] [stderr]    Compiling hyper-rustls v0.27.5
[INFO] [stderr]    Compiling reqwest v0.12.12
[INFO] [stderr]    Compiling rust-blocktank-client v0.0.16 (/opt/rustwide/workdir)
[INFO] [stdout] warning: unused import: `ERR_INVALID_REQUEST_PARAMS`
[INFO] [stdout]  --> src/client.rs:4:9
[INFO] [stdout]   |
[INFO] [stdout] 4 |         ERR_INVALID_REQUEST_PARAMS, ERR_INVOICE_SAT_ZERO, ERR_LSP_BALANCE_ZERO, ERR_NODE_ID_EMPTY,
[INFO] [stdout]   |         ^^^^^^^^^^^^^^^^^^^^^^^^^^
[INFO] [stdout]   |
[INFO] [stdout]   = note: `#[warn(unused_imports)]` (part of `#[warn(unused)]`) on by default
[INFO] [stdout] 
[INFO] [stdout] 
[INFO] [stdout] warning: unused import: `blocktank::*`
[INFO] [stdout]  --> src/types/mod.rs:3:9
[INFO] [stdout]   |
[INFO] [stdout] 3 | pub use blocktank::*;
[INFO] [stdout]   |         ^^^^^^^^^^^^
[INFO] [stdout] 
[INFO] [stdout] 
[INFO] [stdout] warning: constant `ERR_INVALID_REQUEST_PARAMS` is never used
[INFO] [stdout]   --> src/error.rs:13:11
[INFO] [stdout]    |
[INFO] [stdout] 13 | pub const ERR_INVALID_REQUEST_PARAMS: &str = "Invalid request parameters";
[INFO] [stdout]    |           ^^^^^^^^^^^^^^^^^^^^^^^^^^
[INFO] [stdout]    |
[INFO] [stdout]    = note: `#[warn(dead_code)]` (part of `#[warn(unused)]`) on by default
[INFO] [stdout] 
[INFO] [stdout] 
[INFO] [stdout] warning: constant `ERR_INVALID_REQUEST_FORMAT` is never used
[INFO] [stdout]   --> src/error.rs:14:11
[INFO] [stdout]    |
[INFO] [stdout] 14 | pub const ERR_INVALID_REQUEST_FORMAT: &str = "Invalid request format";
[INFO] [stdout]    |           ^^^^^^^^^^^^^^^^^^^^^^^^^^
[INFO] [stdout] 
[INFO] [stdout] 
[INFO] [stdout] warning: field `error_type` is never read
[INFO] [stdout]    --> src/types/blocktank.rs:603:5
[INFO] [stdout]     |
[INFO] [stdout] 601 | pub struct ApiValidationError {
[INFO] [stdout]     |            ------------------ field in this struct
[INFO] [stdout] 602 |     #[serde(rename = "type")]
[INFO] [stdout] 603 |     error_type: String,
[INFO] [stdout]     |     ^^^^^^^^^^
[INFO] [stdout]     |
[INFO] [stdout]     = note: `ApiValidationError` has a derived impl for the trait `Debug`, but this is intentionally ignored during dead code analysis
[INFO] [stdout] 
[INFO] [stdout] 
[INFO] [stdout] warning: field `name` is never read
[INFO] [stdout]    --> src/types/blocktank.rs:610:5
[INFO] [stdout]     |
[INFO] [stdout] 608 | pub struct ApiErrorDetails {
[INFO] [stdout]     |            --------------- field in this struct
[INFO] [stdout] 609 |     pub(crate) issues: Vec<ApiErrorIssue>,
[INFO] [stdout] 610 |     name: String,
[INFO] [stdout]     |     ^^^^
[INFO] [stdout]     |
[INFO] [stdout]     = note: `ApiErrorDetails` has a derived impl for the trait `Debug`, but this is intentionally ignored during dead code analysis
[INFO] [stdout] 
[INFO] [stdout] 
[INFO] [stdout] warning: fields `code` and `path` are never read
[INFO] [stdout]    --> src/types/blocktank.rs:615:5
[INFO] [stdout]     |
[INFO] [stdout] 614 | pub struct ApiErrorIssue {
[INFO] [stdout]     |            ------------- fields in this struct
[INFO] [stdout] 615 |     code: String,
[INFO] [stdout]     |     ^^^^
[INFO] [stdout] 616 |     pub(crate) message: String,
[INFO] [stdout] 617 |     path: Vec<String>,
[INFO] [stdout]     |     ^^^^
[INFO] [stdout]     |
[INFO] [stdout]     = note: `ApiErrorIssue` has a derived impl for the trait `Debug`, but this is intentionally ignored during dead code analysis
[INFO] [stdout] 
[INFO] [stdout] 
[INFO] [stdout] warning: function `normalize_url` is never used
[INFO] [stdout]  --> src/utils.rs:9:15
[INFO] [stdout]   |
[INFO] [stdout] 9 | pub(crate) fn normalize_url(url: &str) -> Result<Url> {
[INFO] [stdout]   |               ^^^^^^^^^^^^^
[INFO] [stdout] 
[INFO] [stdout] 
[INFO] [stdout] warning: function `validate_channel_params` is never used
[INFO] [stdout]   --> src/utils.rs:50:15
[INFO] [stdout]    |
[INFO] [stdout] 50 | pub(crate) fn validate_channel_params(
[INFO] [stdout]    |               ^^^^^^^^^^^^^^^^^^^^^^^
[INFO] [stdout] 
[INFO] [stdout] 
[INFO] [stdout] warning: function `datetime_to_string` is never used
[INFO] [stdout]   --> src/utils.rs:97:8
[INFO] [stdout]    |
[INFO] [stdout] 97 | pub fn datetime_to_string(date: &DateTime<Utc>) -> String {
[INFO] [stdout]    |        ^^^^^^^^^^^^^^^^^^
[INFO] [stdout] 
[INFO] [stdout] 
[INFO] [stdout] warning: function `timestamp_to_datetime` is never used
[INFO] [stdout]    --> src/utils.rs:102:8
[INFO] [stdout]     |
[INFO] [stdout] 102 | pub fn timestamp_to_datetime(timestamp: i64) -> DateTime<Utc> {
[INFO] [stdout]     |        ^^^^^^^^^^^^^^^^^^^^^
[INFO] [stdout] 
[INFO] [stdout] 
[INFO] [stdout] warning: function `datetime_to_timestamp` is never used
[INFO] [stdout]    --> src/utils.rs:109:8
[INFO] [stdout]     |
[INFO] [stdout] 109 | pub fn datetime_to_timestamp(date: &DateTime<Utc>) -> i64 {
[INFO] [stdout]     |        ^^^^^^^^^^^^^^^^^^^^^
[INFO] [stdout] 
[INFO] [stdout] 
[INFO] [stderr]     Finished `release` profile [optimized] target(s) in 1m 11s
[INFO] running `Command { std: "docker" "inspect" "d9b80ad908926c3768e0749e03ee4f03516f51a29694861e58b6d4f311997ed3", kill_on_drop: false }`
[INFO] running `Command { std: "docker" "exec" "-e" "SOURCE_DIR=/opt/rustwide/workdir" "-e" "CARGO_HOME=/opt/rustwide/cargo-home" "-e" "RUSTUP_HOME=/opt/rustwide/rustup-home" "-e" "CARGO_TARGET_DIR=/opt/rustwide/target" "-e" "CARGO_INCREMENTAL=0" "-e" "RUST_BACKTRACE=full" "-e" "RUSTFLAGS=--cap-lints=warn" "-e" "RUSTDOCFLAGS=--cap-lints=warn" "-w" "/opt/rustwide/workdir" "--user" "0:0" "d9b80ad908926c3768e0749e03ee4f03516f51a29694861e58b6d4f311997ed3" "/opt/rustwide/cargo-home/bin/cargo" "+1.100.0-beta.1" "test" "--frozen" "--no-run" "--message-format=json" "--release", kill_on_drop: false }`
[INFO] [stderr]    Compiling memchr v2.7.4
[INFO] [stderr]    Compiling futures-sink v0.3.31
[INFO] [stderr]    Compiling hashbrown v0.15.2
[INFO] [stderr]    Compiling syn v2.0.96
[INFO] [stderr]    Compiling num_cpus v1.16.0
[INFO] [stderr]    Compiling deadpool-runtime v0.1.4
[INFO] [stderr]    Compiling futures-channel v0.3.31
[INFO] [stderr]    Compiling indexmap v2.7.0
[INFO] [stderr]    Compiling aho-corasick v1.1.3
[INFO] [stderr]    Compiling regex-automata v0.4.9
[INFO] [stderr]    Compiling synstructure v0.13.1
[INFO] [stderr]    Compiling regex v1.11.1
[INFO] [stderr]    Compiling zerovec-derive v0.10.3
[INFO] [stderr]    Compiling displaydoc v0.2.5
[INFO] [stderr]    Compiling tokio-macros v2.5.0
[INFO] [stderr]    Compiling futures-macro v0.3.31
[INFO] [stderr]    Compiling icu_provider_macros v1.5.0
[INFO] [stderr]    Compiling serde_derive v1.0.217
[INFO] [stderr]    Compiling zerofrom-derive v0.1.5
[INFO] [stderr]    Compiling yoke-derive v0.7.5
[INFO] [stderr]    Compiling thiserror-impl v2.0.11
[INFO] [stderr]    Compiling async-trait v0.1.85
[INFO] [stderr]    Compiling tokio v1.43.0
[INFO] [stderr]    Compiling zerofrom v0.1.5
[INFO] [stderr]    Compiling futures-util v0.3.31
[INFO] [stderr]    Compiling thiserror v2.0.11
[INFO] [stderr]    Compiling yoke v0.7.5
[INFO] [stderr]    Compiling zerovec v0.10.4
[INFO] [stderr]    Compiling tinystr v0.7.6
[INFO] [stderr]    Compiling icu_collections v1.5.0
[INFO] [stderr]    Compiling serde v1.0.217
[INFO] [stderr]    Compiling icu_locid v1.5.0
[INFO] [stderr]    Compiling http-body-util v0.1.2
[INFO] [stderr]    Compiling futures-executor v0.3.31
[INFO] [stderr]    Compiling futures v0.3.31
[INFO] [stderr]    Compiling icu_provider v1.5.0
[INFO] [stderr]    Compiling icu_locid_transform v1.5.0
[INFO] [stderr]    Compiling icu_properties v1.5.1
[INFO] [stderr]    Compiling tokio-util v0.7.13
[INFO] [stderr]    Compiling tokio-rustls v0.26.1
[INFO] [stderr]    Compiling tower v0.5.2
[INFO] [stderr]    Compiling deadpool v0.10.0
[INFO] [stderr]    Compiling serde_json v1.0.135
[INFO] [stderr]    Compiling serde_urlencoded v0.7.1
[INFO] [stderr]    Compiling chrono v0.4.39
[INFO] [stderr]    Compiling h2 v0.4.7
[INFO] [stderr]    Compiling assert-json-diff v2.0.2
[INFO] [stderr]    Compiling icu_normalizer v1.5.0
[INFO] [stderr]    Compiling idna_adapter v1.2.0
[INFO] [stderr]    Compiling idna v1.0.3
[INFO] [stderr]    Compiling url v2.5.4
[INFO] [stderr]    Compiling hyper v1.5.2
[INFO] [stderr]    Compiling hyper-util v0.1.10
[INFO] [stderr]    Compiling hyper-rustls v0.27.5
[INFO] [stderr]    Compiling wiremock v0.6.2
[INFO] [stderr]    Compiling reqwest v0.12.12
[INFO] [stderr]    Compiling rust-blocktank-client v0.0.16 (/opt/rustwide/workdir)
[INFO] [stdout] warning: unused import: `ERR_INVALID_REQUEST_PARAMS`
[INFO] [stdout]  --> src/client.rs:4:9
[INFO] [stdout]   |
[INFO] [stdout] 4 |         ERR_INVALID_REQUEST_PARAMS, ERR_INVOICE_SAT_ZERO, ERR_LSP_BALANCE_ZERO, ERR_NODE_ID_EMPTY,
[INFO] [stdout]   |         ^^^^^^^^^^^^^^^^^^^^^^^^^^
[INFO] [stdout]   |
[INFO] [stdout]   = note: `#[warn(unused_imports)]` (part of `#[warn(unused)]`) on by default
[INFO] [stdout] 
[INFO] [stdout] 
[INFO] [stdout] warning: unused import: `blocktank::*`
[INFO] [stdout]  --> src/types/mod.rs:3:9
[INFO] [stdout]   |
[INFO] [stdout] 3 | pub use blocktank::*;
[INFO] [stdout]   |         ^^^^^^^^^^^^
[INFO] [stdout] 
[INFO] [stdout] 
[INFO] [stdout] warning: constant `ERR_INVALID_REQUEST_PARAMS` is never used
[INFO] [stdout]   --> src/error.rs:13:11
[INFO] [stdout]    |
[INFO] [stdout] 13 | pub const ERR_INVALID_REQUEST_PARAMS: &str = "Invalid request parameters";
[INFO] [stdout]    |           ^^^^^^^^^^^^^^^^^^^^^^^^^^
[INFO] [stdout]    |
[INFO] [stdout]    = note: `#[warn(dead_code)]` (part of `#[warn(unused)]`) on by default
[INFO] [stdout] 
[INFO] [stdout] 
[INFO] [stdout] warning: constant `ERR_INVALID_REQUEST_FORMAT` is never used
[INFO] [stdout]   --> src/error.rs:14:11
[INFO] [stdout]    |
[INFO] [stdout] 14 | pub const ERR_INVALID_REQUEST_FORMAT: &str = "Invalid request format";
[INFO] [stdout]    |           ^^^^^^^^^^^^^^^^^^^^^^^^^^
[INFO] [stdout] 
[INFO] [stdout] 
[INFO] [stdout] warning: field `error_type` is never read
[INFO] [stdout]    --> src/types/blocktank.rs:603:5
[INFO] [stdout]     |
[INFO] [stdout] 601 | pub struct ApiValidationError {
[INFO] [stdout]     |            ------------------ field in this struct
[INFO] [stdout] 602 |     #[serde(rename = "type")]
[INFO] [stdout] 603 |     error_type: String,
[INFO] [stdout]     |     ^^^^^^^^^^
[INFO] [stdout]     |
[INFO] [stdout]     = note: `ApiValidationError` has a derived impl for the trait `Debug`, but this is intentionally ignored during dead code analysis
[INFO] [stdout] 
[INFO] [stdout] 
[INFO] [stdout] warning: field `name` is never read
[INFO] [stdout]    --> src/types/blocktank.rs:610:5
[INFO] [stdout]     |
[INFO] [stdout] 608 | pub struct ApiErrorDetails {
[INFO] [stdout]     |            --------------- field in this struct
[INFO] [stdout] 609 |     pub(crate) issues: Vec<ApiErrorIssue>,
[INFO] [stdout] 610 |     name: String,
[INFO] [stdout]     |     ^^^^
[INFO] [stdout]     |
[INFO] [stdout]     = note: `ApiErrorDetails` has a derived impl for the trait `Debug`, but this is intentionally ignored during dead code analysis
[INFO] [stdout] 
[INFO] [stdout] 
[INFO] [stdout] warning: fields `code` and `path` are never read
[INFO] [stdout]    --> src/types/blocktank.rs:615:5
[INFO] [stdout]     |
[INFO] [stdout] 614 | pub struct ApiErrorIssue {
[INFO] [stdout]     |            ------------- fields in this struct
[INFO] [stdout] 615 |     code: String,
[INFO] [stdout]     |     ^^^^
[INFO] [stdout] 616 |     pub(crate) message: String,
[INFO] [stdout] 617 |     path: Vec<String>,
[INFO] [stdout]     |     ^^^^
[INFO] [stdout]     |
[INFO] [stdout]     = note: `ApiErrorIssue` has a derived impl for the trait `Debug`, but this is intentionally ignored during dead code analysis
[INFO] [stdout] 
[INFO] [stdout] 
[INFO] [stdout] warning: function `normalize_url` is never used
[INFO] [stdout]  --> src/utils.rs:9:15
[INFO] [stdout]   |
[INFO] [stdout] 9 | pub(crate) fn normalize_url(url: &str) -> Result<Url> {
[INFO] [stdout]   |               ^^^^^^^^^^^^^
[INFO] [stdout] 
[INFO] [stdout] 
[INFO] [stdout] warning: function `validate_channel_params` is never used
[INFO] [stdout]   --> src/utils.rs:50:15
[INFO] [stdout]    |
[INFO] [stdout] 50 | pub(crate) fn validate_channel_params(
[INFO] [stdout]    |               ^^^^^^^^^^^^^^^^^^^^^^^
[INFO] [stdout] 
[INFO] [stdout] 
[INFO] [stdout] warning: function `datetime_to_string` is never used
[INFO] [stdout]   --> src/utils.rs:97:8
[INFO] [stdout]    |
[INFO] [stdout] 97 | pub fn datetime_to_string(date: &DateTime<Utc>) -> String {
[INFO] [stdout]    |        ^^^^^^^^^^^^^^^^^^
[INFO] [stdout] 
[INFO] [stdout] 
[INFO] [stdout] warning: function `timestamp_to_datetime` is never used
[INFO] [stdout]    --> src/utils.rs:102:8
[INFO] [stdout]     |
[INFO] [stdout] 102 | pub fn timestamp_to_datetime(timestamp: i64) -> DateTime<Utc> {
[INFO] [stdout]     |        ^^^^^^^^^^^^^^^^^^^^^
[INFO] [stdout] 
[INFO] [stdout] 
[INFO] [stdout] warning: function `datetime_to_timestamp` is never used
[INFO] [stdout]    --> src/utils.rs:109:8
[INFO] [stdout]     |
[INFO] [stdout] 109 | pub fn datetime_to_timestamp(date: &DateTime<Utc>) -> i64 {
[INFO] [stdout]     |        ^^^^^^^^^^^^^^^^^^^^^
[INFO] [stdout] 
[INFO] [stdout] 
[INFO] [stdout] warning: unused import: `ERR_INVALID_REQUEST_PARAMS`
[INFO] [stdout]  --> src/client.rs:4:9
[INFO] [stdout]   |
[INFO] [stdout] 4 |         ERR_INVALID_REQUEST_PARAMS, ERR_INVOICE_SAT_ZERO, ERR_LSP_BALANCE_ZERO, ERR_NODE_ID_EMPTY,
[INFO] [stdout]   |         ^^^^^^^^^^^^^^^^^^^^^^^^^^
[INFO] [stdout]   |
[INFO] [stdout]   = note: `#[warn(unused_imports)]` (part of `#[warn(unused)]`) on by default
[INFO] [stdout] 
[INFO] [stdout] 
[INFO] [stdout] warning: unused import: `blocktank::*`
[INFO] [stdout]  --> src/types/mod.rs:3:9
[INFO] [stdout]   |
[INFO] [stdout] 3 | pub use blocktank::*;
[INFO] [stdout]   |         ^^^^^^^^^^^^
[INFO] [stdout] 
[INFO] [stdout] 
[INFO] [stdout] warning: constant `ERR_INVALID_REQUEST_PARAMS` is never used
[INFO] [stdout]   --> src/error.rs:13:11
[INFO] [stdout]    |
[INFO] [stdout] 13 | pub const ERR_INVALID_REQUEST_PARAMS: &str = "Invalid request parameters";
[INFO] [stdout]    |           ^^^^^^^^^^^^^^^^^^^^^^^^^^
[INFO] [stdout]    |
[INFO] [stdout]    = note: `#[warn(dead_code)]` (part of `#[warn(unused)]`) on by default
[INFO] [stdout] 
[INFO] [stdout] 
[INFO] [stdout] warning: constant `ERR_INVALID_REQUEST_FORMAT` is never used
[INFO] [stdout]   --> src/error.rs:14:11
[INFO] [stdout]    |
[INFO] [stdout] 14 | pub const ERR_INVALID_REQUEST_FORMAT: &str = "Invalid request format";
[INFO] [stdout]    |           ^^^^^^^^^^^^^^^^^^^^^^^^^^
[INFO] [stdout] 
[INFO] [stdout] 
[INFO] [stdout] warning: field `error_type` is never read
[INFO] [stdout]    --> src/types/blocktank.rs:603:5
[INFO] [stdout]     |
[INFO] [stdout] 601 | pub struct ApiValidationError {
[INFO] [stdout]     |            ------------------ field in this struct
[INFO] [stdout] 602 |     #[serde(rename = "type")]
[INFO] [stdout] 603 |     error_type: String,
[INFO] [stdout]     |     ^^^^^^^^^^
[INFO] [stdout]     |
[INFO] [stdout]     = note: `ApiValidationError` has a derived impl for the trait `Debug`, but this is intentionally ignored during dead code analysis
[INFO] [stdout] 
[INFO] [stdout] 
[INFO] [stdout] warning: field `name` is never read
[INFO] [stdout]    --> src/types/blocktank.rs:610:5
[INFO] [stdout]     |
[INFO] [stdout] 608 | pub struct ApiErrorDetails {
[INFO] [stdout]     |            --------------- field in this struct
[INFO] [stdout] 609 |     pub(crate) issues: Vec<ApiErrorIssue>,
[INFO] [stdout] 610 |     name: String,
[INFO] [stdout]     |     ^^^^
[INFO] [stdout]     |
[INFO] [stdout]     = note: `ApiErrorDetails` has a derived impl for the trait `Debug`, but this is intentionally ignored during dead code analysis
[INFO] [stdout] 
[INFO] [stdout] 
[INFO] [stdout] warning: fields `code` and `path` are never read
[INFO] [stdout]    --> src/types/blocktank.rs:615:5
[INFO] [stdout]     |
[INFO] [stdout] 614 | pub struct ApiErrorIssue {
[INFO] [stdout]     |            ------------- fields in this struct
[INFO] [stdout] 615 |     code: String,
[INFO] [stdout]     |     ^^^^
[INFO] [stdout] 616 |     pub(crate) message: String,
[INFO] [stdout] 617 |     path: Vec<String>,
[INFO] [stdout]     |     ^^^^
[INFO] [stdout]     |
[INFO] [stdout]     = note: `ApiErrorIssue` has a derived impl for the trait `Debug`, but this is intentionally ignored during dead code analysis
[INFO] [stdout] 
[INFO] [stdout] 
[INFO] [stdout] warning: function `datetime_to_string` is never used
[INFO] [stdout]   --> src/utils.rs:97:8
[INFO] [stdout]    |
[INFO] [stdout] 97 | pub fn datetime_to_string(date: &DateTime<Utc>) -> String {
[INFO] [stdout]    |        ^^^^^^^^^^^^^^^^^^
[INFO] [stdout] 
[INFO] [stdout] 
[INFO] [stderr]     Finished `release` profile [optimized] target(s) in 1m 11s
[INFO] running `Command { std: "docker" "inspect" "d9b80ad908926c3768e0749e03ee4f03516f51a29694861e58b6d4f311997ed3", kill_on_drop: false }`
[INFO] running `Command { std: "docker" "exec" "-e" "SOURCE_DIR=/opt/rustwide/workdir" "-e" "CARGO_HOME=/opt/rustwide/cargo-home" "-e" "RUSTUP_HOME=/opt/rustwide/rustup-home" "-e" "CARGO_TARGET_DIR=/opt/rustwide/target" "-e" "CARGO_INCREMENTAL=0" "-e" "RUST_BACKTRACE=full" "-e" "RUSTFLAGS=--cap-lints=warn" "-e" "RUSTDOCFLAGS=--cap-lints=warn" "-w" "/opt/rustwide/workdir" "--user" "0:0" "d9b80ad908926c3768e0749e03ee4f03516f51a29694861e58b6d4f311997ed3" "/opt/rustwide/cargo-home/bin/cargo" "+1.100.0-beta.1" "test" "--frozen" "--release", kill_on_drop: false }`
[INFO] [stderr] warning: unused import: `ERR_INVALID_REQUEST_PARAMS`
[INFO] [stderr]  --> src/client.rs:4:9
[INFO] [stderr]   |
[INFO] [stderr] 4 |         ERR_INVALID_REQUEST_PARAMS, ERR_INVOICE_SAT_ZERO, ERR_LSP_BALANCE_ZERO, ERR_NODE_ID_EMPTY,
[INFO] [stderr]   |         ^^^^^^^^^^^^^^^^^^^^^^^^^^
[INFO] [stderr]   |
[INFO] [stderr]   = note: `#[warn(unused_imports)]` (part of `#[warn(unused)]`) on by default
[INFO] [stderr] 
[INFO] [stderr] warning: unused import: `blocktank::*`
[INFO] [stderr]  --> src/types/mod.rs:3:9
[INFO] [stderr]   |
[INFO] [stderr] 3 | pub use blocktank::*;
[INFO] [stderr]   |         ^^^^^^^^^^^^
[INFO] [stderr] 
[INFO] [stderr] warning: constant `ERR_INVALID_REQUEST_PARAMS` is never used
[INFO] [stderr]   --> src/error.rs:13:11
[INFO] [stderr]    |
[INFO] [stderr] 13 | pub const ERR_INVALID_REQUEST_PARAMS: &str = "Invalid request parameters";
[INFO] [stderr]    |           ^^^^^^^^^^^^^^^^^^^^^^^^^^
[INFO] [stderr]    |
[INFO] [stderr]    = note: `#[warn(dead_code)]` (part of `#[warn(unused)]`) on by default
[INFO] [stderr] 
[INFO] [stderr] warning: constant `ERR_INVALID_REQUEST_FORMAT` is never used
[INFO] [stderr]   --> src/error.rs:14:11
[INFO] [stderr]    |
[INFO] [stderr] 14 | pub const ERR_INVALID_REQUEST_FORMAT: &str = "Invalid request format";
[INFO] [stderr]    |           ^^^^^^^^^^^^^^^^^^^^^^^^^^
[INFO] [stderr] 
[INFO] [stderr] warning: field `error_type` is never read
[INFO] [stderr]    --> src/types/blocktank.rs:603:5
[INFO] [stderr]     |
[INFO] [stderr] 601 | pub struct ApiValidationError {
[INFO] [stderr]     |            ------------------ field in this struct
[INFO] [stderr] 602 |     #[serde(rename = "type")]
[INFO] [stderr] 603 |     error_type: String,
[INFO] [stderr]     |     ^^^^^^^^^^
[INFO] [stderr]     |
[INFO] [stderr]     = note: `ApiValidationError` has a derived impl for the trait `Debug`, but this is intentionally ignored during dead code analysis
[INFO] [stderr] 
[INFO] [stderr] warning: field `name` is never read
[INFO] [stderr]    --> src/types/blocktank.rs:610:5
[INFO] [stderr]     |
[INFO] [stderr] 608 | pub struct ApiErrorDetails {
[INFO] [stderr]     |            --------------- field in this struct
[INFO] [stderr] 609 |     pub(crate) issues: Vec<ApiErrorIssue>,
[INFO] [stderr] 610 |     name: String,
[INFO] [stderr]     |     ^^^^
[INFO] [stderr]     |
[INFO] [stderr]     = note: `ApiErrorDetails` has a derived impl for the trait `Debug`, but this is intentionally ignored during dead code analysis
[INFO] [stderr] 
[INFO] [stderr] warning: fields `code` and `path` are never read
[INFO] [stderr]    --> src/types/blocktank.rs:615:5
[INFO] [stderr]     |
[INFO] [stderr] 614 | pub struct ApiErrorIssue {
[INFO] [stderr]     |            ------------- fields in this struct
[INFO] [stderr] 615 |     code: String,
[INFO] [stderr]     |     ^^^^
[INFO] [stderr] 616 |     pub(crate) message: String,
[INFO] [stderr] 617 |     path: Vec<String>,
[INFO] [stderr]     |     ^^^^
[INFO] [stderr]     |
[INFO] [stderr]     = note: `ApiErrorIssue` has a derived impl for the trait `Debug`, but this is intentionally ignored during dead code analysis
[INFO] [stderr] 
[INFO] [stderr] warning: function `normalize_url` is never used
[INFO] [stderr]  --> src/utils.rs:9:15
[INFO] [stderr]   |
[INFO] [stderr] 9 | pub(crate) fn normalize_url(url: &str) -> Result<Url> {
[INFO] [stderr]   |               ^^^^^^^^^^^^^
[INFO] [stderr] 
[INFO] [stderr] warning: function `validate_channel_params` is never used
[INFO] [stderr]   --> src/utils.rs:50:15
[INFO] [stderr]    |
[INFO] [stderr] 50 | pub(crate) fn validate_channel_params(
[INFO] [stderr]    |               ^^^^^^^^^^^^^^^^^^^^^^^
[INFO] [stderr] 
[INFO] [stderr] warning: function `datetime_to_string` is never used
[INFO] [stderr]   --> src/utils.rs:97:8
[INFO] [stderr]    |
[INFO] [stderr] 97 | pub fn datetime_to_string(date: &DateTime<Utc>) -> String {
[INFO] [stderr]    |        ^^^^^^^^^^^^^^^^^^
[INFO] [stderr] 
[INFO] [stderr] warning: function `timestamp_to_datetime` is never used
[INFO] [stderr]    --> src/utils.rs:102:8
[INFO] [stderr]     |
[INFO] [stderr] 102 | pub fn timestamp_to_datetime(timestamp: i64) -> DateTime<Utc> {
[INFO] [stderr]     |        ^^^^^^^^^^^^^^^^^^^^^
[INFO] [stderr] 
[INFO] [stderr] warning: function `datetime_to_timestamp` is never used
[INFO] [stderr]    --> src/utils.rs:109:8
[INFO] [stderr]     |
[INFO] [stderr] 109 | pub fn datetime_to_timestamp(date: &DateTime<Utc>) -> i64 {
[INFO] [stderr]     |        ^^^^^^^^^^^^^^^^^^^^^
[INFO] [stderr] 
[INFO] [stderr] warning: `rust-blocktank-client` (lib) generated 12 warnings (run `cargo fix --lib -p rust-blocktank-client` to apply 2 suggestions)
[INFO] [stderr] warning: `rust-blocktank-client` (lib test) generated 8 warnings (8 duplicates)
[INFO] [stderr]     Finished `release` profile [optimized] target(s) in 0.19s
[INFO] [stderr]      Running unittests src/lib.rs (/opt/rustwide/target/release/build/rust-blocktank-client/9012ce398f63dd6b/out/rust_blocktank_client-9012ce398f63dd6b)
[INFO] [stdout] 
[INFO] [stdout] running 5 tests
[INFO] [stdout] test utils::tests::test_timestamp_conversions ... ok
[INFO] [stdout] test utils::tests::test_normalize_url ... ok
[INFO] [stdout] test utils::tests::test_parse_ln_connection_string ... ok
[INFO] [stdout] test utils::tests::test_validate_channel_params ... ok
[INFO] [stdout] test utils::tests::test_sats_conversion ... ok
[INFO] [stderr]      Running tests/client.rs (/opt/rustwide/target/release/build/rust-blocktank-client/87bfcc3773b39ae1/out/client-87bfcc3773b39ae1)
[INFO] [stdout] 
[INFO] [stdout] test result: ok. 5 passed; 0 failed; 0 ignored; 0 measured; 0 filtered out; finished in 0.01s
[INFO] [stdout] 
[INFO] [stdout] 
[INFO] [stdout] running 13 tests
[INFO] [stdout] test tests::test_error_zero_balance ... ok
[INFO] [stdout] test tests::test_estimate_order_fee ... FAILED
[INFO] [stdout] test tests::test_get_orders_multiple ... FAILED
[INFO] [stdout] test tests::test_workflow ... FAILED
[INFO] [stdout] test tests::test_get_info ... FAILED
[INFO] [stdout] test tests::test_get_order ... FAILED
[INFO] [stdout] test tests::test_create_order ... FAILED
[INFO] [stdout] test tests::test_create_cjit_entry ... FAILED
[INFO] [stdout] test tests::test_get_orders ... FAILED
[INFO] [stdout] test tests::test_get_nonexistent_order ... ok
[INFO] [stdout] test tests::test_estimate_order_fee_full ... FAILED
[INFO] [stdout] test tests::test_regtest_mine ... FAILED
[INFO] [stdout] test tests::test_get_min_zero_conf_tx_fee ... FAILED
[INFO] [stdout] 
[INFO] [stdout] failures:
[INFO] [stdout] 
[INFO] [stdout] ---- tests::test_estimate_order_fee stdout ----
[INFO] [stdout] 
[INFO] [stdout] thread 'tests::test_estimate_order_fee' (2777) panicked at tests/client.rs:88:25:
[INFO] [stdout] API call to estimate_order_fee failed: BlocktankClient { message: "Failed to estimate channel order fee: HTTP client error: error sending request for url (https://api.stag0.blocktank.to/blocktank/api/v2/channels/estimate-fee)", data: String("HTTP client error: error sending request for url (https://api.stag0.blocktank.to/blocktank/api/v2/channels/estimate-fee)") }
[INFO] [stdout] stack backtrace:
[INFO] [stdout]    0:     0x5c3d85a7cff1 - <<std[617be2ca0a6fd877]::sys::backtrace::BacktraceLock>::print::DisplayBacktrace as core[a373ad73a504971]::fmt::Display>::fmt
[INFO] [stdout]    1:     0x5c3d85a937ea - core[a373ad73a504971]::fmt::write
[INFO] [stdout]    2:     0x5c3d85a81bcc - <alloc[2e1b2a31b91974c5]::vec::Vec<u8> as core[a373ad73a504971]::io::write::Write>::write_fmt
[INFO] [stdout]    3:     0x5c3d85a57eb6 - std[617be2ca0a6fd877]::panicking::default_hook::{closure#0}
[INFO] [stdout]    4:     0x5c3d85a74df9 - std[617be2ca0a6fd877]::panicking::default_hook
[INFO] [stdout]    5:     0x5c3d857f35d0 - test[aada8e7e76ba119b]::test_main_inner::{closure#0}
[INFO] [stdout]    6:     0x5c3d85a75122 - std[617be2ca0a6fd877]::panicking::panic_with_hook
[INFO] [stdout]    7:     0x5c3d85a57f62 - std[617be2ca0a6fd877]::panicking::panic_handler::{closure#0}
[INFO] [stdout]    8:     0x5c3d85a50af9 - std[617be2ca0a6fd877]::sys::backtrace::__rust_end_short_backtrace::<std[617be2ca0a6fd877]::panicking::panic_handler::{closure#0}, !>
[INFO] [stdout]    9:     0x5c3d85a58d5d - __rustc[ea4f61d10b84890b]::rust_begin_unwind
[INFO] [stdout]   10:     0x5c3d85a93f4c - core[a373ad73a504971]::panicking::panic_fmt
[INFO] [stdout]   11:     0x5c3d857a3f18 - client[312900f631cb173e]::tests::test_estimate_order_fee::{closure#0}
[INFO] [stdout]   12:     0x5c3d857db9e8 - <tokio[e7ef658ccde6c639]::runtime::context::scoped::Scoped<tokio[e7ef658ccde6c639]::runtime::scheduler::Context>>::set::<<tokio[e7ef658ccde6c639]::runtime::scheduler::current_thread::CoreGuard>::enter<<tokio[e7ef658ccde6c639]::runtime::scheduler::current_thread::CoreGuard>::block_on<core[a373ad73a504971]::pin::Pin<&mut core[a373ad73a504971]::pin::Pin<&mut dyn core[a373ad73a504971]::future::future::Future<Output = ()>>>>::{closure#0}, core[a373ad73a504971]::option::Option<()>>::{closure#0}, (alloc[2e1b2a31b91974c5]::boxed::Box<tokio[e7ef658ccde6c639]::runtime::scheduler::current_thread::Core>, core[a373ad73a504971]::option::Option<()>)>
[INFO] [stdout]   13:     0x5c3d857dc0bd - <tokio[e7ef658ccde6c639]::runtime::scheduler::current_thread::CoreGuard>::block_on::<core[a373ad73a504971]::pin::Pin<&mut core[a373ad73a504971]::pin::Pin<&mut dyn core[a373ad73a504971]::future::future::Future<Output = ()>>>>
[INFO] [stdout]   14:     0x5c3d857de530 - tokio[e7ef658ccde6c639]::runtime::context::runtime::enter_runtime::<<tokio[e7ef658ccde6c639]::runtime::scheduler::current_thread::CurrentThread>::block_on<core[a373ad73a504971]::pin::Pin<&mut dyn core[a373ad73a504971]::future::future::Future<Output = ()>>>::{closure#0}, ()>
[INFO] [stdout]   15:     0x5c3d857dd76a - <tokio[e7ef658ccde6c639]::runtime::runtime::Runtime>::block_on::<core[a373ad73a504971]::pin::Pin<&mut dyn core[a373ad73a504971]::future::future::Future<Output = ()>>>
[INFO] [stdout]   16:     0x5c3d857a76de - <client[312900f631cb173e]::tests::test_estimate_order_fee::{closure#0} as core[a373ad73a504971]::ops::function::FnOnce<()>>::call_once
[INFO] [stdout]   17:     0x5c3d857e6a1b - test[aada8e7e76ba119b]::__rust_begin_short_backtrace::<core[a373ad73a504971]::result::Result<(), alloc[2e1b2a31b91974c5]::string::String>, fn() -> core[a373ad73a504971]::result::Result<(), alloc[2e1b2a31b91974c5]::string::String>>
[INFO] [stdout]   18:     0x5c3d857f3bf5 - test[aada8e7e76ba119b]::run_test::{closure#0}
[INFO] [stdout]   19:     0x5c3d857ed4e4 - std[617be2ca0a6fd877]::sys::backtrace::__rust_begin_short_backtrace::<test[aada8e7e76ba119b]::run_test::{closure#1}, ()>
[INFO] [stdout]   20:     0x5c3d857f6c82 - <std[617be2ca0a6fd877]::thread::lifecycle::spawn_unchecked<test[aada8e7e76ba119b]::run_test::{closure#1}, ()>::{closure#1} as core[a373ad73a504971]::ops::function::FnOnce<()>>::call_once::{shim:vtable#0}
[INFO] [stdout]   21:     0x5c3d85a7c49f - <std[617be2ca0a6fd877]::sys::thread::unix::Thread>::new::thread_start
[INFO] [stdout]   22:     0x7d4d2b72adfa - <unknown>
[INFO] [stdout]   23:     0x7d4d2b7be3d4 - clone
[INFO] [stdout]   24:                0x0 - <unknown>
[INFO] [stdout] 
[INFO] [stdout] ---- tests::test_get_orders_multiple stdout ----
[INFO] [stdout] 
[INFO] [stdout] thread 'tests::test_get_orders_multiple' (2784) panicked at tests/client.rs:32:14:
[INFO] [stdout] Failed to create test order: HttpClient(reqwest::Error { kind: Request, url: "https://api.stag0.blocktank.to/blocktank/api/v2/channels", source: hyper_util::client::legacy::Error(Connect, ConnectError("dns error", Custom { kind: Uncategorized, error: "failed to lookup address information: Temporary failure in name resolution" })) })
[INFO] [stdout] stack backtrace:
[INFO] [stdout]    0:     0x5c3d85a7cff1 - <<std[617be2ca0a6fd877]::sys::backtrace::BacktraceLock>::print::DisplayBacktrace as core[a373ad73a504971]::fmt::Display>::fmt
[INFO] [stdout]    1:     0x5c3d85a937ea - core[a373ad73a504971]::fmt::write
[INFO] [stdout]    2:     0x5c3d85a81bcc - <alloc[2e1b2a31b91974c5]::vec::Vec<u8> as core[a373ad73a504971]::io::write::Write>::write_fmt
[INFO] [stdout]    3:     0x5c3d85a57eb6 - std[617be2ca0a6fd877]::panicking::default_hook::{closure#0}
[INFO] [stdout]    4:     0x5c3d85a74df9 - std[617be2ca0a6fd877]::panicking::default_hook
[INFO] [stdout]    5:     0x5c3d857f35d0 - test[aada8e7e76ba119b]::test_main_inner::{closure#0}
[INFO] [stdout]    6:     0x5c3d85a75122 - std[617be2ca0a6fd877]::panicking::panic_with_hook
[INFO] [stdout]    7:     0x5c3d85a57f62 - std[617be2ca0a6fd877]::panicking::panic_handler::{closure#0}
[INFO] [stdout]    8:     0x5c3d85a50af9 - std[617be2ca0a6fd877]::sys::backtrace::__rust_end_short_backtrace::<std[617be2ca0a6fd877]::panicking::panic_handler::{closure#0}, !>
[INFO] [stdout]    9:     0x5c3d85a58d5d - __rustc[ea4f61d10b84890b]::rust_begin_unwind
[INFO] [stdout]   10:     0x5c3d85a93f4c - core[a373ad73a504971]::panicking::panic_fmt
[INFO] [stdout]   11:     0x5c3d85a93d22 - core[a373ad73a504971]::result::unwrap_failed
[INFO] [stdout]   12:     0x5c3d8579cf1b - client[312900f631cb173e]::tests::create_test_order::{closure#0}
[INFO] [stdout]   13:     0x5c3d857a49a2 - client[312900f631cb173e]::tests::test_get_orders_multiple::{closure#0}
[INFO] [stdout]   14:     0x5c3d857db9e8 - <tokio[e7ef658ccde6c639]::runtime::context::scoped::Scoped<tokio[e7ef658ccde6c639]::runtime::scheduler::Context>>::set::<<tokio[e7ef658ccde6c639]::runtime::scheduler::current_thread::CoreGuard>::enter<<tokio[e7ef658ccde6c639]::runtime::scheduler::current_thread::CoreGuard>::block_on<core[a373ad73a504971]::pin::Pin<&mut core[a373ad73a504971]::pin::Pin<&mut dyn core[a373ad73a504971]::future::future::Future<Output = ()>>>>::{closure#0}, core[a373ad73a504971]::option::Option<()>>::{closure#0}, (alloc[2e1b2a31b91974c5]::boxed::Box<tokio[e7ef658ccde6c639]::runtime::scheduler::current_thread::Core>, core[a373ad73a504971]::option::Option<()>)>
[INFO] [stdout]   15:     0x5c3d857dc0bd - <tokio[e7ef658ccde6c639]::runtime::scheduler::current_thread::CoreGuard>::block_on::<core[a373ad73a504971]::pin::Pin<&mut core[a373ad73a504971]::pin::Pin<&mut dyn core[a373ad73a504971]::future::future::Future<Output = ()>>>>
[INFO] [stdout]   16:     0x5c3d857de530 - tokio[e7ef658ccde6c639]::runtime::context::runtime::enter_runtime::<<tokio[e7ef658ccde6c639]::runtime::scheduler::current_thread::CurrentThread>::block_on<core[a373ad73a504971]::pin::Pin<&mut dyn core[a373ad73a504971]::future::future::Future<Output = ()>>>::{closure#0}, ()>
[INFO] [stdout]   17:     0x5c3d857dd76a - <tokio[e7ef658ccde6c639]::runtime::runtime::Runtime>::block_on::<core[a373ad73a504971]::pin::Pin<&mut dyn core[a373ad73a504971]::future::future::Future<Output = ()>>>
[INFO] [stdout]   18:     0x5c3d857a78ee - <client[312900f631cb173e]::tests::test_get_orders_multiple::{closure#0} as core[a373ad73a504971]::ops::function::FnOnce<()>>::call_once
[INFO] [stdout]   19:     0x5c3d857e6a1b - test[aada8e7e76ba119b]::__rust_begin_short_backtrace::<core[a373ad73a504971]::result::Result<(), alloc[2e1b2a31b91974c5]::string::String>, fn() -> core[a373ad73a504971]::result::Result<(), alloc[2e1b2a31b91974c5]::string::String>>
[INFO] [stdout]   20:     0x5c3d857f3bf5 - test[aada8e7e76ba119b]::run_test::{closure#0}
[INFO] [stdout]   21:     0x5c3d857ed4e4 - std[617be2ca0a6fd877]::sys::backtrace::__rust_begin_short_backtrace::<test[aada8e7e76ba119b]::run_test::{closure#1}, ()>
[INFO] [stdout]   22:     0x5c3d857f6c82 - <std[617be2ca0a6fd877]::thread::lifecycle::spawn_unchecked<test[aada8e7e76ba119b]::run_test::{closure#1}, ()>::{closure#1} as core[a373ad73a504971]::ops::function::FnOnce<()>>::call_once::{shim:vtable#0}
[INFO] [stdout]   23:     0x5c3d85a7c49f - <std[617be2ca0a6fd877]::sys::thread::unix::Thread>::new::thread_start
[INFO] [stdout]   24:     0x7d4d2b72adfa - <unknown>
[INFO] [stdout]   25:     0x7d4d2b7be3d4 - clone
[INFO] [stdout]   26:                0x0 - <unknown>
[INFO] [stdout] 
[INFO] [stdout] ---- tests::test_workflow stdout ----
[INFO] [stdout] 
[INFO] [stdout] thread 'tests::test_workflow' (2786) panicked at tests/client.rs:483:45:
[INFO] [stdout] Failed to get service info: BlocktankClient { message: "Failed to get info: HTTP client error: error sending request for url (https://api.stag0.blocktank.to/blocktank/api/v2/info)", data: String("HTTP client error: error sending request for url (https://api.stag0.blocktank.to/blocktank/api/v2/info)") }
[INFO] [stdout] stack backtrace:
[INFO] [stdout]    0:     0x5c3d85a7cff1 - <<std[617be2ca0a6fd877]::sys::backtrace::BacktraceLock>::print::DisplayBacktrace as core[a373ad73a504971]::fmt::Display>::fmt
[INFO] [stdout]    1:     0x5c3d85a937ea - core[a373ad73a504971]::fmt::write
[INFO] [stdout]    2:     0x5c3d85a81bcc - <alloc[2e1b2a31b91974c5]::vec::Vec<u8> as core[a373ad73a504971]::io::write::Write>::write_fmt
[INFO] [stdout]    3:     0x5c3d85a57eb6 - std[617be2ca0a6fd877]::panicking::default_hook::{closure#0}
[INFO] [stdout]    4:     0x5c3d85a74df9 - std[617be2ca0a6fd877]::panicking::default_hook
[INFO] [stdout]    5:     0x5c3d857f35d0 - test[aada8e7e76ba119b]::test_main_inner::{closure#0}
[INFO] [stdout]    6:     0x5c3d85a75122 - std[617be2ca0a6fd877]::panicking::panic_with_hook
[INFO] [stdout]    7:     0x5c3d85a57f62 - std[617be2ca0a6fd877]::panicking::panic_handler::{closure#0}
[INFO] [stdout]    8:     0x5c3d85a50af9 - std[617be2ca0a6fd877]::sys::backtrace::__rust_end_short_backtrace::<std[617be2ca0a6fd877]::panicking::panic_handler::{closure#0}, !>
[INFO] [stdout]    9:     0x5c3d85a58d5d - __rustc[ea4f61d10b84890b]::rust_begin_unwind
[INFO] [stdout]   10:     0x5c3d85a93f4c - core[a373ad73a504971]::panicking::panic_fmt
[INFO] [stdout]   11:     0x5c3d85a93d22 - core[a373ad73a504971]::result::unwrap_failed
[INFO] [stdout]   12:     0x5c3d8579dd6f - client[312900f631cb173e]::tests::test_workflow::{closure#0}
[INFO] [stdout]   13:     0x5c3d857db9e8 - <tokio[e7ef658ccde6c639]::runtime::context::scoped::Scoped<tokio[e7ef658ccde6c639]::runtime::scheduler::Context>>::set::<<tokio[e7ef658ccde6c639]::runtime::scheduler::current_thread::CoreGuard>::enter<<tokio[e7ef658ccde6c639]::runtime::scheduler::current_thread::CoreGuard>::block_on<core[a373ad73a504971]::pin::Pin<&mut core[a373ad73a504971]::pin::Pin<&mut dyn core[a373ad73a504971]::future::future::Future<Output = ()>>>>::{closure#0}, core[a373ad73a504971]::option::Option<()>>::{closure#0}, (alloc[2e1b2a31b91974c5]::boxed::Box<tokio[e7ef658ccde6c639]::runtime::scheduler::current_thread::Core>, core[a373ad73a504971]::option::Option<()>)>
[INFO] [stdout]   14:     0x5c3d857dc0bd - <tokio[e7ef658ccde6c639]::runtime::scheduler::current_thread::CoreGuard>::block_on::<core[a373ad73a504971]::pin::Pin<&mut core[a373ad73a504971]::pin::Pin<&mut dyn core[a373ad73a504971]::future::future::Future<Output = ()>>>>
[INFO] [stdout]   15:     0x5c3d857de530 - tokio[e7ef658ccde6c639]::runtime::context::runtime::enter_runtime::<<tokio[e7ef658ccde6c639]::runtime::scheduler::current_thread::CurrentThread>::block_on<core[a373ad73a504971]::pin::Pin<&mut dyn core[a373ad73a504971]::future::future::Future<Output = ()>>>::{closure#0}, ()>
[INFO] [stdout]   16:     0x5c3d857dd76a - <tokio[e7ef658ccde6c639]::runtime::runtime::Runtime>::block_on::<core[a373ad73a504971]::pin::Pin<&mut dyn core[a373ad73a504971]::future::future::Future<Output = ()>>>
[INFO] [stdout]   17:     0x5c3d857a6c8d - <client[312900f631cb173e]::tests::test_workflow::{closure#0} as core[a373ad73a504971]::ops::function::FnOnce<()>>::call_once
[INFO] [stdout]   18:     0x5c3d857e6a1b - test[aada8e7e76ba119b]::__rust_begin_short_backtrace::<core[a373ad73a504971]::result::Result<(), alloc[2e1b2a31b91974c5]::string::String>, fn() -> core[a373ad73a504971]::result::Result<(), alloc[2e1b2a31b91974c5]::string::String>>
[INFO] [stdout]   19:     0x5c3d857f3bf5 - test[aada8e7e76ba119b]::run_test::{closure#0}
[INFO] [stdout]   20:     0x5c3d857ed4e4 - std[617be2ca0a6fd877]::sys::backtrace::__rust_begin_short_backtrace::<test[aada8e7e76ba119b]::run_test::{closure#1}, ()>
[INFO] [stdout]   21:     0x5c3d857f6c82 - <std[617be2ca0a6fd877]::thread::lifecycle::spawn_unchecked<test[aada8e7e76ba119b]::run_test::{closure#1}, ()>::{closure#1} as core[a373ad73a504971]::ops::function::FnOnce<()>>::call_once::{shim:vtable#0}
[INFO] [stdout]   22:     0x5c3d85a7c49f - <std[617be2ca0a6fd877]::sys::thread::unix::Thread>::new::thread_start
[INFO] [stdout]   23:     0x7d4d2b72adfa - <unknown>
[INFO] [stdout]   24:     0x7d4d2b7be3d4 - clone
[INFO] [stdout]   25:                0x0 - <unknown>
[INFO] [stdout] 
[INFO] [stdout] ---- tests::test_get_info stdout ----
[INFO] [stdout] 
[INFO] [stdout] thread 'tests::test_get_info' (2779) panicked at tests/client.rs:58:25:
[INFO] [stdout] API call to get_info failed: BlocktankClient { message: "Failed to get info: HTTP client error: error sending request for url (https://api.stag0.blocktank.to/blocktank/api/v2/info)", data: String("HTTP client error: error sending request for url (https://api.stag0.blocktank.to/blocktank/api/v2/info)") }
[INFO] [stdout] stack backtrace:
[INFO] [stdout]    0:     0x5c3d85a7cff1 - <<std[617be2ca0a6fd877]::sys::backtrace::BacktraceLock>::print::DisplayBacktrace as core[a373ad73a504971]::fmt::Display>::fmt
[INFO] [stdout]    1:     0x5c3d85a937ea - core[a373ad73a504971]::fmt::write
[INFO] [stdout]    2:     0x5c3d85a81bcc - <alloc[2e1b2a31b91974c5]::vec::Vec<u8> as core[a373ad73a504971]::io::write::Write>::write_fmt
[INFO] [stdout]    3:     0x5c3d85a57eb6 - std[617be2ca0a6fd877]::panicking::default_hook::{closure#0}
[INFO] [stdout]    4:     0x5c3d85a74df9 - std[617be2ca0a6fd877]::panicking::default_hook
[INFO] [stdout]    5:     0x5c3d857f35d0 - test[aada8e7e76ba119b]::test_main_inner::{closure#0}
[INFO] [stdout]    6:     0x5c3d85a75122 - std[617be2ca0a6fd877]::panicking::panic_with_hook
[INFO] [stdout]    7:     0x5c3d85a57f62 - std[617be2ca0a6fd877]::panicking::panic_handler::{closure#0}
[INFO] [stdout]    8:     0x5c3d85a50af9 - std[617be2ca0a6fd877]::sys::backtrace::__rust_end_short_backtrace::<std[617be2ca0a6fd877]::panicking::panic_handler::{closure#0}, !>
[INFO] [stdout]    9:     0x5c3d85a58d5d - __rustc[ea4f61d10b84890b]::rust_begin_unwind
[INFO] [stdout]   10:     0x5c3d85a93f4c - core[a373ad73a504971]::panicking::panic_fmt
[INFO] [stdout]   11:     0x5c3d8579d2d8 - client[312900f631cb173e]::tests::test_get_info::{closure#0}
[INFO] [stdout]   12:     0x5c3d857db9e8 - <tokio[e7ef658ccde6c639]::runtime::context::scoped::Scoped<tokio[e7ef658ccde6c639]::runtime::scheduler::Context>>::set::<<tokio[e7ef658ccde6c639]::runtime::scheduler::current_thread::CoreGuard>::enter<<tokio[e7ef658ccde6c639]::runtime::scheduler::current_thread::CoreGuard>::block_on<core[a373ad73a504971]::pin::Pin<&mut core[a373ad73a504971]::pin::Pin<&mut dyn core[a373ad73a504971]::future::future::Future<Output = ()>>>>::{closure#0}, core[a373ad73a504971]::option::Option<()>>::{closure#0}, (alloc[2e1b2a31b91974c5]::boxed::Box<tokio[e7ef658ccde6c639]::runtime::scheduler::current_thread::Core>, core[a373ad73a504971]::option::Option<()>)>
[INFO] [stdout]   13:     0x5c3d857dc0bd - <tokio[e7ef658ccde6c639]::runtime::scheduler::current_thread::CoreGuard>::block_on::<core[a373ad73a504971]::pin::Pin<&mut core[a373ad73a504971]::pin::Pin<&mut dyn core[a373ad73a504971]::future::future::Future<Output = ()>>>>
[INFO] [stdout]   14:     0x5c3d857de530 - tokio[e7ef658ccde6c639]::runtime::context::runtime::enter_runtime::<<tokio[e7ef658ccde6c639]::runtime::scheduler::current_thread::CurrentThread>::block_on<core[a373ad73a504971]::pin::Pin<&mut dyn core[a373ad73a504971]::future::future::Future<Output = ()>>>::{closure#0}, ()>
[INFO] [stdout]   15:     0x5c3d857dd76a - <tokio[e7ef658ccde6c639]::runtime::runtime::Runtime>::block_on::<core[a373ad73a504971]::pin::Pin<&mut dyn core[a373ad73a504971]::future::future::Future<Output = ()>>>
[INFO] [stdout]   16:     0x5c3d857a6abe - <client[312900f631cb173e]::tests::test_get_info::{closure#0} as core[a373ad73a504971]::ops::function::FnOnce<()>>::call_once
[INFO] [stdout]   17:     0x5c3d857e6a1b - test[aada8e7e76ba119b]::__rust_begin_short_backtrace::<core[a373ad73a504971]::result::Result<(), alloc[2e1b2a31b91974c5]::string::String>, fn() -> core[a373ad73a504971]::result::Result<(), alloc[2e1b2a31b91974c5]::string::String>>
[INFO] [stdout]   18:     0x5c3d857f3bf5 - test[aada8e7e76ba119b]::run_test::{closure#0}
[INFO] [stdout]   19:     0x5c3d857ed4e4 - std[617be2ca0a6fd877]::sys::backtrace::__rust_begin_short_backtrace::<test[aada8e7e76ba119b]::run_test::{closure#1}, ()>
[INFO] [stdout]   20:     0x5c3d857f6c82 - <std[617be2ca0a6fd877]::thread::lifecycle::spawn_unchecked<test[aada8e7e76ba119b]::run_test::{closure#1}, ()>::{closure#1} as core[a373ad73a504971]::ops::function::FnOnce<()>>::call_once::{shim:vtable#0}
[INFO] [stdout]   21:     0x5c3d85a7c49f - <std[617be2ca0a6fd877]::sys::thread::unix::Thread>::new::thread_start
[INFO] [stdout]   22:     0x7d4d2b72adfa - <unknown>
[INFO] [stdout]   23:     0x7d4d2b7be3d4 - clone
[INFO] [stdout]   24:                0x0 - <unknown>
[INFO] [stdout] 
[INFO] [stdout] ---- tests::test_get_order stdout ----
[INFO] [stdout] 
[INFO] [stdout] thread 'tests::test_get_order' (2782) panicked at tests/client.rs:32:14:
[INFO] [stdout] Failed to create test order: HttpClient(reqwest::Error { kind: Request, url: "https://api.stag0.blocktank.to/blocktank/api/v2/channels", source: hyper_util::client::legacy::Error(Connect, ConnectError("dns error", Custom { kind: Uncategorized, error: "failed to lookup address information: Temporary failure in name resolution" })) })
[INFO] [stdout] stack backtrace:
[INFO] [stdout]    0:     0x5c3d85a7cff1 - <<std[617be2ca0a6fd877]::sys::backtrace::BacktraceLock>::print::DisplayBacktrace as core[a373ad73a504971]::fmt::Display>::fmt
[INFO] [stdout]    1:     0x5c3d85a937ea - core[a373ad73a504971]::fmt::write
[INFO] [stdout]    2:     0x5c3d85a81bcc - <alloc[2e1b2a31b91974c5]::vec::Vec<u8> as core[a373ad73a504971]::io::write::Write>::write_fmt
[INFO] [stdout]    3:     0x5c3d85a57eb6 - std[617be2ca0a6fd877]::panicking::default_hook::{closure#0}
[INFO] [stdout]    4:     0x5c3d85a74df9 - std[617be2ca0a6fd877]::panicking::default_hook
[INFO] [stdout]    5:     0x5c3d857f35d0 - test[aada8e7e76ba119b]::test_main_inner::{closure#0}
[INFO] [stdout]    6:     0x5c3d85a75122 - std[617be2ca0a6fd877]::panicking::panic_with_hook
[INFO] [stdout]    7:     0x5c3d85a57f62 - std[617be2ca0a6fd877]::panicking::panic_handler::{closure#0}
[INFO] [stdout]    8:     0x5c3d85a50af9 - std[617be2ca0a6fd877]::sys::backtrace::__rust_end_short_backtrace::<std[617be2ca0a6fd877]::panicking::panic_handler::{closure#0}, !>
[INFO] [stdout]    9:     0x5c3d85a58d5d - __rustc[ea4f61d10b84890b]::rust_begin_unwind
[INFO] [stdout]   10:     0x5c3d85a93f4c - core[a373ad73a504971]::panicking::panic_fmt
[INFO] [stdout]   11:     0x5c3d85a93d22 - core[a373ad73a504971]::result::unwrap_failed
[INFO] [stdout]   12:     0x5c3d8579cf1b - client[312900f631cb173e]::tests::create_test_order::{closure#0}
[INFO] [stdout]   13:     0x5c3d8579e19e - client[312900f631cb173e]::tests::test_get_order::{closure#0}
[INFO] [stdout]   14:     0x5c3d857db9e8 - <tokio[e7ef658ccde6c639]::runtime::context::scoped::Scoped<tokio[e7ef658ccde6c639]::runtime::scheduler::Context>>::set::<<tokio[e7ef658ccde6c639]::runtime::scheduler::current_thread::CoreGuard>::enter<<tokio[e7ef658ccde6c639]::runtime::scheduler::current_thread::CoreGuard>::block_on<core[a373ad73a504971]::pin::Pin<&mut core[a373ad73a504971]::pin::Pin<&mut dyn core[a373ad73a504971]::future::future::Future<Output = ()>>>>::{closure#0}, core[a373ad73a504971]::option::Option<()>>::{closure#0}, (alloc[2e1b2a31b91974c5]::boxed::Box<tokio[e7ef658ccde6c639]::runtime::scheduler::current_thread::Core>, core[a373ad73a504971]::option::Option<()>)>
[INFO] [stdout]   15:     0x5c3d857dc0bd - <tokio[e7ef658ccde6c639]::runtime::scheduler::current_thread::CoreGuard>::block_on::<core[a373ad73a504971]::pin::Pin<&mut core[a373ad73a504971]::pin::Pin<&mut dyn core[a373ad73a504971]::future::future::Future<Output = ()>>>>
[INFO] [stdout]   16:     0x5c3d857de530 - tokio[e7ef658ccde6c639]::runtime::context::runtime::enter_runtime::<<tokio[e7ef658ccde6c639]::runtime::scheduler::current_thread::CurrentThread>::block_on<core[a373ad73a504971]::pin::Pin<&mut dyn core[a373ad73a504971]::future::future::Future<Output = ()>>>::{closure#0}, ()>
[INFO] [stdout]   17:     0x5c3d857dd76a - <tokio[e7ef658ccde6c639]::runtime::runtime::Runtime>::block_on::<core[a373ad73a504971]::pin::Pin<&mut dyn core[a373ad73a504971]::future::future::Future<Output = ()>>>
[INFO] [stdout]   18:     0x5c3d857a6dde - <client[312900f631cb173e]::tests::test_get_order::{closure#0} as core[a373ad73a504971]::ops::function::FnOnce<()>>::call_once
[INFO] [stdout]   19:     0x5c3d857e6a1b - test[aada8e7e76ba119b]::__rust_begin_short_backtrace::<core[a373ad73a504971]::result::Result<(), alloc[2e1b2a31b91974c5]::string::String>, fn() -> core[a373ad73a504971]::result::Result<(), alloc[2e1b2a31b91974c5]::string::String>>
[INFO] [stdout]   20:     0x5c3d857f3bf5 - test[aada8e7e76ba119b]::run_test::{closure#0}
[INFO] [stdout]   21:     0x5c3d857ed4e4 - std[617be2ca0a6fd877]::sys::backtrace::__rust_begin_short_backtrace::<test[aada8e7e76ba119b]::run_test::{closure#1}, ()>
[INFO] [stdout]   22:     0x5c3d857f6c82 - <std[617be2ca0a6fd877]::thread::lifecycle::spawn_unchecked<test[aada8e7e76ba119b]::run_test::{closure#1}, ()>::{closure#1} as core[a373ad73a504971]::ops::function::FnOnce<()>>::call_once::{shim:vtable#0}
[INFO] [stdout]   23:     0x5c3d85a7c49f - <std[617be2ca0a6fd877]::sys::thread::unix::Thread>::new::thread_start
[INFO] [stdout]   24:     0x7d4d2b72adfa - <unknown>
[INFO] [stdout]   25:     0x7d4d2b7be3d4 - clone
[INFO] [stdout]   26:                0x0 - <unknown>
[INFO] [stdout] 
[INFO] [stdout] ---- tests::test_create_order stdout ----
[INFO] [stdout] 
[INFO] [stdout] thread 'tests::test_create_order' (2775) panicked at tests/client.rs:208:25:
[INFO] [stdout] API call to create_order failed: HttpClient(reqwest::Error { kind: Request, url: "https://api.stag0.blocktank.to/blocktank/api/v2/channels", source: hyper_util::client::legacy::Error(Connect, ConnectError("dns error", Custom { kind: Uncategorized, error: "failed to lookup address information: Temporary failure in name resolution" })) })
[INFO] [stdout] stack backtrace:
[INFO] [stdout]    0:     0x5c3d85a7cff1 - <<std[617be2ca0a6fd877]::sys::backtrace::BacktraceLock>::print::DisplayBacktrace as core[a373ad73a504971]::fmt::Display>::fmt
[INFO] [stdout]    1:     0x5c3d85a937ea - core[a373ad73a504971]::fmt::write
[INFO] [stdout]    2:     0x5c3d85a81bcc - <alloc[2e1b2a31b91974c5]::vec::Vec<u8> as core[a373ad73a504971]::io::write::Write>::write_fmt
[INFO] [stdout]    3:     0x5c3d85a57eb6 - std[617be2ca0a6fd877]::panicking::default_hook::{closure#0}
[INFO] [stdout]    4:     0x5c3d85a74df9 - std[617be2ca0a6fd877]::panicking::default_hook
[INFO] [stdout]    5:     0x5c3d857f35d0 - test[aada8e7e76ba119b]::test_main_inner::{closure#0}
[INFO] [stdout]    6:     0x5c3d85a75122 - std[617be2ca0a6fd877]::panicking::panic_with_hook
[INFO] [stdout]    7:     0x5c3d85a57f62 - std[617be2ca0a6fd877]::panicking::panic_handler::{closure#0}
[INFO] [stdout]    8:     0x5c3d85a50af9 - std[617be2ca0a6fd877]::sys::backtrace::__rust_end_short_backtrace::<std[617be2ca0a6fd877]::panicking::panic_handler::{closure#0}, !>
[INFO] [stdout]    9:     0x5c3d85a58d5d - __rustc[ea4f61d10b84890b]::rust_begin_unwind
[INFO] [stdout]   10:     0x5c3d85a93f4c - core[a373ad73a504971]::panicking::panic_fmt
[INFO] [stdout]   11:     0x5c3d8579ef46 - client[312900f631cb173e]::tests::test_create_order::{closure#0}
[INFO] [stdout]   12:     0x5c3d857db9e8 - <tokio[e7ef658ccde6c639]::runtime::context::scoped::Scoped<tokio[e7ef658ccde6c639]::runtime::scheduler::Context>>::set::<<tokio[e7ef658ccde6c639]::runtime::scheduler::current_thread::CoreGuard>::enter<<tokio[e7ef658ccde6c639]::runtime::scheduler::current_thread::CoreGuard>::block_on<core[a373ad73a504971]::pin::Pin<&mut core[a373ad73a504971]::pin::Pin<&mut dyn core[a373ad73a504971]::future::future::Future<Output = ()>>>>::{closure#0}, core[a373ad73a504971]::option::Option<()>>::{closure#0}, (alloc[2e1b2a31b91974c5]::boxed::Box<tokio[e7ef658ccde6c639]::runtime::scheduler::current_thread::Core>, core[a373ad73a504971]::option::Option<()>)>
[INFO] [stdout]   13:     0x5c3d857dc0bd - <tokio[e7ef658ccde6c639]::runtime::scheduler::current_thread::CoreGuard>::block_on::<core[a373ad73a504971]::pin::Pin<&mut core[a373ad73a504971]::pin::Pin<&mut dyn core[a373ad73a504971]::future::future::Future<Output = ()>>>>
[INFO] [stdout]   14:     0x5c3d857de530 - tokio[e7ef658ccde6c639]::runtime::context::runtime::enter_runtime::<<tokio[e7ef658ccde6c639]::runtime::scheduler::current_thread::CurrentThread>::block_on<core[a373ad73a504971]::pin::Pin<&mut dyn core[a373ad73a504971]::future::future::Future<Output = ()>>>::{closure#0}, ()>
[INFO] [stdout]   15:     0x5c3d857dd76a - <tokio[e7ef658ccde6c639]::runtime::runtime::Runtime>::block_on::<core[a373ad73a504971]::pin::Pin<&mut dyn core[a373ad73a504971]::future::future::Future<Output = ()>>>
[INFO] [stdout]   16:     0x5c3d857a709e - <client[312900f631cb173e]::tests::test_create_order::{closure#0} as core[a373ad73a504971]::ops::function::FnOnce<()>>::call_once
[INFO] [stdout]   17:     0x5c3d857e6a1b - test[aada8e7e76ba119b]::__rust_begin_short_backtrace::<core[a373ad73a504971]::result::Result<(), alloc[2e1b2a31b91974c5]::string::String>, fn() -> core[a373ad73a504971]::result::Result<(), alloc[2e1b2a31b91974c5]::string::String>>
[INFO] [stdout]   18:     0x5c3d857f3bf5 - test[aada8e7e76ba119b]::run_test::{closure#0}
[INFO] [stdout]   19:     0x5c3d857ed4e4 - std[617be2ca0a6fd877]::sys::backtrace::__rust_begin_short_backtrace::<test[aada8e7e76ba119b]::run_test::{closure#1}, ()>
[INFO] [stdout]   20:     0x5c3d857f6c82 - <std[617be2ca0a6fd877]::thread::lifecycle::spawn_unchecked<test[aada8e7e76ba119b]::run_test::{closure#1}, ()>::{closure#1} as core[a373ad73a504971]::ops::function::FnOnce<()>>::call_once::{shim:vtable#0}
[INFO] [stdout]   21:     0x5c3d85a7c49f - <std[617be2ca0a6fd877]::sys::thread::unix::Thread>::new::thread_start
[INFO] [stdout]   22:     0x7d4d2b72adfa - <unknown>
[INFO] [stdout]   23:     0x7d4d2b7be3d4 - clone
[INFO] [stdout]   24:                0x0 - <unknown>
[INFO] [stdout] 
[INFO] [stdout] ---- tests::test_create_cjit_entry stdout ----
[INFO] [stdout] 
[INFO] [stdout] thread 'tests::test_create_cjit_entry' (2774) panicked at tests/client.rs:416:44:
[INFO] [stdout] Failed to get service info: BlocktankClient { message: "Failed to get info: HTTP client error: error sending request for url (https://api.stag0.blocktank.to/blocktank/api/v2/info)", data: String("HTTP client error: error sending request for url (https://api.stag0.blocktank.to/blocktank/api/v2/info)") }
[INFO] [stdout] stack backtrace:
[INFO] [stdout]    0:     0x5c3d85a7cff1 - <<std[617be2ca0a6fd877]::sys::backtrace::BacktraceLock>::print::DisplayBacktrace as core[a373ad73a504971]::fmt::Display>::fmt
[INFO] [stdout]    1:     0x5c3d85a937ea - core[a373ad73a504971]::fmt::write
[INFO] [stdout]    2:     0x5c3d85a81bcc - <alloc[2e1b2a31b91974c5]::vec::Vec<u8> as core[a373ad73a504971]::io::write::Write>::write_fmt
[INFO] [stdout]    3:     0x5c3d85a57eb6 - std[617be2ca0a6fd877]::panicking::default_hook::{closure#0}
[INFO] [stdout]    4:     0x5c3d85a74df9 - std[617be2ca0a6fd877]::panicking::default_hook
[INFO] [stdout]    5:     0x5c3d857f35d0 - test[aada8e7e76ba119b]::test_main_inner::{closure#0}
[INFO] [stdout]    6:     0x5c3d85a75122 - std[617be2ca0a6fd877]::panicking::panic_with_hook
[INFO] [stdout]    7:     0x5c3d85a57f62 - std[617be2ca0a6fd877]::panicking::panic_handler::{closure#0}
[INFO] [stdout]    8:     0x5c3d85a50af9 - std[617be2ca0a6fd877]::sys::backtrace::__rust_end_short_backtrace::<std[617be2ca0a6fd877]::panicking::panic_handler::{closure#0}, !>
[INFO] [stdout]    9:     0x5c3d85a58d5d - __rustc[ea4f61d10b84890b]::rust_begin_unwind
[INFO] [stdout]   10:     0x5c3d85a93f4c - core[a373ad73a504971]::panicking::panic_fmt
[INFO] [stdout]   11:     0x5c3d85a93d22 - core[a373ad73a504971]::result::unwrap_failed
[INFO] [stdout]   12:     0x5c3d857a1d2b - client[312900f631cb173e]::tests::test_create_cjit_entry::{closure#0}
[INFO] [stdout]   13:     0x5c3d857db9e8 - <tokio[e7ef658ccde6c639]::runtime::context::scoped::Scoped<tokio[e7ef658ccde6c639]::runtime::scheduler::Context>>::set::<<tokio[e7ef658ccde6c639]::runtime::scheduler::current_thread::CoreGuard>::enter<<tokio[e7ef658ccde6c639]::runtime::scheduler::current_thread::CoreGuard>::block_on<core[a373ad73a504971]::pin::Pin<&mut core[a373ad73a504971]::pin::Pin<&mut dyn core[a373ad73a504971]::future::future::Future<Output = ()>>>>::{closure#0}, core[a373ad73a504971]::option::Option<()>>::{closure#0}, (alloc[2e1b2a31b91974c5]::boxed::Box<tokio[e7ef658ccde6c639]::runtime::scheduler::current_thread::Core>, core[a373ad73a504971]::option::Option<()>)>
[INFO] [stdout]   14:     0x5c3d857dc0bd - <tokio[e7ef658ccde6c639]::runtime::scheduler::current_thread::CoreGuard>::block_on::<core[a373ad73a504971]::pin::Pin<&mut core[a373ad73a504971]::pin::Pin<&mut dyn core[a373ad73a504971]::future::future::Future<Output = ()>>>>
[INFO] [stdout]   15:     0x5c3d857de530 - tokio[e7ef658ccde6c639]::runtime::context::runtime::enter_runtime::<<tokio[e7ef658ccde6c639]::runtime::scheduler::current_thread::CurrentThread>::block_on<core[a373ad73a504971]::pin::Pin<&mut dyn core[a373ad73a504971]::future::future::Future<Output = ()>>>::{closure#0}, ()>
[INFO] [stdout]   16:     0x5c3d857dd76a - <tokio[e7ef658ccde6c639]::runtime::runtime::Runtime>::block_on::<core[a373ad73a504971]::pin::Pin<&mut dyn core[a373ad73a504971]::future::future::Future<Output = ()>>>
[INFO] [stdout]   17:     0x5c3d857a73be - <client[312900f631cb173e]::tests::test_create_cjit_entry::{closure#0} as core[a373ad73a504971]::ops::function::FnOnce<()>>::call_once
[INFO] [stdout]   18:     0x5c3d857e6a1b - test[aada8e7e76ba119b]::__rust_begin_short_backtrace::<core[a373ad73a504971]::result::Result<(), alloc[2e1b2a31b91974c5]::string::String>, fn() -> core[a373ad73a504971]::result::Result<(), alloc[2e1b2a31b91974c5]::string::String>>
[INFO] [stdout]   19:     0x5c3d857f3bf5 - test[aada8e7e76ba119b]::run_test::{closure#0}
[INFO] [stdout]   20:     0x5c3d857ed4e4 - std[617be2ca0a6fd877]::sys::backtrace::__rust_begin_short_backtrace::<test[aada8e7e76ba119b]::run_test::{closure#1}, ()>
[INFO] [stdout]   21:     0x5c3d857f6c82 - <std[617be2ca0a6fd877]::thread::lifecycle::spawn_unchecked<test[aada8e7e76ba119b]::run_test::{closure#1}, ()>::{closure#1} as core[a373ad73a504971]::ops::function::FnOnce<()>>::call_once::{shim:vtable#0}
[INFO] [stdout]   22:     0x5c3d85a7c49f - <std[617be2ca0a6fd877]::sys::thread::unix::Thread>::new::thread_start
[INFO] [stdout]   23:     0x7d4d2b72adfa - <unknown>
[INFO] [stdout]   24:     0x7d4d2b7be3d4 - clone
[INFO] [stdout]   25:                0x0 - <unknown>
[INFO] [stdout] 
[INFO] [stdout] ---- tests::test_get_orders stdout ----
[INFO] [stdout] 
[INFO] [stdout] thread 'tests::test_get_orders' (2783) panicked at tests/client.rs:32:14:
[INFO] [stdout] Failed to create test order: HttpClient(reqwest::Error { kind: Request, url: "https://api.stag0.blocktank.to/blocktank/api/v2/channels", source: hyper_util::client::legacy::Error(Connect, ConnectError("dns error", Custom { kind: Uncategorized, error: "failed to lookup address information: Temporary failure in name resolution" })) })
[INFO] [stdout] stack backtrace:
[INFO] [stdout]    0:     0x5c3d85a7cff1 - <<std[617be2ca0a6fd877]::sys::backtrace::BacktraceLock>::print::DisplayBacktrace as core[a373ad73a504971]::fmt::Display>::fmt
[INFO] [stdout]    1:     0x5c3d85a937ea - core[a373ad73a504971]::fmt::write
[INFO] [stdout]    2:     0x5c3d85a81bcc - <alloc[2e1b2a31b91974c5]::vec::Vec<u8> as core[a373ad73a504971]::io::write::Write>::write_fmt
[INFO] [stdout]    3:     0x5c3d85a57eb6 - std[617be2ca0a6fd877]::panicking::default_hook::{closure#0}
[INFO] [stdout]    4:     0x5c3d85a74df9 - std[617be2ca0a6fd877]::panicking::default_hook
[INFO] [stdout]    5:     0x5c3d857f35d0 - test[aada8e7e76ba119b]::test_main_inner::{closure#0}
[INFO] [stdout]    6:     0x5c3d85a75122 - std[617be2ca0a6fd877]::panicking::panic_with_hook
[INFO] [stdout]    7:     0x5c3d85a57f62 - std[617be2ca0a6fd877]::panicking::panic_handler::{closure#0}
[INFO] [stdout]    8:     0x5c3d85a50af9 - std[617be2ca0a6fd877]::sys::backtrace::__rust_end_short_backtrace::<std[617be2ca0a6fd877]::panicking::panic_handler::{closure#0}, !>
[INFO] [stdout]    9:     0x5c3d85a58d5d - __rustc[ea4f61d10b84890b]::rust_begin_unwind
[INFO] [stdout]   10:     0x5c3d85a93f4c - core[a373ad73a504971]::panicking::panic_fmt
[INFO] [stdout]   11:     0x5c3d85a93d22 - core[a373ad73a504971]::result::unwrap_failed
[INFO] [stdout]   12:     0x5c3d8579cf1b - client[312900f631cb173e]::tests::create_test_order::{closure#0}
[INFO] [stdout]   13:     0x5c3d8579e620 - client[312900f631cb173e]::tests::test_get_orders::{closure#0}
[INFO] [stdout]   14:     0x5c3d857db9e8 - <tokio[e7ef658ccde6c639]::runtime::context::scoped::Scoped<tokio[e7ef658ccde6c639]::runtime::scheduler::Context>>::set::<<tokio[e7ef658ccde6c639]::runtime::scheduler::current_thread::CoreGuard>::enter<<tokio[e7ef658ccde6c639]::runtime::scheduler::current_thread::CoreGuard>::block_on<core[a373ad73a504971]::pin::Pin<&mut core[a373ad73a504971]::pin::Pin<&mut dyn core[a373ad73a504971]::future::future::Future<Output = ()>>>>::{closure#0}, core[a373ad73a504971]::option::Option<()>>::{closure#0}, (alloc[2e1b2a31b91974c5]::boxed::Box<tokio[e7ef658ccde6c639]::runtime::scheduler::current_thread::Core>, core[a373ad73a504971]::option::Option<()>)>
[INFO] [stdout]   15:     0x5c3d857dc0bd - <tokio[e7ef658ccde6c639]::runtime::scheduler::current_thread::CoreGuard>::block_on::<core[a373ad73a504971]::pin::Pin<&mut core[a373ad73a504971]::pin::Pin<&mut dyn core[a373ad73a504971]::future::future::Future<Output = ()>>>>
[INFO] [stdout]   16:     0x5c3d857de530 - tokio[e7ef658ccde6c639]::runtime::context::runtime::enter_runtime::<<tokio[e7ef658ccde6c639]::runtime::scheduler::current_thread::CurrentThread>::block_on<core[a373ad73a504971]::pin::Pin<&mut dyn core[a373ad73a504971]::future::future::Future<Output = ()>>>::{closure#0}, ()>
[INFO] [stdout]   17:     0x5c3d857dd76a - <tokio[e7ef658ccde6c639]::runtime::runtime::Runtime>::block_on::<core[a373ad73a504971]::pin::Pin<&mut dyn core[a373ad73a504971]::future::future::Future<Output = ()>>>
[INFO] [stdout]   18:     0x5c3d857a6f3e - <client[312900f631cb173e]::tests::test_get_orders::{closure#0} as core[a373ad73a504971]::ops::function::FnOnce<()>>::call_once
[INFO] [stdout]   19:     0x5c3d857e6a1b - test[aada8e7e76ba119b]::__rust_begin_short_backtrace::<core[a373ad73a504971]::result::Result<(), alloc[2e1b2a31b91974c5]::string::String>, fn() -> core[a373ad73a504971]::result::Result<(), alloc[2e1b2a31b91974c5]::string::String>>
[INFO] [stdout]   20:     0x5c3d857f3bf5 - test[aada8e7e76ba119b]::run_test::{closure#0}
[INFO] [stdout]   21:     0x5c3d857ed4e4 - std[617be2ca0a6fd877]::sys::backtrace::__rust_begin_short_backtrace::<test[aada8e7e76ba119b]::run_test::{closure#1}, ()>
[INFO] [stdout]   22:     0x5c3d857f6c82 - <std[617be2ca0a6fd877]::thread::lifecycle::spawn_unchecked<test[aada8e7e76ba119b]::run_test::{closure#1}, ()>::{closure#1} as core[a373ad73a504971]::ops::function::FnOnce<()>>::call_once::{shim:vtable#0}
[INFO] [stdout]   23:     0x5c3d85a7c49f - <std[617be2ca0a6fd877]::sys::thread::unix::Thread>::new::thread_start
[INFO] [stdout]   24:     0x7d4d2b72adfa - <unknown>
[INFO] [stdout]   25:     0x7d4d2b7be3d4 - clone
[INFO] [stdout]   26:                0x0 - <unknown>
[INFO] [stdout] 
[INFO] [stdout] ---- tests::test_estimate_order_fee_full stdout ----
[INFO] [stdout] 
[INFO] [stdout] thread 'tests::test_estimate_order_fee_full' (2778) panicked at tests/client.rs:126:25:
[INFO] [stdout] API call to estimate_order_fee_full failed: BlocktankClient { message: "Failed to estimate channel order fee: HTTP client error: error sending request for url (https://api.stag0.blocktank.to/blocktank/api/v2/channels/estimate-fee-full)", data: String("HTTP client error: error sending request for url (https://api.stag0.blocktank.to/blocktank/api/v2/channels/estimate-fee-full)") }
[INFO] [stdout] stack backtrace:
[INFO] [stdout]    0:     0x5c3d85a7cff1 - <<std[617be2ca0a6fd877]::sys::backtrace::BacktraceLock>::print::DisplayBacktrace as core[a373ad73a504971]::fmt::Display>::fmt
[INFO] [stdout]    1:     0x5c3d85a937ea - core[a373ad73a504971]::fmt::write
[INFO] [stdout]    2:     0x5c3d85a81bcc - <alloc[2e1b2a31b91974c5]::vec::Vec<u8> as core[a373ad73a504971]::io::write::Write>::write_fmt
[INFO] [stdout]    3:     0x5c3d85a57eb6 - std[617be2ca0a6fd877]::panicking::default_hook::{closure#0}
[INFO] [stdout]    4:     0x5c3d85a74df9 - std[617be2ca0a6fd877]::panicking::default_hook
[INFO] [stdout]    5:     0x5c3d857f35d0 - test[aada8e7e76ba119b]::test_main_inner::{closure#0}
[INFO] [stdout]    6:     0x5c3d85a75122 - std[617be2ca0a6fd877]::panicking::panic_with_hook
[INFO] [stdout]    7:     0x5c3d85a57f62 - std[617be2ca0a6fd877]::panicking::panic_handler::{closure#0}
[INFO] [stdout]    8:     0x5c3d85a50af9 - std[617be2ca0a6fd877]::sys::backtrace::__rust_end_short_backtrace::<std[617be2ca0a6fd877]::panicking::panic_handler::{closure#0}, !>
[INFO] [stdout]    9:     0x5c3d85a58d5d - __rustc[ea4f61d10b84890b]::rust_begin_unwind
[INFO] [stdout]   10:     0x5c3d85a93f4c - core[a373ad73a504971]::panicking::panic_fmt
[INFO] [stdout]   11:     0x5c3d857a50e8 - client[312900f631cb173e]::tests::test_estimate_order_fee_full::{closure#0}
[INFO] [stdout]   12:     0x5c3d857db9e8 - <tokio[e7ef658ccde6c639]::runtime::context::scoped::Scoped<tokio[e7ef658ccde6c639]::runtime::scheduler::Context>>::set::<<tokio[e7ef658ccde6c639]::runtime::scheduler::current_thread::CoreGuard>::enter<<tokio[e7ef658ccde6c639]::runtime::scheduler::current_thread::CoreGuard>::block_on<core[a373ad73a504971]::pin::Pin<&mut core[a373ad73a504971]::pin::Pin<&mut dyn core[a373ad73a504971]::future::future::Future<Output = ()>>>>::{closure#0}, core[a373ad73a504971]::option::Option<()>>::{closure#0}, (alloc[2e1b2a31b91974c5]::boxed::Box<tokio[e7ef658ccde6c639]::runtime::scheduler::current_thread::Core>, core[a373ad73a504971]::option::Option<()>)>
[INFO] [stdout]   13:     0x5c3d857dc0bd - <tokio[e7ef658ccde6c639]::runtime::scheduler::current_thread::CoreGuard>::block_on::<core[a373ad73a504971]::pin::Pin<&mut core[a373ad73a504971]::pin::Pin<&mut dyn core[a373ad73a504971]::future::future::Future<Output = ()>>>>
[INFO] [stdout]   14:     0x5c3d857de530 - tokio[e7ef658ccde6c639]::runtime::context::runtime::enter_runtime::<<tokio[e7ef658ccde6c639]::runtime::scheduler::current_thread::CurrentThread>::block_on<core[a373ad73a504971]::pin::Pin<&mut dyn core[a373ad73a504971]::future::future::Future<Output = ()>>>::{closure#0}, ()>
[INFO] [stdout]   15:     0x5c3d857dd76a - <tokio[e7ef658ccde6c639]::runtime::runtime::Runtime>::block_on::<core[a373ad73a504971]::pin::Pin<&mut dyn core[a373ad73a504971]::future::future::Future<Output = ()>>>
[INFO] [stdout]   16:     0x5c3d857a7bae - <client[312900f631cb173e]::tests::test_estimate_order_fee_full::{closure#0} as core[a373ad73a504971]::ops::function::FnOnce<()>>::call_once
[INFO] [stdout]   17:     0x5c3d857e6a1b - test[aada8e7e76ba119b]::__rust_begin_short_backtrace::<core[a373ad73a504971]::result::Result<(), alloc[2e1b2a31b91974c5]::string::String>, fn() -> core[a373ad73a504971]::result::Result<(), alloc[2e1b2a31b91974c5]::string::String>>
[INFO] [stdout]   18:     0x5c3d857f3bf5 - test[aada8e7e76ba119b]::run_test::{closure#0}
[INFO] [stdout]   19:     0x5c3d857ed4e4 - std[617be2ca0a6fd877]::sys::backtrace::__rust_begin_short_backtrace::<test[aada8e7e76ba119b]::run_test::{closure#1}, ()>
[INFO] [stdout]   20:     0x5c3d857f6c82 - <std[617be2ca0a6fd877]::thread::lifecycle::spawn_unchecked<test[aada8e7e76ba119b]::run_test::{closure#1}, ()>::{closure#1} as core[a373ad73a504971]::ops::function::FnOnce<()>>::call_once::{shim:vtable#0}
[INFO] [stdout]   21:     0x5c3d85a7c49f - <std[617be2ca0a6fd877]::sys::thread::unix::Thread>::new::thread_start
[INFO] [stdout]   22:     0x7d4d2b72adfa - <unknown>
[INFO] [stdout]   23:     0x7d4d2b7be3d4 - clone
[INFO] [stdout]   24:                0x0 - <unknown>
[INFO] [stdout] 
[INFO] [stdout] ---- tests::test_regtest_mine stdout ----
[INFO] [stdout] 
[INFO] [stdout] thread 'tests::test_regtest_mine' (2785) panicked at tests/client.rs:553:21:
[INFO] [stdout] API call to regtest_mine failed with unexpected error: BlocktankClient { message: "Failed to mine 1 blocks: HTTP client error: error sending request for url (https://api.stag0.blocktank.to/blocktank/api/v2/regtest/chain/mine)", data: String("HTTP client error: error sending request for url (https://api.stag0.blocktank.to/blocktank/api/v2/regtest/chain/mine)") }
[INFO] [stdout] stack backtrace:
[INFO] [stdout]    0:     0x5c3d85a7cff1 - <<std[617be2ca0a6fd877]::sys::backtrace::BacktraceLock>::print::DisplayBacktrace as core[a373ad73a504971]::fmt::Display>::fmt
[INFO] [stdout]    1:     0x5c3d85a937ea - core[a373ad73a504971]::fmt::write
[INFO] [stdout]    2:     0x5c3d85a81bcc - <alloc[2e1b2a31b91974c5]::vec::Vec<u8> as core[a373ad73a504971]::io::write::Write>::write_fmt
[INFO] [stdout]    3:     0x5c3d85a57eb6 - std[617be2ca0a6fd877]::panicking::default_hook::{closure#0}
[INFO] [stdout]    4:     0x5c3d85a74df9 - std[617be2ca0a6fd877]::panicking::default_hook
[INFO] [stdout]    5:     0x5c3d857f35d0 - test[aada8e7e76ba119b]::test_main_inner::{closure#0}
[INFO] [stdout]    6:     0x5c3d85a75122 - std[617be2ca0a6fd877]::panicking::panic_with_hook
[INFO] [stdout]    7:     0x5c3d85a57f62 - std[617be2ca0a6fd877]::panicking::panic_handler::{closure#0}
[INFO] [stdout]    8:     0x5c3d85a50af9 - std[617be2ca0a6fd877]::sys::backtrace::__rust_end_short_backtrace::<std[617be2ca0a6fd877]::panicking::panic_handler::{closure#0}, !>
[INFO] [stdout]    9:     0x5c3d85a58d5d - __rustc[ea4f61d10b84890b]::rust_begin_unwind
[INFO] [stdout]   10:     0x5c3d85a93f4c - core[a373ad73a504971]::panicking::panic_fmt
[INFO] [stdout]   11:     0x5c3d8579fd86 - client[312900f631cb173e]::tests::test_regtest_mine::{closure#0}
[INFO] [stdout]   12:     0x5c3d857db9e8 - <tokio[e7ef658ccde6c639]::runtime::context::scoped::Scoped<tokio[e7ef658ccde6c639]::runtime::scheduler::Context>>::set::<<tokio[e7ef658ccde6c639]::runtime::scheduler::current_thread::CoreGuard>::enter<<tokio[e7ef658ccde6c639]::runtime::scheduler::current_thread::CoreGuard>::block_on<core[a373ad73a504971]::pin::Pin<&mut core[a373ad73a504971]::pin::Pin<&mut dyn core[a373ad73a504971]::future::future::Future<Output = ()>>>>::{closure#0}, core[a373ad73a504971]::option::Option<()>>::{closure#0}, (alloc[2e1b2a31b91974c5]::boxed::Box<tokio[e7ef658ccde6c639]::runtime::scheduler::current_thread::Core>, core[a373ad73a504971]::option::Option<()>)>
[INFO] [stdout]   13:     0x5c3d857dc0bd - <tokio[e7ef658ccde6c639]::runtime::scheduler::current_thread::CoreGuard>::block_on::<core[a373ad73a504971]::pin::Pin<&mut core[a373ad73a504971]::pin::Pin<&mut dyn core[a373ad73a504971]::future::future::Future<Output = ()>>>>
[INFO] [stdout]   14:     0x5c3d857de530 - tokio[e7ef658ccde6c639]::runtime::context::runtime::enter_runtime::<<tokio[e7ef658ccde6c639]::runtime::scheduler::current_thread::CurrentThread>::block_on<core[a373ad73a504971]::pin::Pin<&mut dyn core[a373ad73a504971]::future::future::Future<Output = ()>>>::{closure#0}, ()>
[INFO] [stdout]   15:     0x5c3d857dd76a - <tokio[e7ef658ccde6c639]::runtime::runtime::Runtime>::block_on::<core[a373ad73a504971]::pin::Pin<&mut dyn core[a373ad73a504971]::future::future::Future<Output = ()>>>
[INFO] [stdout]   16:     0x5c3d857a725e - <client[312900f631cb173e]::tests::test_regtest_mine::{closure#0} as core[a373ad73a504971]::ops::function::FnOnce<()>>::call_once
[INFO] [stdout]   17:     0x5c3d857e6a1b - test[aada8e7e76ba119b]::__rust_begin_short_backtrace::<core[a373ad73a504971]::result::Result<(), alloc[2e1b2a31b91974c5]::string::String>, fn() -> core[a373ad73a504971]::result::Result<(), alloc[2e1b2a31b91974c5]::string::String>>
[INFO] [stdout]   18:     0x5c3d857f3bf5 - test[aada8e7e76ba119b]::run_test::{closure#0}
[INFO] [stdout]   19:     0x5c3d857ed4e4 - std[617be2ca0a6fd877]::sys::backtrace::__rust_begin_short_backtrace::<test[aada8e7e76ba119b]::run_test::{closure#1}, ()>
[INFO] [stdout]   20:     0x5c3d857f6c82 - <std[617be2ca0a6fd877]::thread::lifecycle::spawn_unchecked<test[aada8e7e76ba119b]::run_test::{closure#1}, ()>::{closure#1} as core[a373ad73a504971]::ops::function::FnOnce<()>>::call_once::{shim:vtable#0}
[INFO] [stdout]   21:     0x5c3d85a7c49f - <std[617be2ca0a6fd877]::sys::thread::unix::Thread>::new::thread_start
[INFO] [stdout]   22:     0x7d4d2b72adfa - <unknown>
[INFO] [stdout]   23:     0x7d4d2b7be3d4 - clone
[INFO] [stdout]   24:                0x0 - <unknown>
[INFO] [stdout] 
[INFO] [stdout] ---- tests::test_get_min_zero_conf_tx_fee stdout ----
[INFO] [stdout] 
[INFO] [stdout] thread 'tests::test_get_min_zero_conf_tx_fee' (2780) panicked at tests/client.rs:32:14:
[INFO] [stdout] Failed to create test order: HttpClient(reqwest::Error { kind: Request, url: "https://api.stag0.blocktank.to/blocktank/api/v2/channels", source: hyper_util::client::legacy::Error(Connect, ConnectError("dns error", Custom { kind: Uncategorized, error: "failed to lookup address information: Temporary failure in name resolution" })) })
[INFO] [stdout] stack backtrace:
[INFO] [stdout]    0:     0x5c3d85a7cff1 - <<std[617be2ca0a6fd877]::sys::backtrace::BacktraceLock>::print::DisplayBacktrace as core[a373ad73a504971]::fmt::Display>::fmt
[INFO] [stdout]    1:     0x5c3d85a937ea - core[a373ad73a504971]::fmt::write
[INFO] [stdout]    2:     0x5c3d85a81bcc - <alloc[2e1b2a31b91974c5]::vec::Vec<u8> as core[a373ad73a504971]::io::write::Write>::write_fmt
[INFO] [stdout]    3:     0x5c3d85a57eb6 - std[617be2ca0a6fd877]::panicking::default_hook::{closure#0}
[INFO] [stdout]    4:     0x5c3d85a74df9 - std[617be2ca0a6fd877]::panicking::default_hook
[INFO] [stdout]    5:     0x5c3d857f35d0 - test[aada8e7e76ba119b]::test_main_inner::{closure#0}
[INFO] [stdout]    6:     0x5c3d85a75122 - std[617be2ca0a6fd877]::panicking::panic_with_hook
[INFO] [stdout]    7:     0x5c3d85a57f62 - std[617be2ca0a6fd877]::panicking::panic_handler::{closure#0}
[INFO] [stdout]    8:     0x5c3d85a50af9 - std[617be2ca0a6fd877]::sys::backtrace::__rust_end_short_backtrace::<std[617be2ca0a6fd877]::panicking::panic_handler::{closure#0}, !>
[INFO] [stdout]    9:     0x5c3d85a58d5d - __rustc[ea4f61d10b84890b]::rust_begin_unwind
[INFO] [stdout]   10:     0x5c3d85a93f4c - core[a373ad73a504971]::panicking::panic_fmt
[INFO] [stdout]   11:     0x5c3d85a93d22 - core[a373ad73a504971]::result::unwrap_failed
[INFO] [stdout]   12:     0x5c3d8579cf1b - client[312900f631cb173e]::tests::create_test_order::{closure#0}
[INFO] [stdout]   13:     0x5c3d857a524e - client[312900f631cb173e]::tests::test_get_min_zero_conf_tx_fee::{closure#0}
[INFO] [stdout]   14:     0x5c3d857db9e8 - <tokio[e7ef658ccde6c639]::runtime::context::scoped::Scoped<tokio[e7ef658ccde6c639]::runtime::scheduler::Context>>::set::<<tokio[e7ef658ccde6c639]::runtime::scheduler::current_thread::CoreGuard>::enter<<tokio[e7ef658ccde6c639]::runtime::scheduler::current_thread::CoreGuard>::block_on<core[a373ad73a504971]::pin::Pin<&mut core[a373ad73a504971]::pin::Pin<&mut dyn core[a373ad73a504971]::future::future::Future<Output = ()>>>>::{closure#0}, core[a373ad73a504971]::option::Option<()>>::{closure#0}, (alloc[2e1b2a31b91974c5]::boxed::Box<tokio[e7ef658ccde6c639]::runtime::scheduler::current_thread::Core>, core[a373ad73a504971]::option::Option<()>)>
[INFO] [stdout]   15:     0x5c3d857dc0bd - <tokio[e7ef658ccde6c639]::runtime::scheduler::current_thread::CoreGuard>::block_on::<core[a373ad73a504971]::pin::Pin<&mut core[a373ad73a504971]::pin::Pin<&mut dyn core[a373ad73a504971]::future::future::Future<Output = ()>>>>
[INFO] [stdout]   16:     0x5c3d857de530 - tokio[e7ef658ccde6c639]::runtime::context::runtime::enter_runtime::<<tokio[e7ef658ccde6c639]::runtime::scheduler::current_thread::CurrentThread>::block_on<core[a373ad73a504971]::pin::Pin<&mut dyn core[a373ad73a504971]::future::future::Future<Output = ()>>>::{closure#0}, ()>
[INFO] [stdout]   17:     0x5c3d857dd76a - <tokio[e7ef658ccde6c639]::runtime::runtime::Runtime>::block_on::<core[a373ad73a504971]::pin::Pin<&mut dyn core[a373ad73a504971]::future::future::Future<Output = ()>>>
[INFO] [stdout]   18:     0x5c3d857a7dbe - <client[312900f631cb173e]::tests::test_get_min_zero_conf_tx_fee::{closure#0} as core[a373ad73a504971]::ops::function::FnOnce<()>>::call_once
[INFO] [stdout]   19:     0x5c3d857e6a1b - test[aada8e7e76ba119b]::__rust_begin_short_backtrace::<core[a373ad73a504971]::result::Result<(), alloc[2e1b2a31b91974c5]::string::String>, fn() -> core[a373ad73a504971]::result::Result<(), alloc[2e1b2a31b91974c5]::string::String>>
[INFO] [stdout]   20:     0x5c3d857f3bf5 - test[aada8e7e76ba119b]::run_test::{closure#0}
[INFO] [stdout]   21:     0x5c3d857ed4e4 - std[617be2ca0a6fd877]::sys::backtrace::__rust_begin_short_backtrace::<test[aada8e7e76ba119b]::run_test::{closure#1}, ()>
[INFO] [stdout]   22:     0x5c3d857f6c82 - <std[617be2ca0a6fd877]::thread::lifecycle::spawn_unchecked<test[aada8e7e76ba119b]::run_test::{closure#1}, ()>::{closure#1} as core[a373ad73a504971]::ops::function::FnOnce<()>>::call_once::{shim:vtable#0}
[INFO] [stdout]   23:     0x5c3d85a7c49f - <std[617be2ca0a6fd877]::sys::thread::unix::Thread>::new::thread_start
[INFO] [stdout]   24:     0x7d4d2b72adfa - <unknown>
[INFO] [stdout]   25:     0x7d4d2b7be3d4 - clone
[INFO] [stdout]   26:                0x0 - <unknown>
[INFO] [stdout] 
[INFO] [stdout] 
[INFO] [stdout] failures:
[INFO] [stdout]     tests::test_create_cjit_entry
[INFO] [stdout]     tests::test_create_order
[INFO] [stdout]     tests::test_estimate_order_fee
[INFO] [stdout]     tests::test_estimate_order_fee_full
[INFO] [stdout]     tests::test_get_info
[INFO] [stdout]     tests::test_get_min_zero_conf_tx_fee
[INFO] [stdout]     tests::test_get_order
[INFO] [stdout]     tests::test_get_orders
[INFO] [stdout]     tests::test_get_orders_multiple
[INFO] [stdout]     tests::test_regtest_mine
[INFO] [stdout]     tests::test_workflow
[INFO] [stdout] 
[INFO] [stdout] test result: FAILED. 2 passed; 11 failed; 0 ignored; 0 measured; 0 filtered out; finished in 0.12s
[INFO] [stdout] 
[INFO] [stderr] error: test failed, to rerun pass `--test client`
[INFO] running `Command { std: "docker" "inspect" "d9b80ad908926c3768e0749e03ee4f03516f51a29694861e58b6d4f311997ed3", kill_on_drop: false }`
[INFO] running `Command { std: "docker" "rm" "-f" "d9b80ad908926c3768e0749e03ee4f03516f51a29694861e58b6d4f311997ed3", kill_on_drop: false }`
[INFO] [stdout] d9b80ad908926c3768e0749e03ee4f03516f51a29694861e58b6d4f311997ed3
