[INFO] fetching crate rust-agent 0.0.5...
[INFO] testing rust-agent-0.0.5 against 1.100.0-beta.1+cargoflags=--release for beta-release-1.100-2
[INFO] extracting crate rust-agent 0.0.5 into /workspace/builds/worker-0-tc2/source
[INFO] started tweaking crates.io crate rust-agent 0.0.5
[INFO] removed 0 missing examples
[INFO] finished tweaking crates.io crate rust-agent 0.0.5
[INFO] tweaked toml for crates.io crate rust-agent 0.0.5 written to /workspace/builds/worker-0-tc2/source/Cargo.toml
[INFO] validating manifest of crates.io crate rust-agent 0.0.5 on toolchain 1.100.0-beta.1
[INFO] running `Command { std: CARGO_HOME="/workspace/cargo-home" RUSTUP_HOME="/workspace/rustup-home" "/workspace/cargo-home/bin/cargo" "+1.100.0-beta.1" "metadata" "--manifest-path" "Cargo.toml" "--no-deps", kill_on_drop: false }`
[INFO] crate crates.io crate rust-agent 0.0.5 already has a lockfile, it will not be regenerated
[INFO] running `Command { std: CARGO_HOME="/workspace/cargo-home" RUSTUP_HOME="/workspace/rustup-home" "/workspace/cargo-home/bin/cargo" "+1.100.0-beta.1" "fetch" "--manifest-path" "Cargo.toml", kill_on_drop: false }`
[INFO] running `Command { std: "docker" "create" "-v" "/var/lib/crater-agent-workspace/builds/worker-0-tc2/source:/opt/rustwide/workdir:ro,Z" "-v" "/var/lib/crater-agent-workspace/builds/worker-0-tc2/target:/opt/rustwide/target:rw,Z" "-v" "/var/lib/crater-agent-workspace/cargo-home:/opt/rustwide/cargo-home:ro,Z" "-v" "/var/lib/crater-agent-workspace/rustup-home:/opt/rustwide/rustup-home:ro,Z" "-m" "1610612736" "--network" "none" "ghcr.io/rust-lang/crates-build-env/linux@sha256:77db811e55d90add9212f6832c23229e3de5f1c1f9905e8cb07319ea15df73ac" "sleep" "infinity", kill_on_drop: false }`
[INFO] [stdout] 7393d98d5832b2996d8720c9734d31067abb64e3d874fb7d1c9d8503c1b4258c
[INFO] running `Command { std: "docker" "start" "7393d98d5832b2996d8720c9734d31067abb64e3d874fb7d1c9d8503c1b4258c", kill_on_drop: false }`
[INFO] running `Command { std: "docker" "inspect" "7393d98d5832b2996d8720c9734d31067abb64e3d874fb7d1c9d8503c1b4258c", kill_on_drop: false }`
[INFO] running `Command { std: "docker" "exec" "-e" "SOURCE_DIR=/opt/rustwide/workdir" "-e" "CARGO_HOME=/opt/rustwide/cargo-home" "-e" "RUSTUP_HOME=/opt/rustwide/rustup-home" "-e" "CARGO_TARGET_DIR=/opt/rustwide/target" "-w" "/opt/rustwide/workdir" "--user" "0:0" "7393d98d5832b2996d8720c9734d31067abb64e3d874fb7d1c9d8503c1b4258c" "/opt/rustwide/cargo-home/bin/cargo" "+1.100.0-beta.1" "metadata" "--no-deps" "--format-version=1", kill_on_drop: false }`
[INFO] running `Command { std: "docker" "inspect" "7393d98d5832b2996d8720c9734d31067abb64e3d874fb7d1c9d8503c1b4258c", kill_on_drop: false }`
[INFO] running `Command { std: "docker" "exec" "-e" "SOURCE_DIR=/opt/rustwide/workdir" "-e" "CARGO_HOME=/opt/rustwide/cargo-home" "-e" "RUSTUP_HOME=/opt/rustwide/rustup-home" "-e" "CARGO_TARGET_DIR=/opt/rustwide/target" "-e" "CARGO_INCREMENTAL=0" "-e" "RUST_BACKTRACE=full" "-e" "RUSTFLAGS=--cap-lints=warn" "-e" "RUSTDOCFLAGS=--cap-lints=warn" "-w" "/opt/rustwide/workdir" "--user" "0:0" "7393d98d5832b2996d8720c9734d31067abb64e3d874fb7d1c9d8503c1b4258c" "/opt/rustwide/cargo-home/bin/cargo" "+1.100.0-beta.1" "build" "--frozen" "--message-format=json" "--release", kill_on_drop: false }`
[INFO] [stderr]    Compiling proc-macro2 v1.0.102
[INFO] [stderr]    Compiling unicode-ident v1.0.20
[INFO] [stderr]    Compiling serde_core v1.0.228
[INFO] [stderr]    Compiling memchr v2.7.6
[INFO] [stderr]    Compiling futures-channel v0.3.31
[INFO] [stderr]    Compiling log v0.4.28
[INFO] [stderr]    Compiling find-msvc-tools v0.1.4
[INFO] [stderr]    Compiling libc v0.2.177
[INFO] [stderr]    Compiling tracing-core v0.1.34
[INFO] [stderr]    Compiling parking_lot_core v0.9.12
[INFO] [stderr]    Compiling socket2 v0.6.1
[INFO] [stderr]    Compiling signal-hook-registry v1.4.6
[INFO] [stderr]    Compiling mio v1.1.0
[INFO] [stderr]    Compiling openssl v0.10.74
[INFO] [stderr]    Compiling once_cell v1.21.3
[INFO] [stderr]    Compiling cc v1.2.41
[INFO] [stderr]    Compiling http v0.2.12
[INFO] [stderr]    Compiling hashbrown v0.16.0
[INFO] [stderr]    Compiling serde_json v1.0.145
[INFO] [stderr]    Compiling parking_lot v0.12.5
[INFO] [stderr]    Compiling regex-syntax v0.8.8
[INFO] [stderr]    Compiling erased-serde v0.4.8
[INFO] [stderr]    Compiling socket2 v0.5.10
[INFO] [stderr]    Compiling tracing v0.1.41
[INFO] [stderr]    Compiling quote v1.0.41
[INFO] [stderr]    Compiling aho-corasick v1.1.3
[INFO] [stderr]    Compiling pest v2.8.3
[INFO] [stderr]    Compiling winnow v0.7.13
[INFO] [stderr]    Compiling indexmap v2.12.0
[INFO] [stderr]    Compiling syn v2.0.108
[INFO] [stderr]    Compiling rustix v1.1.2
[INFO] [stderr]    Compiling http-body v0.4.6
[INFO] [stderr]    Compiling getrandom v0.2.16
[INFO] [stderr]    Compiling getrandom v0.3.4
[INFO] [stderr]    Compiling const-random-macro v0.1.16
[INFO] [stderr]    Compiling hashlink v0.10.0
[INFO] [stderr]    Compiling anstyle-query v1.1.4
[INFO] [stderr]    Compiling openssl-sys v0.9.110
[INFO] [stderr]    Compiling arraydeque v0.5.1
[INFO] [stderr]    Compiling unicode-segmentation v1.12.0
[INFO] [stderr]    Compiling anstream v0.6.21
[INFO] [stderr]    Compiling const-random v0.1.18
[INFO] [stderr]    Compiling dlv-list v0.5.2
[INFO] [stderr]    Compiling yaml-rust2 v0.10.4
[INFO] [stderr]    Compiling jiff v0.2.15
[INFO] [stderr]    Compiling convert_case v0.6.0
[INFO] [stderr]    Compiling matchit v0.7.3
[INFO] [stderr]    Compiling native-tls v0.2.14
[INFO] [stderr]    Compiling regex-automata v0.4.13
[INFO] [stderr]    Compiling ordered-multimap v0.7.3
[INFO] [stderr]    Compiling chrono v0.4.42
[INFO] [stderr]    Compiling rust-ini v0.21.3
[INFO] [stderr]    Compiling bitflags v2.10.0
[INFO] [stderr]    Compiling pest_meta v2.8.3
[INFO] [stderr]    Compiling toml_datetime v0.7.3
[INFO] [stderr]    Compiling toml_parser v1.0.4
[INFO] [stderr]    Compiling serde_spanned v1.0.3
[INFO] [stderr]    Compiling serde_path_to_error v0.1.20
[INFO] [stderr]    Compiling toml v0.9.8
[INFO] [stderr]    Compiling tower-http v0.5.2
[INFO] [stderr]    Compiling serde-untagged v0.1.9
[INFO] [stderr]    Compiling tempfile v3.23.0
[INFO] [stderr]    Compiling synstructure v0.13.2
[INFO] [stderr]    Compiling pest_generator v2.8.3
[INFO] [stderr]    Compiling regex v1.12.2
[INFO] [stderr]    Compiling zerovec-derive v0.11.1
[INFO] [stderr]    Compiling tokio-macros v2.6.0
[INFO] [stderr]    Compiling displaydoc v0.2.5
[INFO] [stderr]    Compiling futures-macro v0.3.31
[INFO] [stderr]    Compiling serde_derive v1.0.228
[INFO] [stderr]    Compiling zerofrom-derive v0.1.6
[INFO] [stderr]    Compiling yoke-derive v0.8.0
[INFO] [stderr]    Compiling openssl-macros v0.1.1
[INFO] [stderr]    Compiling async-trait v0.1.89
[INFO] [stderr]    Compiling env_filter v0.1.4
[INFO] [stderr]    Compiling axum-macros v0.4.2
[INFO] [stderr]    Compiling tokio v1.48.0
[INFO] [stderr]    Compiling pest_derive v2.8.3
[INFO] [stderr]    Compiling futures-util v0.3.31
[INFO] [stderr]    Compiling zerofrom v0.1.6
[INFO] [stderr]    Compiling yoke v0.8.0
[INFO] [stderr]    Compiling env_logger v0.11.8
[INFO] [stderr]    Compiling zerovec v0.11.4
[INFO] [stderr]    Compiling zerotrie v0.2.2
[INFO] [stderr]    Compiling serde v1.0.228
[INFO] [stderr]    Compiling tinystr v0.8.1
[INFO] [stderr]    Compiling potential_utf v0.1.3
[INFO] [stderr]    Compiling icu_locale_core v2.0.0
[INFO] [stderr]    Compiling icu_collections v2.0.0
[INFO] [stderr]    Compiling serde_urlencoded v0.7.1
[INFO] [stderr]    Compiling ron v0.8.1
[INFO] [stderr]    Compiling json5 v0.4.1
[INFO] [stderr]    Compiling uuid v1.18.1
[INFO] [stderr]    Compiling axum-core v0.4.5
[INFO] [stderr]    Compiling futures-executor v0.3.31
[INFO] [stderr]    Compiling futures v0.3.31
[INFO] [stderr]    Compiling icu_provider v2.0.0
[INFO] [stderr]    Compiling icu_properties v2.0.1
[INFO] [stderr]    Compiling icu_normalizer v2.0.0
[INFO] [stderr]    Compiling config v0.15.18
[INFO] [stderr]    Compiling idna_adapter v1.2.1
[INFO] [stderr]    Compiling idna v1.1.0
[INFO] [stderr]    Compiling tokio-util v0.7.16
[INFO] [stderr]    Compiling tokio-native-tls v0.3.1
[INFO] [stderr]    Compiling hyper v1.7.0
[INFO] [stderr]    Compiling tower v0.5.2
[INFO] [stderr]    Compiling url v2.5.7
[INFO] [stderr]    Compiling h2 v0.3.27
[INFO] [stderr]    Compiling hyper-util v0.1.17
[INFO] [stderr]    Compiling tokio-stream v0.1.17
[INFO] [stderr]    Compiling axum v0.7.9
[INFO] [stderr]    Compiling hyper v0.14.32
[INFO] [stderr]    Compiling hyper-tls v0.5.0
[INFO] [stderr]    Compiling reqwest v0.11.27
[INFO] [stderr]    Compiling rust-agent v0.0.5 (/opt/rustwide/workdir)
[INFO] [stdout] warning: unused import: `Path`
[INFO] [stdout]  --> src/memory/message_history.rs:2:17
[INFO] [stdout]   |
[INFO] [stdout] 2 | use std::path::{Path, PathBuf};
[INFO] [stdout]   |                 ^^^^
[INFO] [stdout]   |
[INFO] [stdout]   = note: `#[warn(unused_imports)]` (part of `#[warn(unused)]`) on by default
[INFO] [stdout] 
[INFO] [stdout] 
[INFO] [stdout] warning: unused imports: `ChatMessageContent`, `ModelChatMessage`, and `OpenAIChatModel`
[INFO] [stdout]   --> src/memory/summary.rs:20:24
[INFO] [stdout]    |
[INFO] [stdout] 20 | use crate::{ChatModel, OpenAIChatModel, ModelChatMessage, ChatMessageContent};
[INFO] [stdout]    |                        ^^^^^^^^^^^^^^^  ^^^^^^^^^^^^^^^^  ^^^^^^^^^^^^^^^^^^
[INFO] [stdout] 
[INFO] [stdout] 
[INFO] [stdout] warning: unused imports: `Deserialize` and `Serialize`
[INFO] [stdout]  --> src/memory/utils.rs:4:13
[INFO] [stdout]   |
[INFO] [stdout] 4 | use serde::{Serialize, Deserialize};
[INFO] [stdout]   |             ^^^^^^^^^  ^^^^^^^^^^^
[INFO] [stdout] 
[INFO] [stdout] 
[INFO] [stdout] warning: unused imports: `error` and `warn`
[INFO] [stdout]   --> src/memory/composite_memory.rs:11:17
[INFO] [stdout]    |
[INFO] [stdout] 11 | use log::{info, warn, error};
[INFO] [stdout]    |                 ^^^^  ^^^^^
[INFO] [stdout] 
[INFO] [stdout] 
[INFO] [stdout] warning: type `OpenAIApiType` is more private than the item `OpenAIChatModel::with_api_type`
[INFO] [stdout]    --> src/models/openai.rs:154:5
[INFO] [stdout]     |
[INFO] [stdout] 154 |     pub fn with_api_type(mut self, api_type: OpenAIApiType) -> Self {
[INFO] [stdout]     |     ^^^^^^^^^^^^^^^^^^^^^^^^^^^^^^^^^^^^^^^^^^^^^^^^^^^^^^^^^^^^^^^ method `OpenAIChatModel::with_api_type` is reachable at visibility `pub`
[INFO] [stdout]     |
[INFO] [stdout] note: but type `OpenAIApiType` is only usable at visibility `pub(self)`
[INFO] [stdout]    --> src/models/openai.rs:80:1
[INFO] [stdout]     |
[INFO] [stdout]  80 | enum OpenAIApiType {
[INFO] [stdout]     | ^^^^^^^^^^^^^^^^^^
[INFO] [stdout]     = note: `#[warn(private_interfaces)]` on by default
[INFO] [stdout] 
[INFO] [stdout] 
[INFO] [stdout] warning: fields `audio_tokens`, `cache_read`, and `reasoning_tokens` are never read
[INFO] [stdout]   --> src/models/openai.rs:22:5
[INFO] [stdout]    |
[INFO] [stdout] 21 | struct InputTokenDetails {
[INFO] [stdout]    |        ----------------- fields in this struct
[INFO] [stdout] 22 |     audio_tokens: Option<usize>,
[INFO] [stdout]    |     ^^^^^^^^^^^^
[INFO] [stdout] 23 |     cache_read: Option<usize>,
[INFO] [stdout]    |     ^^^^^^^^^^
[INFO] [stdout] 24 |     reasoning_tokens: Option<usize>,
[INFO] [stdout]    |     ^^^^^^^^^^^^^^^^
[INFO] [stdout]    |
[INFO] [stdout]    = note: `#[warn(dead_code)]` (part of `#[warn(unused)]`) on by default
[INFO] [stdout] 
[INFO] [stdout] 
[INFO] [stdout] warning: fields `cache_write` and `reasoning_tokens` are never read
[INFO] [stdout]   --> src/models/openai.rs:30:5
[INFO] [stdout]    |
[INFO] [stdout] 29 | struct OutputTokenDetails {
[INFO] [stdout]    |        ------------------ fields in this struct
[INFO] [stdout] 30 |     cache_write: Option<usize>,
[INFO] [stdout]    |     ^^^^^^^^^^^
[INFO] [stdout] 31 |     reasoning_tokens: Option<usize>,
[INFO] [stdout]    |     ^^^^^^^^^^^^^^^^
[INFO] [stdout] 
[INFO] [stdout] 
[INFO] [stdout] warning: fields `input_tokens_details` and `output_tokens_details` are never read
[INFO] [stdout]   --> src/models/openai.rs:42:5
[INFO] [stdout]    |
[INFO] [stdout] 37 | struct OpenAIUsage {
[INFO] [stdout]    |        ----------- fields in this struct
[INFO] [stdout] ...
[INFO] [stdout] 42 |     input_tokens_details: Option<InputTokenDetails>,
[INFO] [stdout]    |     ^^^^^^^^^^^^^^^^^^^^
[INFO] [stdout] 43 |     output_tokens_details: Option<OutputTokenDetails>,
[INFO] [stdout]    |     ^^^^^^^^^^^^^^^^^^^^^
[INFO] [stdout] 
[INFO] [stdout] 
[INFO] [stdout] warning: struct `OpenAIResponsesUsage` is never constructed
[INFO] [stdout]   --> src/models/openai.rs:48:8
[INFO] [stdout]    |
[INFO] [stdout] 48 | struct OpenAIResponsesUsage {
[INFO] [stdout]    |        ^^^^^^^^^^^^^^^^^^^^
[INFO] [stdout] 
[INFO] [stdout] 
[INFO] [stdout] warning: fields `id`, `object`, and `created` are never read
[INFO] [stdout]   --> src/models/openai.rs:60:5
[INFO] [stdout]    |
[INFO] [stdout] 59 | struct OpenAIResponse {
[INFO] [stdout]    |        -------------- fields in this struct
[INFO] [stdout] 60 |     id: Option<String>,
[INFO] [stdout]    |     ^^
[INFO] [stdout] 61 |     object: Option<String>,
[INFO] [stdout]    |     ^^^^^^
[INFO] [stdout] 62 |     created: Option<u64>,
[INFO] [stdout]    |     ^^^^^^^
[INFO] [stdout] 
[INFO] [stdout] 
[INFO] [stdout] warning: fields `index` and `finish_reason` are never read
[INFO] [stdout]   --> src/models/openai.rs:73:5
[INFO] [stdout]    |
[INFO] [stdout] 72 | struct OpenAIChoice {
[INFO] [stdout]    |        ------------ fields in this struct
[INFO] [stdout] 73 |     index: u32,
[INFO] [stdout]    |     ^^^^^
[INFO] [stdout] 74 |     message: OpenAIMessage,
[INFO] [stdout] 75 |     finish_reason: String,
[INFO] [stdout]    |     ^^^^^^^^^^^^^
[INFO] [stdout] 
[INFO] [stdout] 
[INFO] [stdout] warning: variant `Responses` is never constructed
[INFO] [stdout]   --> src/models/openai.rs:82:5
[INFO] [stdout]    |
[INFO] [stdout] 80 | enum OpenAIApiType {
[INFO] [stdout]    |      ------------- variant in this enum
[INFO] [stdout] 81 |     ChatCompletions,
[INFO] [stdout] 82 |     Responses,
[INFO] [stdout]    |     ^^^^^^^^^
[INFO] [stdout]    |
[INFO] [stdout]    = note: `OpenAIApiType` has derived impls for the traits `Clone` and `Debug`, but these are intentionally ignored during dead code analysis
[INFO] [stdout] 
[INFO] [stdout] 
[INFO] [stderr] warning: unused dependency `config`
[INFO] [stderr]   --> Cargo.toml:14:15
[INFO] [stderr]    |
[INFO] [stderr] 14 | [dependencies.config]
[INFO] [stderr]    |               ^^^^^^^
[INFO] [stderr]    |
[INFO] [stderr]    = note: `cargo::unused_dependencies` is set to `warn` by default
[INFO] [stderr] help: consider removing the dependency on `config`
[INFO] [stderr] warning: unused dependency `env_logger`
[INFO] [stderr]   --> Cargo.toml:17:15
[INFO] [stderr]    |
[INFO] [stderr] 17 | [dependencies.env_logger]
[INFO] [stderr]    |               ^^^^^^^^^^^
[INFO] [stderr]    |
[INFO] [stderr] help: consider removing the dependency on `env_logger`
[INFO] [stderr] warning: unused dependency `tempfile`
[INFO] [stderr]   --> Cargo.toml:37:15
[INFO] [stderr]    |
[INFO] [stderr] 37 | [dependencies.tempfile]
[INFO] [stderr]    |               ^^^^^^^^^
[INFO] [stderr]    |
[INFO] [stderr] help: consider removing the dependency on `tempfile`
[INFO] [stderr] warning: `rust-agent` (manifest) generated 3 warnings
[INFO] [stderr]     Finished `release` profile [optimized] target(s) in 1m 58s
[INFO] running `Command { std: "docker" "inspect" "7393d98d5832b2996d8720c9734d31067abb64e3d874fb7d1c9d8503c1b4258c", kill_on_drop: false }`
[INFO] running `Command { std: "docker" "exec" "-e" "SOURCE_DIR=/opt/rustwide/workdir" "-e" "CARGO_HOME=/opt/rustwide/cargo-home" "-e" "RUSTUP_HOME=/opt/rustwide/rustup-home" "-e" "CARGO_TARGET_DIR=/opt/rustwide/target" "-e" "CARGO_INCREMENTAL=0" "-e" "RUST_BACKTRACE=full" "-e" "RUSTFLAGS=--cap-lints=warn" "-e" "RUSTDOCFLAGS=--cap-lints=warn" "-w" "/opt/rustwide/workdir" "--user" "0:0" "7393d98d5832b2996d8720c9734d31067abb64e3d874fb7d1c9d8503c1b4258c" "/opt/rustwide/cargo-home/bin/cargo" "+1.100.0-beta.1" "test" "--frozen" "--no-run" "--message-format=json" "--release", kill_on_drop: false }`
[INFO] [stdout] warning: unused import: `Path`
[INFO] [stdout]  --> src/memory/message_history.rs:2:17
[INFO] [stdout]   |
[INFO] [stdout] 2 | use std::path::{Path, PathBuf};
[INFO] [stdout]   |                 ^^^^
[INFO] [stdout]   |
[INFO] [stdout]   = note: `#[warn(unused_imports)]` (part of `#[warn(unused)]`) on by default
[INFO] [stdout] 
[INFO] [stdout] 
[INFO] [stdout] warning: unused imports: `ChatMessageContent`, `ModelChatMessage`, and `OpenAIChatModel`
[INFO] [stdout]   --> src/memory/summary.rs:20:24
[INFO] [stdout]    |
[INFO] [stdout] 20 | use crate::{ChatModel, OpenAIChatModel, ModelChatMessage, ChatMessageContent};
[INFO] [stdout]    |                        ^^^^^^^^^^^^^^^  ^^^^^^^^^^^^^^^^  ^^^^^^^^^^^^^^^^^^
[INFO] [stdout] 
[INFO] [stdout] 
[INFO] [stdout] warning: unused imports: `Deserialize` and `Serialize`
[INFO] [stdout]  --> src/memory/utils.rs:4:13
[INFO] [stdout]   |
[INFO] [stdout] 4 | use serde::{Serialize, Deserialize};
[INFO] [stdout]   |             ^^^^^^^^^  ^^^^^^^^^^^
[INFO] [stdout] 
[INFO] [stdout] 
[INFO] [stdout] warning: unused imports: `error` and `warn`
[INFO] [stdout]   --> src/memory/composite_memory.rs:11:17
[INFO] [stdout]    |
[INFO] [stdout] 11 | use log::{info, warn, error};
[INFO] [stdout]    |                 ^^^^  ^^^^^
[INFO] [stdout] 
[INFO] [stdout] 
[INFO] [stderr]    Compiling rust-agent v0.0.5 (/opt/rustwide/workdir)
[INFO] [stdout] warning: type `OpenAIApiType` is more private than the item `OpenAIChatModel::with_api_type`
[INFO] [stdout]    --> src/models/openai.rs:154:5
[INFO] [stdout]     |
[INFO] [stdout] 154 |     pub fn with_api_type(mut self, api_type: OpenAIApiType) -> Self {
[INFO] [stdout]     |     ^^^^^^^^^^^^^^^^^^^^^^^^^^^^^^^^^^^^^^^^^^^^^^^^^^^^^^^^^^^^^^^ method `OpenAIChatModel::with_api_type` is reachable at visibility `pub`
[INFO] [stdout]     |
[INFO] [stdout] note: but type `OpenAIApiType` is only usable at visibility `pub(self)`
[INFO] [stdout]    --> src/models/openai.rs:80:1
[INFO] [stdout]     |
[INFO] [stdout]  80 | enum OpenAIApiType {
[INFO] [stdout]     | ^^^^^^^^^^^^^^^^^^
[INFO] [stdout]     = note: `#[warn(private_interfaces)]` on by default
[INFO] [stdout] 
[INFO] [stdout] 
[INFO] [stdout] warning: fields `audio_tokens`, `cache_read`, and `reasoning_tokens` are never read
[INFO] [stdout]   --> src/models/openai.rs:22:5
[INFO] [stdout]    |
[INFO] [stdout] 21 | struct InputTokenDetails {
[INFO] [stdout]    |        ----------------- fields in this struct
[INFO] [stdout] 22 |     audio_tokens: Option<usize>,
[INFO] [stdout]    |     ^^^^^^^^^^^^
[INFO] [stdout] 23 |     cache_read: Option<usize>,
[INFO] [stdout]    |     ^^^^^^^^^^
[INFO] [stdout] 24 |     reasoning_tokens: Option<usize>,
[INFO] [stdout]    |     ^^^^^^^^^^^^^^^^
[INFO] [stdout]    |
[INFO] [stdout]    = note: `#[warn(dead_code)]` (part of `#[warn(unused)]`) on by default
[INFO] [stdout] 
[INFO] [stdout] 
[INFO] [stdout] warning: fields `cache_write` and `reasoning_tokens` are never read
[INFO] [stdout]   --> src/models/openai.rs:30:5
[INFO] [stdout]    |
[INFO] [stdout] 29 | struct OutputTokenDetails {
[INFO] [stdout]    |        ------------------ fields in this struct
[INFO] [stdout] 30 |     cache_write: Option<usize>,
[INFO] [stdout]    |     ^^^^^^^^^^^
[INFO] [stdout] 31 |     reasoning_tokens: Option<usize>,
[INFO] [stdout]    |     ^^^^^^^^^^^^^^^^
[INFO] [stdout] 
[INFO] [stdout] 
[INFO] [stdout] warning: fields `input_tokens_details` and `output_tokens_details` are never read
[INFO] [stdout]   --> src/models/openai.rs:42:5
[INFO] [stdout]    |
[INFO] [stdout] 37 | struct OpenAIUsage {
[INFO] [stdout]    |        ----------- fields in this struct
[INFO] [stdout] ...
[INFO] [stdout] 42 |     input_tokens_details: Option<InputTokenDetails>,
[INFO] [stdout]    |     ^^^^^^^^^^^^^^^^^^^^
[INFO] [stdout] 43 |     output_tokens_details: Option<OutputTokenDetails>,
[INFO] [stdout]    |     ^^^^^^^^^^^^^^^^^^^^^
[INFO] [stdout] 
[INFO] [stdout] 
[INFO] [stdout] warning: struct `OpenAIResponsesUsage` is never constructed
[INFO] [stdout]   --> src/models/openai.rs:48:8
[INFO] [stdout]    |
[INFO] [stdout] 48 | struct OpenAIResponsesUsage {
[INFO] [stdout]    |        ^^^^^^^^^^^^^^^^^^^^
[INFO] [stdout] 
[INFO] [stdout] 
[INFO] [stdout] warning: fields `id`, `object`, and `created` are never read
[INFO] [stdout]   --> src/models/openai.rs:60:5
[INFO] [stdout]    |
[INFO] [stdout] 59 | struct OpenAIResponse {
[INFO] [stdout]    |        -------------- fields in this struct
[INFO] [stdout] 60 |     id: Option<String>,
[INFO] [stdout]    |     ^^
[INFO] [stdout] 61 |     object: Option<String>,
[INFO] [stdout]    |     ^^^^^^
[INFO] [stdout] 62 |     created: Option<u64>,
[INFO] [stdout]    |     ^^^^^^^
[INFO] [stdout] 
[INFO] [stdout] 
[INFO] [stdout] warning: fields `index` and `finish_reason` are never read
[INFO] [stdout]   --> src/models/openai.rs:73:5
[INFO] [stdout]    |
[INFO] [stdout] 72 | struct OpenAIChoice {
[INFO] [stdout]    |        ------------ fields in this struct
[INFO] [stdout] 73 |     index: u32,
[INFO] [stdout]    |     ^^^^^
[INFO] [stdout] 74 |     message: OpenAIMessage,
[INFO] [stdout] 75 |     finish_reason: String,
[INFO] [stdout]    |     ^^^^^^^^^^^^^
[INFO] [stdout] 
[INFO] [stdout] 
[INFO] [stdout] warning: variant `Responses` is never constructed
[INFO] [stdout]   --> src/models/openai.rs:82:5
[INFO] [stdout]    |
[INFO] [stdout] 80 | enum OpenAIApiType {
[INFO] [stdout]    |      ------------- variant in this enum
[INFO] [stdout] 81 |     ChatCompletions,
[INFO] [stdout] 82 |     Responses,
[INFO] [stdout]    |     ^^^^^^^^^
[INFO] [stdout]    |
[INFO] [stdout]    = note: `OpenAIApiType` has derived impls for the traits `Clone` and `Debug`, but these are intentionally ignored during dead code analysis
[INFO] [stdout] 
[INFO] [stdout] 
[INFO] [stdout] warning: unused import: `McpTool`
[INFO] [stdout]  --> examples/mcp_agent_client_chatbot.rs:4:74
[INFO] [stdout]   |
[INFO] [stdout] 4 | use rust_agent::{run_agent, OpenAIChatModel, McpClient, SimpleMcpClient, McpTool, McpAgent, SimpleMemory, BaseMemory};
[INFO] [stdout]   |                                                                          ^^^^^^^
[INFO] [stdout]   |
[INFO] [stdout]   = note: `#[warn(unused_imports)]` (part of `#[warn(unused)]`) on by default
[INFO] [stdout] 
[INFO] [stdout] 
[INFO] [stdout] warning: unused import: `Path`
[INFO] [stdout]  --> src/memory/message_history.rs:2:17
[INFO] [stdout]   |
[INFO] [stdout] 2 | use std::path::{Path, PathBuf};
[INFO] [stdout]   |                 ^^^^
[INFO] [stdout]   |
[INFO] [stdout]   = note: `#[warn(unused_imports)]` (part of `#[warn(unused)]`) on by default
[INFO] [stdout] 
[INFO] [stdout] 
[INFO] [stdout] warning: unused imports: `ChatMessageContent`, `ModelChatMessage`, and `OpenAIChatModel`
[INFO] [stdout]   --> src/memory/summary.rs:20:24
[INFO] [stdout]    |
[INFO] [stdout] 20 | use crate::{ChatModel, OpenAIChatModel, ModelChatMessage, ChatMessageContent};
[INFO] [stdout]    |                        ^^^^^^^^^^^^^^^  ^^^^^^^^^^^^^^^^  ^^^^^^^^^^^^^^^^^^
[INFO] [stdout] 
[INFO] [stdout] 
[INFO] [stdout] warning: unused imports: `Deserialize` and `Serialize`
[INFO] [stdout]  --> src/memory/utils.rs:4:13
[INFO] [stdout]   |
[INFO] [stdout] 4 | use serde::{Serialize, Deserialize};
[INFO] [stdout]   |             ^^^^^^^^^  ^^^^^^^^^^^
[INFO] [stdout] 
[INFO] [stdout] 
[INFO] [stdout] warning: unused imports: `error` and `warn`
[INFO] [stdout]   --> src/memory/composite_memory.rs:11:17
[INFO] [stdout]    |
[INFO] [stdout] 11 | use log::{info, warn, error};
[INFO] [stdout]    |                 ^^^^  ^^^^^
[INFO] [stdout] 
[INFO] [stdout] 
[INFO] [stdout] warning: type `OpenAIApiType` is more private than the item `OpenAIChatModel::with_api_type`
[INFO] [stdout]    --> src/models/openai.rs:154:5
[INFO] [stdout]     |
[INFO] [stdout] 154 |     pub fn with_api_type(mut self, api_type: OpenAIApiType) -> Self {
[INFO] [stdout]     |     ^^^^^^^^^^^^^^^^^^^^^^^^^^^^^^^^^^^^^^^^^^^^^^^^^^^^^^^^^^^^^^^ method `OpenAIChatModel::with_api_type` is reachable at visibility `pub`
[INFO] [stdout]     |
[INFO] [stdout] note: but type `OpenAIApiType` is only usable at visibility `pub(self)`
[INFO] [stdout]    --> src/models/openai.rs:80:1
[INFO] [stdout]     |
[INFO] [stdout]  80 | enum OpenAIApiType {
[INFO] [stdout]     | ^^^^^^^^^^^^^^^^^^
[INFO] [stdout]     = note: `#[warn(private_interfaces)]` on by default
[INFO] [stdout] 
[INFO] [stdout] 
[INFO] [stdout] warning: fields `audio_tokens`, `cache_read`, and `reasoning_tokens` are never read
[INFO] [stdout]   --> src/models/openai.rs:22:5
[INFO] [stdout]    |
[INFO] [stdout] 21 | struct InputTokenDetails {
[INFO] [stdout]    |        ----------------- fields in this struct
[INFO] [stdout] 22 |     audio_tokens: Option<usize>,
[INFO] [stdout]    |     ^^^^^^^^^^^^
[INFO] [stdout] 23 |     cache_read: Option<usize>,
[INFO] [stdout]    |     ^^^^^^^^^^
[INFO] [stdout] 24 |     reasoning_tokens: Option<usize>,
[INFO] [stdout]    |     ^^^^^^^^^^^^^^^^
[INFO] [stdout]    |
[INFO] [stdout]    = note: `#[warn(dead_code)]` (part of `#[warn(unused)]`) on by default
[INFO] [stdout] 
[INFO] [stdout] 
[INFO] [stdout] warning: fields `cache_write` and `reasoning_tokens` are never read
[INFO] [stdout]   --> src/models/openai.rs:30:5
[INFO] [stdout]    |
[INFO] [stdout] 29 | struct OutputTokenDetails {
[INFO] [stdout]    |        ------------------ fields in this struct
[INFO] [stdout] 30 |     cache_write: Option<usize>,
[INFO] [stdout]    |     ^^^^^^^^^^^
[INFO] [stdout] 31 |     reasoning_tokens: Option<usize>,
[INFO] [stdout]    |     ^^^^^^^^^^^^^^^^
[INFO] [stdout] 
[INFO] [stdout] 
[INFO] [stdout] warning: fields `input_tokens_details` and `output_tokens_details` are never read
[INFO] [stdout]   --> src/models/openai.rs:42:5
[INFO] [stdout]    |
[INFO] [stdout] 37 | struct OpenAIUsage {
[INFO] [stdout]    |        ----------- fields in this struct
[INFO] [stdout] ...
[INFO] [stdout] 42 |     input_tokens_details: Option<InputTokenDetails>,
[INFO] [stdout]    |     ^^^^^^^^^^^^^^^^^^^^
[INFO] [stdout] 43 |     output_tokens_details: Option<OutputTokenDetails>,
[INFO] [stdout]    |     ^^^^^^^^^^^^^^^^^^^^^
[INFO] [stdout] 
[INFO] [stdout] 
[INFO] [stdout] warning: struct `OpenAIResponsesUsage` is never constructed
[INFO] [stdout]   --> src/models/openai.rs:48:8
[INFO] [stdout]    |
[INFO] [stdout] 48 | struct OpenAIResponsesUsage {
[INFO] [stdout]    |        ^^^^^^^^^^^^^^^^^^^^
[INFO] [stdout] 
[INFO] [stdout] 
[INFO] [stdout] warning: fields `id`, `object`, and `created` are never read
[INFO] [stdout]   --> src/models/openai.rs:60:5
[INFO] [stdout]    |
[INFO] [stdout] 59 | struct OpenAIResponse {
[INFO] [stdout]    |        -------------- fields in this struct
[INFO] [stdout] 60 |     id: Option<String>,
[INFO] [stdout]    |     ^^
[INFO] [stdout] 61 |     object: Option<String>,
[INFO] [stdout]    |     ^^^^^^
[INFO] [stdout] 62 |     created: Option<u64>,
[INFO] [stdout]    |     ^^^^^^^
[INFO] [stdout] 
[INFO] [stdout] 
[INFO] [stdout] warning: fields `index` and `finish_reason` are never read
[INFO] [stdout]   --> src/models/openai.rs:73:5
[INFO] [stdout]    |
[INFO] [stdout] 72 | struct OpenAIChoice {
[INFO] [stdout]    |        ------------ fields in this struct
[INFO] [stdout] 73 |     index: u32,
[INFO] [stdout]    |     ^^^^^
[INFO] [stdout] 74 |     message: OpenAIMessage,
[INFO] [stdout] 75 |     finish_reason: String,
[INFO] [stdout]    |     ^^^^^^^^^^^^^
[INFO] [stdout] 
[INFO] [stdout] 
[INFO] [stdout] warning: variant `Responses` is never constructed
[INFO] [stdout]   --> src/models/openai.rs:82:5
[INFO] [stdout]    |
[INFO] [stdout] 80 | enum OpenAIApiType {
[INFO] [stdout]    |      ------------- variant in this enum
[INFO] [stdout] 81 |     ChatCompletions,
[INFO] [stdout] 82 |     Responses,
[INFO] [stdout]    |     ^^^^^^^^^
[INFO] [stdout]    |
[INFO] [stdout]    = note: `OpenAIApiType` has derived impls for the traits `Clone` and `Debug`, but these are intentionally ignored during dead code analysis
[INFO] [stdout] 
[INFO] [stdout] 
[INFO] [stderr] warning: unused dependency `config`
[INFO] [stderr]   --> Cargo.toml:14:15
[INFO] [stderr]    |
[INFO] [stderr] 14 | [dependencies.config]
[INFO] [stderr]    |               ^^^^^^^
[INFO] [stderr]    |
[INFO] [stderr]    = note: `cargo::unused_dependencies` is set to `warn` by default
[INFO] [stderr] help: consider removing the dependency on `config`
[INFO] [stderr] warning: unused dependency `env_logger`
[INFO] [stderr]   --> Cargo.toml:17:15
[INFO] [stderr]    |
[INFO] [stderr] 17 | [dependencies.env_logger]
[INFO] [stderr]    |               ^^^^^^^^^^^
[INFO] [stderr]    |
[INFO] [stderr] help: consider removing the dependency on `env_logger`
[INFO] [stderr] help: to still use for development builds, move to `dev-dependencies`
[INFO] [stderr] warning: unused dependency `tempfile`
[INFO] [stderr]   --> Cargo.toml:37:15
[INFO] [stderr]    |
[INFO] [stderr] 37 | [dependencies.tempfile]
[INFO] [stderr]    |               ^^^^^^^^^
[INFO] [stderr]    |
[INFO] [stderr] help: consider removing the dependency on `tempfile`
[INFO] [stderr] help: to still use for development builds, move to `dev-dependencies`
[INFO] [stderr] warning: `rust-agent` (manifest) generated 3 warnings
[INFO] [stderr]     Finished `release` profile [optimized] target(s) in 23.11s
[INFO] running `Command { std: "docker" "inspect" "7393d98d5832b2996d8720c9734d31067abb64e3d874fb7d1c9d8503c1b4258c", kill_on_drop: false }`
[INFO] running `Command { std: "docker" "exec" "-e" "SOURCE_DIR=/opt/rustwide/workdir" "-e" "CARGO_HOME=/opt/rustwide/cargo-home" "-e" "RUSTUP_HOME=/opt/rustwide/rustup-home" "-e" "CARGO_TARGET_DIR=/opt/rustwide/target" "-e" "CARGO_INCREMENTAL=0" "-e" "RUST_BACKTRACE=full" "-e" "RUSTFLAGS=--cap-lints=warn" "-e" "RUSTDOCFLAGS=--cap-lints=warn" "-w" "/opt/rustwide/workdir" "--user" "0:0" "7393d98d5832b2996d8720c9734d31067abb64e3d874fb7d1c9d8503c1b4258c" "/opt/rustwide/cargo-home/bin/cargo" "+1.100.0-beta.1" "test" "--frozen" "--release", kill_on_drop: false }`
[INFO] [stderr] warning: unused import: `Path`
[INFO] [stderr]  --> src/memory/message_history.rs:2:17
[INFO] [stderr]   |
[INFO] [stderr] 2 | use std::path::{Path, PathBuf};
[INFO] [stderr]   |                 ^^^^
[INFO] [stderr]   |
[INFO] [stderr]   = note: `#[warn(unused_imports)]` (part of `#[warn(unused)]`) on by default
[INFO] [stderr] 
[INFO] [stderr] warning: unused imports: `ChatMessageContent`, `ModelChatMessage`, and `OpenAIChatModel`
[INFO] [stderr]   --> src/memory/summary.rs:20:24
[INFO] [stderr]    |
[INFO] [stderr] 20 | use crate::{ChatModel, OpenAIChatModel, ModelChatMessage, ChatMessageContent};
[INFO] [stderr]    |                        ^^^^^^^^^^^^^^^  ^^^^^^^^^^^^^^^^  ^^^^^^^^^^^^^^^^^^
[INFO] [stderr] 
[INFO] [stderr] warning: unused imports: `Deserialize` and `Serialize`
[INFO] [stderr]  --> src/memory/utils.rs:4:13
[INFO] [stderr]   |
[INFO] [stderr] 4 | use serde::{Serialize, Deserialize};
[INFO] [stderr]   |             ^^^^^^^^^  ^^^^^^^^^^^
[INFO] [stderr] 
[INFO] [stderr] warning: unused imports: `error` and `warn`
[INFO] [stderr]   --> src/memory/composite_memory.rs:11:17
[INFO] [stderr]    |
[INFO] [stderr] 11 | use log::{info, warn, error};
[INFO] [stderr]    |                 ^^^^  ^^^^^
[INFO] [stderr] 
[INFO] [stderr] warning: type `OpenAIApiType` is more private than the item `OpenAIChatModel::with_api_type`
[INFO] [stderr]    --> src/models/openai.rs:154:5
[INFO] [stderr]     |
[INFO] [stderr] 154 |     pub fn with_api_type(mut self, api_type: OpenAIApiType) -> Self {
[INFO] [stderr]     |     ^^^^^^^^^^^^^^^^^^^^^^^^^^^^^^^^^^^^^^^^^^^^^^^^^^^^^^^^^^^^^^^ method `OpenAIChatModel::with_api_type` is reachable at visibility `pub`
[INFO] [stderr]     |
[INFO] [stderr] note: but type `OpenAIApiType` is only usable at visibility `pub(self)`
[INFO] [stderr]    --> src/models/openai.rs:80:1
[INFO] [stderr]     |
[INFO] [stderr]  80 | enum OpenAIApiType {
[INFO] [stderr]     | ^^^^^^^^^^^^^^^^^^
[INFO] [stderr]     = note: `#[warn(private_interfaces)]` on by default
[INFO] [stderr] 
[INFO] [stderr] warning: fields `audio_tokens`, `cache_read`, and `reasoning_tokens` are never read
[INFO] [stderr]   --> src/models/openai.rs:22:5
[INFO] [stderr]    |
[INFO] [stderr] 21 | struct InputTokenDetails {
[INFO] [stderr]    |        ----------------- fields in this struct
[INFO] [stderr] 22 |     audio_tokens: Option<usize>,
[INFO] [stderr]    |     ^^^^^^^^^^^^
[INFO] [stderr] 23 |     cache_read: Option<usize>,
[INFO] [stderr]    |     ^^^^^^^^^^
[INFO] [stderr] 24 |     reasoning_tokens: Option<usize>,
[INFO] [stderr]    |     ^^^^^^^^^^^^^^^^
[INFO] [stderr]    |
[INFO] [stderr]    = note: `#[warn(dead_code)]` (part of `#[warn(unused)]`) on by default
[INFO] [stderr] 
[INFO] [stderr] warning: fields `cache_write` and `reasoning_tokens` are never read
[INFO] [stderr]   --> src/models/openai.rs:30:5
[INFO] [stderr]    |
[INFO] [stderr] 29 | struct OutputTokenDetails {
[INFO] [stderr]    |        ------------------ fields in this struct
[INFO] [stderr] 30 |     cache_write: Option<usize>,
[INFO] [stderr]    |     ^^^^^^^^^^^
[INFO] [stderr] 31 |     reasoning_tokens: Option<usize>,
[INFO] [stderr]    |     ^^^^^^^^^^^^^^^^
[INFO] [stderr] 
[INFO] [stderr] warning: fields `input_tokens_details` and `output_tokens_details` are never read
[INFO] [stderr]   --> src/models/openai.rs:42:5
[INFO] [stderr]    |
[INFO] [stderr] 37 | struct OpenAIUsage {
[INFO] [stderr]    |        ----------- fields in this struct
[INFO] [stderr] ...
[INFO] [stderr] 42 |     input_tokens_details: Option<InputTokenDetails>,
[INFO] [stderr]    |     ^^^^^^^^^^^^^^^^^^^^
[INFO] [stderr] 43 |     output_tokens_details: Option<OutputTokenDetails>,
[INFO] [stderr]    |     ^^^^^^^^^^^^^^^^^^^^^
[INFO] [stderr] 
[INFO] [stderr] warning: struct `OpenAIResponsesUsage` is never constructed
[INFO] [stderr]   --> src/models/openai.rs:48:8
[INFO] [stderr]    |
[INFO] [stderr] 48 | struct OpenAIResponsesUsage {
[INFO] [stderr]    |        ^^^^^^^^^^^^^^^^^^^^
[INFO] [stderr] 
[INFO] [stderr] warning: fields `id`, `object`, and `created` are never read
[INFO] [stderr]   --> src/models/openai.rs:60:5
[INFO] [stderr]    |
[INFO] [stderr] 59 | struct OpenAIResponse {
[INFO] [stderr]    |        -------------- fields in this struct
[INFO] [stderr] 60 |     id: Option<String>,
[INFO] [stderr]    |     ^^
[INFO] [stderr] 61 |     object: Option<String>,
[INFO] [stderr]    |     ^^^^^^
[INFO] [stderr] 62 |     created: Option<u64>,
[INFO] [stderr]    |     ^^^^^^^
[INFO] [stderr] 
[INFO] [stderr] warning: fields `index` and `finish_reason` are never read
[INFO] [stderr]   --> src/models/openai.rs:73:5
[INFO] [stderr]    |
[INFO] [stderr] 72 | struct OpenAIChoice {
[INFO] [stderr]    |        ------------ fields in this struct
[INFO] [stderr] 73 |     index: u32,
[INFO] [stderr]    |     ^^^^^
[INFO] [stderr] 74 |     message: OpenAIMessage,
[INFO] [stderr] 75 |     finish_reason: String,
[INFO] [stderr]    |     ^^^^^^^^^^^^^
[INFO] [stderr] 
[INFO] [stderr] warning: variant `Responses` is never constructed
[INFO] [stderr]   --> src/models/openai.rs:82:5
[INFO] [stderr]    |
[INFO] [stderr] 80 | enum OpenAIApiType {
[INFO] [stderr]    |      ------------- variant in this enum
[INFO] [stderr] 81 |     ChatCompletions,
[INFO] [stderr] 82 |     Responses,
[INFO] [stderr]    |     ^^^^^^^^^
[INFO] [stderr]    |
[INFO] [stderr]    = note: `OpenAIApiType` has derived impls for the traits `Clone` and `Debug`, but these are intentionally ignored during dead code analysis
[INFO] [stderr] 
[INFO] [stderr] warning: `rust-agent` (lib) generated 12 warnings (run `cargo fix --lib -p rust-agent` to apply 4 suggestions)
[INFO] [stderr] warning: `rust-agent` (lib test) generated 12 warnings (12 duplicates)
[INFO] [stderr] warning: unused import: `McpTool`
[INFO] [stderr]  --> examples/mcp_agent_client_chatbot.rs:4:74
[INFO] [stderr]   |
[INFO] [stderr] 4 | use rust_agent::{run_agent, OpenAIChatModel, McpClient, SimpleMcpClient, McpTool, McpAgent, SimpleMemory, BaseMemory};
[INFO] [stderr]   |                                                                          ^^^^^^^
[INFO] [stderr]   |
[INFO] [stderr]   = note: `#[warn(unused_imports)]` (part of `#[warn(unused)]`) on by default
[INFO] [stderr] 
[INFO] [stderr] warning: `rust-agent` (example "mcp_agent_client_chatbot") generated 1 warning (run `cargo fix --example "mcp_agent_client_chatbot" -p rust-agent` to apply 1 suggestion)
[INFO] [stderr] warning: unused dependency `config`
[INFO] [stderr]   --> Cargo.toml:14:15
[INFO] [stderr]    |
[INFO] [stderr] 14 | [dependencies.config]
[INFO] [stderr]    |               ^^^^^^^
[INFO] [stderr]    |
[INFO] [stderr]    = note: `cargo::unused_dependencies` is set to `warn` by default
[INFO] [stderr] help: consider removing the dependency on `config`
[INFO] [stderr] warning: unused dependency `env_logger`
[INFO] [stderr]   --> Cargo.toml:17:15
[INFO] [stderr]    |
[INFO] [stderr] 17 | [dependencies.env_logger]
[INFO] [stderr]    |               ^^^^^^^^^^^
[INFO] [stderr]    |
[INFO] [stderr] help: consider removing the dependency on `env_logger`
[INFO] [stderr] help: to still use for development builds, move to `dev-dependencies`
[INFO] [stderr] warning: unused dependency `tempfile`
[INFO] [stderr]   --> Cargo.toml:37:15
[INFO] [stderr]    |
[INFO] [stderr] 37 | [dependencies.tempfile]
[INFO] [stderr]    |               ^^^^^^^^^
[INFO] [stderr]    |
[INFO] [stderr] help: consider removing the dependency on `tempfile`
[INFO] [stderr] help: to still use for development builds, move to `dev-dependencies`
[INFO] [stderr] warning: `rust-agent` (manifest) generated 3 warnings
[INFO] [stderr]     Finished `release` profile [optimized] target(s) in 0.28s
[INFO] [stderr]      Running unittests src/lib.rs (/opt/rustwide/target/release/build/rust-agent/c5c6246546afda21/out/rust_agent-c5c6246546afda21)
[INFO] [stdout] 
[INFO] [stdout] running 12 tests
[INFO] [stdout] test memory::utils::tests::test_get_env_var ... ok
[INFO] [stdout] test memory::utils::tests::test_get_session_file_path ... ok
[INFO] [stdout] test memory::utils::tests::test_current_timestamp ... ok
[INFO] [stdout] test memory::utils::tests::test_estimate_token_count ... ok
[INFO] [stdout] test memory::utils::tests::test_generate_session_id ... ok
[INFO] [stdout] test memory::composite_memory::tests::test_add_message ... ok
[INFO] [stdout] test memory::composite_memory::tests::test_save_context ... ok
[INFO] [stdout] test memory::composite_memory::tests::test_composite_memory_with_session_id ... FAILED
[INFO] [stdout] test memory::composite_memory::tests::test_composite_memory_new ... FAILED
[INFO] [stdout] test memory::composite_memory::tests::test_clear ... ok
[INFO] [stdout] test memory::utils::tests::test_ensure_data_dir_exists ... ok
[INFO] [stdout] test mcp::tests::test_mcp_ping ... ok
[INFO] [stdout] 
[INFO] [stdout] failures:
[INFO] [stdout] 
[INFO] [stdout] ---- memory::composite_memory::tests::test_composite_memory_with_session_id stdout ----
[INFO] [stdout] 
[INFO] [stdout] thread 'memory::composite_memory::tests::test_composite_memory_with_session_id' (2632) panicked at src/memory/composite_memory.rs:435:9:
[INFO] [stdout] assertion failed: memory.is_ok()
[INFO] [stdout] stack backtrace:
[INFO] [stdout]    0:     0x64b87da81f51 - <<std[617be2ca0a6fd877]::sys::backtrace::BacktraceLock>::print::DisplayBacktrace as core[a373ad73a504971]::fmt::Display>::fmt
[INFO] [stdout]    1:     0x64b87da995ba - core[a373ad73a504971]::fmt::write
[INFO] [stdout]    2:     0x64b87da8738c - <alloc[2e1b2a31b91974c5]::vec::Vec<u8> as core[a373ad73a504971]::io::write::Write>::write_fmt
[INFO] [stdout]    3:     0x64b87da5ac26 - std[617be2ca0a6fd877]::panicking::default_hook::{closure#0}
[INFO] [stdout]    4:     0x64b87da78f39 - std[617be2ca0a6fd877]::panicking::default_hook
[INFO] [stdout]    5:     0x64b87d83ff90 - test[aada8e7e76ba119b]::test_main_inner::{closure#0}
[INFO] [stdout]    6:     0x64b87da79262 - std[617be2ca0a6fd877]::panicking::panic_with_hook
[INFO] [stdout]    7:     0x64b87da5ad04 - std[617be2ca0a6fd877]::panicking::panic_handler::{closure#0}
[INFO] [stdout]    8:     0x64b87da52ed9 - std[617be2ca0a6fd877]::sys::backtrace::__rust_end_short_backtrace::<std[617be2ca0a6fd877]::panicking::panic_handler::{closure#0}, !>
[INFO] [stdout]    9:     0x64b87da5beed - __rustc[ea4f61d10b84890b]::rust_begin_unwind
[INFO] [stdout]   10:     0x64b87da99d1c - core[a373ad73a504971]::panicking::panic_fmt
[INFO] [stdout]   11:     0x64b87da99ce2 - core[a373ad73a504971]::panicking::panic
[INFO] [stdout]   12:     0x64b87d7b4294 - rust_agent[413570825ff8edb7]::memory::composite_memory::tests::test_composite_memory_with_session_id::{closure#0}
[INFO] [stdout]   13:     0x64b87d7ddf33 - <tokio[ab532104c8488fa7]::runtime::scheduler::current_thread::Context>::enter::<core[a373ad73a504971]::task::poll::Poll<()>, <tokio[ab532104c8488fa7]::runtime::scheduler::current_thread::CoreGuard>::block_on<core[a373ad73a504971]::pin::Pin<&mut core[a373ad73a504971]::pin::Pin<&mut dyn core[a373ad73a504971]::future::future::Future<Output = ()>>>>::{closure#0}::{closure#0}>
[INFO] [stdout]   14:     0x64b87d814dfc - <tokio[ab532104c8488fa7]::runtime::context::scoped::Scoped<tokio[ab532104c8488fa7]::runtime::scheduler::Context>>::set::<<tokio[ab532104c8488fa7]::runtime::scheduler::current_thread::CoreGuard>::enter<<tokio[ab532104c8488fa7]::runtime::scheduler::current_thread::CoreGuard>::block_on<core[a373ad73a504971]::pin::Pin<&mut core[a373ad73a504971]::pin::Pin<&mut dyn core[a373ad73a504971]::future::future::Future<Output = ()>>>>::{closure#0}, core[a373ad73a504971]::option::Option<()>>::{closure#0}, (alloc[2e1b2a31b91974c5]::boxed::Box<tokio[ab532104c8488fa7]::runtime::scheduler::current_thread::Core>, core[a373ad73a504971]::option::Option<()>)>
[INFO] [stdout]   15:     0x64b87d7de487 - <tokio[ab532104c8488fa7]::runtime::scheduler::current_thread::CoreGuard>::block_on::<core[a373ad73a504971]::pin::Pin<&mut core[a373ad73a504971]::pin::Pin<&mut dyn core[a373ad73a504971]::future::future::Future<Output = ()>>>>
[INFO] [stdout]   16:     0x64b87d8042f7 - tokio[ab532104c8488fa7]::runtime::context::runtime::enter_runtime::<<tokio[ab532104c8488fa7]::runtime::scheduler::current_thread::CurrentThread>::block_on<core[a373ad73a504971]::pin::Pin<&mut dyn core[a373ad73a504971]::future::future::Future<Output = ()>>>::{closure#0}, ()>
[INFO] [stdout]   17:     0x64b87d80069a - <tokio[ab532104c8488fa7]::runtime::runtime::Runtime>::block_on::<core[a373ad73a504971]::pin::Pin<&mut dyn core[a373ad73a504971]::future::future::Future<Output = ()>>>
[INFO] [stdout]   18:     0x64b87d7b4f5e - <rust_agent[413570825ff8edb7]::memory::composite_memory::tests::test_composite_memory_with_session_id::{closure#0} as core[a373ad73a504971]::ops::function::FnOnce<()>>::call_once
[INFO] [stdout]   19:     0x64b87d8333db - test[aada8e7e76ba119b]::__rust_begin_short_backtrace::<core[a373ad73a504971]::result::Result<(), alloc[2e1b2a31b91974c5]::string::String>, fn() -> core[a373ad73a504971]::result::Result<(), alloc[2e1b2a31b91974c5]::string::String>>
[INFO] [stdout]   20:     0x64b87d8405b5 - test[aada8e7e76ba119b]::run_test::{closure#0}
[INFO] [stdout]   21:     0x64b87d839ea4 - std[617be2ca0a6fd877]::sys::backtrace::__rust_begin_short_backtrace::<test[aada8e7e76ba119b]::run_test::{closure#1}, ()>
[INFO] [stdout]   22:     0x64b87d843642 - <std[617be2ca0a6fd877]::thread::lifecycle::spawn_unchecked<test[aada8e7e76ba119b]::run_test::{closure#1}, ()>::{closure#1} as core[a373ad73a504971]::ops::function::FnOnce<()>>::call_once::{shim:vtable#0}
[INFO] [stdout]   23:     0x64b87da80ebf - <std[617be2ca0a6fd877]::sys::thread::unix::Thread>::new::thread_start
[INFO] [stdout]   24:     0x7a01e0de1dfa - <unknown>
[INFO] [stdout]   25:     0x7a01e0e753d4 - clone
[INFO] [stdout]   26:                0x0 - <unknown>
[INFO] [stdout] 
[INFO] [stdout] ---- memory::composite_memory::tests::test_composite_memory_new stdout ----
[INFO] [stdout] 
[INFO] [stdout] thread 'memory::composite_memory::tests::test_composite_memory_new' (2631) panicked at src/memory/composite_memory.rs:428:9:
[INFO] [stdout] assertion failed: memory.is_ok()
[INFO] [stdout] stack backtrace:
[INFO] [stdout]    0:     0x64b87da81f51 - <<std[617be2ca0a6fd877]::sys::backtrace::BacktraceLock>::print::DisplayBacktrace as core[a373ad73a504971]::fmt::Display>::fmt
[INFO] [stdout]    1:     0x64b87da995ba - core[a373ad73a504971]::fmt::write
[INFO] [stdout]    2:     0x64b87da8738c - <alloc[2e1b2a31b91974c5]::vec::Vec<u8> as core[a373ad73a504971]::io::write::Write>::write_fmt
[INFO] [stdout]    3:     0x64b87da5ac26 - std[617be2ca0a6fd877]::panicking::default_hook::{closure#0}
[INFO] [stdout]    4:     0x64b87da78f39 - std[617be2ca0a6fd877]::panicking::default_hook
[INFO] [stdout]    5:     0x64b87d83ff90 - test[aada8e7e76ba119b]::test_main_inner::{closure#0}
[INFO] [stdout]    6:     0x64b87da79262 - std[617be2ca0a6fd877]::panicking::panic_with_hook
[INFO] [stdout]    7:     0x64b87da5ad04 - std[617be2ca0a6fd877]::panicking::panic_handler::{closure#0}
[INFO] [stdout]    8:     0x64b87da52ed9 - std[617be2ca0a6fd877]::sys::backtrace::__rust_end_short_backtrace::<std[617be2ca0a6fd877]::panicking::panic_handler::{closure#0}, !>
[INFO] [stdout]    9:     0x64b87da5beed - __rustc[ea4f61d10b84890b]::rust_begin_unwind
[INFO] [stdout]   10:     0x64b87da99d1c - core[a373ad73a504971]::panicking::panic_fmt
[INFO] [stdout]   11:     0x64b87da99ce2 - core[a373ad73a504971]::panicking::panic
[INFO] [stdout]   12:     0x64b87d7b3e58 - rust_agent[413570825ff8edb7]::memory::composite_memory::tests::test_composite_memory_new::{closure#0}
[INFO] [stdout]   13:     0x64b87d7ddf33 - <tokio[ab532104c8488fa7]::runtime::scheduler::current_thread::Context>::enter::<core[a373ad73a504971]::task::poll::Poll<()>, <tokio[ab532104c8488fa7]::runtime::scheduler::current_thread::CoreGuard>::block_on<core[a373ad73a504971]::pin::Pin<&mut core[a373ad73a504971]::pin::Pin<&mut dyn core[a373ad73a504971]::future::future::Future<Output = ()>>>>::{closure#0}::{closure#0}>
[INFO] [stdout]   14:     0x64b87d814dfc - <tokio[ab532104c8488fa7]::runtime::context::scoped::Scoped<tokio[ab532104c8488fa7]::runtime::scheduler::Context>>::set::<<tokio[ab532104c8488fa7]::runtime::scheduler::current_thread::CoreGuard>::enter<<tokio[ab532104c8488fa7]::runtime::scheduler::current_thread::CoreGuard>::block_on<core[a373ad73a504971]::pin::Pin<&mut core[a373ad73a504971]::pin::Pin<&mut dyn core[a373ad73a504971]::future::future::Future<Output = ()>>>>::{closure#0}, core[a373ad73a504971]::option::Option<()>>::{closure#0}, (alloc[2e1b2a31b91974c5]::boxed::Box<tokio[ab532104c8488fa7]::runtime::scheduler::current_thread::Core>, core[a373ad73a504971]::option::Option<()>)>
[INFO] [stdout]   15:     0x64b87d7de487 - <tokio[ab532104c8488fa7]::runtime::scheduler::current_thread::CoreGuard>::block_on::<core[a373ad73a504971]::pin::Pin<&mut core[a373ad73a504971]::pin::Pin<&mut dyn core[a373ad73a504971]::future::future::Future<Output = ()>>>>
[INFO] [stdout]   16:     0x64b87d8042f7 - tokio[ab532104c8488fa7]::runtime::context::runtime::enter_runtime::<<tokio[ab532104c8488fa7]::runtime::scheduler::current_thread::CurrentThread>::block_on<core[a373ad73a504971]::pin::Pin<&mut dyn core[a373ad73a504971]::future::future::Future<Output = ()>>>::{closure#0}, ()>
[INFO] [stdout]   17:     0x64b87d80069a - <tokio[ab532104c8488fa7]::runtime::runtime::Runtime>::block_on::<core[a373ad73a504971]::pin::Pin<&mut dyn core[a373ad73a504971]::future::future::Future<Output = ()>>>
[INFO] [stdout]   18:     0x64b87d7b4dde - <rust_agent[413570825ff8edb7]::memory::composite_memory::tests::test_composite_memory_new::{closure#0} as core[a373ad73a504971]::ops::function::FnOnce<()>>::call_once
[INFO] [stdout]   19:     0x64b87d8333db - test[aada8e7e76ba119b]::__rust_begin_short_backtrace::<core[a373ad73a504971]::result::Result<(), alloc[2e1b2a31b91974c5]::string::String>, fn() -> core[a373ad73a504971]::result::Result<(), alloc[2e1b2a31b91974c5]::string::String>>
[INFO] [stdout]   20:     0x64b87d8405b5 - test[aada8e7e76ba119b]::run_test::{closure#0}
[INFO] [stdout]   21:     0x64b87d839ea4 - std[617be2ca0a6fd877]::sys::backtrace::__rust_begin_short_backtrace::<test[aada8e7e76ba119b]::run_test::{closure#1}, ()>
[INFO] [stdout]   22:     0x64b87d843642 - <std[617be2ca0a6fd877]::thread::lifecycle::spawn_unchecked<test[aada8e7e76ba119b]::run_test::{closure#1}, ()>::{closure#1} as core[a373ad73a504971]::ops::function::FnOnce<()>>::call_once::{shim:vtable#0}
[INFO] [stdout]   23:     0x64b87da80ebf - <std[617be2ca0a6fd877]::sys::thread::unix::Thread>::new::thread_start
[INFO] [stdout]   24:     0x7a01e0de1dfa - <unknown>
[INFO] [stdout]   25:     0x7a01e0e753d4 - clone
[INFO] [stdout]   26:                0x0 - <unknown>
[INFO] [stdout] 
[INFO] [stdout] 
[INFO] [stdout] failures:
[INFO] [stdout]     memory::composite_memory::tests::test_composite_memory_new
[INFO] [stdout]     memory::composite_memory::tests::test_composite_memory_with_session_id
[INFO] [stdout] 
[INFO] [stdout] test result: FAILED. 10 passed; 2 failed; 0 ignored; 0 measured; 0 filtered out; finished in 0.18s
[INFO] [stdout] 
[INFO] [stderr] error: test failed, to rerun pass `--lib`
[INFO] running `Command { std: "docker" "inspect" "7393d98d5832b2996d8720c9734d31067abb64e3d874fb7d1c9d8503c1b4258c", kill_on_drop: false }`
[INFO] running `Command { std: "docker" "rm" "-f" "7393d98d5832b2996d8720c9734d31067abb64e3d874fb7d1c9d8503c1b4258c", kill_on_drop: false }`
[INFO] [stdout] 7393d98d5832b2996d8720c9734d31067abb64e3d874fb7d1c9d8503c1b4258c
