[INFO] fetching crate russx 0.3.4...
[INFO] testing russx-0.3.4 against 1.99.0-beta.8+cargoflags=--release for beta-release-1.100-2
[INFO] extracting crate russx 0.3.4 into /workspace/builds/worker-2-tc1/source
[INFO] started tweaking crates.io crate russx 0.3.4
[INFO] finished tweaking crates.io crate russx 0.3.4
[INFO] tweaked toml for crates.io crate russx 0.3.4 written to /workspace/builds/worker-2-tc1/source/Cargo.toml
[INFO] validating manifest of crates.io crate russx 0.3.4 on toolchain 1.99.0-beta.8
[INFO] running `Command { std: CARGO_HOME="/workspace/cargo-home" RUSTUP_HOME="/workspace/rustup-home" "/workspace/cargo-home/bin/cargo" "+1.99.0-beta.8" "metadata" "--manifest-path" "Cargo.toml" "--no-deps", kill_on_drop: false }`
[INFO] running `Command { std: CARGO_HOME="/workspace/cargo-home" RUSTUP_HOME="/workspace/rustup-home" "/workspace/cargo-home/bin/cargo" "+1.99.0-beta.8" "generate-lockfile" "--manifest-path" "Cargo.toml", kill_on_drop: false }`
[INFO] [stderr]     Updating crates.io index
[INFO] [stderr]      Locking 358 packages to highest compatible versions
[INFO] [stderr]       Adding askama_escape v0.10.3 (available: v0.16.1)
[INFO] [stderr]       Adding axum-core v0.4.5 (available: v0.5.6)
[INFO] [stderr]       Adding generic-array v0.14.7 (available: v0.14.9)
[INFO] [stderr]       Adding gotham v0.7.4 (available: v0.8.1)
[INFO] [stderr]       Adding subtle v2.4.1 (available: v2.6.1)
[INFO] [stderr]       Adding thiserror v1.0.69 (available: v2.0.21)
[INFO] [stderr]       Adding typed-builder v0.18.2 (available: v0.23.2)
[INFO] [stderr]       Adding warp v0.3.7 (available: v0.4.3)
[INFO] running `Command { std: CARGO_HOME="/workspace/cargo-home" RUSTUP_HOME="/workspace/rustup-home" "/workspace/cargo-home/bin/cargo" "+1.99.0-beta.8" "fetch" "--manifest-path" "Cargo.toml", kill_on_drop: false }`
[INFO] [stderr]  Downloading crates ...
[INFO] [stderr]   Downloaded value-bag-sval2 v1.14.1
[INFO] [stderr]   Downloaded sval_serde v2.22.0
[INFO] [stderr]   Downloaded sval_nested v2.22.0
[INFO] [stderr]   Downloaded sval_ref v2.22.0
[INFO] [stderr]   Downloaded route-recognizer v0.2.0
[INFO] [stderr]   Downloaded sval v2.22.0
[INFO] [stderr]   Downloaded value-bag-serde1 v1.14.1
[INFO] [stderr]   Downloaded cookie v0.14.4
[INFO] [stderr]   Downloaded sval_json v2.22.0
[INFO] [stderr]   Downloaded sval_fmt v2.22.0
[INFO] [stderr]   Downloaded sval_dynamic v2.22.0
[INFO] [stderr]   Downloaded typed-builder-macro v0.18.2
[INFO] [stderr]   Downloaded sval_buffer v2.22.0
[INFO] [stderr]   Downloaded typed-builder v0.18.2
[INFO] [stderr]   Downloaded hmac v0.10.1
[INFO] [stderr]   Downloaded tide v0.16.0
[INFO] [stderr]   Downloaded crypto-mac v0.10.1
[INFO] [stderr]   Downloaded ghash v0.3.1
[INFO] [stderr]   Downloaded ctr v0.6.0
[INFO] [stderr]   Downloaded hkdf v0.10.0
[INFO] [stderr]   Downloaded polyval v0.4.5
[INFO] [stderr]   Downloaded aes v0.6.0
[INFO] [stderr]   Downloaded cpuid-bool v0.2.0
[INFO] [stderr]   Downloaded aesni v0.10.0
[INFO] [stderr]   Downloaded aes-gcm v0.8.0
[INFO] [stderr]   Downloaded aes-soft v0.6.4
[INFO] [stderr]   Downloaded aead v0.3.2
[INFO] [stderr]   Downloaded http-client v6.5.3
[INFO] [stderr]   Downloaded async-sse v4.1.0
[INFO] [stderr]   Downloaded syn_derive v0.1.8
[INFO] [stderr]   Downloaded russx_macros v0.3.4
[INFO] [stderr]   Downloaded rstml v0.11.2
[INFO] [stderr]   Downloaded ubyte v0.10.4
[INFO] [stderr]   Downloaded rocket v0.5.1
[INFO] [stderr]   Downloaded loom v0.5.6
[INFO] [stderr]   Downloaded state v0.6.0
[INFO] [stderr]   Downloaded generator v0.7.5
[INFO] [stderr]   Downloaded stable-pattern v0.1.0
[INFO] [stderr]   Downloaded rocket_http v0.5.1
[INFO] [stderr]   Downloaded devise_core v0.4.2
[INFO] [stderr]   Downloaded devise_codegen v0.4.2
[INFO] [stderr]   Downloaded rocket_codegen v0.5.1
[INFO] [stderr]   Downloaded devise v0.4.2
[INFO] [stderr]   Downloaded binascii v0.1.4
[INFO] [stderr]   Downloaded gotham v0.7.4
[INFO] [stderr]   Downloaded cookie v0.15.2
[INFO] [stderr]   Downloaded borrow-bag v1.1.1
[INFO] [stderr]   Downloaded impl-more v0.3.10
[INFO] [stderr]   Downloaded actix-web v4.17.0
[INFO] [stderr]   Downloaded actix-codec v0.5.4
[INFO] [stderr]   Downloaded actix-utils v3.0.2
[INFO] [stderr]   Downloaded bytestring v1.5.1
[INFO] [stderr]   Downloaded actix-router v0.5.4
[INFO] [stderr]   Downloaded actix-service v2.0.3
[INFO] [stderr]   Downloaded actix-server v2.10.0
[INFO] [stderr]   Downloaded actix-rt v2.15.0
[INFO] [stderr]   Downloaded actix-http v3.19.0
[INFO] running `Command { std: "docker" "create" "-v" "/var/lib/crater-agent-workspace/builds/worker-2-tc1/source:/opt/rustwide/workdir:ro,Z" "-v" "/var/lib/crater-agent-workspace/builds/worker-2-tc1/target:/opt/rustwide/target:rw,Z" "-v" "/var/lib/crater-agent-workspace/cargo-home:/opt/rustwide/cargo-home:ro,Z" "-v" "/var/lib/crater-agent-workspace/rustup-home:/opt/rustwide/rustup-home:ro,Z" "-m" "1610612736" "--network" "none" "ghcr.io/rust-lang/crates-build-env/linux@sha256:77db811e55d90add9212f6832c23229e3de5f1c1f9905e8cb07319ea15df73ac" "sleep" "infinity", kill_on_drop: false }`
[INFO] [stdout] 29f43ea8db18c53d6b2f790bd6e1cb7a3b594304a4c6ddfec167db0f4daa22db
[INFO] running `Command { std: "docker" "start" "29f43ea8db18c53d6b2f790bd6e1cb7a3b594304a4c6ddfec167db0f4daa22db", kill_on_drop: false }`
[INFO] running `Command { std: "docker" "inspect" "29f43ea8db18c53d6b2f790bd6e1cb7a3b594304a4c6ddfec167db0f4daa22db", kill_on_drop: false }`
[INFO] running `Command { std: "docker" "exec" "-e" "SOURCE_DIR=/opt/rustwide/workdir" "-e" "CARGO_HOME=/opt/rustwide/cargo-home" "-e" "RUSTUP_HOME=/opt/rustwide/rustup-home" "-e" "CARGO_TARGET_DIR=/opt/rustwide/target" "-w" "/opt/rustwide/workdir" "--user" "0:0" "29f43ea8db18c53d6b2f790bd6e1cb7a3b594304a4c6ddfec167db0f4daa22db" "/opt/rustwide/cargo-home/bin/cargo" "+1.99.0-beta.8" "metadata" "--no-deps" "--format-version=1", kill_on_drop: false }`
[INFO] running `Command { std: "docker" "inspect" "29f43ea8db18c53d6b2f790bd6e1cb7a3b594304a4c6ddfec167db0f4daa22db", kill_on_drop: false }`
[INFO] running `Command { std: "docker" "exec" "-e" "SOURCE_DIR=/opt/rustwide/workdir" "-e" "CARGO_HOME=/opt/rustwide/cargo-home" "-e" "RUSTUP_HOME=/opt/rustwide/rustup-home" "-e" "CARGO_TARGET_DIR=/opt/rustwide/target" "-e" "CARGO_INCREMENTAL=0" "-e" "RUST_BACKTRACE=full" "-e" "RUSTFLAGS=--cap-lints=warn" "-e" "RUSTDOCFLAGS=--cap-lints=warn" "-w" "/opt/rustwide/workdir" "--user" "0:0" "29f43ea8db18c53d6b2f790bd6e1cb7a3b594304a4c6ddfec167db0f4daa22db" "/opt/rustwide/cargo-home/bin/cargo" "+1.99.0-beta.8" "build" "--frozen" "--message-format=json" "--release", kill_on_drop: false }`
[INFO] [stderr]    Compiling yansi v1.0.1
[INFO] [stderr]    Compiling askama_escape v0.10.3
[INFO] [stderr]    Compiling proc-macro-error v1.0.4
[INFO] [stderr]    Compiling proc-macro2-diagnostics v0.10.1
[INFO] [stderr]    Compiling thiserror v1.0.69
[INFO] [stderr]    Compiling proc-macro-error-attr v1.0.4
[INFO] [stderr]    Compiling thiserror-impl v1.0.69
[INFO] [stderr]    Compiling typed-builder-macro v0.18.2
[INFO] [stderr]    Compiling syn_derive v0.1.8
[INFO] [stderr]    Compiling rstml v0.11.2
[INFO] [stderr]    Compiling typed-builder v0.18.2
[INFO] [stderr]    Compiling russx_macros v0.3.4
[INFO] [stderr]    Compiling russx v0.3.4 (/opt/rustwide/workdir)
[INFO] [stderr]     Finished `release` profile [optimized] target(s) in 6.59s
[INFO] running `Command { std: "docker" "inspect" "29f43ea8db18c53d6b2f790bd6e1cb7a3b594304a4c6ddfec167db0f4daa22db", kill_on_drop: false }`
[INFO] running `Command { std: "docker" "exec" "-e" "SOURCE_DIR=/opt/rustwide/workdir" "-e" "CARGO_HOME=/opt/rustwide/cargo-home" "-e" "RUSTUP_HOME=/opt/rustwide/rustup-home" "-e" "CARGO_TARGET_DIR=/opt/rustwide/target" "-e" "CARGO_INCREMENTAL=0" "-e" "RUST_BACKTRACE=full" "-e" "RUSTFLAGS=--cap-lints=warn" "-e" "RUSTDOCFLAGS=--cap-lints=warn" "-w" "/opt/rustwide/workdir" "--user" "0:0" "29f43ea8db18c53d6b2f790bd6e1cb7a3b594304a4c6ddfec167db0f4daa22db" "/opt/rustwide/cargo-home/bin/cargo" "+1.99.0-beta.8" "test" "--frozen" "--no-run" "--message-format=json" "--release", kill_on_drop: false }`
[INFO] [stderr]    Compiling russx v0.3.4 (/opt/rustwide/workdir)
[INFO] [stderr]     Finished `release` profile [optimized] target(s) in 0.39s
[INFO] running `Command { std: "docker" "inspect" "29f43ea8db18c53d6b2f790bd6e1cb7a3b594304a4c6ddfec167db0f4daa22db", kill_on_drop: false }`
[INFO] running `Command { std: "docker" "exec" "-e" "SOURCE_DIR=/opt/rustwide/workdir" "-e" "CARGO_HOME=/opt/rustwide/cargo-home" "-e" "RUSTUP_HOME=/opt/rustwide/rustup-home" "-e" "CARGO_TARGET_DIR=/opt/rustwide/target" "-e" "CARGO_INCREMENTAL=0" "-e" "RUST_BACKTRACE=full" "-e" "RUSTFLAGS=--cap-lints=warn" "-e" "RUSTDOCFLAGS=--cap-lints=warn" "-w" "/opt/rustwide/workdir" "--user" "0:0" "29f43ea8db18c53d6b2f790bd6e1cb7a3b594304a4c6ddfec167db0f4daa22db" "/opt/rustwide/cargo-home/bin/cargo" "+1.99.0-beta.8" "test" "--frozen" "--release", kill_on_drop: false }`
[INFO] [stderr]     Finished `release` profile [optimized] target(s) in 0.14s
[INFO] [stderr]      Running unittests src/lib.rs (/opt/rustwide/target/release/deps/russx-6b16c82d599cacd3)
[INFO] [stdout] 
[INFO] [stdout] running 0 tests
[INFO] [stdout] 
[INFO] [stderr]    Doc-tests russx
[INFO] [stdout] test result: ok. 0 passed; 0 failed; 0 ignored; 0 measured; 0 filtered out; finished in 0.00s
[INFO] [stdout] 
[INFO] [stdout] 
[INFO] [stdout] running 1 test
[INFO] [stdout] test src/lib.rs - Attributes (line 192) ... FAILED
[INFO] [stdout] 
[INFO] [stdout] failures:
[INFO] [stdout] 
[INFO] [stdout] ---- src/lib.rs - Attributes (line 192) stdout ----
[INFO] [stdout] error[E0599]: no method named `render` found for struct `TemplateFn<'a>` in the current scope
[INFO] [stdout]    --> src/lib.rs:199:3
[INFO] [stdout]     |
[INFO] [stdout] 195 |   let html = russx::tmpl! {
[INFO] [stdout]     |  ____________-
[INFO] [stdout] 196 | |     <div {style_attr}>
[INFO] [stdout] 197 | |         "hello world"
[INFO] [stdout] 198 | |     </div>
[INFO] [stdout] 199 | | }.render()?;
[INFO] [stdout]     | |__-^^^^^^
[INFO] [stdout]     |
[INFO] [stdout]    ::: src/lib.rs:253:8
[INFO] [stdout]     |
[INFO] [stdout] 253 |       fn render(self) -> Result<String> {
[INFO] [stdout]     |          ------ the method is available for `TemplateFn<'_>` here
[INFO] [stdout]     |
[INFO] [stdout]     = help: items from traits can only be used if the trait is in scope
[INFO] [stdout] help: there is a method `render_into` with a similar name, but with different arguments
[INFO] [stdout]    --> src/lib.rs:250:5
[INFO] [stdout]     |
[INFO] [stdout] 250 |     fn render_into(self, writer: &mut dyn fmt::Write) -> Result<()>;
[INFO] [stdout]     |     ^^^^^^^^^^^^^^^^^^^^^^^^^^^^^^^^^^^^^^^^^^^^^^^^^^^^^^^^^^^^^^^^
[INFO] [stdout] help: trait `Template` which provides `render` is implemented but not in scope; perhaps you want to import it
[INFO] [stdout]     |
[INFO] [stdout] 191 + use crate::russx::Template;
[INFO] [stdout]     |
[INFO] [stdout] 
[INFO] [stdout] error: aborting due to 1 previous error
[INFO] [stdout] 
[INFO] [stdout] For more information about this error, try `rustc --explain E0599`.
[INFO] [stdout] Couldn't compile the test.
[INFO] [stdout] 
[INFO] [stdout] failures:
[INFO] [stdout]     src/lib.rs - Attributes (line 192)
[INFO] [stdout] 
[INFO] [stdout] test result: FAILED. 0 passed; 1 failed; 0 ignored; 0 measured; 0 filtered out; finished in 0.13s
[INFO] [stdout] 
[INFO] [stderr] error: doctest failed, to rerun pass `--doc`
[INFO] running `Command { std: "docker" "inspect" "29f43ea8db18c53d6b2f790bd6e1cb7a3b594304a4c6ddfec167db0f4daa22db", kill_on_drop: false }`
[INFO] running `Command { std: "docker" "rm" "-f" "29f43ea8db18c53d6b2f790bd6e1cb7a3b594304a4c6ddfec167db0f4daa22db", kill_on_drop: false }`
[INFO] [stdout] 29f43ea8db18c53d6b2f790bd6e1cb7a3b594304a4c6ddfec167db0f4daa22db
