[INFO] fetching crate rusoto_ses 0.48.0...
[INFO] testing rusoto_ses-0.48.0 against 1.99.0-beta.8+cargoflags=--release for beta-release-1.100-2
[INFO] extracting crate rusoto_ses 0.48.0 into /workspace/builds/worker-7-tc1/source
[INFO] started tweaking crates.io crate rusoto_ses 0.48.0
[INFO] finished tweaking crates.io crate rusoto_ses 0.48.0
[INFO] tweaked toml for crates.io crate rusoto_ses 0.48.0 written to /workspace/builds/worker-7-tc1/source/Cargo.toml
[INFO] validating manifest of crates.io crate rusoto_ses 0.48.0 on toolchain 1.99.0-beta.8
[INFO] running `Command { std: CARGO_HOME="/workspace/cargo-home" RUSTUP_HOME="/workspace/rustup-home" "/workspace/cargo-home/bin/cargo" "+1.99.0-beta.8" "metadata" "--manifest-path" "Cargo.toml" "--no-deps", kill_on_drop: false }`
[INFO] running `Command { std: CARGO_HOME="/workspace/cargo-home" RUSTUP_HOME="/workspace/rustup-home" "/workspace/cargo-home/bin/cargo" "+1.99.0-beta.8" "generate-lockfile" "--manifest-path" "Cargo.toml", kill_on_drop: false }`
[INFO] [stderr]     Updating crates.io index
[INFO] [stderr]      Locking 165 packages to highest compatible versions
[INFO] [stderr]       Adding subtle v2.4.1 (available: v2.6.1)
[INFO] [stderr]       Adding xml-rs v0.8.29 (available: v1.0.0)
[INFO] running `Command { std: CARGO_HOME="/workspace/cargo-home" RUSTUP_HOME="/workspace/rustup-home" "/workspace/cargo-home/bin/cargo" "+1.99.0-beta.8" "fetch" "--manifest-path" "Cargo.toml", kill_on_drop: false }`
[INFO] running `Command { std: "docker" "create" "-v" "/var/lib/crater-agent-workspace/builds/worker-7-tc1/source:/opt/rustwide/workdir:ro,Z" "-v" "/var/lib/crater-agent-workspace/builds/worker-7-tc1/target:/opt/rustwide/target:rw,Z" "-v" "/var/lib/crater-agent-workspace/cargo-home:/opt/rustwide/cargo-home:ro,Z" "-v" "/var/lib/crater-agent-workspace/rustup-home:/opt/rustwide/rustup-home:ro,Z" "-m" "1610612736" "--network" "none" "ghcr.io/rust-lang/crates-build-env/linux@sha256:77db811e55d90add9212f6832c23229e3de5f1c1f9905e8cb07319ea15df73ac" "sleep" "infinity", kill_on_drop: false }`
[INFO] [stdout] 839ff553fa0739fa34a6635977188443fac45765d6d10ecf07ee783e231f2888
[INFO] running `Command { std: "docker" "start" "839ff553fa0739fa34a6635977188443fac45765d6d10ecf07ee783e231f2888", kill_on_drop: false }`
[INFO] running `Command { std: "docker" "inspect" "839ff553fa0739fa34a6635977188443fac45765d6d10ecf07ee783e231f2888", kill_on_drop: false }`
[INFO] running `Command { std: "docker" "exec" "-e" "SOURCE_DIR=/opt/rustwide/workdir" "-e" "CARGO_HOME=/opt/rustwide/cargo-home" "-e" "RUSTUP_HOME=/opt/rustwide/rustup-home" "-e" "CARGO_TARGET_DIR=/opt/rustwide/target" "-w" "/opt/rustwide/workdir" "--user" "0:0" "839ff553fa0739fa34a6635977188443fac45765d6d10ecf07ee783e231f2888" "/opt/rustwide/cargo-home/bin/cargo" "+1.99.0-beta.8" "metadata" "--no-deps" "--format-version=1", kill_on_drop: false }`
[INFO] running `Command { std: "docker" "inspect" "839ff553fa0739fa34a6635977188443fac45765d6d10ecf07ee783e231f2888", kill_on_drop: false }`
[INFO] running `Command { std: "docker" "exec" "-e" "SOURCE_DIR=/opt/rustwide/workdir" "-e" "CARGO_HOME=/opt/rustwide/cargo-home" "-e" "RUSTUP_HOME=/opt/rustwide/rustup-home" "-e" "CARGO_TARGET_DIR=/opt/rustwide/target" "-e" "CARGO_INCREMENTAL=0" "-e" "RUST_BACKTRACE=full" "-e" "RUSTFLAGS=--cap-lints=warn" "-e" "RUSTDOCFLAGS=--cap-lints=warn" "-w" "/opt/rustwide/workdir" "--user" "0:0" "839ff553fa0739fa34a6635977188443fac45765d6d10ecf07ee783e231f2888" "/opt/rustwide/cargo-home/bin/cargo" "+1.99.0-beta.8" "build" "--frozen" "--message-format=json" "--release", kill_on_drop: false }`
[INFO] [stderr]    Compiling syn v3.0.9
[INFO] [stderr]    Compiling vcpkg v0.2.15
[INFO] [stderr]    Compiling generic-array v0.14.9
[INFO] [stderr]    Compiling syn v2.0.119
[INFO] [stderr]    Compiling openssl v0.10.81
[INFO] [stderr]    Compiling foreign-types-shared v0.1.1
[INFO] [stderr]    Compiling num-traits v0.2.19
[INFO] [stderr]    Compiling native-tls v0.2.18
[INFO] [stderr]    Compiling serde_json v1.0.154
[INFO] [stderr]    Compiling dirs-sys-next v0.1.2
[INFO] [stderr]    Compiling subtle v2.4.1
[INFO] [stderr]    Compiling shlex v1.3.0
[INFO] [stderr]    Compiling crc32fast v1.5.2
[INFO] [stderr]    Compiling zeroize v1.9.1
[INFO] [stderr]    Compiling hex v0.4.3
[INFO] [stderr]    Compiling rusoto_core v0.48.0
[INFO] [stderr]    Compiling foreign-types v0.3.2
[INFO] [stderr]    Compiling xml-rs v0.8.29
[INFO] [stderr]    Compiling lazy_static v1.5.1
[INFO] [stderr]    Compiling dirs-next v2.0.0
[INFO] [stderr]    Compiling digest v0.9.0
[INFO] [stderr]    Compiling block-buffer v0.9.0
[INFO] [stderr]    Compiling crypto-mac v0.11.1
[INFO] [stderr]    Compiling openssl-sys v0.9.117
[INFO] [stderr]    Compiling hmac v0.11.0
[INFO] [stderr]    Compiling sha2 v0.9.9
[INFO] [stderr]    Compiling md-5 v0.9.1
[INFO] [stderr]    Compiling openssl-macros v0.1.1
[INFO] [stderr]    Compiling tokio-macros v2.7.2
[INFO] [stderr]    Compiling futures-macro v0.3.34
[INFO] [stderr]    Compiling serde_derive v1.0.229
[INFO] [stderr]    Compiling async-trait v0.1.92
[INFO] [stderr]    Compiling tokio v1.53.3
[INFO] [stderr]    Compiling futures-util v0.3.34
[INFO] [stderr]    Compiling serde v1.0.229
[INFO] [stderr]    Compiling chrono v0.4.45
[INFO] [stderr]    Compiling serde_urlencoded v0.7.1
[INFO] [stderr]    Compiling futures-executor v0.3.34
[INFO] [stderr]    Compiling futures v0.3.34
[INFO] [stderr]    Compiling tokio-util v0.7.20
[INFO] [stderr]    Compiling tokio-native-tls v0.3.1
[INFO] [stderr]    Compiling h2 v0.3.27
[INFO] [stderr]    Compiling hyper v0.14.32
[INFO] [stderr]    Compiling rusoto_credential v0.48.0
[INFO] [stderr]    Compiling hyper-tls v0.5.0
[INFO] [stderr]    Compiling rusoto_signature v0.48.0
[INFO] [stderr]    Compiling rusoto_ses v0.48.0 (/opt/rustwide/workdir)
[INFO] [stdout] warning: unused import: `custom::*`
[INFO] [stdout]   --> src/lib.rs:21:9
[INFO] [stdout]    |
[INFO] [stdout] 21 | pub use custom::*;
[INFO] [stdout]    |         ^^^^^^^^^
[INFO] [stdout]    |
[INFO] [stdout]    = note: `#[warn(unused_imports)]` (part of `#[warn(unused)]`) on by default
[INFO] [stdout] 
[INFO] [stdout] 
[INFO] [stderr]     Finished `release` profile [optimized] target(s) in 1m 10s
[INFO] running `Command { std: "docker" "inspect" "839ff553fa0739fa34a6635977188443fac45765d6d10ecf07ee783e231f2888", kill_on_drop: false }`
[INFO] running `Command { std: "docker" "exec" "-e" "SOURCE_DIR=/opt/rustwide/workdir" "-e" "CARGO_HOME=/opt/rustwide/cargo-home" "-e" "RUSTUP_HOME=/opt/rustwide/rustup-home" "-e" "CARGO_TARGET_DIR=/opt/rustwide/target" "-e" "CARGO_INCREMENTAL=0" "-e" "RUST_BACKTRACE=full" "-e" "RUSTFLAGS=--cap-lints=warn" "-e" "RUSTDOCFLAGS=--cap-lints=warn" "-w" "/opt/rustwide/workdir" "--user" "0:0" "839ff553fa0739fa34a6635977188443fac45765d6d10ecf07ee783e231f2888" "/opt/rustwide/cargo-home/bin/cargo" "+1.99.0-beta.8" "test" "--frozen" "--no-run" "--message-format=json" "--release", kill_on_drop: false }`
[INFO] [stderr]    Compiling rusoto_mock v0.48.0
[INFO] [stdout] warning: unused import: `custom::*`
[INFO] [stdout]   --> src/lib.rs:21:9
[INFO] [stdout]    |
[INFO] [stdout] 21 | pub use custom::*;
[INFO] [stdout]    |         ^^^^^^^^^
[INFO] [stdout]    |
[INFO] [stdout]    = note: `#[warn(unused_imports)]` (part of `#[warn(unused)]`) on by default
[INFO] [stdout] 
[INFO] [stdout] 
[INFO] [stderr]    Compiling rusoto_ses v0.48.0 (/opt/rustwide/workdir)
[INFO] [stdout] warning: unused import: `custom::*`
[INFO] [stdout]   --> src/lib.rs:21:9
[INFO] [stdout]    |
[INFO] [stdout] 21 | pub use custom::*;
[INFO] [stdout]    |         ^^^^^^^^^
[INFO] [stdout]    |
[INFO] [stdout]    = note: `#[warn(unused_imports)]` (part of `#[warn(unused)]`) on by default
[INFO] [stdout] 
[INFO] [stdout] 
[INFO] [stderr]     Finished `release` profile [optimized] target(s) in 5.59s
[INFO] running `Command { std: "docker" "inspect" "839ff553fa0739fa34a6635977188443fac45765d6d10ecf07ee783e231f2888", kill_on_drop: false }`
[INFO] running `Command { std: "docker" "exec" "-e" "SOURCE_DIR=/opt/rustwide/workdir" "-e" "CARGO_HOME=/opt/rustwide/cargo-home" "-e" "RUSTUP_HOME=/opt/rustwide/rustup-home" "-e" "CARGO_TARGET_DIR=/opt/rustwide/target" "-e" "CARGO_INCREMENTAL=0" "-e" "RUST_BACKTRACE=full" "-e" "RUSTFLAGS=--cap-lints=warn" "-e" "RUSTDOCFLAGS=--cap-lints=warn" "-w" "/opt/rustwide/workdir" "--user" "0:0" "839ff553fa0739fa34a6635977188443fac45765d6d10ecf07ee783e231f2888" "/opt/rustwide/cargo-home/bin/cargo" "+1.99.0-beta.8" "test" "--frozen" "--release", kill_on_drop: false }`
[INFO] [stderr] warning: unused import: `custom::*`
[INFO] [stderr]   --> src/lib.rs:21:9
[INFO] [stderr]    |
[INFO] [stderr] 21 | pub use custom::*;
[INFO] [stderr]    |         ^^^^^^^^^
[INFO] [stderr]    |
[INFO] [stderr]    = note: `#[warn(unused_imports)]` (part of `#[warn(unused)]`) on by default
[INFO] [stderr] 
[INFO] [stderr] warning: `rusoto_ses` (lib) generated 1 warning (run `cargo fix --lib -p rusoto_ses` to apply 1 suggestion)
[INFO] [stderr] warning: `rusoto_ses` (lib test) generated 1 warning (1 duplicate)
[INFO] [stderr]     Finished `release` profile [optimized] target(s) in 0.14s
[INFO] [stderr]      Running unittests src/lib.rs (/opt/rustwide/target/release/deps/rusoto_ses-17bf3b17f782f2de)
[INFO] [stdout] 
[INFO] [stdout] running 13 tests
[INFO] [stdout] test generated::protocol_tests::test_parse_valid_ses_get_identity_verification_attributes ... FAILED
[INFO] [stdout] test generated::protocol_tests::test_parse_valid_ses_delete_identity ... FAILED
[INFO] [stdout] test generated::protocol_tests::test_parse_valid_ses_get_send_quota ... FAILED
[INFO] [stdout] test generated::protocol_tests::test_parse_valid_ses_verify_domain_identity ... FAILED
[INFO] [stdout] test generated::protocol_tests::test_parse_valid_ses_set_identity_dkim_enabled ... FAILED
[INFO] [stdout] test generated::protocol_tests::test_parse_valid_ses_get_send_statistics ... FAILED
[INFO] [stdout] test generated::protocol_tests::test_parse_valid_ses_get_identity_dkim_attributes ... FAILED
[INFO] [stdout] test generated::protocol_tests::test_parse_valid_ses_verify_domain_dkim ... FAILED
[INFO] [stdout] test generated::protocol_tests::test_parse_valid_ses_send_raw_email ... FAILED
[INFO] [stdout] test generated::protocol_tests::test_parse_valid_ses_send_email ... FAILED
[INFO] [stdout] test generated::protocol_tests::test_parse_error_ses_delete_identity ... FAILED
[INFO] [stdout] test generated::protocol_tests::test_parse_valid_ses_list_identities ... FAILED
[INFO] [stdout] test generated::protocol_tests::test_parse_valid_ses_get_identity_notification_attributes ... FAILED
[INFO] [stdout] 
[INFO] [stdout] failures:
[INFO] [stdout] 
[INFO] [stdout] ---- generated::protocol_tests::test_parse_valid_ses_get_identity_verification_attributes stdout ----
[INFO] [stdout] 
[INFO] [stdout] thread 'generated::protocol_tests::test_parse_valid_ses_get_identity_verification_attributes' (1263) panicked at /opt/rustwide/cargo-home/registry/src/index.crates.io-1949cf8c6b5b557f/rusoto_mock-0.48.0/src/lib.rs:195:53:
[INFO] [stdout] couldn't find file: Os { code: 2, kind: NotFound, message: "No such file or directory" }
[INFO] [stdout] stack backtrace:
[INFO] [stdout]    0:     0x55b5a7b0c8d1 - <<std[70759c8f55707aa4]::sys::backtrace::BacktraceLock>::print::DisplayBacktrace as core[df12db4294e9bfd3]::fmt::Display>::fmt
[INFO] [stdout]    1:     0x55b5a7b21f8a - core[df12db4294e9bfd3]::fmt::write
[INFO] [stdout]    2:     0x55b5a7b10f2c - <alloc[2182bb758b4b3781]::vec::Vec<u8> as core[df12db4294e9bfd3]::io::write::Write>::write_fmt
[INFO] [stdout]    3:     0x55b5a7ae8736 - std[70759c8f55707aa4]::panicking::default_hook::{closure#0}
[INFO] [stdout]    4:     0x55b5a7b04dc9 - std[70759c8f55707aa4]::panicking::default_hook
[INFO] [stdout]    5:     0x55b5a7a54c80 - test[9d35eded1c95d3be]::test_main_inner::<test[9d35eded1c95d3be]::test_main_static::{closure#0}>::{closure#0}
[INFO] [stdout]    6:     0x55b5a7b050f2 - std[70759c8f55707aa4]::panicking::panic_with_hook
[INFO] [stdout]    7:     0x55b5a7ae87e2 - std[70759c8f55707aa4]::panicking::panic_handler::{closure#0}
[INFO] [stdout]    8:     0x55b5a7ae1569 - std[70759c8f55707aa4]::sys::backtrace::__rust_end_short_backtrace::<std[70759c8f55707aa4]::panicking::panic_handler::{closure#0}, !>
[INFO] [stdout]    9:     0x55b5a7ae93dd - __rustc[8fa7c3cbc660c2b3]::rust_begin_unwind
[INFO] [stdout]   10:     0x55b5a7b226ec - core[df12db4294e9bfd3]::panicking::panic_fmt
[INFO] [stdout]   11:     0x55b5a7b224c2 - core[df12db4294e9bfd3]::result::unwrap_failed
[INFO] [stdout]   12:     0x55b5a7a8a78c - <rusoto_mock[2b532d9c2616a7c6]::MockResponseReader as rusoto_mock[2b532d9c2616a7c6]::ReadMockResponse>::read_response
[INFO] [stdout]   13:     0x55b5a7a3dc5d - rusoto_ses[67c259eabaa5adf0]::generated::protocol_tests::test_parse_valid_ses_get_identity_verification_attributes::{closure#0}
[INFO] [stdout]   14:     0x55b5a7a46dc3 - <tokio[d5a4e785dbe4b2e5]::runtime::scheduler::current_thread::Context>::enter::<core[df12db4294e9bfd3]::task::poll::Poll<()>, <tokio[d5a4e785dbe4b2e5]::runtime::scheduler::current_thread::CoreGuard>::block_on<core[df12db4294e9bfd3]::pin::Pin<&mut core[df12db4294e9bfd3]::pin::Pin<&mut dyn core[df12db4294e9bfd3]::future::future::Future<Output = ()>>>>::{closure#0}::{closure#0}>
[INFO] [stdout]   15:     0x55b5a7a4460c - <tokio[d5a4e785dbe4b2e5]::runtime::context::scoped::Scoped<tokio[d5a4e785dbe4b2e5]::runtime::scheduler::Context>>::set::<<tokio[d5a4e785dbe4b2e5]::runtime::scheduler::current_thread::CoreGuard>::enter<<tokio[d5a4e785dbe4b2e5]::runtime::scheduler::current_thread::CoreGuard>::block_on<core[df12db4294e9bfd3]::pin::Pin<&mut core[df12db4294e9bfd3]::pin::Pin<&mut dyn core[df12db4294e9bfd3]::future::future::Future<Output = ()>>>>::{closure#0}, core[df12db4294e9bfd3]::option::Option<()>>::{closure#0}, (alloc[2182bb758b4b3781]::boxed::Box<tokio[d5a4e785dbe4b2e5]::runtime::scheduler::current_thread::Core>, core[df12db4294e9bfd3]::option::Option<()>)>
[INFO] [stdout]   16:     0x55b5a7a46ab0 - <tokio[d5a4e785dbe4b2e5]::runtime::scheduler::current_thread::CurrentThread>::block_on::<core[df12db4294e9bfd3]::pin::Pin<&mut dyn core[df12db4294e9bfd3]::future::future::Future<Output = ()>>>
[INFO] [stdout]   17:     0x55b5a7a35792 - <tokio[d5a4e785dbe4b2e5]::runtime::runtime::Runtime>::block_on::<core[df12db4294e9bfd3]::pin::Pin<&mut dyn core[df12db4294e9bfd3]::future::future::Future<Output = ()>>>
[INFO] [stdout]   18:     0x55b5a7a3f02b - rusoto_ses[67c259eabaa5adf0]::generated::protocol_tests::test_parse_valid_ses_get_identity_verification_attributes
[INFO] [stdout]   19:     0x55b5a7a44399 - <rusoto_ses[67c259eabaa5adf0]::generated::protocol_tests::test_parse_valid_ses_get_identity_verification_attributes::{closure#0} as core[df12db4294e9bfd3]::ops::function::FnOnce<()>>::call_once
[INFO] [stdout]   20:     0x55b5a7a47f6b - test[9d35eded1c95d3be]::__rust_begin_short_backtrace::<core[df12db4294e9bfd3]::result::Result<(), alloc[2182bb758b4b3781]::string::String>, fn() -> core[df12db4294e9bfd3]::result::Result<(), alloc[2182bb758b4b3781]::string::String>>
[INFO] [stdout]   21:     0x55b5a7a555d5 - test[9d35eded1c95d3be]::run_test::{closure#0}
[INFO] [stdout]   22:     0x55b5a7a4ee94 - std[70759c8f55707aa4]::sys::backtrace::__rust_begin_short_backtrace::<test[9d35eded1c95d3be]::run_test::{closure#1}, ()>
[INFO] [stdout]   23:     0x55b5a7a58732 - <std[70759c8f55707aa4]::thread::lifecycle::spawn_unchecked<test[9d35eded1c95d3be]::run_test::{closure#1}, ()>::{closure#1} as core[df12db4294e9bfd3]::ops::function::FnOnce<()>>::call_once::{shim:vtable#0}
[INFO] [stdout]   24:     0x55b5a7b0c199 - <std[70759c8f55707aa4]::sys::thread::unix::Thread>::new::thread_start
[INFO] [stdout]   25:     0x7bbc60a57dfa - <unknown>
[INFO] [stdout]   26:     0x7bbc60aeb3d4 - clone
[INFO] [stdout]   27:                0x0 - <unknown>
[INFO] [stdout] 
[INFO] [stdout] ---- generated::protocol_tests::test_parse_valid_ses_delete_identity stdout ----
[INFO] [stdout] 
[INFO] [stdout] thread 'generated::protocol_tests::test_parse_valid_ses_delete_identity' (1260) panicked at /opt/rustwide/cargo-home/registry/src/index.crates.io-1949cf8c6b5b557f/rusoto_mock-0.48.0/src/lib.rs:195:53:
[INFO] [stdout] couldn't find file: Os { code: 2, kind: NotFound, message: "No such file or directory" }
[INFO] [stdout] stack backtrace:
[INFO] [stdout]    0:     0x55b5a7b0c8d1 - <<std[70759c8f55707aa4]::sys::backtrace::BacktraceLock>::print::DisplayBacktrace as core[df12db4294e9bfd3]::fmt::Display>::fmt
[INFO] [stdout]    1:     0x55b5a7b21f8a - core[df12db4294e9bfd3]::fmt::write
[INFO] [stdout]    2:     0x55b5a7b10f2c - <alloc[2182bb758b4b3781]::vec::Vec<u8> as core[df12db4294e9bfd3]::io::write::Write>::write_fmt
[INFO] [stdout]    3:     0x55b5a7ae8736 - std[70759c8f55707aa4]::panicking::default_hook::{closure#0}
[INFO] [stdout]    4:     0x55b5a7b04dc9 - std[70759c8f55707aa4]::panicking::default_hook
[INFO] [stdout]    5:     0x55b5a7a54c80 - test[9d35eded1c95d3be]::test_main_inner::<test[9d35eded1c95d3be]::test_main_static::{closure#0}>::{closure#0}
[INFO] [stdout]    6:     0x55b5a7b050f2 - std[70759c8f55707aa4]::panicking::panic_with_hook
[INFO] [stdout]    7:     0x55b5a7ae87e2 - std[70759c8f55707aa4]::panicking::panic_handler::{closure#0}
[INFO] [stdout]    8:     0x55b5a7ae1569 - std[70759c8f55707aa4]::sys::backtrace::__rust_end_short_backtrace::<std[70759c8f55707aa4]::panicking::panic_handler::{closure#0}, !>
[INFO] [stdout]    9:     0x55b5a7ae93dd - __rustc[8fa7c3cbc660c2b3]::rust_begin_unwind
[INFO] [stdout]   10:     0x55b5a7b226ec - core[df12db4294e9bfd3]::panicking::panic_fmt
[INFO] [stdout]   11:     0x55b5a7b224c2 - core[df12db4294e9bfd3]::result::unwrap_failed
[INFO] [stdout]   12:     0x55b5a7a8a78c - <rusoto_mock[2b532d9c2616a7c6]::MockResponseReader as rusoto_mock[2b532d9c2616a7c6]::ReadMockResponse>::read_response
[INFO] [stdout]   13:     0x55b5a7a3bfed - rusoto_ses[67c259eabaa5adf0]::generated::protocol_tests::test_parse_valid_ses_delete_identity::{closure#0}
[INFO] [stdout]   14:     0x55b5a7a46dc3 - <tokio[d5a4e785dbe4b2e5]::runtime::scheduler::current_thread::Context>::enter::<core[df12db4294e9bfd3]::task::poll::Poll<()>, <tokio[d5a4e785dbe4b2e5]::runtime::scheduler::current_thread::CoreGuard>::block_on<core[df12db4294e9bfd3]::pin::Pin<&mut core[df12db4294e9bfd3]::pin::Pin<&mut dyn core[df12db4294e9bfd3]::future::future::Future<Output = ()>>>>::{closure#0}::{closure#0}>
[INFO] [stdout]   15:     0x55b5a7a4460c - <tokio[d5a4e785dbe4b2e5]::runtime::context::scoped::Scoped<tokio[d5a4e785dbe4b2e5]::runtime::scheduler::Context>>::set::<<tokio[d5a4e785dbe4b2e5]::runtime::scheduler::current_thread::CoreGuard>::enter<<tokio[d5a4e785dbe4b2e5]::runtime::scheduler::current_thread::CoreGuard>::block_on<core[df12db4294e9bfd3]::pin::Pin<&mut core[df12db4294e9bfd3]::pin::Pin<&mut dyn core[df12db4294e9bfd3]::future::future::Future<Output = ()>>>>::{closure#0}, core[df12db4294e9bfd3]::option::Option<()>>::{closure#0}, (alloc[2182bb758b4b3781]::boxed::Box<tokio[d5a4e785dbe4b2e5]::runtime::scheduler::current_thread::Core>, core[df12db4294e9bfd3]::option::Option<()>)>
[INFO] [stdout]   16:     0x55b5a7a46ab0 - <tokio[d5a4e785dbe4b2e5]::runtime::scheduler::current_thread::CurrentThread>::block_on::<core[df12db4294e9bfd3]::pin::Pin<&mut dyn core[df12db4294e9bfd3]::future::future::Future<Output = ()>>>
[INFO] [stdout]   17:     0x55b5a7a35792 - <tokio[d5a4e785dbe4b2e5]::runtime::runtime::Runtime>::block_on::<core[df12db4294e9bfd3]::pin::Pin<&mut dyn core[df12db4294e9bfd3]::future::future::Future<Output = ()>>>
[INFO] [stdout]   18:     0x55b5a7a3e5ab - rusoto_ses[67c259eabaa5adf0]::generated::protocol_tests::test_parse_valid_ses_delete_identity
[INFO] [stdout]   19:     0x55b5a7a44299 - <rusoto_ses[67c259eabaa5adf0]::generated::protocol_tests::test_parse_valid_ses_delete_identity::{closure#0} as core[df12db4294e9bfd3]::ops::function::FnOnce<()>>::call_once
[INFO] [stdout]   20:     0x55b5a7a47f6b - test[9d35eded1c95d3be]::__rust_begin_short_backtrace::<core[df12db4294e9bfd3]::result::Result<(), alloc[2182bb758b4b3781]::string::String>, fn() -> core[df12db4294e9bfd3]::result::Result<(), alloc[2182bb758b4b3781]::string::String>>
[INFO] [stdout]   21:     0x55b5a7a555d5 - test[9d35eded1c95d3be]::run_test::{closure#0}
[INFO] [stdout]   22:     0x55b5a7a4ee94 - std[70759c8f55707aa4]::sys::backtrace::__rust_begin_short_backtrace::<test[9d35eded1c95d3be]::run_test::{closure#1}, ()>
[INFO] [stdout]   23:     0x55b5a7a58732 - <std[70759c8f55707aa4]::thread::lifecycle::spawn_unchecked<test[9d35eded1c95d3be]::run_test::{closure#1}, ()>::{closure#1} as core[df12db4294e9bfd3]::ops::function::FnOnce<()>>::call_once::{shim:vtable#0}
[INFO] [stdout]   24:     0x55b5a7b0c199 - <std[70759c8f55707aa4]::sys::thread::unix::Thread>::new::thread_start
[INFO] [stdout]   25:     0x7bbc60a57dfa - <unknown>
[INFO] [stdout]   26:     0x7bbc60aeb3d4 - clone
[INFO] [stdout]   27:                0x0 - <unknown>
[INFO] [stdout] 
[INFO] [stdout] ---- generated::protocol_tests::test_parse_valid_ses_get_send_quota stdout ----
[INFO] [stdout] 
[INFO] [stdout] thread 'generated::protocol_tests::test_parse_valid_ses_get_send_quota' (1264) panicked at /opt/rustwide/cargo-home/registry/src/index.crates.io-1949cf8c6b5b557f/rusoto_mock-0.48.0/src/lib.rs:195:53:
[INFO] [stdout] couldn't find file: Os { code: 2, kind: NotFound, message: "No such file or directory" }
[INFO] [stdout] stack backtrace:
[INFO] [stdout]    0:     0x55b5a7b0c8d1 - <<std[70759c8f55707aa4]::sys::backtrace::BacktraceLock>::print::DisplayBacktrace as core[df12db4294e9bfd3]::fmt::Display>::fmt
[INFO] [stdout]    1:     0x55b5a7b21f8a - core[df12db4294e9bfd3]::fmt::write
[INFO] [stdout]    2:     0x55b5a7b10f2c - <alloc[2182bb758b4b3781]::vec::Vec<u8> as core[df12db4294e9bfd3]::io::write::Write>::write_fmt
[INFO] [stdout]    3:     0x55b5a7ae8736 - std[70759c8f55707aa4]::panicking::default_hook::{closure#0}
[INFO] [stdout]    4:     0x55b5a7b04dc9 - std[70759c8f55707aa4]::panicking::default_hook
[INFO] [stdout]    5:     0x55b5a7a54c80 - test[9d35eded1c95d3be]::test_main_inner::<test[9d35eded1c95d3be]::test_main_static::{closure#0}>::{closure#0}
[INFO] [stdout]    6:     0x55b5a7b050f2 - std[70759c8f55707aa4]::panicking::panic_with_hook
[INFO] [stdout]    7:     0x55b5a7ae87e2 - std[70759c8f55707aa4]::panicking::panic_handler::{closure#0}
[INFO] [stdout]    8:     0x55b5a7ae1569 - std[70759c8f55707aa4]::sys::backtrace::__rust_end_short_backtrace::<std[70759c8f55707aa4]::panicking::panic_handler::{closure#0}, !>
[INFO] [stdout]    9:     0x55b5a7ae93dd - __rustc[8fa7c3cbc660c2b3]::rust_begin_unwind
[INFO] [stdout]   10:     0x55b5a7b226ec - core[df12db4294e9bfd3]::panicking::panic_fmt
[INFO] [stdout]   11:     0x55b5a7b224c2 - core[df12db4294e9bfd3]::result::unwrap_failed
[INFO] [stdout]   12:     0x55b5a7a8a78c - <rusoto_mock[2b532d9c2616a7c6]::MockResponseReader as rusoto_mock[2b532d9c2616a7c6]::ReadMockResponse>::read_response
[INFO] [stdout]   13:     0x55b5a7a3b4fd - rusoto_ses[67c259eabaa5adf0]::generated::protocol_tests::test_parse_valid_ses_get_send_quota::{closure#0}
[INFO] [stdout]   14:     0x55b5a7a46dc3 - <tokio[d5a4e785dbe4b2e5]::runtime::scheduler::current_thread::Context>::enter::<core[df12db4294e9bfd3]::task::poll::Poll<()>, <tokio[d5a4e785dbe4b2e5]::runtime::scheduler::current_thread::CoreGuard>::block_on<core[df12db4294e9bfd3]::pin::Pin<&mut core[df12db4294e9bfd3]::pin::Pin<&mut dyn core[df12db4294e9bfd3]::future::future::Future<Output = ()>>>>::{closure#0}::{closure#0}>
[INFO] [stdout]   15:     0x55b5a7a4460c - <tokio[d5a4e785dbe4b2e5]::runtime::context::scoped::Scoped<tokio[d5a4e785dbe4b2e5]::runtime::scheduler::Context>>::set::<<tokio[d5a4e785dbe4b2e5]::runtime::scheduler::current_thread::CoreGuard>::enter<<tokio[d5a4e785dbe4b2e5]::runtime::scheduler::current_thread::CoreGuard>::block_on<core[df12db4294e9bfd3]::pin::Pin<&mut core[df12db4294e9bfd3]::pin::Pin<&mut dyn core[df12db4294e9bfd3]::future::future::Future<Output = ()>>>>::{closure#0}, core[df12db4294e9bfd3]::option::Option<()>>::{closure#0}, (alloc[2182bb758b4b3781]::boxed::Box<tokio[d5a4e785dbe4b2e5]::runtime::scheduler::current_thread::Core>, core[df12db4294e9bfd3]::option::Option<()>)>
[INFO] [stdout]   16:     0x55b5a7a46ab0 - <tokio[d5a4e785dbe4b2e5]::runtime::scheduler::current_thread::CurrentThread>::block_on::<core[df12db4294e9bfd3]::pin::Pin<&mut dyn core[df12db4294e9bfd3]::future::future::Future<Output = ()>>>
[INFO] [stdout]   17:     0x55b5a7a35792 - <tokio[d5a4e785dbe4b2e5]::runtime::runtime::Runtime>::block_on::<core[df12db4294e9bfd3]::pin::Pin<&mut dyn core[df12db4294e9bfd3]::future::future::Future<Output = ()>>>
[INFO] [stdout]   18:     0x55b5a7a3e1bb - rusoto_ses[67c259eabaa5adf0]::generated::protocol_tests::test_parse_valid_ses_get_send_quota
[INFO] [stdout]   19:     0x55b5a7a44239 - <rusoto_ses[67c259eabaa5adf0]::generated::protocol_tests::test_parse_valid_ses_get_send_quota::{closure#0} as core[df12db4294e9bfd3]::ops::function::FnOnce<()>>::call_once
[INFO] [stdout]   20:     0x55b5a7a47f6b - test[9d35eded1c95d3be]::__rust_begin_short_backtrace::<core[df12db4294e9bfd3]::result::Result<(), alloc[2182bb758b4b3781]::string::String>, fn() -> core[df12db4294e9bfd3]::result::Result<(), alloc[2182bb758b4b3781]::string::String>>
[INFO] [stdout]   21:     0x55b5a7a555d5 - test[9d35eded1c95d3be]::run_test::{closure#0}
[INFO] [stdout]   22:     0x55b5a7a4ee94 - std[70759c8f55707aa4]::sys::backtrace::__rust_begin_short_backtrace::<test[9d35eded1c95d3be]::run_test::{closure#1}, ()>
[INFO] [stdout]   23:     0x55b5a7a58732 - <std[70759c8f55707aa4]::thread::lifecycle::spawn_unchecked<test[9d35eded1c95d3be]::run_test::{closure#1}, ()>::{closure#1} as core[df12db4294e9bfd3]::ops::function::FnOnce<()>>::call_once::{shim:vtable#0}
[INFO] [stdout]   24:     0x55b5a7b0c199 - <std[70759c8f55707aa4]::sys::thread::unix::Thread>::new::thread_start
[INFO] [stdout]   25:     0x7bbc60a57dfa - <unknown>
[INFO] [stdout]   26:     0x7bbc60aeb3d4 - clone
[INFO] [stdout]   27:                0x0 - <unknown>
[INFO] [stdout] 
[INFO] [stdout] ---- generated::protocol_tests::test_parse_valid_ses_verify_domain_identity stdout ----
[INFO] [stdout] 
[INFO] [stdout] thread 'generated::protocol_tests::test_parse_valid_ses_verify_domain_identity' (1271) panicked at /opt/rustwide/cargo-home/registry/src/index.crates.io-1949cf8c6b5b557f/rusoto_mock-0.48.0/src/lib.rs:195:53:
[INFO] [stdout] couldn't find file: Os { code: 2, kind: NotFound, message: "No such file or directory" }
[INFO] [stdout] stack backtrace:
[INFO] [stdout]    0:     0x55b5a7b0c8d1 - <<std[70759c8f55707aa4]::sys::backtrace::BacktraceLock>::print::DisplayBacktrace as core[df12db4294e9bfd3]::fmt::Display>::fmt
[INFO] [stdout]    1:     0x55b5a7b21f8a - core[df12db4294e9bfd3]::fmt::write
[INFO] [stdout]    2:     0x55b5a7b10f2c - <alloc[2182bb758b4b3781]::vec::Vec<u8> as core[df12db4294e9bfd3]::io::write::Write>::write_fmt
[INFO] [stdout]    3:     0x55b5a7ae8736 - std[70759c8f55707aa4]::panicking::default_hook::{closure#0}
[INFO] [stdout]    4:     0x55b5a7b04dc9 - std[70759c8f55707aa4]::panicking::default_hook
[INFO] [stdout]    5:     0x55b5a7a54c80 - test[9d35eded1c95d3be]::test_main_inner::<test[9d35eded1c95d3be]::test_main_static::{closure#0}>::{closure#0}
[INFO] [stdout]    6:     0x55b5a7b050f2 - std[70759c8f55707aa4]::panicking::panic_with_hook
[INFO] [stdout]    7:     0x55b5a7ae87e2 - std[70759c8f55707aa4]::panicking::panic_handler::{closure#0}
[INFO] [stdout]    8:     0x55b5a7ae1569 - std[70759c8f55707aa4]::sys::backtrace::__rust_end_short_backtrace::<std[70759c8f55707aa4]::panicking::panic_handler::{closure#0}, !>
[INFO] [stdout]    9:     0x55b5a7ae93dd - __rustc[8fa7c3cbc660c2b3]::rust_begin_unwind
[INFO] [stdout]   10:     0x55b5a7b226ec - core[df12db4294e9bfd3]::panicking::panic_fmt
[INFO] [stdout]   11:     0x55b5a7b224c2 - core[df12db4294e9bfd3]::result::unwrap_failed
[INFO] [stdout]   12:     0x55b5a7a8a78c - <rusoto_mock[2b532d9c2616a7c6]::MockResponseReader as rusoto_mock[2b532d9c2616a7c6]::ReadMockResponse>::read_response
[INFO] [stdout]   13:     0x55b5a7a3ce0d - rusoto_ses[67c259eabaa5adf0]::generated::protocol_tests::test_parse_valid_ses_verify_domain_identity::{closure#0}
[INFO] [stdout]   14:     0x55b5a7a46dc3 - <tokio[d5a4e785dbe4b2e5]::runtime::scheduler::current_thread::Context>::enter::<core[df12db4294e9bfd3]::task::poll::Poll<()>, <tokio[d5a4e785dbe4b2e5]::runtime::scheduler::current_thread::CoreGuard>::block_on<core[df12db4294e9bfd3]::pin::Pin<&mut core[df12db4294e9bfd3]::pin::Pin<&mut dyn core[df12db4294e9bfd3]::future::future::Future<Output = ()>>>>::{closure#0}::{closure#0}>
[INFO] [stdout]   15:     0x55b5a7a4460c - <tokio[d5a4e785dbe4b2e5]::runtime::context::scoped::Scoped<tokio[d5a4e785dbe4b2e5]::runtime::scheduler::Context>>::set::<<tokio[d5a4e785dbe4b2e5]::runtime::scheduler::current_thread::CoreGuard>::enter<<tokio[d5a4e785dbe4b2e5]::runtime::scheduler::current_thread::CoreGuard>::block_on<core[df12db4294e9bfd3]::pin::Pin<&mut core[df12db4294e9bfd3]::pin::Pin<&mut dyn core[df12db4294e9bfd3]::future::future::Future<Output = ()>>>>::{closure#0}, core[df12db4294e9bfd3]::option::Option<()>>::{closure#0}, (alloc[2182bb758b4b3781]::boxed::Box<tokio[d5a4e785dbe4b2e5]::runtime::scheduler::current_thread::Core>, core[df12db4294e9bfd3]::option::Option<()>)>
[INFO] [stdout]   16:     0x55b5a7a46ab0 - <tokio[d5a4e785dbe4b2e5]::runtime::scheduler::current_thread::CurrentThread>::block_on::<core[df12db4294e9bfd3]::pin::Pin<&mut dyn core[df12db4294e9bfd3]::future::future::Future<Output = ()>>>
[INFO] [stdout]   17:     0x55b5a7a35792 - <tokio[d5a4e785dbe4b2e5]::runtime::runtime::Runtime>::block_on::<core[df12db4294e9bfd3]::pin::Pin<&mut dyn core[df12db4294e9bfd3]::future::future::Future<Output = ()>>>
[INFO] [stdout]   18:     0x55b5a7a3eaeb - rusoto_ses[67c259eabaa5adf0]::generated::protocol_tests::test_parse_valid_ses_verify_domain_identity
[INFO] [stdout]   19:     0x55b5a7a44319 - <rusoto_ses[67c259eabaa5adf0]::generated::protocol_tests::test_parse_valid_ses_verify_domain_identity::{closure#0} as core[df12db4294e9bfd3]::ops::function::FnOnce<()>>::call_once
[INFO] [stdout]   20:     0x55b5a7a47f6b - test[9d35eded1c95d3be]::__rust_begin_short_backtrace::<core[df12db4294e9bfd3]::result::Result<(), alloc[2182bb758b4b3781]::string::String>, fn() -> core[df12db4294e9bfd3]::result::Result<(), alloc[2182bb758b4b3781]::string::String>>
[INFO] [stdout]   21:     0x55b5a7a555d5 - test[9d35eded1c95d3be]::run_test::{closure#0}
[INFO] [stdout]   22:     0x55b5a7a4ee94 - std[70759c8f55707aa4]::sys::backtrace::__rust_begin_short_backtrace::<test[9d35eded1c95d3be]::run_test::{closure#1}, ()>
[INFO] [stdout]   23:     0x55b5a7a58732 - <std[70759c8f55707aa4]::thread::lifecycle::spawn_unchecked<test[9d35eded1c95d3be]::run_test::{closure#1}, ()>::{closure#1} as core[df12db4294e9bfd3]::ops::function::FnOnce<()>>::call_once::{shim:vtable#0}
[INFO] [stdout]   24:     0x55b5a7b0c199 - <std[70759c8f55707aa4]::sys::thread::unix::Thread>::new::thread_start
[INFO] [stdout]   25:     0x7bbc60a57dfa - <unknown>
[INFO] [stdout]   26:     0x7bbc60aeb3d4 - clone
[INFO] [stdout]   27:                0x0 - <unknown>
[INFO] [stdout] 
[INFO] [stdout] ---- generated::protocol_tests::test_parse_valid_ses_set_identity_dkim_enabled stdout ----
[INFO] [stdout] 
[INFO] [stdout] thread 'generated::protocol_tests::test_parse_valid_ses_set_identity_dkim_enabled' (1269) panicked at /opt/rustwide/cargo-home/registry/src/index.crates.io-1949cf8c6b5b557f/rusoto_mock-0.48.0/src/lib.rs:195:53:
[INFO] [stdout] couldn't find file: Os { code: 2, kind: NotFound, message: "No such file or directory" }
[INFO] [stdout] stack backtrace:
[INFO] [stdout]    0:     0x55b5a7b0c8d1 - <<std[70759c8f55707aa4]::sys::backtrace::BacktraceLock>::print::DisplayBacktrace as core[df12db4294e9bfd3]::fmt::Display>::fmt
[INFO] [stdout]    1:     0x55b5a7b21f8a - core[df12db4294e9bfd3]::fmt::write
[INFO] [stdout]    2:     0x55b5a7b10f2c - <alloc[2182bb758b4b3781]::vec::Vec<u8> as core[df12db4294e9bfd3]::io::write::Write>::write_fmt
[INFO] [stdout]    3:     0x55b5a7ae8736 - std[70759c8f55707aa4]::panicking::default_hook::{closure#0}
[INFO] [stdout]    4:     0x55b5a7b04dc9 - std[70759c8f55707aa4]::panicking::default_hook
[INFO] [stdout]    5:     0x55b5a7a54c80 - test[9d35eded1c95d3be]::test_main_inner::<test[9d35eded1c95d3be]::test_main_static::{closure#0}>::{closure#0}
[INFO] [stdout]    6:     0x55b5a7b050f2 - std[70759c8f55707aa4]::panicking::panic_with_hook
[INFO] [stdout]    7:     0x55b5a7ae87e2 - std[70759c8f55707aa4]::panicking::panic_handler::{closure#0}
[INFO] [stdout]    8:     0x55b5a7ae1569 - std[70759c8f55707aa4]::sys::backtrace::__rust_end_short_backtrace::<std[70759c8f55707aa4]::panicking::panic_handler::{closure#0}, !>
[INFO] [stdout]    9:     0x55b5a7ae93dd - __rustc[8fa7c3cbc660c2b3]::rust_begin_unwind
[INFO] [stdout]   10:     0x55b5a7b226ec - core[df12db4294e9bfd3]::panicking::panic_fmt
[INFO] [stdout]   11:     0x55b5a7b224c2 - core[df12db4294e9bfd3]::result::unwrap_failed
[INFO] [stdout]   12:     0x55b5a7a8a78c - <rusoto_mock[2b532d9c2616a7c6]::MockResponseReader as rusoto_mock[2b532d9c2616a7c6]::ReadMockResponse>::read_response
[INFO] [stdout]   13:     0x55b5a7a3d19d - rusoto_ses[67c259eabaa5adf0]::generated::protocol_tests::test_parse_valid_ses_set_identity_dkim_enabled::{closure#0}
[INFO] [stdout]   14:     0x55b5a7a46dc3 - <tokio[d5a4e785dbe4b2e5]::runtime::scheduler::current_thread::Context>::enter::<core[df12db4294e9bfd3]::task::poll::Poll<()>, <tokio[d5a4e785dbe4b2e5]::runtime::scheduler::current_thread::CoreGuard>::block_on<core[df12db4294e9bfd3]::pin::Pin<&mut core[df12db4294e9bfd3]::pin::Pin<&mut dyn core[df12db4294e9bfd3]::future::future::Future<Output = ()>>>>::{closure#0}::{closure#0}>
[INFO] [stdout]   15:     0x55b5a7a4460c - <tokio[d5a4e785dbe4b2e5]::runtime::context::scoped::Scoped<tokio[d5a4e785dbe4b2e5]::runtime::scheduler::Context>>::set::<<tokio[d5a4e785dbe4b2e5]::runtime::scheduler::current_thread::CoreGuard>::enter<<tokio[d5a4e785dbe4b2e5]::runtime::scheduler::current_thread::CoreGuard>::block_on<core[df12db4294e9bfd3]::pin::Pin<&mut core[df12db4294e9bfd3]::pin::Pin<&mut dyn core[df12db4294e9bfd3]::future::future::Future<Output = ()>>>>::{closure#0}, core[df12db4294e9bfd3]::option::Option<()>>::{closure#0}, (alloc[2182bb758b4b3781]::boxed::Box<tokio[d5a4e785dbe4b2e5]::runtime::scheduler::current_thread::Core>, core[df12db4294e9bfd3]::option::Option<()>)>
[INFO] [stdout]   16:     0x55b5a7a46ab0 - <tokio[d5a4e785dbe4b2e5]::runtime::scheduler::current_thread::CurrentThread>::block_on::<core[df12db4294e9bfd3]::pin::Pin<&mut dyn core[df12db4294e9bfd3]::future::future::Future<Output = ()>>>
[INFO] [stdout]   17:     0x55b5a7a35792 - <tokio[d5a4e785dbe4b2e5]::runtime::runtime::Runtime>::block_on::<core[df12db4294e9bfd3]::pin::Pin<&mut dyn core[df12db4294e9bfd3]::future::future::Future<Output = ()>>>
[INFO] [stdout]   18:     0x55b5a7a3ec3b - rusoto_ses[67c259eabaa5adf0]::generated::protocol_tests::test_parse_valid_ses_set_identity_dkim_enabled
[INFO] [stdout]   19:     0x55b5a7a44339 - <rusoto_ses[67c259eabaa5adf0]::generated::protocol_tests::test_parse_valid_ses_set_identity_dkim_enabled::{closure#0} as core[df12db4294e9bfd3]::ops::function::FnOnce<()>>::call_once
[INFO] [stdout]   20:     0x55b5a7a47f6b - test[9d35eded1c95d3be]::__rust_begin_short_backtrace::<core[df12db4294e9bfd3]::result::Result<(), alloc[2182bb758b4b3781]::string::String>, fn() -> core[df12db4294e9bfd3]::result::Result<(), alloc[2182bb758b4b3781]::string::String>>
[INFO] [stdout]   21:     0x55b5a7a555d5 - test[9d35eded1c95d3be]::run_test::{closure#0}
[INFO] [stdout]   22:     0x55b5a7a4ee94 - std[70759c8f55707aa4]::sys::backtrace::__rust_begin_short_backtrace::<test[9d35eded1c95d3be]::run_test::{closure#1}, ()>
[INFO] [stdout]   23:     0x55b5a7a58732 - <std[70759c8f55707aa4]::thread::lifecycle::spawn_unchecked<test[9d35eded1c95d3be]::run_test::{closure#1}, ()>::{closure#1} as core[df12db4294e9bfd3]::ops::function::FnOnce<()>>::call_once::{shim:vtable#0}
[INFO] [stdout]   24:     0x55b5a7b0c199 - <std[70759c8f55707aa4]::sys::thread::unix::Thread>::new::thread_start
[INFO] [stdout]   25:     0x7bbc60a57dfa - <unknown>
[INFO] [stdout]   26:     0x7bbc60aeb3d4 - clone
[INFO] [stdout]   27:                0x0 - <unknown>
[INFO] [stdout] 
[INFO] [stdout] ---- generated::protocol_tests::test_parse_valid_ses_get_send_statistics stdout ----
[INFO] [stdout] 
[INFO] [stdout] thread 'generated::protocol_tests::test_parse_valid_ses_get_send_statistics' (1265) panicked at /opt/rustwide/cargo-home/registry/src/index.crates.io-1949cf8c6b5b557f/rusoto_mock-0.48.0/src/lib.rs:195:53:
[INFO] [stdout] couldn't find file: Os { code: 2, kind: NotFound, message: "No such file or directory" }
[INFO] [stdout] stack backtrace:
[INFO] [stdout]    0:     0x55b5a7b0c8d1 - <<std[70759c8f55707aa4]::sys::backtrace::BacktraceLock>::print::DisplayBacktrace as core[df12db4294e9bfd3]::fmt::Display>::fmt
[INFO] [stdout]    1:     0x55b5a7b21f8a - core[df12db4294e9bfd3]::fmt::write
[INFO] [stdout]    2:     0x55b5a7b10f2c - <alloc[2182bb758b4b3781]::vec::Vec<u8> as core[df12db4294e9bfd3]::io::write::Write>::write_fmt
[INFO] [stdout]    3:     0x55b5a7ae8736 - std[70759c8f55707aa4]::panicking::default_hook::{closure#0}
[INFO] [stdout]    4:     0x55b5a7b04dc9 - std[70759c8f55707aa4]::panicking::default_hook
[INFO] [stdout]    5:     0x55b5a7a54c80 - test[9d35eded1c95d3be]::test_main_inner::<test[9d35eded1c95d3be]::test_main_static::{closure#0}>::{closure#0}
[INFO] [stdout]    6:     0x55b5a7b050f2 - std[70759c8f55707aa4]::panicking::panic_with_hook
[INFO] [stdout]    7:     0x55b5a7ae87e2 - std[70759c8f55707aa4]::panicking::panic_handler::{closure#0}
[INFO] [stdout]    8:     0x55b5a7ae1569 - std[70759c8f55707aa4]::sys::backtrace::__rust_end_short_backtrace::<std[70759c8f55707aa4]::panicking::panic_handler::{closure#0}, !>
[INFO] [stdout]    9:     0x55b5a7ae93dd - __rustc[8fa7c3cbc660c2b3]::rust_begin_unwind
[INFO] [stdout]   10:     0x55b5a7b226ec - core[df12db4294e9bfd3]::panicking::panic_fmt
[INFO] [stdout]   11:     0x55b5a7b224c2 - core[df12db4294e9bfd3]::result::unwrap_failed
[INFO] [stdout]   12:     0x55b5a7a8a78c - <rusoto_mock[2b532d9c2616a7c6]::MockResponseReader as rusoto_mock[2b532d9c2616a7c6]::ReadMockResponse>::read_response
[INFO] [stdout]   13:     0x55b5a7a3ca9d - rusoto_ses[67c259eabaa5adf0]::generated::protocol_tests::test_parse_valid_ses_get_send_statistics::{closure#0}
[INFO] [stdout]   14:     0x55b5a7a46dc3 - <tokio[d5a4e785dbe4b2e5]::runtime::scheduler::current_thread::Context>::enter::<core[df12db4294e9bfd3]::task::poll::Poll<()>, <tokio[d5a4e785dbe4b2e5]::runtime::scheduler::current_thread::CoreGuard>::block_on<core[df12db4294e9bfd3]::pin::Pin<&mut core[df12db4294e9bfd3]::pin::Pin<&mut dyn core[df12db4294e9bfd3]::future::future::Future<Output = ()>>>>::{closure#0}::{closure#0}>
[INFO] [stdout]   15:     0x55b5a7a4460c - <tokio[d5a4e785dbe4b2e5]::runtime::context::scoped::Scoped<tokio[d5a4e785dbe4b2e5]::runtime::scheduler::Context>>::set::<<tokio[d5a4e785dbe4b2e5]::runtime::scheduler::current_thread::CoreGuard>::enter<<tokio[d5a4e785dbe4b2e5]::runtime::scheduler::current_thread::CoreGuard>::block_on<core[df12db4294e9bfd3]::pin::Pin<&mut core[df12db4294e9bfd3]::pin::Pin<&mut dyn core[df12db4294e9bfd3]::future::future::Future<Output = ()>>>>::{closure#0}, core[df12db4294e9bfd3]::option::Option<()>>::{closure#0}, (alloc[2182bb758b4b3781]::boxed::Box<tokio[d5a4e785dbe4b2e5]::runtime::scheduler::current_thread::Core>, core[df12db4294e9bfd3]::option::Option<()>)>
[INFO] [stdout]   16:     0x55b5a7a46ab0 - <tokio[d5a4e785dbe4b2e5]::runtime::scheduler::current_thread::CurrentThread>::block_on::<core[df12db4294e9bfd3]::pin::Pin<&mut dyn core[df12db4294e9bfd3]::future::future::Future<Output = ()>>>
[INFO] [stdout]   17:     0x55b5a7a35792 - <tokio[d5a4e785dbe4b2e5]::runtime::runtime::Runtime>::block_on::<core[df12db4294e9bfd3]::pin::Pin<&mut dyn core[df12db4294e9bfd3]::future::future::Future<Output = ()>>>
[INFO] [stdout]   18:     0x55b5a7a3e99b - rusoto_ses[67c259eabaa5adf0]::generated::protocol_tests::test_parse_valid_ses_get_send_statistics
[INFO] [stdout]   19:     0x55b5a7a442f9 - <rusoto_ses[67c259eabaa5adf0]::generated::protocol_tests::test_parse_valid_ses_get_send_statistics::{closure#0} as core[df12db4294e9bfd3]::ops::function::FnOnce<()>>::call_once
[INFO] [stdout]   20:     0x55b5a7a47f6b - test[9d35eded1c95d3be]::__rust_begin_short_backtrace::<core[df12db4294e9bfd3]::result::Result<(), alloc[2182bb758b4b3781]::string::String>, fn() -> core[df12db4294e9bfd3]::result::Result<(), alloc[2182bb758b4b3781]::string::String>>
[INFO] [stdout]   21:     0x55b5a7a555d5 - test[9d35eded1c95d3be]::run_test::{closure#0}
[INFO] [stdout]   22:     0x55b5a7a4ee94 - std[70759c8f55707aa4]::sys::backtrace::__rust_begin_short_backtrace::<test[9d35eded1c95d3be]::run_test::{closure#1}, ()>
[INFO] [stdout]   23:     0x55b5a7a58732 - <std[70759c8f55707aa4]::thread::lifecycle::spawn_unchecked<test[9d35eded1c95d3be]::run_test::{closure#1}, ()>::{closure#1} as core[df12db4294e9bfd3]::ops::function::FnOnce<()>>::call_once::{shim:vtable#0}
[INFO] [stdout]   24:     0x55b5a7b0c199 - <std[70759c8f55707aa4]::sys::thread::unix::Thread>::new::thread_start
[INFO] [stdout]   25:     0x7bbc60a57dfa - <unknown>
[INFO] [stdout]   26:     0x7bbc60aeb3d4 - clone
[INFO] [stdout]   27:                0x0 - <unknown>
[INFO] [stdout] 
[INFO] [stdout] ---- generated::protocol_tests::test_parse_valid_ses_get_identity_dkim_attributes stdout ----
[INFO] [stdout] 
[INFO] [stdout] thread 'generated::protocol_tests::test_parse_valid_ses_get_identity_dkim_attributes' (1261) panicked at /opt/rustwide/cargo-home/registry/src/index.crates.io-1949cf8c6b5b557f/rusoto_mock-0.48.0/src/lib.rs:195:53:
[INFO] [stdout] couldn't find file: Os { code: 2, kind: NotFound, message: "No such file or directory" }
[INFO] [stdout] stack backtrace:
[INFO] [stdout]    0:     0x55b5a7b0c8d1 - <<std[70759c8f55707aa4]::sys::backtrace::BacktraceLock>::print::DisplayBacktrace as core[df12db4294e9bfd3]::fmt::Display>::fmt
[INFO] [stdout]    1:     0x55b5a7b21f8a - core[df12db4294e9bfd3]::fmt::write
[INFO] [stdout]    2:     0x55b5a7b10f2c - <alloc[2182bb758b4b3781]::vec::Vec<u8> as core[df12db4294e9bfd3]::io::write::Write>::write_fmt
[INFO] [stdout]    3:     0x55b5a7ae8736 - std[70759c8f55707aa4]::panicking::default_hook::{closure#0}
[INFO] [stdout]    4:     0x55b5a7b04dc9 - std[70759c8f55707aa4]::panicking::default_hook
[INFO] [stdout]    5:     0x55b5a7a54c80 - test[9d35eded1c95d3be]::test_main_inner::<test[9d35eded1c95d3be]::test_main_static::{closure#0}>::{closure#0}
[INFO] [stdout]    6:     0x55b5a7b050f2 - std[70759c8f55707aa4]::panicking::panic_with_hook
[INFO] [stdout]    7:     0x55b5a7ae87e2 - std[70759c8f55707aa4]::panicking::panic_handler::{closure#0}
[INFO] [stdout]    8:     0x55b5a7ae1569 - std[70759c8f55707aa4]::sys::backtrace::__rust_end_short_backtrace::<std[70759c8f55707aa4]::panicking::panic_handler::{closure#0}, !>
[INFO] [stdout]    9:     0x55b5a7ae93dd - __rustc[8fa7c3cbc660c2b3]::rust_begin_unwind
[INFO] [stdout]   10:     0x55b5a7b226ec - core[df12db4294e9bfd3]::panicking::panic_fmt
[INFO] [stdout]   11:     0x55b5a7b224c2 - core[df12db4294e9bfd3]::result::unwrap_failed
[INFO] [stdout]   12:     0x55b5a7a8a78c - <rusoto_mock[2b532d9c2616a7c6]::MockResponseReader as rusoto_mock[2b532d9c2616a7c6]::ReadMockResponse>::read_response
[INFO] [stdout]   13:     0x55b5a7a3d53d - rusoto_ses[67c259eabaa5adf0]::generated::protocol_tests::test_parse_valid_ses_get_identity_dkim_attributes::{closure#0}
[INFO] [stdout]   14:     0x55b5a7a46dc3 - <tokio[d5a4e785dbe4b2e5]::runtime::scheduler::current_thread::Context>::enter::<core[df12db4294e9bfd3]::task::poll::Poll<()>, <tokio[d5a4e785dbe4b2e5]::runtime::scheduler::current_thread::CoreGuard>::block_on<core[df12db4294e9bfd3]::pin::Pin<&mut core[df12db4294e9bfd3]::pin::Pin<&mut dyn core[df12db4294e9bfd3]::future::future::Future<Output = ()>>>>::{closure#0}::{closure#0}>
[INFO] [stdout]   15:     0x55b5a7a4460c - <tokio[d5a4e785dbe4b2e5]::runtime::context::scoped::Scoped<tokio[d5a4e785dbe4b2e5]::runtime::scheduler::Context>>::set::<<tokio[d5a4e785dbe4b2e5]::runtime::scheduler::current_thread::CoreGuard>::enter<<tokio[d5a4e785dbe4b2e5]::runtime::scheduler::current_thread::CoreGuard>::block_on<core[df12db4294e9bfd3]::pin::Pin<&mut core[df12db4294e9bfd3]::pin::Pin<&mut dyn core[df12db4294e9bfd3]::future::future::Future<Output = ()>>>>::{closure#0}, core[df12db4294e9bfd3]::option::Option<()>>::{closure#0}, (alloc[2182bb758b4b3781]::boxed::Box<tokio[d5a4e785dbe4b2e5]::runtime::scheduler::current_thread::Core>, core[df12db4294e9bfd3]::option::Option<()>)>
[INFO] [stdout]   16:     0x55b5a7a46ab0 - <tokio[d5a4e785dbe4b2e5]::runtime::scheduler::current_thread::CurrentThread>::block_on::<core[df12db4294e9bfd3]::pin::Pin<&mut dyn core[df12db4294e9bfd3]::future::future::Future<Output = ()>>>
[INFO] [stdout]   17:     0x55b5a7a35792 - <tokio[d5a4e785dbe4b2e5]::runtime::runtime::Runtime>::block_on::<core[df12db4294e9bfd3]::pin::Pin<&mut dyn core[df12db4294e9bfd3]::future::future::Future<Output = ()>>>
[INFO] [stdout]   18:     0x55b5a7a3ed8b - rusoto_ses[67c259eabaa5adf0]::generated::protocol_tests::test_parse_valid_ses_get_identity_dkim_attributes
[INFO] [stdout]   19:     0x55b5a7a44359 - <rusoto_ses[67c259eabaa5adf0]::generated::protocol_tests::test_parse_valid_ses_get_identity_dkim_attributes::{closure#0} as core[df12db4294e9bfd3]::ops::function::FnOnce<()>>::call_once
[INFO] [stdout]   20:     0x55b5a7a47f6b - test[9d35eded1c95d3be]::__rust_begin_short_backtrace::<core[df12db4294e9bfd3]::result::Result<(), alloc[2182bb758b4b3781]::string::String>, fn() -> core[df12db4294e9bfd3]::result::Result<(), alloc[2182bb758b4b3781]::string::String>>
[INFO] [stdout]   21:     0x55b5a7a555d5 - test[9d35eded1c95d3be]::run_test::{closure#0}
[INFO] [stdout]   22:     0x55b5a7a4ee94 - std[70759c8f55707aa4]::sys::backtrace::__rust_begin_short_backtrace::<test[9d35eded1c95d3be]::run_test::{closure#1}, ()>
[INFO] [stdout]   23:     0x55b5a7a58732 - <std[70759c8f55707aa4]::thread::lifecycle::spawn_unchecked<test[9d35eded1c95d3be]::run_test::{closure#1}, ()>::{closure#1} as core[df12db4294e9bfd3]::ops::function::FnOnce<()>>::call_once::{shim:vtable#0}
[INFO] [stdout]   24:     0x55b5a7b0c199 - <std[70759c8f55707aa4]::sys::thread::unix::Thread>::new::thread_start
[INFO] [stdout]   25:     0x7bbc60a57dfa - <unknown>
[INFO] [stdout]   26:     0x7bbc60aeb3d4 - clone
[INFO] [stdout]   27:                0x0 - <unknown>
[INFO] [stdout] 
[INFO] [stdout] ---- generated::protocol_tests::test_parse_valid_ses_verify_domain_dkim stdout ----
[INFO] [stdout] 
[INFO] [stdout] thread 'generated::protocol_tests::test_parse_valid_ses_verify_domain_dkim' (1270) panicked at /opt/rustwide/cargo-home/registry/src/index.crates.io-1949cf8c6b5b557f/rusoto_mock-0.48.0/src/lib.rs:195:53:
[INFO] [stdout] couldn't find file: Os { code: 2, kind: NotFound, message: "No such file or directory" }
[INFO] [stdout] stack backtrace:
[INFO] [stdout]    0:     0x55b5a7b0c8d1 - <<std[70759c8f55707aa4]::sys::backtrace::BacktraceLock>::print::DisplayBacktrace as core[df12db4294e9bfd3]::fmt::Display>::fmt
[INFO] [stdout]    1:     0x55b5a7b21f8a - core[df12db4294e9bfd3]::fmt::write
[INFO] [stdout]    2:     0x55b5a7b10f2c - <alloc[2182bb758b4b3781]::vec::Vec<u8> as core[df12db4294e9bfd3]::io::write::Write>::write_fmt
[INFO] [stdout]    3:     0x55b5a7ae8736 - std[70759c8f55707aa4]::panicking::default_hook::{closure#0}
[INFO] [stdout]    4:     0x55b5a7b04dc9 - std[70759c8f55707aa4]::panicking::default_hook
[INFO] [stdout]    5:     0x55b5a7a54c80 - test[9d35eded1c95d3be]::test_main_inner::<test[9d35eded1c95d3be]::test_main_static::{closure#0}>::{closure#0}
[INFO] [stdout]    6:     0x55b5a7b050f2 - std[70759c8f55707aa4]::panicking::panic_with_hook
[INFO] [stdout]    7:     0x55b5a7ae87e2 - std[70759c8f55707aa4]::panicking::panic_handler::{closure#0}
[INFO] [stdout]    8:     0x55b5a7ae1569 - std[70759c8f55707aa4]::sys::backtrace::__rust_end_short_backtrace::<std[70759c8f55707aa4]::panicking::panic_handler::{closure#0}, !>
[INFO] [stdout]    9:     0x55b5a7ae93dd - __rustc[8fa7c3cbc660c2b3]::rust_begin_unwind
[INFO] [stdout]   10:     0x55b5a7b226ec - core[df12db4294e9bfd3]::panicking::panic_fmt
[INFO] [stdout]   11:     0x55b5a7b224c2 - core[df12db4294e9bfd3]::result::unwrap_failed
[INFO] [stdout]   12:     0x55b5a7a8a78c - <rusoto_mock[2b532d9c2616a7c6]::MockResponseReader as rusoto_mock[2b532d9c2616a7c6]::ReadMockResponse>::read_response
[INFO] [stdout]   13:     0x55b5a7a3c70d - rusoto_ses[67c259eabaa5adf0]::generated::protocol_tests::test_parse_valid_ses_verify_domain_dkim::{closure#0}
[INFO] [stdout]   14:     0x55b5a7a46dc3 - <tokio[d5a4e785dbe4b2e5]::runtime::scheduler::current_thread::Context>::enter::<core[df12db4294e9bfd3]::task::poll::Poll<()>, <tokio[d5a4e785dbe4b2e5]::runtime::scheduler::current_thread::CoreGuard>::block_on<core[df12db4294e9bfd3]::pin::Pin<&mut core[df12db4294e9bfd3]::pin::Pin<&mut dyn core[df12db4294e9bfd3]::future::future::Future<Output = ()>>>>::{closure#0}::{closure#0}>
[INFO] [stdout]   15:     0x55b5a7a4460c - <tokio[d5a4e785dbe4b2e5]::runtime::context::scoped::Scoped<tokio[d5a4e785dbe4b2e5]::runtime::scheduler::Context>>::set::<<tokio[d5a4e785dbe4b2e5]::runtime::scheduler::current_thread::CoreGuard>::enter<<tokio[d5a4e785dbe4b2e5]::runtime::scheduler::current_thread::CoreGuard>::block_on<core[df12db4294e9bfd3]::pin::Pin<&mut core[df12db4294e9bfd3]::pin::Pin<&mut dyn core[df12db4294e9bfd3]::future::future::Future<Output = ()>>>>::{closure#0}, core[df12db4294e9bfd3]::option::Option<()>>::{closure#0}, (alloc[2182bb758b4b3781]::boxed::Box<tokio[d5a4e785dbe4b2e5]::runtime::scheduler::current_thread::Core>, core[df12db4294e9bfd3]::option::Option<()>)>
[INFO] [stdout]   16:     0x55b5a7a46ab0 - <tokio[d5a4e785dbe4b2e5]::runtime::scheduler::current_thread::CurrentThread>::block_on::<core[df12db4294e9bfd3]::pin::Pin<&mut dyn core[df12db4294e9bfd3]::future::future::Future<Output = ()>>>
[INFO] [stdout]   17:     0x55b5a7a35792 - <tokio[d5a4e785dbe4b2e5]::runtime::runtime::Runtime>::block_on::<core[df12db4294e9bfd3]::pin::Pin<&mut dyn core[df12db4294e9bfd3]::future::future::Future<Output = ()>>>
[INFO] [stdout]   18:     0x55b5a7a3e84b - rusoto_ses[67c259eabaa5adf0]::generated::protocol_tests::test_parse_valid_ses_verify_domain_dkim
[INFO] [stdout]   19:     0x55b5a7a442d9 - <rusoto_ses[67c259eabaa5adf0]::generated::protocol_tests::test_parse_valid_ses_verify_domain_dkim::{closure#0} as core[df12db4294e9bfd3]::ops::function::FnOnce<()>>::call_once
[INFO] [stdout]   20:     0x55b5a7a47f6b - test[9d35eded1c95d3be]::__rust_begin_short_backtrace::<core[df12db4294e9bfd3]::result::Result<(), alloc[2182bb758b4b3781]::string::String>, fn() -> core[df12db4294e9bfd3]::result::Result<(), alloc[2182bb758b4b3781]::string::String>>
[INFO] [stdout]   21:     0x55b5a7a555d5 - test[9d35eded1c95d3be]::run_test::{closure#0}
[INFO] [stdout]   22:     0x55b5a7a4ee94 - std[70759c8f55707aa4]::sys::backtrace::__rust_begin_short_backtrace::<test[9d35eded1c95d3be]::run_test::{closure#1}, ()>
[INFO] [stdout]   23:     0x55b5a7a58732 - <std[70759c8f55707aa4]::thread::lifecycle::spawn_unchecked<test[9d35eded1c95d3be]::run_test::{closure#1}, ()>::{closure#1} as core[df12db4294e9bfd3]::ops::function::FnOnce<()>>::call_once::{shim:vtable#0}
[INFO] [stdout]   24:     0x55b5a7b0c199 - <std[70759c8f55707aa4]::sys::thread::unix::Thread>::new::thread_start
[INFO] [stdout]   25:     0x7bbc60a57dfa - <unknown>
[INFO] [stdout]   26:     0x7bbc60aeb3d4 - clone
[INFO] [stdout]   27:                0x0 - <unknown>
[INFO] [stdout] 
[INFO] [stdout] ---- generated::protocol_tests::test_parse_valid_ses_send_raw_email stdout ----
[INFO] [stdout] 
[INFO] [stdout] thread 'generated::protocol_tests::test_parse_valid_ses_send_raw_email' (1268) panicked at /opt/rustwide/cargo-home/registry/src/index.crates.io-1949cf8c6b5b557f/rusoto_mock-0.48.0/src/lib.rs:195:53:
[INFO] [stdout] couldn't find file: Os { code: 2, kind: NotFound, message: "No such file or directory" }
[INFO] [stdout] stack backtrace:
[INFO] [stdout]    0:     0x55b5a7b0c8d1 - <<std[70759c8f55707aa4]::sys::backtrace::BacktraceLock>::print::DisplayBacktrace as core[df12db4294e9bfd3]::fmt::Display>::fmt
[INFO] [stdout]    1:     0x55b5a7b21f8a - core[df12db4294e9bfd3]::fmt::write
[INFO] [stdout]    2:     0x55b5a7b10f2c - <alloc[2182bb758b4b3781]::vec::Vec<u8> as core[df12db4294e9bfd3]::io::write::Write>::write_fmt
[INFO] [stdout]    3:     0x55b5a7ae8736 - std[70759c8f55707aa4]::panicking::default_hook::{closure#0}
[INFO] [stdout]    4:     0x55b5a7b04dc9 - std[70759c8f55707aa4]::panicking::default_hook
[INFO] [stdout]    5:     0x55b5a7a54c80 - test[9d35eded1c95d3be]::test_main_inner::<test[9d35eded1c95d3be]::test_main_static::{closure#0}>::{closure#0}
[INFO] [stdout]    6:     0x55b5a7b050f2 - std[70759c8f55707aa4]::panicking::panic_with_hook
[INFO] [stdout]    7:     0x55b5a7ae87e2 - std[70759c8f55707aa4]::panicking::panic_handler::{closure#0}
[INFO] [stdout]    8:     0x55b5a7ae1569 - std[70759c8f55707aa4]::sys::backtrace::__rust_end_short_backtrace::<std[70759c8f55707aa4]::panicking::panic_handler::{closure#0}, !>
[INFO] [stdout]    9:     0x55b5a7ae93dd - __rustc[8fa7c3cbc660c2b3]::rust_begin_unwind
[INFO] [stdout]   10:     0x55b5a7b226ec - core[df12db4294e9bfd3]::panicking::panic_fmt
[INFO] [stdout]   11:     0x55b5a7b224c2 - core[df12db4294e9bfd3]::result::unwrap_failed
[INFO] [stdout]   12:     0x55b5a7a8a78c - <rusoto_mock[2b532d9c2616a7c6]::MockResponseReader as rusoto_mock[2b532d9c2616a7c6]::ReadMockResponse>::read_response
[INFO] [stdout]   13:     0x55b5a7a3b86d - rusoto_ses[67c259eabaa5adf0]::generated::protocol_tests::test_parse_valid_ses_send_raw_email::{closure#0}
[INFO] [stdout]   14:     0x55b5a7a46dc3 - <tokio[d5a4e785dbe4b2e5]::runtime::scheduler::current_thread::Context>::enter::<core[df12db4294e9bfd3]::task::poll::Poll<()>, <tokio[d5a4e785dbe4b2e5]::runtime::scheduler::current_thread::CoreGuard>::block_on<core[df12db4294e9bfd3]::pin::Pin<&mut core[df12db4294e9bfd3]::pin::Pin<&mut dyn core[df12db4294e9bfd3]::future::future::Future<Output = ()>>>>::{closure#0}::{closure#0}>
[INFO] [stdout]   15:     0x55b5a7a4460c - <tokio[d5a4e785dbe4b2e5]::runtime::context::scoped::Scoped<tokio[d5a4e785dbe4b2e5]::runtime::scheduler::Context>>::set::<<tokio[d5a4e785dbe4b2e5]::runtime::scheduler::current_thread::CoreGuard>::enter<<tokio[d5a4e785dbe4b2e5]::runtime::scheduler::current_thread::CoreGuard>::block_on<core[df12db4294e9bfd3]::pin::Pin<&mut core[df12db4294e9bfd3]::pin::Pin<&mut dyn core[df12db4294e9bfd3]::future::future::Future<Output = ()>>>>::{closure#0}, core[df12db4294e9bfd3]::option::Option<()>>::{closure#0}, (alloc[2182bb758b4b3781]::boxed::Box<tokio[d5a4e785dbe4b2e5]::runtime::scheduler::current_thread::Core>, core[df12db4294e9bfd3]::option::Option<()>)>
[INFO] [stdout]   16:     0x55b5a7a46ab0 - <tokio[d5a4e785dbe4b2e5]::runtime::scheduler::current_thread::CurrentThread>::block_on::<core[df12db4294e9bfd3]::pin::Pin<&mut dyn core[df12db4294e9bfd3]::future::future::Future<Output = ()>>>
[INFO] [stdout]   17:     0x55b5a7a35792 - <tokio[d5a4e785dbe4b2e5]::runtime::runtime::Runtime>::block_on::<core[df12db4294e9bfd3]::pin::Pin<&mut dyn core[df12db4294e9bfd3]::future::future::Future<Output = ()>>>
[INFO] [stdout]   18:     0x55b5a7a3e30b - rusoto_ses[67c259eabaa5adf0]::generated::protocol_tests::test_parse_valid_ses_send_raw_email
[INFO] [stdout]   19:     0x55b5a7a44259 - <rusoto_ses[67c259eabaa5adf0]::generated::protocol_tests::test_parse_valid_ses_send_raw_email::{closure#0} as core[df12db4294e9bfd3]::ops::function::FnOnce<()>>::call_once
[INFO] [stdout]   20:     0x55b5a7a47f6b - test[9d35eded1c95d3be]::__rust_begin_short_backtrace::<core[df12db4294e9bfd3]::result::Result<(), alloc[2182bb758b4b3781]::string::String>, fn() -> core[df12db4294e9bfd3]::result::Result<(), alloc[2182bb758b4b3781]::string::String>>
[INFO] [stdout]   21:     0x55b5a7a555d5 - test[9d35eded1c95d3be]::run_test::{closure#0}
[INFO] [stdout]   22:     0x55b5a7a4ee94 - std[70759c8f55707aa4]::sys::backtrace::__rust_begin_short_backtrace::<test[9d35eded1c95d3be]::run_test::{closure#1}, ()>
[INFO] [stdout]   23:     0x55b5a7a58732 - <std[70759c8f55707aa4]::thread::lifecycle::spawn_unchecked<test[9d35eded1c95d3be]::run_test::{closure#1}, ()>::{closure#1} as core[df12db4294e9bfd3]::ops::function::FnOnce<()>>::call_once::{shim:vtable#0}
[INFO] [stdout]   24:     0x55b5a7b0c199 - <std[70759c8f55707aa4]::sys::thread::unix::Thread>::new::thread_start
[INFO] [stdout]   25:     0x7bbc60a57dfa - <unknown>
[INFO] [stdout]   26:     0x7bbc60aeb3d4 - clone
[INFO] [stdout]   27:                0x0 - <unknown>
[INFO] [stdout] 
[INFO] [stdout] ---- generated::protocol_tests::test_parse_valid_ses_send_email stdout ----
[INFO] [stdout] 
[INFO] [stdout] thread 'generated::protocol_tests::test_parse_valid_ses_send_email' (1267) panicked at /opt/rustwide/cargo-home/registry/src/index.crates.io-1949cf8c6b5b557f/rusoto_mock-0.48.0/src/lib.rs:195:53:
[INFO] [stdout] couldn't find file: Os { code: 2, kind: NotFound, message: "No such file or directory" }
[INFO] [stdout] stack backtrace:
[INFO] [stdout]    0:     0x55b5a7b0c8d1 - <<std[70759c8f55707aa4]::sys::backtrace::BacktraceLock>::print::DisplayBacktrace as core[df12db4294e9bfd3]::fmt::Display>::fmt
[INFO] [stdout]    1:     0x55b5a7b21f8a - core[df12db4294e9bfd3]::fmt::write
[INFO] [stdout]    2:     0x55b5a7b10f2c - <alloc[2182bb758b4b3781]::vec::Vec<u8> as core[df12db4294e9bfd3]::io::write::Write>::write_fmt
[INFO] [stdout]    3:     0x55b5a7ae8736 - std[70759c8f55707aa4]::panicking::default_hook::{closure#0}
[INFO] [stdout]    4:     0x55b5a7b04dc9 - std[70759c8f55707aa4]::panicking::default_hook
[INFO] [stdout]    5:     0x55b5a7a54c80 - test[9d35eded1c95d3be]::test_main_inner::<test[9d35eded1c95d3be]::test_main_static::{closure#0}>::{closure#0}
[INFO] [stdout]    6:     0x55b5a7b050f2 - std[70759c8f55707aa4]::panicking::panic_with_hook
[INFO] [stdout]    7:     0x55b5a7ae87e2 - std[70759c8f55707aa4]::panicking::panic_handler::{closure#0}
[INFO] [stdout]    8:     0x55b5a7ae1569 - std[70759c8f55707aa4]::sys::backtrace::__rust_end_short_backtrace::<std[70759c8f55707aa4]::panicking::panic_handler::{closure#0}, !>
[INFO] [stdout]    9:     0x55b5a7ae93dd - __rustc[8fa7c3cbc660c2b3]::rust_begin_unwind
[INFO] [stdout]   10:     0x55b5a7b226ec - core[df12db4294e9bfd3]::panicking::panic_fmt
[INFO] [stdout]   11:     0x55b5a7b224c2 - core[df12db4294e9bfd3]::result::unwrap_failed
[INFO] [stdout]   12:     0x55b5a7a8a78c - <rusoto_mock[2b532d9c2616a7c6]::MockResponseReader as rusoto_mock[2b532d9c2616a7c6]::ReadMockResponse>::read_response
[INFO] [stdout]   13:     0x55b5a7a3b0bd - rusoto_ses[67c259eabaa5adf0]::generated::protocol_tests::test_parse_valid_ses_send_email::{closure#0}
[INFO] [stdout]   14:     0x55b5a7a46dc3 - <tokio[d5a4e785dbe4b2e5]::runtime::scheduler::current_thread::Context>::enter::<core[df12db4294e9bfd3]::task::poll::Poll<()>, <tokio[d5a4e785dbe4b2e5]::runtime::scheduler::current_thread::CoreGuard>::block_on<core[df12db4294e9bfd3]::pin::Pin<&mut core[df12db4294e9bfd3]::pin::Pin<&mut dyn core[df12db4294e9bfd3]::future::future::Future<Output = ()>>>>::{closure#0}::{closure#0}>
[INFO] [stdout]   15:     0x55b5a7a4460c - <tokio[d5a4e785dbe4b2e5]::runtime::context::scoped::Scoped<tokio[d5a4e785dbe4b2e5]::runtime::scheduler::Context>>::set::<<tokio[d5a4e785dbe4b2e5]::runtime::scheduler::current_thread::CoreGuard>::enter<<tokio[d5a4e785dbe4b2e5]::runtime::scheduler::current_thread::CoreGuard>::block_on<core[df12db4294e9bfd3]::pin::Pin<&mut core[df12db4294e9bfd3]::pin::Pin<&mut dyn core[df12db4294e9bfd3]::future::future::Future<Output = ()>>>>::{closure#0}, core[df12db4294e9bfd3]::option::Option<()>>::{closure#0}, (alloc[2182bb758b4b3781]::boxed::Box<tokio[d5a4e785dbe4b2e5]::runtime::scheduler::current_thread::Core>, core[df12db4294e9bfd3]::option::Option<()>)>
[INFO] [stdout]   16:     0x55b5a7a46ab0 - <tokio[d5a4e785dbe4b2e5]::runtime::scheduler::current_thread::CurrentThread>::block_on::<core[df12db4294e9bfd3]::pin::Pin<&mut dyn core[df12db4294e9bfd3]::future::future::Future<Output = ()>>>
[INFO] [stdout]   17:     0x55b5a7a35792 - <tokio[d5a4e785dbe4b2e5]::runtime::runtime::Runtime>::block_on::<core[df12db4294e9bfd3]::pin::Pin<&mut dyn core[df12db4294e9bfd3]::future::future::Future<Output = ()>>>
[INFO] [stdout]   18:     0x55b5a7a3e06b - rusoto_ses[67c259eabaa5adf0]::generated::protocol_tests::test_parse_valid_ses_send_email
[INFO] [stdout]   19:     0x55b5a7a44219 - <rusoto_ses[67c259eabaa5adf0]::generated::protocol_tests::test_parse_valid_ses_send_email::{closure#0} as core[df12db4294e9bfd3]::ops::function::FnOnce<()>>::call_once
[INFO] [stdout]   20:     0x55b5a7a47f6b - test[9d35eded1c95d3be]::__rust_begin_short_backtrace::<core[df12db4294e9bfd3]::result::Result<(), alloc[2182bb758b4b3781]::string::String>, fn() -> core[df12db4294e9bfd3]::result::Result<(), alloc[2182bb758b4b3781]::string::String>>
[INFO] [stdout]   21:     0x55b5a7a555d5 - test[9d35eded1c95d3be]::run_test::{closure#0}
[INFO] [stdout]   22:     0x55b5a7a4ee94 - std[70759c8f55707aa4]::sys::backtrace::__rust_begin_short_backtrace::<test[9d35eded1c95d3be]::run_test::{closure#1}, ()>
[INFO] [stdout]   23:     0x55b5a7a58732 - <std[70759c8f55707aa4]::thread::lifecycle::spawn_unchecked<test[9d35eded1c95d3be]::run_test::{closure#1}, ()>::{closure#1} as core[df12db4294e9bfd3]::ops::function::FnOnce<()>>::call_once::{shim:vtable#0}
[INFO] [stdout]   24:     0x55b5a7b0c199 - <std[70759c8f55707aa4]::sys::thread::unix::Thread>::new::thread_start
[INFO] [stdout]   25:     0x7bbc60a57dfa - <unknown>
[INFO] [stdout]   26:     0x7bbc60aeb3d4 - clone
[INFO] [stdout]   27:                0x0 - <unknown>
[INFO] [stdout] 
[INFO] [stdout] ---- generated::protocol_tests::test_parse_error_ses_delete_identity stdout ----
[INFO] [stdout] 
[INFO] [stdout] thread 'generated::protocol_tests::test_parse_error_ses_delete_identity' (1259) panicked at /opt/rustwide/cargo-home/registry/src/index.crates.io-1949cf8c6b5b557f/rusoto_mock-0.48.0/src/lib.rs:195:53:
[INFO] [stdout] couldn't find file: Os { code: 2, kind: NotFound, message: "No such file or directory" }
[INFO] [stdout] stack backtrace:
[INFO] [stdout]    0:     0x55b5a7b0c8d1 - <<std[70759c8f55707aa4]::sys::backtrace::BacktraceLock>::print::DisplayBacktrace as core[df12db4294e9bfd3]::fmt::Display>::fmt
[INFO] [stdout]    1:     0x55b5a7b21f8a - core[df12db4294e9bfd3]::fmt::write
[INFO] [stdout]    2:     0x55b5a7b10f2c - <alloc[2182bb758b4b3781]::vec::Vec<u8> as core[df12db4294e9bfd3]::io::write::Write>::write_fmt
[INFO] [stdout]    3:     0x55b5a7ae8736 - std[70759c8f55707aa4]::panicking::default_hook::{closure#0}
[INFO] [stdout]    4:     0x55b5a7b04dc9 - std[70759c8f55707aa4]::panicking::default_hook
[INFO] [stdout]    5:     0x55b5a7a54c80 - test[9d35eded1c95d3be]::test_main_inner::<test[9d35eded1c95d3be]::test_main_static::{closure#0}>::{closure#0}
[INFO] [stdout]    6:     0x55b5a7b050f2 - std[70759c8f55707aa4]::panicking::panic_with_hook
[INFO] [stdout]    7:     0x55b5a7ae87e2 - std[70759c8f55707aa4]::panicking::panic_handler::{closure#0}
[INFO] [stdout]    8:     0x55b5a7ae1569 - std[70759c8f55707aa4]::sys::backtrace::__rust_end_short_backtrace::<std[70759c8f55707aa4]::panicking::panic_handler::{closure#0}, !>
[INFO] [stdout]    9:     0x55b5a7ae93dd - __rustc[8fa7c3cbc660c2b3]::rust_begin_unwind
[INFO] [stdout]   10:     0x55b5a7b226ec - core[df12db4294e9bfd3]::panicking::panic_fmt
[INFO] [stdout]   11:     0x55b5a7b224c2 - core[df12db4294e9bfd3]::result::unwrap_failed
[INFO] [stdout]   12:     0x55b5a7a8a78c - <rusoto_mock[2b532d9c2616a7c6]::MockResponseReader as rusoto_mock[2b532d9c2616a7c6]::ReadMockResponse>::read_response
[INFO] [stdout]   13:     0x55b5a7a3bc5d - rusoto_ses[67c259eabaa5adf0]::generated::protocol_tests::test_parse_error_ses_delete_identity::{closure#0}
[INFO] [stdout]   14:     0x55b5a7a46dc3 - <tokio[d5a4e785dbe4b2e5]::runtime::scheduler::current_thread::Context>::enter::<core[df12db4294e9bfd3]::task::poll::Poll<()>, <tokio[d5a4e785dbe4b2e5]::runtime::scheduler::current_thread::CoreGuard>::block_on<core[df12db4294e9bfd3]::pin::Pin<&mut core[df12db4294e9bfd3]::pin::Pin<&mut dyn core[df12db4294e9bfd3]::future::future::Future<Output = ()>>>>::{closure#0}::{closure#0}>
[INFO] [stdout]   15:     0x55b5a7a4460c - <tokio[d5a4e785dbe4b2e5]::runtime::context::scoped::Scoped<tokio[d5a4e785dbe4b2e5]::runtime::scheduler::Context>>::set::<<tokio[d5a4e785dbe4b2e5]::runtime::scheduler::current_thread::CoreGuard>::enter<<tokio[d5a4e785dbe4b2e5]::runtime::scheduler::current_thread::CoreGuard>::block_on<core[df12db4294e9bfd3]::pin::Pin<&mut core[df12db4294e9bfd3]::pin::Pin<&mut dyn core[df12db4294e9bfd3]::future::future::Future<Output = ()>>>>::{closure#0}, core[df12db4294e9bfd3]::option::Option<()>>::{closure#0}, (alloc[2182bb758b4b3781]::boxed::Box<tokio[d5a4e785dbe4b2e5]::runtime::scheduler::current_thread::Core>, core[df12db4294e9bfd3]::option::Option<()>)>
[INFO] [stdout]   16:     0x55b5a7a46ab0 - <tokio[d5a4e785dbe4b2e5]::runtime::scheduler::current_thread::CurrentThread>::block_on::<core[df12db4294e9bfd3]::pin::Pin<&mut dyn core[df12db4294e9bfd3]::future::future::Future<Output = ()>>>
[INFO] [stdout]   17:     0x55b5a7a35792 - <tokio[d5a4e785dbe4b2e5]::runtime::runtime::Runtime>::block_on::<core[df12db4294e9bfd3]::pin::Pin<&mut dyn core[df12db4294e9bfd3]::future::future::Future<Output = ()>>>
[INFO] [stdout]   18:     0x55b5a7a3e45b - rusoto_ses[67c259eabaa5adf0]::generated::protocol_tests::test_parse_error_ses_delete_identity
[INFO] [stdout]   19:     0x55b5a7a44279 - <rusoto_ses[67c259eabaa5adf0]::generated::protocol_tests::test_parse_error_ses_delete_identity::{closure#0} as core[df12db4294e9bfd3]::ops::function::FnOnce<()>>::call_once
[INFO] [stdout]   20:     0x55b5a7a47f6b - test[9d35eded1c95d3be]::__rust_begin_short_backtrace::<core[df12db4294e9bfd3]::result::Result<(), alloc[2182bb758b4b3781]::string::String>, fn() -> core[df12db4294e9bfd3]::result::Result<(), alloc[2182bb758b4b3781]::string::String>>
[INFO] [stdout]   21:     0x55b5a7a555d5 - test[9d35eded1c95d3be]::run_test::{closure#0}
[INFO] [stdout]   22:     0x55b5a7a4ee94 - std[70759c8f55707aa4]::sys::backtrace::__rust_begin_short_backtrace::<test[9d35eded1c95d3be]::run_test::{closure#1}, ()>
[INFO] [stdout]   23:     0x55b5a7a58732 - <std[70759c8f55707aa4]::thread::lifecycle::spawn_unchecked<test[9d35eded1c95d3be]::run_test::{closure#1}, ()>::{closure#1} as core[df12db4294e9bfd3]::ops::function::FnOnce<()>>::call_once::{shim:vtable#0}
[INFO] [stdout]   24:     0x55b5a7b0c199 - <std[70759c8f55707aa4]::sys::thread::unix::Thread>::new::thread_start
[INFO] [stdout]   25:     0x7bbc60a57dfa - <unknown>
[INFO] [stdout]   26:     0x7bbc60aeb3d4 - clone
[INFO] [stdout]   27:                0x0 - <unknown>
[INFO] [stdout] 
[INFO] [stdout] ---- generated::protocol_tests::test_parse_valid_ses_list_identities stdout ----
[INFO] [stdout] 
[INFO] [stdout] thread 'generated::protocol_tests::test_parse_valid_ses_list_identities' (1266) panicked at /opt/rustwide/cargo-home/registry/src/index.crates.io-1949cf8c6b5b557f/rusoto_mock-0.48.0/src/lib.rs:195:53:
[INFO] [stdout] couldn't find file: Os { code: 2, kind: NotFound, message: "No such file or directory" }
[INFO] [stdout] stack backtrace:
[INFO] [stdout]    0:     0x55b5a7b0c8d1 - <<std[70759c8f55707aa4]::sys::backtrace::BacktraceLock>::print::DisplayBacktrace as core[df12db4294e9bfd3]::fmt::Display>::fmt
[INFO] [stdout]    1:     0x55b5a7b21f8a - core[df12db4294e9bfd3]::fmt::write
[INFO] [stdout]    2:     0x55b5a7b10f2c - <alloc[2182bb758b4b3781]::vec::Vec<u8> as core[df12db4294e9bfd3]::io::write::Write>::write_fmt
[INFO] [stdout]    3:     0x55b5a7ae8736 - std[70759c8f55707aa4]::panicking::default_hook::{closure#0}
[INFO] [stdout]    4:     0x55b5a7b04dc9 - std[70759c8f55707aa4]::panicking::default_hook
[INFO] [stdout]    5:     0x55b5a7a54c80 - test[9d35eded1c95d3be]::test_main_inner::<test[9d35eded1c95d3be]::test_main_static::{closure#0}>::{closure#0}
[INFO] [stdout]    6:     0x55b5a7b050f2 - std[70759c8f55707aa4]::panicking::panic_with_hook
[INFO] [stdout]    7:     0x55b5a7ae87e2 - std[70759c8f55707aa4]::panicking::panic_handler::{closure#0}
[INFO] [stdout]    8:     0x55b5a7ae1569 - std[70759c8f55707aa4]::sys::backtrace::__rust_end_short_backtrace::<std[70759c8f55707aa4]::panicking::panic_handler::{closure#0}, !>
[INFO] [stdout]    9:     0x55b5a7ae93dd - __rustc[8fa7c3cbc660c2b3]::rust_begin_unwind
[INFO] [stdout]   10:     0x55b5a7b226ec - core[df12db4294e9bfd3]::panicking::panic_fmt
[INFO] [stdout]   11:     0x55b5a7b224c2 - core[df12db4294e9bfd3]::result::unwrap_failed
[INFO] [stdout]   12:     0x55b5a7a8a78c - <rusoto_mock[2b532d9c2616a7c6]::MockResponseReader as rusoto_mock[2b532d9c2616a7c6]::ReadMockResponse>::read_response
[INFO] [stdout]   13:     0x55b5a7a3c37d - rusoto_ses[67c259eabaa5adf0]::generated::protocol_tests::test_parse_valid_ses_list_identities::{closure#0}
[INFO] [stdout]   14:     0x55b5a7a46dc3 - <tokio[d5a4e785dbe4b2e5]::runtime::scheduler::current_thread::Context>::enter::<core[df12db4294e9bfd3]::task::poll::Poll<()>, <tokio[d5a4e785dbe4b2e5]::runtime::scheduler::current_thread::CoreGuard>::block_on<core[df12db4294e9bfd3]::pin::Pin<&mut core[df12db4294e9bfd3]::pin::Pin<&mut dyn core[df12db4294e9bfd3]::future::future::Future<Output = ()>>>>::{closure#0}::{closure#0}>
[INFO] [stdout]   15:     0x55b5a7a4460c - <tokio[d5a4e785dbe4b2e5]::runtime::context::scoped::Scoped<tokio[d5a4e785dbe4b2e5]::runtime::scheduler::Context>>::set::<<tokio[d5a4e785dbe4b2e5]::runtime::scheduler::current_thread::CoreGuard>::enter<<tokio[d5a4e785dbe4b2e5]::runtime::scheduler::current_thread::CoreGuard>::block_on<core[df12db4294e9bfd3]::pin::Pin<&mut core[df12db4294e9bfd3]::pin::Pin<&mut dyn core[df12db4294e9bfd3]::future::future::Future<Output = ()>>>>::{closure#0}, core[df12db4294e9bfd3]::option::Option<()>>::{closure#0}, (alloc[2182bb758b4b3781]::boxed::Box<tokio[d5a4e785dbe4b2e5]::runtime::scheduler::current_thread::Core>, core[df12db4294e9bfd3]::option::Option<()>)>
[INFO] [stdout]   16:     0x55b5a7a46ab0 - <tokio[d5a4e785dbe4b2e5]::runtime::scheduler::current_thread::CurrentThread>::block_on::<core[df12db4294e9bfd3]::pin::Pin<&mut dyn core[df12db4294e9bfd3]::future::future::Future<Output = ()>>>
[INFO] [stdout]   17:     0x55b5a7a35792 - <tokio[d5a4e785dbe4b2e5]::runtime::runtime::Runtime>::block_on::<core[df12db4294e9bfd3]::pin::Pin<&mut dyn core[df12db4294e9bfd3]::future::future::Future<Output = ()>>>
[INFO] [stdout]   18:     0x55b5a7a3e6fb - rusoto_ses[67c259eabaa5adf0]::generated::protocol_tests::test_parse_valid_ses_list_identities
[INFO] [stdout]   19:     0x55b5a7a442b9 - <rusoto_ses[67c259eabaa5adf0]::generated::protocol_tests::test_parse_valid_ses_list_identities::{closure#0} as core[df12db4294e9bfd3]::ops::function::FnOnce<()>>::call_once
[INFO] [stdout]   20:     0x55b5a7a47f6b - test[9d35eded1c95d3be]::__rust_begin_short_backtrace::<core[df12db4294e9bfd3]::result::Result<(), alloc[2182bb758b4b3781]::string::String>, fn() -> core[df12db4294e9bfd3]::result::Result<(), alloc[2182bb758b4b3781]::string::String>>
[INFO] [stdout]   21:     0x55b5a7a555d5 - test[9d35eded1c95d3be]::run_test::{closure#0}
[INFO] [stdout]   22:     0x55b5a7a4ee94 - std[70759c8f55707aa4]::sys::backtrace::__rust_begin_short_backtrace::<test[9d35eded1c95d3be]::run_test::{closure#1}, ()>
[INFO] [stdout]   23:     0x55b5a7a58732 - <std[70759c8f55707aa4]::thread::lifecycle::spawn_unchecked<test[9d35eded1c95d3be]::run_test::{closure#1}, ()>::{closure#1} as core[df12db4294e9bfd3]::ops::function::FnOnce<()>>::call_once::{shim:vtable#0}
[INFO] [stdout]   24:     0x55b5a7b0c199 - <std[70759c8f55707aa4]::sys::thread::unix::Thread>::new::thread_start
[INFO] [stdout]   25:     0x7bbc60a57dfa - <unknown>
[INFO] [stdout]   26:     0x7bbc60aeb3d4 - clone
[INFO] [stdout]   27:                0x0 - <unknown>
[INFO] [stdout] 
[INFO] [stdout] ---- generated::protocol_tests::test_parse_valid_ses_get_identity_notification_attributes stdout ----
[INFO] [stdout] 
[INFO] [stdout] thread 'generated::protocol_tests::test_parse_valid_ses_get_identity_notification_attributes' (1262) panicked at /opt/rustwide/cargo-home/registry/src/index.crates.io-1949cf8c6b5b557f/rusoto_mock-0.48.0/src/lib.rs:195:53:
[INFO] [stdout] couldn't find file: Os { code: 2, kind: NotFound, message: "No such file or directory" }
[INFO] [stdout] stack backtrace:
[INFO] [stdout]    0:     0x55b5a7b0c8d1 - <<std[70759c8f55707aa4]::sys::backtrace::BacktraceLock>::print::DisplayBacktrace as core[df12db4294e9bfd3]::fmt::Display>::fmt
[INFO] [stdout]    1:     0x55b5a7b21f8a - core[df12db4294e9bfd3]::fmt::write
[INFO] [stdout]    2:     0x55b5a7b10f2c - <alloc[2182bb758b4b3781]::vec::Vec<u8> as core[df12db4294e9bfd3]::io::write::Write>::write_fmt
[INFO] [stdout]    3:     0x55b5a7ae8736 - std[70759c8f55707aa4]::panicking::default_hook::{closure#0}
[INFO] [stdout]    4:     0x55b5a7b04dc9 - std[70759c8f55707aa4]::panicking::default_hook
[INFO] [stdout]    5:     0x55b5a7a54c80 - test[9d35eded1c95d3be]::test_main_inner::<test[9d35eded1c95d3be]::test_main_static::{closure#0}>::{closure#0}
[INFO] [stdout]    6:     0x55b5a7b050f2 - std[70759c8f55707aa4]::panicking::panic_with_hook
[INFO] [stdout]    7:     0x55b5a7ae87e2 - std[70759c8f55707aa4]::panicking::panic_handler::{closure#0}
[INFO] [stdout]    8:     0x55b5a7ae1569 - std[70759c8f55707aa4]::sys::backtrace::__rust_end_short_backtrace::<std[70759c8f55707aa4]::panicking::panic_handler::{closure#0}, !>
[INFO] [stdout]    9:     0x55b5a7ae93dd - __rustc[8fa7c3cbc660c2b3]::rust_begin_unwind
[INFO] [stdout]   10:     0x55b5a7b226ec - core[df12db4294e9bfd3]::panicking::panic_fmt
[INFO] [stdout]   11:     0x55b5a7b224c2 - core[df12db4294e9bfd3]::result::unwrap_failed
[INFO] [stdout]   12:     0x55b5a7a8a78c - <rusoto_mock[2b532d9c2616a7c6]::MockResponseReader as rusoto_mock[2b532d9c2616a7c6]::ReadMockResponse>::read_response
[INFO] [stdout]   13:     0x55b5a7a3d8cd - rusoto_ses[67c259eabaa5adf0]::generated::protocol_tests::test_parse_valid_ses_get_identity_notification_attributes::{closure#0}
[INFO] [stdout]   14:     0x55b5a7a46dc3 - <tokio[d5a4e785dbe4b2e5]::runtime::scheduler::current_thread::Context>::enter::<core[df12db4294e9bfd3]::task::poll::Poll<()>, <tokio[d5a4e785dbe4b2e5]::runtime::scheduler::current_thread::CoreGuard>::block_on<core[df12db4294e9bfd3]::pin::Pin<&mut core[df12db4294e9bfd3]::pin::Pin<&mut dyn core[df12db4294e9bfd3]::future::future::Future<Output = ()>>>>::{closure#0}::{closure#0}>
[INFO] [stdout]   15:     0x55b5a7a4460c - <tokio[d5a4e785dbe4b2e5]::runtime::context::scoped::Scoped<tokio[d5a4e785dbe4b2e5]::runtime::scheduler::Context>>::set::<<tokio[d5a4e785dbe4b2e5]::runtime::scheduler::current_thread::CoreGuard>::enter<<tokio[d5a4e785dbe4b2e5]::runtime::scheduler::current_thread::CoreGuard>::block_on<core[df12db4294e9bfd3]::pin::Pin<&mut core[df12db4294e9bfd3]::pin::Pin<&mut dyn core[df12db4294e9bfd3]::future::future::Future<Output = ()>>>>::{closure#0}, core[df12db4294e9bfd3]::option::Option<()>>::{closure#0}, (alloc[2182bb758b4b3781]::boxed::Box<tokio[d5a4e785dbe4b2e5]::runtime::scheduler::current_thread::Core>, core[df12db4294e9bfd3]::option::Option<()>)>
[INFO] [stdout]   16:     0x55b5a7a46ab0 - <tokio[d5a4e785dbe4b2e5]::runtime::scheduler::current_thread::CurrentThread>::block_on::<core[df12db4294e9bfd3]::pin::Pin<&mut dyn core[df12db4294e9bfd3]::future::future::Future<Output = ()>>>
[INFO] [stdout]   17:     0x55b5a7a35792 - <tokio[d5a4e785dbe4b2e5]::runtime::runtime::Runtime>::block_on::<core[df12db4294e9bfd3]::pin::Pin<&mut dyn core[df12db4294e9bfd3]::future::future::Future<Output = ()>>>
[INFO] [stdout]   18:     0x55b5a7a3eedb - rusoto_ses[67c259eabaa5adf0]::generated::protocol_tests::test_parse_valid_ses_get_identity_notification_attributes
[INFO] [stdout]   19:     0x55b5a7a44379 - <rusoto_ses[67c259eabaa5adf0]::generated::protocol_tests::test_parse_valid_ses_get_identity_notification_attributes::{closure#0} as core[df12db4294e9bfd3]::ops::function::FnOnce<()>>::call_once
[INFO] [stdout]   20:     0x55b5a7a47f6b - test[9d35eded1c95d3be]::__rust_begin_short_backtrace::<core[df12db4294e9bfd3]::result::Result<(), alloc[2182bb758b4b3781]::string::String>, fn() -> core[df12db4294e9bfd3]::result::Result<(), alloc[2182bb758b4b3781]::string::String>>
[INFO] [stdout]   21:     0x55b5a7a555d5 - test[9d35eded1c95d3be]::run_test::{closure#0}
[INFO] [stdout]   22:     0x55b5a7a4ee94 - std[70759c8f55707aa4]::sys::backtrace::__rust_begin_short_backtrace::<test[9d35eded1c95d3be]::run_test::{closure#1}, ()>
[INFO] [stdout]   23:     0x55b5a7a58732 - <std[70759c8f55707aa4]::thread::lifecycle::spawn_unchecked<test[9d35eded1c95d3be]::run_test::{closure#1}, ()>::{closure#1} as core[df12db4294e9bfd3]::ops::function::FnOnce<()>>::call_once::{shim:vtable#0}
[INFO] [stdout]   24:     0x55b5a7b0c199 - <std[70759c8f55707aa4]::sys::thread::unix::Thread>::new::thread_start
[INFO] [stdout]   25:     0x7bbc60a57dfa - <unknown>
[INFO] [stdout]   26:     0x7bbc60aeb3d4 - clone
[INFO] [stdout]   27:                0x0 - <unknown>
[INFO] [stdout] 
[INFO] [stdout] 
[INFO] [stdout] failures:
[INFO] [stdout]     generated::protocol_tests::test_parse_error_ses_delete_identity
[INFO] [stdout]     generated::protocol_tests::test_parse_valid_ses_delete_identity
[INFO] [stdout]     generated::protocol_tests::test_parse_valid_ses_get_identity_dkim_attributes
[INFO] [stdout]     generated::protocol_tests::test_parse_valid_ses_get_identity_notification_attributes
[INFO] [stdout]     generated::protocol_tests::test_parse_valid_ses_get_identity_verification_attributes
[INFO] [stdout]     generated::protocol_tests::test_parse_valid_ses_get_send_quota
[INFO] [stdout]     generated::protocol_tests::test_parse_valid_ses_get_send_statistics
[INFO] [stdout]     generated::protocol_tests::test_parse_valid_ses_list_identities
[INFO] [stdout]     generated::protocol_tests::test_parse_valid_ses_send_email
[INFO] [stdout]     generated::protocol_tests::test_parse_valid_ses_send_raw_email
[INFO] [stdout]     generated::protocol_tests::test_parse_valid_ses_set_identity_dkim_enabled
[INFO] [stdout]     generated::protocol_tests::test_parse_valid_ses_verify_domain_dkim
[INFO] [stdout]     generated::protocol_tests::test_parse_valid_ses_verify_domain_identity
[INFO] [stdout] 
[INFO] [stdout] test result: FAILED. 0 passed; 13 failed; 0 ignored; 0 measured; 0 filtered out; finished in 0.01s
[INFO] [stdout] 
[INFO] [stderr] error: test failed, to rerun pass `--lib`
[INFO] running `Command { std: "docker" "inspect" "839ff553fa0739fa34a6635977188443fac45765d6d10ecf07ee783e231f2888", kill_on_drop: false }`
[INFO] running `Command { std: "docker" "rm" "-f" "839ff553fa0739fa34a6635977188443fac45765d6d10ecf07ee783e231f2888", kill_on_drop: false }`
[INFO] [stdout] 839ff553fa0739fa34a6635977188443fac45765d6d10ecf07ee783e231f2888
