[INFO] fetching crate rusoto_s3 0.48.0...
[INFO] testing rusoto_s3-0.48.0 against 1.99.0-beta.8+cargoflags=--release for beta-release-1.100-2
[INFO] extracting crate rusoto_s3 0.48.0 into /workspace/builds/worker-5-tc1/source
[INFO] started tweaking crates.io crate rusoto_s3 0.48.0
[INFO] finished tweaking crates.io crate rusoto_s3 0.48.0
[INFO] tweaked toml for crates.io crate rusoto_s3 0.48.0 written to /workspace/builds/worker-5-tc1/source/Cargo.toml
[INFO] validating manifest of crates.io crate rusoto_s3 0.48.0 on toolchain 1.99.0-beta.8
[INFO] running `Command { std: CARGO_HOME="/workspace/cargo-home" RUSTUP_HOME="/workspace/rustup-home" "/workspace/cargo-home/bin/cargo" "+1.99.0-beta.8" "metadata" "--manifest-path" "Cargo.toml" "--no-deps", kill_on_drop: false }`
[INFO] running `Command { std: CARGO_HOME="/workspace/cargo-home" RUSTUP_HOME="/workspace/rustup-home" "/workspace/cargo-home/bin/cargo" "+1.99.0-beta.8" "generate-lockfile" "--manifest-path" "Cargo.toml", kill_on_drop: false }`
[INFO] [stderr]     Blocking waiting for file lock on package cache
[INFO] [stderr]     Updating crates.io index
[INFO] [stderr]     Blocking waiting for file lock on package cache
[INFO] [stderr]      Locking 162 packages to highest compatible versions
[INFO] [stderr]       Adding subtle v2.4.1 (available: v2.6.1)
[INFO] [stderr]       Adding xml-rs v0.8.29 (available: v1.0.0)
[INFO] running `Command { std: CARGO_HOME="/workspace/cargo-home" RUSTUP_HOME="/workspace/rustup-home" "/workspace/cargo-home/bin/cargo" "+1.99.0-beta.8" "fetch" "--manifest-path" "Cargo.toml", kill_on_drop: false }`
[INFO] [stderr]     Blocking waiting for file lock on package cache
[INFO] [stderr]     Blocking waiting for file lock on package cache
[INFO] running `Command { std: "docker" "create" "-v" "/var/lib/crater-agent-workspace/builds/worker-5-tc1/source:/opt/rustwide/workdir:ro,Z" "-v" "/var/lib/crater-agent-workspace/builds/worker-5-tc1/target:/opt/rustwide/target:rw,Z" "-v" "/var/lib/crater-agent-workspace/cargo-home:/opt/rustwide/cargo-home:ro,Z" "-v" "/var/lib/crater-agent-workspace/rustup-home:/opt/rustwide/rustup-home:ro,Z" "-m" "1610612736" "--network" "none" "ghcr.io/rust-lang/crates-build-env/linux@sha256:77db811e55d90add9212f6832c23229e3de5f1c1f9905e8cb07319ea15df73ac" "sleep" "infinity", kill_on_drop: false }`
[INFO] [stdout] cb4fa9877f85cc23ba6eb2a6d9dea766541d005e59a2de14ee8064ad151e823b
[INFO] running `Command { std: "docker" "start" "cb4fa9877f85cc23ba6eb2a6d9dea766541d005e59a2de14ee8064ad151e823b", kill_on_drop: false }`
[INFO] running `Command { std: "docker" "inspect" "cb4fa9877f85cc23ba6eb2a6d9dea766541d005e59a2de14ee8064ad151e823b", kill_on_drop: false }`
[INFO] running `Command { std: "docker" "exec" "-e" "SOURCE_DIR=/opt/rustwide/workdir" "-e" "CARGO_HOME=/opt/rustwide/cargo-home" "-e" "RUSTUP_HOME=/opt/rustwide/rustup-home" "-e" "CARGO_TARGET_DIR=/opt/rustwide/target" "-w" "/opt/rustwide/workdir" "--user" "0:0" "cb4fa9877f85cc23ba6eb2a6d9dea766541d005e59a2de14ee8064ad151e823b" "/opt/rustwide/cargo-home/bin/cargo" "+1.99.0-beta.8" "metadata" "--no-deps" "--format-version=1", kill_on_drop: false }`
[INFO] running `Command { std: "docker" "inspect" "cb4fa9877f85cc23ba6eb2a6d9dea766541d005e59a2de14ee8064ad151e823b", kill_on_drop: false }`
[INFO] running `Command { std: "docker" "exec" "-e" "SOURCE_DIR=/opt/rustwide/workdir" "-e" "CARGO_HOME=/opt/rustwide/cargo-home" "-e" "RUSTUP_HOME=/opt/rustwide/rustup-home" "-e" "CARGO_TARGET_DIR=/opt/rustwide/target" "-e" "CARGO_INCREMENTAL=0" "-e" "RUST_BACKTRACE=full" "-e" "RUSTFLAGS=--cap-lints=warn" "-e" "RUSTDOCFLAGS=--cap-lints=warn" "-w" "/opt/rustwide/workdir" "--user" "0:0" "cb4fa9877f85cc23ba6eb2a6d9dea766541d005e59a2de14ee8064ad151e823b" "/opt/rustwide/cargo-home/bin/cargo" "+1.99.0-beta.8" "build" "--frozen" "--message-format=json" "--release", kill_on_drop: false }`
[INFO] [stderr]    Compiling proc-macro2 v1.0.107
[INFO] [stderr]    Compiling unicode-ident v1.0.27
[INFO] [stderr]    Compiling quote v1.0.47
[INFO] [stderr]    Compiling libc v0.2.191
[INFO] [stderr]    Compiling pin-project-lite v0.2.17
[INFO] [stderr]    Compiling bytes v1.12.1
[INFO] [stderr]    Compiling futures-sink v0.3.34
[INFO] [stderr]    Compiling version_check v0.9.5
[INFO] [stderr]    Compiling shlex v2.0.1
[INFO] [stderr]    Compiling find-msvc-tools v0.1.14
[INFO] [stderr]    Compiling futures-core v0.3.34
[INFO] [stderr]    Compiling pkg-config v0.3.34
[INFO] [stderr]    Compiling vcpkg v0.2.15
[INFO] [stderr]    Compiling memchr v2.8.3
[INFO] [stderr]    Compiling cfg-if v1.0.5
[INFO] [stderr]    Compiling typenum v1.20.1
[INFO] [stderr]    Compiling futures-task v0.3.34
[INFO] [stderr]    Compiling itoa v1.0.18
[INFO] [stderr]    Compiling slab v0.4.12
[INFO] [stderr]    Compiling futures-io v0.3.34
[INFO] [stderr]    Compiling futures-channel v0.3.34
[INFO] [stderr]    Compiling serde_core v1.0.229
[INFO] [stderr]    Compiling fnv v1.0.7
[INFO] [stderr]    Compiling once_cell v1.21.4
[INFO] [stderr]    Compiling cc v1.8.0
[INFO] [stderr]    Compiling autocfg v1.5.1
[INFO] [stderr]    Compiling hashbrown v0.17.1
[INFO] [stderr]    Compiling httparse v1.10.1
[INFO] [stderr]    Compiling equivalent v1.0.3
[INFO] [stderr]    Compiling generic-array v0.14.9
[INFO] [stderr]    Compiling zmij v1.0.23
[INFO] [stderr]    Compiling foreign-types-shared v0.1.1
[INFO] [stderr]    Compiling tracing-core v0.1.36
[INFO] [stderr]    Compiling try-lock v0.2.5
[INFO] [stderr]    Compiling serde v1.0.229
[INFO] [stderr]    Compiling openssl v0.10.81
[INFO] [stderr]    Compiling want v0.3.2
[INFO] [stderr]    Compiling foreign-types v0.3.2
[INFO] [stderr]    Compiling tracing v0.1.44
[INFO] [stderr]    Compiling tower-service v0.3.3
[INFO] [stderr]    Compiling serde_json v1.0.154
[INFO] [stderr]    Compiling num-traits v0.2.19
[INFO] [stderr]    Compiling bitflags v2.13.2
[INFO] [stderr]    Compiling log v0.4.34
[INFO] [stderr]    Compiling native-tls v0.2.18
[INFO] [stderr]    Compiling httpdate v1.0.3
[INFO] [stderr]    Compiling http v0.2.12
[INFO] [stderr]    Compiling iana-time-zone v0.1.65
[INFO] [stderr]    Compiling syn v3.0.9
[INFO] [stderr]    Compiling syn v2.0.119
[INFO] [stderr]    Compiling openssl-probe v0.2.1
[INFO] [stderr]    Compiling semver v1.0.28
[INFO] [stderr]    Compiling subtle v2.4.1
[INFO] [stderr]    Compiling digest v0.9.0
[INFO] [stderr]    Compiling block-buffer v0.9.0
[INFO] [stderr]    Compiling opaque-debug v0.3.1
[INFO] [stderr]    Compiling crypto-mac v0.11.1
[INFO] [stderr]    Compiling shlex v1.3.0
[INFO] [stderr]    Compiling crc32fast v1.5.2
[INFO] [stderr]    Compiling cpufeatures v0.2.17
[INFO] [stderr]    Compiling zeroize v1.9.1
[INFO] [stderr]    Compiling sha2 v0.9.9
[INFO] [stderr]    Compiling md-5 v0.9.1
[INFO] [stderr]    Compiling hmac v0.11.0
[INFO] [stderr]    Compiling indexmap v2.14.2
[INFO] [stderr]    Compiling rustc_version v0.4.1
[INFO] [stderr]    Compiling hex v0.4.3
[INFO] [stderr]    Compiling percent-encoding v2.3.2
[INFO] [stderr]    Compiling base64 v0.13.1
[INFO] [stderr]    Compiling lazy_static v1.5.1
[INFO] [stderr]    Compiling xml-rs v0.8.29
[INFO] [stderr]    Compiling errno v0.3.14
[INFO] [stderr]    Compiling mio v1.2.4
[INFO] [stderr]    Compiling socket2 v0.6.5
[INFO] [stderr]    Compiling socket2 v0.5.10
[INFO] [stderr]    Compiling signal-hook-registry v1.4.8
[INFO] [stderr]    Compiling dirs-sys-next v0.1.2
[INFO] [stderr]    Compiling rusoto_core v0.48.0
[INFO] [stderr]    Compiling dirs-next v2.0.0
[INFO] [stderr]    Compiling openssl-sys v0.9.117
[INFO] [stderr]    Compiling http-body v0.4.6
[INFO] [stderr]    Compiling openssl-macros v0.1.1
[INFO] [stderr]    Compiling futures-macro v0.3.34
[INFO] [stderr]    Compiling tokio-macros v2.7.2
[INFO] [stderr]    Compiling serde_derive v1.0.229
[INFO] [stderr]    Compiling async-trait v0.1.92
[INFO] [stderr]    Compiling tokio v1.53.3
[INFO] [stderr]    Compiling futures-util v0.3.34
[INFO] [stderr]    Compiling futures-executor v0.3.34
[INFO] [stderr]    Compiling chrono v0.4.45
[INFO] [stderr]    Compiling futures v0.3.34
[INFO] [stderr]    Compiling tokio-util v0.7.20
[INFO] [stderr]    Compiling tokio-native-tls v0.3.1
[INFO] [stderr]    Compiling h2 v0.3.27
[INFO] [stderr]    Compiling hyper v0.14.32
[INFO] [stderr]    Compiling rusoto_credential v0.48.0
[INFO] [stderr]    Compiling hyper-tls v0.5.0
[INFO] [stderr]    Compiling rusoto_signature v0.48.0
[INFO] [stderr]    Compiling rusoto_s3 v0.48.0 (/opt/rustwide/workdir)
[INFO] [stderr]     Finished `release` profile [optimized] target(s) in 1m 28s
[INFO] running `Command { std: "docker" "inspect" "cb4fa9877f85cc23ba6eb2a6d9dea766541d005e59a2de14ee8064ad151e823b", kill_on_drop: false }`
[INFO] running `Command { std: "docker" "exec" "-e" "SOURCE_DIR=/opt/rustwide/workdir" "-e" "CARGO_HOME=/opt/rustwide/cargo-home" "-e" "RUSTUP_HOME=/opt/rustwide/rustup-home" "-e" "CARGO_TARGET_DIR=/opt/rustwide/target" "-e" "CARGO_INCREMENTAL=0" "-e" "RUST_BACKTRACE=full" "-e" "RUSTFLAGS=--cap-lints=warn" "-e" "RUSTDOCFLAGS=--cap-lints=warn" "-w" "/opt/rustwide/workdir" "--user" "0:0" "cb4fa9877f85cc23ba6eb2a6d9dea766541d005e59a2de14ee8064ad151e823b" "/opt/rustwide/cargo-home/bin/cargo" "+1.99.0-beta.8" "test" "--frozen" "--no-run" "--message-format=json" "--release", kill_on_drop: false }`
[INFO] [stderr]    Compiling rusoto_mock v0.48.0
[INFO] [stderr]    Compiling rusoto_s3 v0.48.0 (/opt/rustwide/workdir)
[INFO] [stdout] warning: unexpected `cfg` condition name: `nightly`
[INFO] [stdout]    --> src/custom/custom_tests.rs:294:7
[INFO] [stdout]     |
[INFO] [stdout] 294 | #[cfg(nightly)]
[INFO] [stdout]     |       ^^^^^^^
[INFO] [stdout]     |
[INFO] [stdout]     = help: expected names are: `docsrs`, `feature`, and `test` and 34 more
[INFO] [stdout]     = help: consider using a Cargo feature instead
[INFO] [stdout]     = help: or consider adding in `Cargo.toml` the `check-cfg` lint config for the lint:
[INFO] [stdout]              [lints.rust]
[INFO] [stdout]              unexpected_cfgs = { level = "warn", check-cfg = ['cfg(nightly)'] }
[INFO] [stdout]     = help: or consider adding `println!("cargo::rustc-check-cfg=cfg(nightly)");` to the top of the `build.rs`
[INFO] [stdout]     = note: see <https://doc.rust-lang.org/nightly/rustc/check-cfg/cargo-specifics.html> for more information about checking conditional configuration
[INFO] [stdout]     = note: `#[warn(unexpected_cfgs)]` on by default
[INFO] [stdout] 
[INFO] [stdout] 
[INFO] [stderr]     Finished `release` profile [optimized] target(s) in 10.26s
[INFO] running `Command { std: "docker" "inspect" "cb4fa9877f85cc23ba6eb2a6d9dea766541d005e59a2de14ee8064ad151e823b", kill_on_drop: false }`
[INFO] running `Command { std: "docker" "exec" "-e" "SOURCE_DIR=/opt/rustwide/workdir" "-e" "CARGO_HOME=/opt/rustwide/cargo-home" "-e" "RUSTUP_HOME=/opt/rustwide/rustup-home" "-e" "CARGO_TARGET_DIR=/opt/rustwide/target" "-e" "CARGO_INCREMENTAL=0" "-e" "RUST_BACKTRACE=full" "-e" "RUSTFLAGS=--cap-lints=warn" "-e" "RUSTDOCFLAGS=--cap-lints=warn" "-w" "/opt/rustwide/workdir" "--user" "0:0" "cb4fa9877f85cc23ba6eb2a6d9dea766541d005e59a2de14ee8064ad151e823b" "/opt/rustwide/cargo-home/bin/cargo" "+1.99.0-beta.8" "test" "--frozen" "--release", kill_on_drop: false }`
[INFO] [stderr] warning: unexpected `cfg` condition name: `nightly`
[INFO] [stderr]    --> src/custom/custom_tests.rs:294:7
[INFO] [stderr]     |
[INFO] [stderr] 294 | #[cfg(nightly)]
[INFO] [stderr]     |       ^^^^^^^
[INFO] [stderr]     |
[INFO] [stderr]     = help: expected names are: `docsrs`, `feature`, and `test` and 34 more
[INFO] [stderr]     = help: consider using a Cargo feature instead
[INFO] [stderr]     = help: or consider adding in `Cargo.toml` the `check-cfg` lint config for the lint:
[INFO] [stderr]              [lints.rust]
[INFO] [stderr]              unexpected_cfgs = { level = "warn", check-cfg = ['cfg(nightly)'] }
[INFO] [stderr]     = help: or consider adding `println!("cargo::rustc-check-cfg=cfg(nightly)");` to the top of the `build.rs`
[INFO] [stderr]     = note: see <https://doc.rust-lang.org/nightly/rustc/check-cfg/cargo-specifics.html> for more information about checking conditional configuration
[INFO] [stderr]     = note: `#[warn(unexpected_cfgs)]` on by default
[INFO] [stderr] 
[INFO] [stderr] warning: `rusoto_s3` (lib test) generated 1 warning
[INFO] [stderr]     Finished `release` profile [optimized] target(s) in 0.13s
[INFO] [stderr]      Running unittests src/lib.rs (/opt/rustwide/target/release/deps/rusoto_s3-8586d3ee1a3eafd8)
[INFO] [stdout] 
[INFO] [stdout] running 25 tests
[INFO] [stdout] test custom::custom_tests::test_list_object_versions_with_multiple_versions ... ok
[INFO] [stdout] test custom::custom_tests::complete_multipart_upload_happy_path ... FAILED
[INFO] [stdout] test custom::custom_tests::list_multipart_upload_happy_path ... FAILED
[INFO] [stdout] test custom::custom_tests::test_multipart_upload_copy_response ... ok
[INFO] [stdout] test custom::custom_tests::list_multipart_upload_parts_happy_path ... FAILED
[INFO] [stdout] test custom::custom_tests::structs_should_impl_clone ... ok
[INFO] [stdout] test custom::custom_tests::should_serialize_complicated_request ... ok
[INFO] [stdout] test custom::custom_tests::test_parse_no_such_bucket_error ... ok
[INFO] [stdout] test generated::protocol_tests::test_parse_error_s3_create_bucket ... FAILED
[INFO] [stdout] test custom::custom_tests::initiate_multipart_upload_happy_path ... FAILED
[INFO] [stdout] test custom::custom_tests::can_construct_streaming_body ... ok
[INFO] [stdout] test custom::custom_tests::test_multiple_mock ... ok
[INFO] [stdout] test custom::custom_tests::list_multipart_uploads_no_uploads ... FAILED
[INFO] [stdout] test custom::custom_tests::hould_parse_headers ... ok
[INFO] [stdout] test custom::custom_tests::should_parse_sample_list_buckets_response ... FAILED
[INFO] [stdout] test custom::custom_tests::should_parse_location_constraint ... FAILED
[INFO] [stdout] test generated::protocol_tests::test_parse_error_s3_list_objects ... FAILED
[INFO] [stdout] test generated::protocol_tests::test_parse_valid_s3_list_buckets ... FAILED
[INFO] [stdout] test generated::protocol_tests::test_parse_valid_s3_get_bucket_policy ... FAILED
[INFO] [stdout] test generated::protocol_tests::test_parse_valid_s3_list_multipart_uploads ... FAILED
[INFO] [stdout] test generated::protocol_tests::test_parse_valid_s3_get_bucket_acl ... FAILED
[INFO] [stdout] test generated::protocol_tests::test_parse_valid_s3_list_object_versions ... FAILED
[INFO] [stdout] test generated::protocol_tests::test_parse_valid_s3_list_objects ... FAILED
[INFO] [stdout] test generated::protocol_tests::test_parse_valid_s3_get_bucket_location ... FAILED
[INFO] [stdout] test generated::protocol_tests::test_parse_valid_s3_get_bucket_logging ... FAILED
[INFO] [stdout] 
[INFO] [stdout] failures:
[INFO] [stdout] 
[INFO] [stdout] ---- custom::custom_tests::complete_multipart_upload_happy_path stdout ----
[INFO] [stdout] 
[INFO] [stdout] thread 'custom::custom_tests::complete_multipart_upload_happy_path' (2001) panicked at /opt/rustwide/cargo-home/registry/src/index.crates.io-1949cf8c6b5b557f/rusoto_mock-0.48.0/src/lib.rs:195:53:
[INFO] [stdout] couldn't find file: Os { code: 2, kind: NotFound, message: "No such file or directory" }
[INFO] [stdout] stack backtrace:
[INFO] [stdout]    0:     0x566fa640c1f1 - <<std[70759c8f55707aa4]::sys::backtrace::BacktraceLock>::print::DisplayBacktrace as core[df12db4294e9bfd3]::fmt::Display>::fmt
[INFO] [stdout]    1:     0x566fa6420f1a - core[df12db4294e9bfd3]::fmt::write
[INFO] [stdout]    2:     0x566fa64108fc - <alloc[2182bb758b4b3781]::vec::Vec<u8> as core[df12db4294e9bfd3]::io::write::Write>::write_fmt
[INFO] [stdout]    3:     0x566fa63e8056 - std[70759c8f55707aa4]::panicking::default_hook::{closure#0}
[INFO] [stdout]    4:     0x566fa64046e9 - std[70759c8f55707aa4]::panicking::default_hook
[INFO] [stdout]    5:     0x566fa634e490 - test[9d35eded1c95d3be]::test_main_inner::<test[9d35eded1c95d3be]::test_main_static::{closure#0}>::{closure#0}
[INFO] [stdout]    6:     0x566fa6404a12 - std[70759c8f55707aa4]::panicking::panic_with_hook
[INFO] [stdout]    7:     0x566fa63e8102 - std[70759c8f55707aa4]::panicking::panic_handler::{closure#0}
[INFO] [stdout]    8:     0x566fa63e0e59 - std[70759c8f55707aa4]::sys::backtrace::__rust_end_short_backtrace::<std[70759c8f55707aa4]::panicking::panic_handler::{closure#0}, !>
[INFO] [stdout]    9:     0x566fa63e8cfd - __rustc[8fa7c3cbc660c2b3]::rust_begin_unwind
[INFO] [stdout]   10:     0x566fa642167c - core[df12db4294e9bfd3]::panicking::panic_fmt
[INFO] [stdout]   11:     0x566fa6421452 - core[df12db4294e9bfd3]::result::unwrap_failed
[INFO] [stdout]   12:     0x566fa638439c - <rusoto_mock[2b532d9c2616a7c6]::MockResponseReader as rusoto_mock[2b532d9c2616a7c6]::ReadMockResponse>::read_response
[INFO] [stdout]   13:     0x566fa632007a - rusoto_s3[939255ad852d4706]::custom::custom_tests::complete_multipart_upload_happy_path::{closure#0}
[INFO] [stdout]   14:     0x566fa633d603 - <tokio[d5a4e785dbe4b2e5]::runtime::scheduler::current_thread::Context>::enter::<core[df12db4294e9bfd3]::task::poll::Poll<()>, <tokio[d5a4e785dbe4b2e5]::runtime::scheduler::current_thread::CoreGuard>::block_on<core[df12db4294e9bfd3]::pin::Pin<&mut core[df12db4294e9bfd3]::pin::Pin<&mut dyn core[df12db4294e9bfd3]::future::future::Future<Output = ()>>>>::{closure#0}::{closure#0}>
[INFO] [stdout]   15:     0x566fa63389a9 - <std[70759c8f55707aa4]::thread::local::LocalKey<tokio[d5a4e785dbe4b2e5]::runtime::context::Context>>::with::<tokio[d5a4e785dbe4b2e5]::runtime::context::set_scheduler<(alloc[2182bb758b4b3781]::boxed::Box<tokio[d5a4e785dbe4b2e5]::runtime::scheduler::current_thread::Core>, core[df12db4294e9bfd3]::option::Option<()>), <tokio[d5a4e785dbe4b2e5]::runtime::scheduler::current_thread::CoreGuard>::enter<<tokio[d5a4e785dbe4b2e5]::runtime::scheduler::current_thread::CoreGuard>::block_on<core[df12db4294e9bfd3]::pin::Pin<&mut core[df12db4294e9bfd3]::pin::Pin<&mut dyn core[df12db4294e9bfd3]::future::future::Future<Output = ()>>>>::{closure#0}, core[df12db4294e9bfd3]::option::Option<()>>::{closure#0}>::{closure#0}, (alloc[2182bb758b4b3781]::boxed::Box<tokio[d5a4e785dbe4b2e5]::runtime::scheduler::current_thread::Core>, core[df12db4294e9bfd3]::option::Option<()>)>
[INFO] [stdout]   16:     0x566fa633da57 - <tokio[d5a4e785dbe4b2e5]::runtime::scheduler::current_thread::CoreGuard>::block_on::<core[df12db4294e9bfd3]::pin::Pin<&mut core[df12db4294e9bfd3]::pin::Pin<&mut dyn core[df12db4294e9bfd3]::future::future::Future<Output = ()>>>>
[INFO] [stdout]   17:     0x566fa63353d9 - tokio[d5a4e785dbe4b2e5]::runtime::context::runtime::enter_runtime::<<tokio[d5a4e785dbe4b2e5]::runtime::scheduler::current_thread::CurrentThread>::block_on<core[df12db4294e9bfd3]::pin::Pin<&mut dyn core[df12db4294e9bfd3]::future::future::Future<Output = ()>>>::{closure#0}, ()>
[INFO] [stdout]   18:     0x566fa63339bb - <tokio[d5a4e785dbe4b2e5]::runtime::runtime::Runtime>::block_on::<core[df12db4294e9bfd3]::pin::Pin<&mut dyn core[df12db4294e9bfd3]::future::future::Future<Output = ()>>>
[INFO] [stdout]   19:     0x566fa632674b - rusoto_s3[939255ad852d4706]::custom::custom_tests::complete_multipart_upload_happy_path
[INFO] [stdout]   20:     0x566fa6335869 - <rusoto_s3[939255ad852d4706]::custom::custom_tests::complete_multipart_upload_happy_path::{closure#0} as core[df12db4294e9bfd3]::ops::function::FnOnce<()>>::call_once
[INFO] [stdout]   21:     0x566fa634177b - test[9d35eded1c95d3be]::__rust_begin_short_backtrace::<core[df12db4294e9bfd3]::result::Result<(), alloc[2182bb758b4b3781]::string::String>, fn() -> core[df12db4294e9bfd3]::result::Result<(), alloc[2182bb758b4b3781]::string::String>>
[INFO] [stdout]   22:     0x566fa634ede5 - test[9d35eded1c95d3be]::run_test::{closure#0}
[INFO] [stdout]   23:     0x566fa63486a4 - std[70759c8f55707aa4]::sys::backtrace::__rust_begin_short_backtrace::<test[9d35eded1c95d3be]::run_test::{closure#1}, ()>
[INFO] [stdout]   24:     0x566fa6351f42 - <std[70759c8f55707aa4]::thread::lifecycle::spawn_unchecked<test[9d35eded1c95d3be]::run_test::{closure#1}, ()>::{closure#1} as core[df12db4294e9bfd3]::ops::function::FnOnce<()>>::call_once::{shim:vtable#0}
[INFO] [stdout]   25:     0x566fa640bab9 - <std[70759c8f55707aa4]::sys::thread::unix::Thread>::new::thread_start
[INFO] [stdout]   26:     0x723f30babdfa - <unknown>
[INFO] [stdout]   27:     0x723f30c3f3d4 - clone
[INFO] [stdout]   28:                0x0 - <unknown>
[INFO] [stdout] 
[INFO] [stdout] ---- custom::custom_tests::list_multipart_upload_happy_path stdout ----
[INFO] [stdout] 
[INFO] [stdout] thread 'custom::custom_tests::list_multipart_upload_happy_path' (2004) panicked at /opt/rustwide/cargo-home/registry/src/index.crates.io-1949cf8c6b5b557f/rusoto_mock-0.48.0/src/lib.rs:195:53:
[INFO] [stdout] couldn't find file: Os { code: 2, kind: NotFound, message: "No such file or directory" }
[INFO] [stdout] stack backtrace:
[INFO] [stdout]    0:     0x566fa640c1f1 - <<std[70759c8f55707aa4]::sys::backtrace::BacktraceLock>::print::DisplayBacktrace as core[df12db4294e9bfd3]::fmt::Display>::fmt
[INFO] [stdout]    1:     0x566fa6420f1a - core[df12db4294e9bfd3]::fmt::write
[INFO] [stdout]    2:     0x566fa64108fc - <alloc[2182bb758b4b3781]::vec::Vec<u8> as core[df12db4294e9bfd3]::io::write::Write>::write_fmt
[INFO] [stdout]    3:     0x566fa63e8056 - std[70759c8f55707aa4]::panicking::default_hook::{closure#0}
[INFO] [stdout]    4:     0x566fa64046e9 - std[70759c8f55707aa4]::panicking::default_hook
[INFO] [stdout]    5:     0x566fa634e490 - test[9d35eded1c95d3be]::test_main_inner::<test[9d35eded1c95d3be]::test_main_static::{closure#0}>::{closure#0}
[INFO] [stdout]    6:     0x566fa6404a12 - std[70759c8f55707aa4]::panicking::panic_with_hook
[INFO] [stdout]    7:     0x566fa63e8102 - std[70759c8f55707aa4]::panicking::panic_handler::{closure#0}
[INFO] [stdout]    8:     0x566fa63e0e59 - std[70759c8f55707aa4]::sys::backtrace::__rust_end_short_backtrace::<std[70759c8f55707aa4]::panicking::panic_handler::{closure#0}, !>
[INFO] [stdout]    9:     0x566fa63e8cfd - __rustc[8fa7c3cbc660c2b3]::rust_begin_unwind
[INFO] [stdout]   10:     0x566fa642167c - core[df12db4294e9bfd3]::panicking::panic_fmt
[INFO] [stdout]   11:     0x566fa6421452 - core[df12db4294e9bfd3]::result::unwrap_failed
[INFO] [stdout]   12:     0x566fa638439c - <rusoto_mock[2b532d9c2616a7c6]::MockResponseReader as rusoto_mock[2b532d9c2616a7c6]::ReadMockResponse>::read_response
[INFO] [stdout]   13:     0x566fa631d37a - rusoto_s3[939255ad852d4706]::custom::custom_tests::list_multipart_upload_happy_path::{closure#0}
[INFO] [stdout]   14:     0x566fa633d603 - <tokio[d5a4e785dbe4b2e5]::runtime::scheduler::current_thread::Context>::enter::<core[df12db4294e9bfd3]::task::poll::Poll<()>, <tokio[d5a4e785dbe4b2e5]::runtime::scheduler::current_thread::CoreGuard>::block_on<core[df12db4294e9bfd3]::pin::Pin<&mut core[df12db4294e9bfd3]::pin::Pin<&mut dyn core[df12db4294e9bfd3]::future::future::Future<Output = ()>>>>::{closure#0}::{closure#0}>
[INFO] [stdout]   15:     0x566fa63389a9 - <std[70759c8f55707aa4]::thread::local::LocalKey<tokio[d5a4e785dbe4b2e5]::runtime::context::Context>>::with::<tokio[d5a4e785dbe4b2e5]::runtime::context::set_scheduler<(alloc[2182bb758b4b3781]::boxed::Box<tokio[d5a4e785dbe4b2e5]::runtime::scheduler::current_thread::Core>, core[df12db4294e9bfd3]::option::Option<()>), <tokio[d5a4e785dbe4b2e5]::runtime::scheduler::current_thread::CoreGuard>::enter<<tokio[d5a4e785dbe4b2e5]::runtime::scheduler::current_thread::CoreGuard>::block_on<core[df12db4294e9bfd3]::pin::Pin<&mut core[df12db4294e9bfd3]::pin::Pin<&mut dyn core[df12db4294e9bfd3]::future::future::Future<Output = ()>>>>::{closure#0}, core[df12db4294e9bfd3]::option::Option<()>>::{closure#0}>::{closure#0}, (alloc[2182bb758b4b3781]::boxed::Box<tokio[d5a4e785dbe4b2e5]::runtime::scheduler::current_thread::Core>, core[df12db4294e9bfd3]::option::Option<()>)>
[INFO] [stdout]   16:     0x566fa633da57 - <tokio[d5a4e785dbe4b2e5]::runtime::scheduler::current_thread::CoreGuard>::block_on::<core[df12db4294e9bfd3]::pin::Pin<&mut core[df12db4294e9bfd3]::pin::Pin<&mut dyn core[df12db4294e9bfd3]::future::future::Future<Output = ()>>>>
[INFO] [stdout]   17:     0x566fa63353d9 - tokio[d5a4e785dbe4b2e5]::runtime::context::runtime::enter_runtime::<<tokio[d5a4e785dbe4b2e5]::runtime::scheduler::current_thread::CurrentThread>::block_on<core[df12db4294e9bfd3]::pin::Pin<&mut dyn core[df12db4294e9bfd3]::future::future::Future<Output = ()>>>::{closure#0}, ()>
[INFO] [stdout]   18:     0x566fa63339bb - <tokio[d5a4e785dbe4b2e5]::runtime::runtime::Runtime>::block_on::<core[df12db4294e9bfd3]::pin::Pin<&mut dyn core[df12db4294e9bfd3]::future::future::Future<Output = ()>>>
[INFO] [stdout]   19:     0x566fa632620b - rusoto_s3[939255ad852d4706]::custom::custom_tests::list_multipart_upload_happy_path
[INFO] [stdout]   20:     0x566fa63357e9 - <rusoto_s3[939255ad852d4706]::custom::custom_tests::list_multipart_upload_happy_path::{closure#0} as core[df12db4294e9bfd3]::ops::function::FnOnce<()>>::call_once
[INFO] [stdout]   21:     0x566fa634177b - test[9d35eded1c95d3be]::__rust_begin_short_backtrace::<core[df12db4294e9bfd3]::result::Result<(), alloc[2182bb758b4b3781]::string::String>, fn() -> core[df12db4294e9bfd3]::result::Result<(), alloc[2182bb758b4b3781]::string::String>>
[INFO] [stdout]   22:     0x566fa634ede5 - test[9d35eded1c95d3be]::run_test::{closure#0}
[INFO] [stdout]   23:     0x566fa63486a4 - std[70759c8f55707aa4]::sys::backtrace::__rust_begin_short_backtrace::<test[9d35eded1c95d3be]::run_test::{closure#1}, ()>
[INFO] [stdout]   24:     0x566fa6351f42 - <std[70759c8f55707aa4]::thread::lifecycle::spawn_unchecked<test[9d35eded1c95d3be]::run_test::{closure#1}, ()>::{closure#1} as core[df12db4294e9bfd3]::ops::function::FnOnce<()>>::call_once::{shim:vtable#0}
[INFO] [stdout]   25:     0x566fa640bab9 - <std[70759c8f55707aa4]::sys::thread::unix::Thread>::new::thread_start
[INFO] [stdout]   26:     0x723f30babdfa - <unknown>
[INFO] [stdout]   27:     0x723f30c3f3d4 - clone
[INFO] [stdout]   28:                0x0 - <unknown>
[INFO] [stdout] 
[INFO] [stdout] ---- custom::custom_tests::list_multipart_upload_parts_happy_path stdout ----
[INFO] [stdout] 
[INFO] [stdout] thread 'custom::custom_tests::list_multipart_upload_parts_happy_path' (2005) panicked at src/custom/custom_tests.rs:226:47:
[INFO] [stdout] called `Result::unwrap()` on an `Err` value: ParseError("Expected StartElement  got Some(\n    Err(\n        Error {\n            pos: 2:14,\n            kind: Syntax(\n                \"Invalid processing instruction: <?xml\\nThe XML spec only allows \\\"<?xml\\\" at the very beginning of the file, with no whitespace, comments, or any elements before it\",\n            ),\n        },\n    ),\n)")
[INFO] [stdout] stack backtrace:
[INFO] [stdout]    0:     0x566fa640c1f1 - <<std[70759c8f55707aa4]::sys::backtrace::BacktraceLock>::print::DisplayBacktrace as core[df12db4294e9bfd3]::fmt::Display>::fmt
[INFO] [stdout]    1:     0x566fa6420f1a - core[df12db4294e9bfd3]::fmt::write
[INFO] [stdout]    2:     0x566fa64108fc - <alloc[2182bb758b4b3781]::vec::Vec<u8> as core[df12db4294e9bfd3]::io::write::Write>::write_fmt
[INFO] [stdout]    3:     0x566fa63e8056 - std[70759c8f55707aa4]::panicking::default_hook::{closure#0}
[INFO] [stdout]    4:     0x566fa64046e9 - std[70759c8f55707aa4]::panicking::default_hook
[INFO] [stdout]    5:     0x566fa634e490 - test[9d35eded1c95d3be]::test_main_inner::<test[9d35eded1c95d3be]::test_main_static::{closure#0}>::{closure#0}
[INFO] [stdout]    6:     0x566fa6404a12 - std[70759c8f55707aa4]::panicking::panic_with_hook
[INFO] [stdout]    7:     0x566fa63e8102 - std[70759c8f55707aa4]::panicking::panic_handler::{closure#0}
[INFO] [stdout]    8:     0x566fa63e0e59 - std[70759c8f55707aa4]::sys::backtrace::__rust_end_short_backtrace::<std[70759c8f55707aa4]::panicking::panic_handler::{closure#0}, !>
[INFO] [stdout]    9:     0x566fa63e8cfd - __rustc[8fa7c3cbc660c2b3]::rust_begin_unwind
[INFO] [stdout]   10:     0x566fa642167c - core[df12db4294e9bfd3]::panicking::panic_fmt
[INFO] [stdout]   11:     0x566fa6421452 - core[df12db4294e9bfd3]::result::unwrap_failed
[INFO] [stdout]   12:     0x566fa6323ca2 - rusoto_s3[939255ad852d4706]::custom::custom_tests::list_multipart_upload_parts_happy_path::{closure#0}
[INFO] [stdout]   13:     0x566fa633d603 - <tokio[d5a4e785dbe4b2e5]::runtime::scheduler::current_thread::Context>::enter::<core[df12db4294e9bfd3]::task::poll::Poll<()>, <tokio[d5a4e785dbe4b2e5]::runtime::scheduler::current_thread::CoreGuard>::block_on<core[df12db4294e9bfd3]::pin::Pin<&mut core[df12db4294e9bfd3]::pin::Pin<&mut dyn core[df12db4294e9bfd3]::future::future::Future<Output = ()>>>>::{closure#0}::{closure#0}>
[INFO] [stdout]   14:     0x566fa63389a9 - <std[70759c8f55707aa4]::thread::local::LocalKey<tokio[d5a4e785dbe4b2e5]::runtime::context::Context>>::with::<tokio[d5a4e785dbe4b2e5]::runtime::context::set_scheduler<(alloc[2182bb758b4b3781]::boxed::Box<tokio[d5a4e785dbe4b2e5]::runtime::scheduler::current_thread::Core>, core[df12db4294e9bfd3]::option::Option<()>), <tokio[d5a4e785dbe4b2e5]::runtime::scheduler::current_thread::CoreGuard>::enter<<tokio[d5a4e785dbe4b2e5]::runtime::scheduler::current_thread::CoreGuard>::block_on<core[df12db4294e9bfd3]::pin::Pin<&mut core[df12db4294e9bfd3]::pin::Pin<&mut dyn core[df12db4294e9bfd3]::future::future::Future<Output = ()>>>>::{closure#0}, core[df12db4294e9bfd3]::option::Option<()>>::{closure#0}>::{closure#0}, (alloc[2182bb758b4b3781]::boxed::Box<tokio[d5a4e785dbe4b2e5]::runtime::scheduler::current_thread::Core>, core[df12db4294e9bfd3]::option::Option<()>)>
[INFO] [stdout]   15:     0x566fa633da57 - <tokio[d5a4e785dbe4b2e5]::runtime::scheduler::current_thread::CoreGuard>::block_on::<core[df12db4294e9bfd3]::pin::Pin<&mut core[df12db4294e9bfd3]::pin::Pin<&mut dyn core[df12db4294e9bfd3]::future::future::Future<Output = ()>>>>
[INFO] [stdout]   16:     0x566fa63353d9 - tokio[d5a4e785dbe4b2e5]::runtime::context::runtime::enter_runtime::<<tokio[d5a4e785dbe4b2e5]::runtime::scheduler::current_thread::CurrentThread>::block_on<core[df12db4294e9bfd3]::pin::Pin<&mut dyn core[df12db4294e9bfd3]::future::future::Future<Output = ()>>>::{closure#0}, ()>
[INFO] [stdout]   17:     0x566fa63339bb - <tokio[d5a4e785dbe4b2e5]::runtime::runtime::Runtime>::block_on::<core[df12db4294e9bfd3]::pin::Pin<&mut dyn core[df12db4294e9bfd3]::future::future::Future<Output = ()>>>
[INFO] [stdout]   18:     0x566fa6326b3b - rusoto_s3[939255ad852d4706]::custom::custom_tests::list_multipart_upload_parts_happy_path
[INFO] [stdout]   19:     0x566fa63358c9 - <rusoto_s3[939255ad852d4706]::custom::custom_tests::list_multipart_upload_parts_happy_path::{closure#0} as core[df12db4294e9bfd3]::ops::function::FnOnce<()>>::call_once
[INFO] [stdout]   20:     0x566fa634177b - test[9d35eded1c95d3be]::__rust_begin_short_backtrace::<core[df12db4294e9bfd3]::result::Result<(), alloc[2182bb758b4b3781]::string::String>, fn() -> core[df12db4294e9bfd3]::result::Result<(), alloc[2182bb758b4b3781]::string::String>>
[INFO] [stdout]   21:     0x566fa634ede5 - test[9d35eded1c95d3be]::run_test::{closure#0}
[INFO] [stdout]   22:     0x566fa63486a4 - std[70759c8f55707aa4]::sys::backtrace::__rust_begin_short_backtrace::<test[9d35eded1c95d3be]::run_test::{closure#1}, ()>
[INFO] [stdout]   23:     0x566fa6351f42 - <std[70759c8f55707aa4]::thread::lifecycle::spawn_unchecked<test[9d35eded1c95d3be]::run_test::{closure#1}, ()>::{closure#1} as core[df12db4294e9bfd3]::ops::function::FnOnce<()>>::call_once::{shim:vtable#0}
[INFO] [stdout]   24:     0x566fa640bab9 - <std[70759c8f55707aa4]::sys::thread::unix::Thread>::new::thread_start
[INFO] [stdout]   25:     0x723f30babdfa - <unknown>
[INFO] [stdout]   26:     0x723f30c3f3d4 - clone
[INFO] [stdout]   27:                0x0 - <unknown>
[INFO] [stdout] 
[INFO] [stdout] ---- generated::protocol_tests::test_parse_error_s3_create_bucket stdout ----
[INFO] [stdout] 
[INFO] [stdout] thread 'generated::protocol_tests::test_parse_error_s3_create_bucket' (2015) panicked at /opt/rustwide/cargo-home/registry/src/index.crates.io-1949cf8c6b5b557f/rusoto_mock-0.48.0/src/lib.rs:195:53:
[INFO] [stdout] couldn't find file: Os { code: 2, kind: NotFound, message: "No such file or directory" }
[INFO] [stdout] stack backtrace:
[INFO] [stdout]    0:     0x566fa640c1f1 - <<std[70759c8f55707aa4]::sys::backtrace::BacktraceLock>::print::DisplayBacktrace as core[df12db4294e9bfd3]::fmt::Display>::fmt
[INFO] [stdout]    1:     0x566fa6420f1a - core[df12db4294e9bfd3]::fmt::write
[INFO] [stdout]    2:     0x566fa64108fc - <alloc[2182bb758b4b3781]::vec::Vec<u8> as core[df12db4294e9bfd3]::io::write::Write>::write_fmt
[INFO] [stdout]    3:     0x566fa63e8056 - std[70759c8f55707aa4]::panicking::default_hook::{closure#0}
[INFO] [stderr] error: test failed, to rerun pass `--lib`
[INFO] [stdout]    4:     0x566fa64046e9 - std[70759c8f55707aa4]::panicking::default_hook
[INFO] [stdout]    5:     0x566fa634e490 - test[9d35eded1c95d3be]::test_main_inner::<test[9d35eded1c95d3be]::test_main_static::{closure#0}>::{closure#0}
[INFO] [stdout]    6:     0x566fa6404a12 - std[70759c8f55707aa4]::panicking::panic_with_hook
[INFO] [stdout]    7:     0x566fa63e8102 - std[70759c8f55707aa4]::panicking::panic_handler::{closure#0}
[INFO] [stdout]    8:     0x566fa63e0e59 - std[70759c8f55707aa4]::sys::backtrace::__rust_end_short_backtrace::<std[70759c8f55707aa4]::panicking::panic_handler::{closure#0}, !>
[INFO] [stdout]    9:     0x566fa63e8cfd - __rustc[8fa7c3cbc660c2b3]::rust_begin_unwind
[INFO] [stdout]   10:     0x566fa642167c - core[df12db4294e9bfd3]::panicking::panic_fmt
[INFO] [stdout]   11:     0x566fa6421452 - core[df12db4294e9bfd3]::result::unwrap_failed
[INFO] [stdout]   12:     0x566fa638439c - <rusoto_mock[2b532d9c2616a7c6]::MockResponseReader as rusoto_mock[2b532d9c2616a7c6]::ReadMockResponse>::read_response
[INFO] [stdout]   13:     0x566fa632eddd - rusoto_s3[939255ad852d4706]::generated::protocol_tests::test_parse_error_s3_create_bucket::{closure#0}
[INFO] [stdout]   14:     0x566fa633d603 - <tokio[d5a4e785dbe4b2e5]::runtime::scheduler::current_thread::Context>::enter::<core[df12db4294e9bfd3]::task::poll::Poll<()>, <tokio[d5a4e785dbe4b2e5]::runtime::scheduler::current_thread::CoreGuard>::block_on<core[df12db4294e9bfd3]::pin::Pin<&mut core[df12db4294e9bfd3]::pin::Pin<&mut dyn core[df12db4294e9bfd3]::future::future::Future<Output = ()>>>>::{closure#0}::{closure#0}>
[INFO] [stdout]   15:     0x566fa63389a9 - <std[70759c8f55707aa4]::thread::local::LocalKey<tokio[d5a4e785dbe4b2e5]::runtime::context::Context>>::with::<tokio[d5a4e785dbe4b2e5]::runtime::context::set_scheduler<(alloc[2182bb758b4b3781]::boxed::Box<tokio[d5a4e785dbe4b2e5]::runtime::scheduler::current_thread::Core>, core[df12db4294e9bfd3]::option::Option<()>), <tokio[d5a4e785dbe4b2e5]::runtime::scheduler::current_thread::CoreGuard>::enter<<tokio[d5a4e785dbe4b2e5]::runtime::scheduler::current_thread::CoreGuard>::block_on<core[df12db4294e9bfd3]::pin::Pin<&mut core[df12db4294e9bfd3]::pin::Pin<&mut dyn core[df12db4294e9bfd3]::future::future::Future<Output = ()>>>>::{closure#0}, core[df12db4294e9bfd3]::option::Option<()>>::{closure#0}>::{closure#0}, (alloc[2182bb758b4b3781]::boxed::Box<tokio[d5a4e785dbe4b2e5]::runtime::scheduler::current_thread::Core>, core[df12db4294e9bfd3]::option::Option<()>)>
[INFO] [stdout]   16:     0x566fa633da57 - <tokio[d5a4e785dbe4b2e5]::runtime::scheduler::current_thread::CoreGuard>::block_on::<core[df12db4294e9bfd3]::pin::Pin<&mut core[df12db4294e9bfd3]::pin::Pin<&mut dyn core[df12db4294e9bfd3]::future::future::Future<Output = ()>>>>
[INFO] [stdout]   17:     0x566fa63353d9 - tokio[d5a4e785dbe4b2e5]::runtime::context::runtime::enter_runtime::<<tokio[d5a4e785dbe4b2e5]::runtime::scheduler::current_thread::CurrentThread>::block_on<core[df12db4294e9bfd3]::pin::Pin<&mut dyn core[df12db4294e9bfd3]::future::future::Future<Output = ()>>>::{closure#0}, ()>
[INFO] [stdout]   18:     0x566fa63339bb - <tokio[d5a4e785dbe4b2e5]::runtime::runtime::Runtime>::block_on::<core[df12db4294e9bfd3]::pin::Pin<&mut dyn core[df12db4294e9bfd3]::future::future::Future<Output = ()>>>
[INFO] [stdout]   19:     0x566fa6330b7b - rusoto_s3[939255ad852d4706]::generated::protocol_tests::test_parse_error_s3_create_bucket
[INFO] [stdout]   20:     0x566fa6335989 - <rusoto_s3[939255ad852d4706]::generated::protocol_tests::test_parse_error_s3_create_bucket::{closure#0} as core[df12db4294e9bfd3]::ops::function::FnOnce<()>>::call_once
[INFO] [stdout]   21:     0x566fa634177b - test[9d35eded1c95d3be]::__rust_begin_short_backtrace::<core[df12db4294e9bfd3]::result::Result<(), alloc[2182bb758b4b3781]::string::String>, fn() -> core[df12db4294e9bfd3]::result::Result<(), alloc[2182bb758b4b3781]::string::String>>
[INFO] [stdout]   22:     0x566fa634ede5 - test[9d35eded1c95d3be]::run_test::{closure#0}
[INFO] [stdout]   23:     0x566fa63486a4 - std[70759c8f55707aa4]::sys::backtrace::__rust_begin_short_backtrace::<test[9d35eded1c95d3be]::run_test::{closure#1}, ()>
[INFO] [stdout]   24:     0x566fa6351f42 - <std[70759c8f55707aa4]::thread::lifecycle::spawn_unchecked<test[9d35eded1c95d3be]::run_test::{closure#1}, ()>::{closure#1} as core[df12db4294e9bfd3]::ops::function::FnOnce<()>>::call_once::{shim:vtable#0}
[INFO] [stdout]   25:     0x566fa640bab9 - <std[70759c8f55707aa4]::sys::thread::unix::Thread>::new::thread_start
[INFO] [stdout]   26:     0x723f30babdfa - <unknown>
[INFO] [stdout]   27:     0x723f30c3f3d4 - clone
[INFO] [stdout]   28:                0x0 - <unknown>
[INFO] [stdout] 
[INFO] [stdout] ---- custom::custom_tests::initiate_multipart_upload_happy_path stdout ----
[INFO] [stdout] 
[INFO] [stdout] thread 'custom::custom_tests::initiate_multipart_upload_happy_path' (2003) panicked at /opt/rustwide/cargo-home/registry/src/index.crates.io-1949cf8c6b5b557f/rusoto_mock-0.48.0/src/lib.rs:195:53:
[INFO] [stdout] couldn't find file: Os { code: 2, kind: NotFound, message: "No such file or directory" }
[INFO] [stdout] stack backtrace:
[INFO] [stdout]    0:     0x566fa640c1f1 - <<std[70759c8f55707aa4]::sys::backtrace::BacktraceLock>::print::DisplayBacktrace as core[df12db4294e9bfd3]::fmt::Display>::fmt
[INFO] [stdout]    1:     0x566fa6420f1a - core[df12db4294e9bfd3]::fmt::write
[INFO] [stdout]    2:     0x566fa64108fc - <alloc[2182bb758b4b3781]::vec::Vec<u8> as core[df12db4294e9bfd3]::io::write::Write>::write_fmt
[INFO] [stdout]    3:     0x566fa63e8056 - std[70759c8f55707aa4]::panicking::default_hook::{closure#0}
[INFO] [stdout]    4:     0x566fa64046e9 - std[70759c8f55707aa4]::panicking::default_hook
[INFO] [stdout]    5:     0x566fa634e490 - test[9d35eded1c95d3be]::test_main_inner::<test[9d35eded1c95d3be]::test_main_static::{closure#0}>::{closure#0}
[INFO] [stdout]    6:     0x566fa6404a12 - std[70759c8f55707aa4]::panicking::panic_with_hook
[INFO] [stdout]    7:     0x566fa63e8102 - std[70759c8f55707aa4]::panicking::panic_handler::{closure#0}
[INFO] [stdout]    8:     0x566fa63e0e59 - std[70759c8f55707aa4]::sys::backtrace::__rust_end_short_backtrace::<std[70759c8f55707aa4]::panicking::panic_handler::{closure#0}, !>
[INFO] [stdout]    9:     0x566fa63e8cfd - __rustc[8fa7c3cbc660c2b3]::rust_begin_unwind
[INFO] [stdout]   10:     0x566fa642167c - core[df12db4294e9bfd3]::panicking::panic_fmt
[INFO] [stdout]   11:     0x566fa6421452 - core[df12db4294e9bfd3]::result::unwrap_failed
[INFO] [stdout]   12:     0x566fa638439c - <rusoto_mock[2b532d9c2616a7c6]::MockResponseReader as rusoto_mock[2b532d9c2616a7c6]::ReadMockResponse>::read_response
[INFO] [stdout]   13:     0x566fa6320a0a - rusoto_s3[939255ad852d4706]::custom::custom_tests::initiate_multipart_upload_happy_path::{closure#0}
[INFO] [stdout]   14:     0x566fa633d603 - <tokio[d5a4e785dbe4b2e5]::runtime::scheduler::current_thread::Context>::enter::<core[df12db4294e9bfd3]::task::poll::Poll<()>, <tokio[d5a4e785dbe4b2e5]::runtime::scheduler::current_thread::CoreGuard>::block_on<core[df12db4294e9bfd3]::pin::Pin<&mut core[df12db4294e9bfd3]::pin::Pin<&mut dyn core[df12db4294e9bfd3]::future::future::Future<Output = ()>>>>::{closure#0}::{closure#0}>
[INFO] [stdout]   15:     0x566fa63389a9 - <std[70759c8f55707aa4]::thread::local::LocalKey<tokio[d5a4e785dbe4b2e5]::runtime::context::Context>>::with::<tokio[d5a4e785dbe4b2e5]::runtime::context::set_scheduler<(alloc[2182bb758b4b3781]::boxed::Box<tokio[d5a4e785dbe4b2e5]::runtime::scheduler::current_thread::Core>, core[df12db4294e9bfd3]::option::Option<()>), <tokio[d5a4e785dbe4b2e5]::runtime::scheduler::current_thread::CoreGuard>::enter<<tokio[d5a4e785dbe4b2e5]::runtime::scheduler::current_thread::CoreGuard>::block_on<core[df12db4294e9bfd3]::pin::Pin<&mut core[df12db4294e9bfd3]::pin::Pin<&mut dyn core[df12db4294e9bfd3]::future::future::Future<Output = ()>>>>::{closure#0}, core[df12db4294e9bfd3]::option::Option<()>>::{closure#0}>::{closure#0}, (alloc[2182bb758b4b3781]::boxed::Box<tokio[d5a4e785dbe4b2e5]::runtime::scheduler::current_thread::Core>, core[df12db4294e9bfd3]::option::Option<()>)>
[INFO] [stdout]   16:     0x566fa633da57 - <tokio[d5a4e785dbe4b2e5]::runtime::scheduler::current_thread::CoreGuard>::block_on::<core[df12db4294e9bfd3]::pin::Pin<&mut core[df12db4294e9bfd3]::pin::Pin<&mut dyn core[df12db4294e9bfd3]::future::future::Future<Output = ()>>>>
[INFO] [stdout]   17:     0x566fa63353d9 - tokio[d5a4e785dbe4b2e5]::runtime::context::runtime::enter_runtime::<<tokio[d5a4e785dbe4b2e5]::runtime::scheduler::current_thread::CurrentThread>::block_on<core[df12db4294e9bfd3]::pin::Pin<&mut dyn core[df12db4294e9bfd3]::future::future::Future<Output = ()>>>::{closure#0}, ()>
[INFO] [stdout]   18:     0x566fa63339bb - <tokio[d5a4e785dbe4b2e5]::runtime::runtime::Runtime>::block_on::<core[df12db4294e9bfd3]::pin::Pin<&mut dyn core[df12db4294e9bfd3]::future::future::Future<Output = ()>>>
[INFO] [stdout]   19:     0x566fa632689b - rusoto_s3[939255ad852d4706]::custom::custom_tests::initiate_multipart_upload_happy_path
[INFO] [stdout]   20:     0x566fa6335889 - <rusoto_s3[939255ad852d4706]::custom::custom_tests::initiate_multipart_upload_happy_path::{closure#0} as core[df12db4294e9bfd3]::ops::function::FnOnce<()>>::call_once
[INFO] [stdout]   21:     0x566fa634177b - test[9d35eded1c95d3be]::__rust_begin_short_backtrace::<core[df12db4294e9bfd3]::result::Result<(), alloc[2182bb758b4b3781]::string::String>, fn() -> core[df12db4294e9bfd3]::result::Result<(), alloc[2182bb758b4b3781]::string::String>>
[INFO] [stdout]   22:     0x566fa634ede5 - test[9d35eded1c95d3be]::run_test::{closure#0}
[INFO] [stdout]   23:     0x566fa63486a4 - std[70759c8f55707aa4]::sys::backtrace::__rust_begin_short_backtrace::<test[9d35eded1c95d3be]::run_test::{closure#1}, ()>
[INFO] [stdout]   24:     0x566fa6351f42 - <std[70759c8f55707aa4]::thread::lifecycle::spawn_unchecked<test[9d35eded1c95d3be]::run_test::{closure#1}, ()>::{closure#1} as core[df12db4294e9bfd3]::ops::function::FnOnce<()>>::call_once::{shim:vtable#0}
[INFO] [stdout]   25:     0x566fa640bab9 - <std[70759c8f55707aa4]::sys::thread::unix::Thread>::new::thread_start
[INFO] [stdout]   26:     0x723f30babdfa - <unknown>
[INFO] [stdout]   27:     0x723f30c3f3d4 - clone
[INFO] [stdout]   28:                0x0 - <unknown>
[INFO] [stdout] 
[INFO] [stdout] ---- custom::custom_tests::list_multipart_uploads_no_uploads stdout ----
[INFO] [stdout] 
[INFO] [stdout] thread 'custom::custom_tests::list_multipart_uploads_no_uploads' (2006) panicked at src/custom/custom_tests.rs:288:59:
[INFO] [stdout] called `Result::unwrap()` on an `Err` value: ParseError("Expected StartElement  got Some(\n    Err(\n        Error {\n            pos: 2:14,\n            kind: Syntax(\n                \"Invalid processing instruction: <?xml\\nThe XML spec only allows \\\"<?xml\\\" at the very beginning of the file, with no whitespace, comments, or any elements before it\",\n            ),\n        },\n    ),\n)")
[INFO] [stdout] stack backtrace:
[INFO] [stdout]    0:     0x566fa640c1f1 - <<std[70759c8f55707aa4]::sys::backtrace::BacktraceLock>::print::DisplayBacktrace as core[df12db4294e9bfd3]::fmt::Display>::fmt
[INFO] [stdout]    1:     0x566fa6420f1a - core[df12db4294e9bfd3]::fmt::write
[INFO] [stdout]    2:     0x566fa64108fc - <alloc[2182bb758b4b3781]::vec::Vec<u8> as core[df12db4294e9bfd3]::io::write::Write>::write_fmt
[INFO] [stdout]    3:     0x566fa63e8056 - std[70759c8f55707aa4]::panicking::default_hook::{closure#0}
[INFO] [stdout]    4:     0x566fa64046e9 - std[70759c8f55707aa4]::panicking::default_hook
[INFO] [stdout]    5:     0x566fa634e490 - test[9d35eded1c95d3be]::test_main_inner::<test[9d35eded1c95d3be]::test_main_static::{closure#0}>::{closure#0}
[INFO] [stdout]    6:     0x566fa6404a12 - std[70759c8f55707aa4]::panicking::panic_with_hook
[INFO] [stdout]    7:     0x566fa63e8102 - std[70759c8f55707aa4]::panicking::panic_handler::{closure#0}
[INFO] [stdout]    8:     0x566fa63e0e59 - std[70759c8f55707aa4]::sys::backtrace::__rust_end_short_backtrace::<std[70759c8f55707aa4]::panicking::panic_handler::{closure#0}, !>
[INFO] [stdout]    9:     0x566fa63e8cfd - __rustc[8fa7c3cbc660c2b3]::rust_begin_unwind
[INFO] [stdout]   10:     0x566fa642167c - core[df12db4294e9bfd3]::panicking::panic_fmt
[INFO] [stdout]   11:     0x566fa6421452 - core[df12db4294e9bfd3]::result::unwrap_failed
[INFO] [stdout]   12:     0x566fa631f32c - rusoto_s3[939255ad852d4706]::custom::custom_tests::list_multipart_uploads_no_uploads::{closure#0}
[INFO] [stdout]   13:     0x566fa633d603 - <tokio[d5a4e785dbe4b2e5]::runtime::scheduler::current_thread::Context>::enter::<core[df12db4294e9bfd3]::task::poll::Poll<()>, <tokio[d5a4e785dbe4b2e5]::runtime::scheduler::current_thread::CoreGuard>::block_on<core[df12db4294e9bfd3]::pin::Pin<&mut core[df12db4294e9bfd3]::pin::Pin<&mut dyn core[df12db4294e9bfd3]::future::future::Future<Output = ()>>>>::{closure#0}::{closure#0}>
[INFO] [stdout]   14:     0x566fa63389a9 - <std[70759c8f55707aa4]::thread::local::LocalKey<tokio[d5a4e785dbe4b2e5]::runtime::context::Context>>::with::<tokio[d5a4e785dbe4b2e5]::runtime::context::set_scheduler<(alloc[2182bb758b4b3781]::boxed::Box<tokio[d5a4e785dbe4b2e5]::runtime::scheduler::current_thread::Core>, core[df12db4294e9bfd3]::option::Option<()>), <tokio[d5a4e785dbe4b2e5]::runtime::scheduler::current_thread::CoreGuard>::enter<<tokio[d5a4e785dbe4b2e5]::runtime::scheduler::current_thread::CoreGuard>::block_on<core[df12db4294e9bfd3]::pin::Pin<&mut core[df12db4294e9bfd3]::pin::Pin<&mut dyn core[df12db4294e9bfd3]::future::future::Future<Output = ()>>>>::{closure#0}, core[df12db4294e9bfd3]::option::Option<()>>::{closure#0}>::{closure#0}, (alloc[2182bb758b4b3781]::boxed::Box<tokio[d5a4e785dbe4b2e5]::runtime::scheduler::current_thread::Core>, core[df12db4294e9bfd3]::option::Option<()>)>
[INFO] [stdout]   15:     0x566fa633da57 - <tokio[d5a4e785dbe4b2e5]::runtime::scheduler::current_thread::CoreGuard>::block_on::<core[df12db4294e9bfd3]::pin::Pin<&mut core[df12db4294e9bfd3]::pin::Pin<&mut dyn core[df12db4294e9bfd3]::future::future::Future<Output = ()>>>>
[INFO] [stdout]   16:     0x566fa63353d9 - tokio[d5a4e785dbe4b2e5]::runtime::context::runtime::enter_runtime::<<tokio[d5a4e785dbe4b2e5]::runtime::scheduler::current_thread::CurrentThread>::block_on<core[df12db4294e9bfd3]::pin::Pin<&mut dyn core[df12db4294e9bfd3]::future::future::Future<Output = ()>>>::{closure#0}, ()>
[INFO] [stdout]   17:     0x566fa63339bb - <tokio[d5a4e785dbe4b2e5]::runtime::runtime::Runtime>::block_on::<core[df12db4294e9bfd3]::pin::Pin<&mut dyn core[df12db4294e9bfd3]::future::future::Future<Output = ()>>>
[INFO] [stdout]   18:     0x566fa63264ab - rusoto_s3[939255ad852d4706]::custom::custom_tests::list_multipart_uploads_no_uploads
[INFO] [stdout]   19:     0x566fa6335829 - <rusoto_s3[939255ad852d4706]::custom::custom_tests::list_multipart_uploads_no_uploads::{closure#0} as core[df12db4294e9bfd3]::ops::function::FnOnce<()>>::call_once
[INFO] [stdout]   20:     0x566fa634177b - test[9d35eded1c95d3be]::__rust_begin_short_backtrace::<core[df12db4294e9bfd3]::result::Result<(), alloc[2182bb758b4b3781]::string::String>, fn() -> core[df12db4294e9bfd3]::result::Result<(), alloc[2182bb758b4b3781]::string::String>>
[INFO] [stdout]   21:     0x566fa634ede5 - test[9d35eded1c95d3be]::run_test::{closure#0}
[INFO] [stdout]   22:     0x566fa63486a4 - std[70759c8f55707aa4]::sys::backtrace::__rust_begin_short_backtrace::<test[9d35eded1c95d3be]::run_test::{closure#1}, ()>
[INFO] [stdout]   23:     0x566fa6351f42 - <std[70759c8f55707aa4]::thread::lifecycle::spawn_unchecked<test[9d35eded1c95d3be]::run_test::{closure#1}, ()>::{closure#1} as core[df12db4294e9bfd3]::ops::function::FnOnce<()>>::call_once::{shim:vtable#0}
[INFO] [stdout]   24:     0x566fa640bab9 - <std[70759c8f55707aa4]::sys::thread::unix::Thread>::new::thread_start
[INFO] [stdout]   25:     0x723f30babdfa - <unknown>
[INFO] [stdout]   26:     0x723f30c3f3d4 - clone
[INFO] [stdout]   27:                0x0 - <unknown>
[INFO] [stdout] 
[INFO] [stdout] ---- custom::custom_tests::should_parse_sample_list_buckets_response stdout ----
[INFO] [stdout] 
[INFO] [stdout] thread 'custom::custom_tests::should_parse_sample_list_buckets_response' (2008) panicked at src/custom/custom_tests.rs:365:46:
[INFO] [stdout] called `Result::unwrap()` on an `Err` value: ParseError("Expected StartElement  got Some(\n    Err(\n        Error {\n            pos: 2:14,\n            kind: Syntax(\n                \"Invalid processing instruction: <?xml\\nThe XML spec only allows \\\"<?xml\\\" at the very beginning of the file, with no whitespace, comments, or any elements before it\",\n            ),\n        },\n    ),\n)")
[INFO] [stdout] stack backtrace:
[INFO] [stdout]    0:     0x566fa640c1f1 - <<std[70759c8f55707aa4]::sys::backtrace::BacktraceLock>::print::DisplayBacktrace as core[df12db4294e9bfd3]::fmt::Display>::fmt
[INFO] [stdout]    1:     0x566fa6420f1a - core[df12db4294e9bfd3]::fmt::write
[INFO] [stdout]    2:     0x566fa64108fc - <alloc[2182bb758b4b3781]::vec::Vec<u8> as core[df12db4294e9bfd3]::io::write::Write>::write_fmt
[INFO] [stdout]    3:     0x566fa63e8056 - std[70759c8f55707aa4]::panicking::default_hook::{closure#0}
[INFO] [stdout]    4:     0x566fa64046e9 - std[70759c8f55707aa4]::panicking::default_hook
[INFO] [stdout]    5:     0x566fa634e490 - test[9d35eded1c95d3be]::test_main_inner::<test[9d35eded1c95d3be]::test_main_static::{closure#0}>::{closure#0}
[INFO] [stdout]    6:     0x566fa6404a12 - std[70759c8f55707aa4]::panicking::panic_with_hook
[INFO] [stdout]    7:     0x566fa63e8102 - std[70759c8f55707aa4]::panicking::panic_handler::{closure#0}
[INFO] [stdout]    8:     0x566fa63e0e59 - std[70759c8f55707aa4]::sys::backtrace::__rust_end_short_backtrace::<std[70759c8f55707aa4]::panicking::panic_handler::{closure#0}, !>
[INFO] [stdout]    9:     0x566fa63e8cfd - __rustc[8fa7c3cbc660c2b3]::rust_begin_unwind
[INFO] [stdout]   10:     0x566fa642167c - core[df12db4294e9bfd3]::panicking::panic_fmt
[INFO] [stdout]   11:     0x566fa6421452 - core[df12db4294e9bfd3]::result::unwrap_failed
[INFO] [stdout]   12:     0x566fa6324d4a - rusoto_s3[939255ad852d4706]::custom::custom_tests::should_parse_sample_list_buckets_response::{closure#0}
[INFO] [stdout]   13:     0x566fa633d603 - <tokio[d5a4e785dbe4b2e5]::runtime::scheduler::current_thread::Context>::enter::<core[df12db4294e9bfd3]::task::poll::Poll<()>, <tokio[d5a4e785dbe4b2e5]::runtime::scheduler::current_thread::CoreGuard>::block_on<core[df12db4294e9bfd3]::pin::Pin<&mut core[df12db4294e9bfd3]::pin::Pin<&mut dyn core[df12db4294e9bfd3]::future::future::Future<Output = ()>>>>::{closure#0}::{closure#0}>
[INFO] [stdout]   14:     0x566fa63389a9 - <std[70759c8f55707aa4]::thread::local::LocalKey<tokio[d5a4e785dbe4b2e5]::runtime::context::Context>>::with::<tokio[d5a4e785dbe4b2e5]::runtime::context::set_scheduler<(alloc[2182bb758b4b3781]::boxed::Box<tokio[d5a4e785dbe4b2e5]::runtime::scheduler::current_thread::Core>, core[df12db4294e9bfd3]::option::Option<()>), <tokio[d5a4e785dbe4b2e5]::runtime::scheduler::current_thread::CoreGuard>::enter<<tokio[d5a4e785dbe4b2e5]::runtime::scheduler::current_thread::CoreGuard>::block_on<core[df12db4294e9bfd3]::pin::Pin<&mut core[df12db4294e9bfd3]::pin::Pin<&mut dyn core[df12db4294e9bfd3]::future::future::Future<Output = ()>>>>::{closure#0}, core[df12db4294e9bfd3]::option::Option<()>>::{closure#0}>::{closure#0}, (alloc[2182bb758b4b3781]::boxed::Box<tokio[d5a4e785dbe4b2e5]::runtime::scheduler::current_thread::Core>, core[df12db4294e9bfd3]::option::Option<()>)>
[INFO] [stdout]   15:     0x566fa633da57 - <tokio[d5a4e785dbe4b2e5]::runtime::scheduler::current_thread::CoreGuard>::block_on::<core[df12db4294e9bfd3]::pin::Pin<&mut core[df12db4294e9bfd3]::pin::Pin<&mut dyn core[df12db4294e9bfd3]::future::future::Future<Output = ()>>>>
[INFO] [stdout]   16:     0x566fa63353d9 - tokio[d5a4e785dbe4b2e5]::runtime::context::runtime::enter_runtime::<<tokio[d5a4e785dbe4b2e5]::runtime::scheduler::current_thread::CurrentThread>::block_on<core[df12db4294e9bfd3]::pin::Pin<&mut dyn core[df12db4294e9bfd3]::future::future::Future<Output = ()>>>::{closure#0}, ()>
[INFO] [stdout]   17:     0x566fa63339bb - <tokio[d5a4e785dbe4b2e5]::runtime::runtime::Runtime>::block_on::<core[df12db4294e9bfd3]::pin::Pin<&mut dyn core[df12db4294e9bfd3]::future::future::Future<Output = ()>>>
[INFO] [stdout]   18:     0x566fa6326c8b - rusoto_s3[939255ad852d4706]::custom::custom_tests::should_parse_sample_list_buckets_response
[INFO] [stdout]   19:     0x566fa63358e9 - <rusoto_s3[939255ad852d4706]::custom::custom_tests::should_parse_sample_list_buckets_response::{closure#0} as core[df12db4294e9bfd3]::ops::function::FnOnce<()>>::call_once
[INFO] [stdout]   20:     0x566fa634177b - test[9d35eded1c95d3be]::__rust_begin_short_backtrace::<core[df12db4294e9bfd3]::result::Result<(), alloc[2182bb758b4b3781]::string::String>, fn() -> core[df12db4294e9bfd3]::result::Result<(), alloc[2182bb758b4b3781]::string::String>>
[INFO] [stdout]   21:     0x566fa634ede5 - test[9d35eded1c95d3be]::run_test::{closure#0}
[INFO] [stdout]   22:     0x566fa63486a4 - std[70759c8f55707aa4]::sys::backtrace::__rust_begin_short_backtrace::<test[9d35eded1c95d3be]::run_test::{closure#1}, ()>
[INFO] [stdout]   23:     0x566fa6351f42 - <std[70759c8f55707aa4]::thread::lifecycle::spawn_unchecked<test[9d35eded1c95d3be]::run_test::{closure#1}, ()>::{closure#1} as core[df12db4294e9bfd3]::ops::function::FnOnce<()>>::call_once::{shim:vtable#0}
[INFO] [stdout]   24:     0x566fa640bab9 - <std[70759c8f55707aa4]::sys::thread::unix::Thread>::new::thread_start
[INFO] [stdout]   25:     0x723f30babdfa - <unknown>
[INFO] [stdout]   26:     0x723f30c3f3d4 - clone
[INFO] [stdout]   27:                0x0 - <unknown>
[INFO] [stdout] 
[INFO] [stdout] ---- custom::custom_tests::should_parse_location_constraint stdout ----
[INFO] [stdout] 
[INFO] [stdout] thread 'custom::custom_tests::should_parse_location_constraint' (2007) panicked at /opt/rustwide/cargo-home/registry/src/index.crates.io-1949cf8c6b5b557f/rusoto_mock-0.48.0/src/lib.rs:195:53:
[INFO] [stdout] couldn't find file: Os { code: 2, kind: NotFound, message: "No such file or directory" }
[INFO] [stdout] stack backtrace:
[INFO] [stdout]    0:     0x566fa640c1f1 - <<std[70759c8f55707aa4]::sys::backtrace::BacktraceLock>::print::DisplayBacktrace as core[df12db4294e9bfd3]::fmt::Display>::fmt
[INFO] [stdout]    1:     0x566fa6420f1a - core[df12db4294e9bfd3]::fmt::write
[INFO] [stdout]    2:     0x566fa64108fc - <alloc[2182bb758b4b3781]::vec::Vec<u8> as core[df12db4294e9bfd3]::io::write::Write>::write_fmt
[INFO] [stdout]    3:     0x566fa63e8056 - std[70759c8f55707aa4]::panicking::default_hook::{closure#0}
[INFO] [stdout]    4:     0x566fa64046e9 - std[70759c8f55707aa4]::panicking::default_hook
[INFO] [stdout]    5:     0x566fa634e490 - test[9d35eded1c95d3be]::test_main_inner::<test[9d35eded1c95d3be]::test_main_static::{closure#0}>::{closure#0}
[INFO] [stdout]    6:     0x566fa6404a12 - std[70759c8f55707aa4]::panicking::panic_with_hook
[INFO] [stdout]    7:     0x566fa63e8102 - std[70759c8f55707aa4]::panicking::panic_handler::{closure#0}
[INFO] [stdout]    8:     0x566fa63e0e59 - std[70759c8f55707aa4]::sys::backtrace::__rust_end_short_backtrace::<std[70759c8f55707aa4]::panicking::panic_handler::{closure#0}, !>
[INFO] [stdout]    9:     0x566fa63e8cfd - __rustc[8fa7c3cbc660c2b3]::rust_begin_unwind
[INFO] [stdout]   10:     0x566fa642167c - core[df12db4294e9bfd3]::panicking::panic_fmt
[INFO] [stdout]   11:     0x566fa6421452 - core[df12db4294e9bfd3]::result::unwrap_failed
[INFO] [stdout]   12:     0x566fa638439c - <rusoto_mock[2b532d9c2616a7c6]::MockResponseReader as rusoto_mock[2b532d9c2616a7c6]::ReadMockResponse>::read_response
[INFO] [stdout]   13:     0x566fa631e897 - rusoto_s3[939255ad852d4706]::custom::custom_tests::should_parse_location_constraint::{closure#0}
[INFO] [stdout]   14:     0x566fa633d603 - <tokio[d5a4e785dbe4b2e5]::runtime::scheduler::current_thread::Context>::enter::<core[df12db4294e9bfd3]::task::poll::Poll<()>, <tokio[d5a4e785dbe4b2e5]::runtime::scheduler::current_thread::CoreGuard>::block_on<core[df12db4294e9bfd3]::pin::Pin<&mut core[df12db4294e9bfd3]::pin::Pin<&mut dyn core[df12db4294e9bfd3]::future::future::Future<Output = ()>>>>::{closure#0}::{closure#0}>
[INFO] [stdout]   15:     0x566fa63389a9 - <std[70759c8f55707aa4]::thread::local::LocalKey<tokio[d5a4e785dbe4b2e5]::runtime::context::Context>>::with::<tokio[d5a4e785dbe4b2e5]::runtime::context::set_scheduler<(alloc[2182bb758b4b3781]::boxed::Box<tokio[d5a4e785dbe4b2e5]::runtime::scheduler::current_thread::Core>, core[df12db4294e9bfd3]::option::Option<()>), <tokio[d5a4e785dbe4b2e5]::runtime::scheduler::current_thread::CoreGuard>::enter<<tokio[d5a4e785dbe4b2e5]::runtime::scheduler::current_thread::CoreGuard>::block_on<core[df12db4294e9bfd3]::pin::Pin<&mut core[df12db4294e9bfd3]::pin::Pin<&mut dyn core[df12db4294e9bfd3]::future::future::Future<Output = ()>>>>::{closure#0}, core[df12db4294e9bfd3]::option::Option<()>>::{closure#0}>::{closure#0}, (alloc[2182bb758b4b3781]::boxed::Box<tokio[d5a4e785dbe4b2e5]::runtime::scheduler::current_thread::Core>, core[df12db4294e9bfd3]::option::Option<()>)>
[INFO] [stdout]   16:     0x566fa633da57 - <tokio[d5a4e785dbe4b2e5]::runtime::scheduler::current_thread::CoreGuard>::block_on::<core[df12db4294e9bfd3]::pin::Pin<&mut core[df12db4294e9bfd3]::pin::Pin<&mut dyn core[df12db4294e9bfd3]::future::future::Future<Output = ()>>>>
[INFO] [stdout]   17:     0x566fa63353d9 - tokio[d5a4e785dbe4b2e5]::runtime::context::runtime::enter_runtime::<<tokio[d5a4e785dbe4b2e5]::runtime::scheduler::current_thread::CurrentThread>::block_on<core[df12db4294e9bfd3]::pin::Pin<&mut dyn core[df12db4294e9bfd3]::future::future::Future<Output = ()>>>::{closure#0}, ()>
[INFO] [stdout]   18:     0x566fa63339bb - <tokio[d5a4e785dbe4b2e5]::runtime::runtime::Runtime>::block_on::<core[df12db4294e9bfd3]::pin::Pin<&mut dyn core[df12db4294e9bfd3]::future::future::Future<Output = ()>>>
[INFO] [stdout]   19:     0x566fa632635b - rusoto_s3[939255ad852d4706]::custom::custom_tests::should_parse_location_constraint
[INFO] [stdout]   20:     0x566fa6335809 - <rusoto_s3[939255ad852d4706]::custom::custom_tests::should_parse_location_constraint::{closure#0} as core[df12db4294e9bfd3]::ops::function::FnOnce<()>>::call_once
[INFO] [stdout]   21:     0x566fa634177b - test[9d35eded1c95d3be]::__rust_begin_short_backtrace::<core[df12db4294e9bfd3]::result::Result<(), alloc[2182bb758b4b3781]::string::String>, fn() -> core[df12db4294e9bfd3]::result::Result<(), alloc[2182bb758b4b3781]::string::String>>
[INFO] [stdout]   22:     0x566fa634ede5 - test[9d35eded1c95d3be]::run_test::{closure#0}
[INFO] [stdout]   23:     0x566fa63486a4 - std[70759c8f55707aa4]::sys::backtrace::__rust_begin_short_backtrace::<test[9d35eded1c95d3be]::run_test::{closure#1}, ()>
[INFO] [stdout]   24:     0x566fa6351f42 - <std[70759c8f55707aa4]::thread::lifecycle::spawn_unchecked<test[9d35eded1c95d3be]::run_test::{closure#1}, ()>::{closure#1} as core[df12db4294e9bfd3]::ops::function::FnOnce<()>>::call_once::{shim:vtable#0}
[INFO] [stdout]   25:     0x566fa640bab9 - <std[70759c8f55707aa4]::sys::thread::unix::Thread>::new::thread_start
[INFO] [stdout]   26:     0x723f30babdfa - <unknown>
[INFO] [stdout]   27:     0x723f30c3f3d4 - clone
[INFO] [stdout]   28:                0x0 - <unknown>
[INFO] [stdout] 
[INFO] [stdout] ---- generated::protocol_tests::test_parse_error_s3_list_objects stdout ----
[INFO] [stdout] 
[INFO] [stdout] thread 'generated::protocol_tests::test_parse_error_s3_list_objects' (2016) panicked at /opt/rustwide/cargo-home/registry/src/index.crates.io-1949cf8c6b5b557f/rusoto_mock-0.48.0/src/lib.rs:195:53:
[INFO] [stdout] couldn't find file: Os { code: 2, kind: NotFound, message: "No such file or directory" }
[INFO] [stdout] stack backtrace:
[INFO] [stdout]    0:     0x566fa640c1f1 - <<std[70759c8f55707aa4]::sys::backtrace::BacktraceLock>::print::DisplayBacktrace as core[df12db4294e9bfd3]::fmt::Display>::fmt
[INFO] [stdout]    1:     0x566fa6420f1a - core[df12db4294e9bfd3]::fmt::write
[INFO] [stdout]    2:     0x566fa64108fc - <alloc[2182bb758b4b3781]::vec::Vec<u8> as core[df12db4294e9bfd3]::io::write::Write>::write_fmt
[INFO] [stdout]    3:     0x566fa63e8056 - std[70759c8f55707aa4]::panicking::default_hook::{closure#0}
[INFO] [stdout]    4:     0x566fa64046e9 - std[70759c8f55707aa4]::panicking::default_hook
[INFO] [stdout]    5:     0x566fa634e490 - test[9d35eded1c95d3be]::test_main_inner::<test[9d35eded1c95d3be]::test_main_static::{closure#0}>::{closure#0}
[INFO] [stdout]    6:     0x566fa6404a12 - std[70759c8f55707aa4]::panicking::panic_with_hook
[INFO] [stdout]    7:     0x566fa63e8102 - std[70759c8f55707aa4]::panicking::panic_handler::{closure#0}
[INFO] [stdout]    8:     0x566fa63e0e59 - std[70759c8f55707aa4]::sys::backtrace::__rust_end_short_backtrace::<std[70759c8f55707aa4]::panicking::panic_handler::{closure#0}, !>
[INFO] [stdout]    9:     0x566fa63e8cfd - __rustc[8fa7c3cbc660c2b3]::rust_begin_unwind
[INFO] [stdout]   10:     0x566fa642167c - core[df12db4294e9bfd3]::panicking::panic_fmt
[INFO] [stdout]   11:     0x566fa6421452 - core[df12db4294e9bfd3]::result::unwrap_failed
[INFO] [stdout]   12:     0x566fa638439c - <rusoto_mock[2b532d9c2616a7c6]::MockResponseReader as rusoto_mock[2b532d9c2616a7c6]::ReadMockResponse>::read_response
[INFO] [stdout]   13:     0x566fa632e367 - rusoto_s3[939255ad852d4706]::generated::protocol_tests::test_parse_error_s3_list_objects::{closure#0}
[INFO] [stdout]   14:     0x566fa633d603 - <tokio[d5a4e785dbe4b2e5]::runtime::scheduler::current_thread::Context>::enter::<core[df12db4294e9bfd3]::task::poll::Poll<()>, <tokio[d5a4e785dbe4b2e5]::runtime::scheduler::current_thread::CoreGuard>::block_on<core[df12db4294e9bfd3]::pin::Pin<&mut core[df12db4294e9bfd3]::pin::Pin<&mut dyn core[df12db4294e9bfd3]::future::future::Future<Output = ()>>>>::{closure#0}::{closure#0}>
[INFO] [stdout]   15:     0x566fa63389a9 - <std[70759c8f55707aa4]::thread::local::LocalKey<tokio[d5a4e785dbe4b2e5]::runtime::context::Context>>::with::<tokio[d5a4e785dbe4b2e5]::runtime::context::set_scheduler<(alloc[2182bb758b4b3781]::boxed::Box<tokio[d5a4e785dbe4b2e5]::runtime::scheduler::current_thread::Core>, core[df12db4294e9bfd3]::option::Option<()>), <tokio[d5a4e785dbe4b2e5]::runtime::scheduler::current_thread::CoreGuard>::enter<<tokio[d5a4e785dbe4b2e5]::runtime::scheduler::current_thread::CoreGuard>::block_on<core[df12db4294e9bfd3]::pin::Pin<&mut core[df12db4294e9bfd3]::pin::Pin<&mut dyn core[df12db4294e9bfd3]::future::future::Future<Output = ()>>>>::{closure#0}, core[df12db4294e9bfd3]::option::Option<()>>::{closure#0}>::{closure#0}, (alloc[2182bb758b4b3781]::boxed::Box<tokio[d5a4e785dbe4b2e5]::runtime::scheduler::current_thread::Core>, core[df12db4294e9bfd3]::option::Option<()>)>
[INFO] [stdout]   16:     0x566fa633da57 - <tokio[d5a4e785dbe4b2e5]::runtime::scheduler::current_thread::CoreGuard>::block_on::<core[df12db4294e9bfd3]::pin::Pin<&mut core[df12db4294e9bfd3]::pin::Pin<&mut dyn core[df12db4294e9bfd3]::future::future::Future<Output = ()>>>>
[INFO] [stdout]   17:     0x566fa63353d9 - tokio[d5a4e785dbe4b2e5]::runtime::context::runtime::enter_runtime::<<tokio[d5a4e785dbe4b2e5]::runtime::scheduler::current_thread::CurrentThread>::block_on<core[df12db4294e9bfd3]::pin::Pin<&mut dyn core[df12db4294e9bfd3]::future::future::Future<Output = ()>>>::{closure#0}, ()>
[INFO] [stdout]   18:     0x566fa63339bb - <tokio[d5a4e785dbe4b2e5]::runtime::runtime::Runtime>::block_on::<core[df12db4294e9bfd3]::pin::Pin<&mut dyn core[df12db4294e9bfd3]::future::future::Future<Output = ()>>>
[INFO] [stdout]   19:     0x566fa633078b - rusoto_s3[939255ad852d4706]::generated::protocol_tests::test_parse_error_s3_list_objects
[INFO] [stdout]   20:     0x566fa6335929 - <rusoto_s3[939255ad852d4706]::generated::protocol_tests::test_parse_error_s3_list_objects::{closure#0} as core[df12db4294e9bfd3]::ops::function::FnOnce<()>>::call_once
[INFO] [stdout]   21:     0x566fa634177b - test[9d35eded1c95d3be]::__rust_begin_short_backtrace::<core[df12db4294e9bfd3]::result::Result<(), alloc[2182bb758b4b3781]::string::String>, fn() -> core[df12db4294e9bfd3]::result::Result<(), alloc[2182bb758b4b3781]::string::String>>
[INFO] [stdout]   22:     0x566fa634ede5 - test[9d35eded1c95d3be]::run_test::{closure#0}
[INFO] [stdout]   23:     0x566fa63486a4 - std[70759c8f55707aa4]::sys::backtrace::__rust_begin_short_backtrace::<test[9d35eded1c95d3be]::run_test::{closure#1}, ()>
[INFO] [stdout]   24:     0x566fa6351f42 - <std[70759c8f55707aa4]::thread::lifecycle::spawn_unchecked<test[9d35eded1c95d3be]::run_test::{closure#1}, ()>::{closure#1} as core[df12db4294e9bfd3]::ops::function::FnOnce<()>>::call_once::{shim:vtable#0}
[INFO] [stdout]   25:     0x566fa640bab9 - <std[70759c8f55707aa4]::sys::thread::unix::Thread>::new::thread_start
[INFO] [stdout]   26:     0x723f30babdfa - <unknown>
[INFO] [stdout]   27:     0x723f30c3f3d4 - clone
[INFO] [stdout]   28:                0x0 - <unknown>
[INFO] [stdout] 
[INFO] [stdout] ---- generated::protocol_tests::test_parse_valid_s3_list_buckets stdout ----
[INFO] [stdout] 
[INFO] [stdout] thread 'generated::protocol_tests::test_parse_valid_s3_list_buckets' (2021) panicked at /opt/rustwide/cargo-home/registry/src/index.crates.io-1949cf8c6b5b557f/rusoto_mock-0.48.0/src/lib.rs:195:53:
[INFO] [stdout] couldn't find file: Os { code: 2, kind: NotFound, message: "No such file or directory" }
[INFO] [stdout] stack backtrace:
[INFO] [stdout]    0:     0x566fa640c1f1 - <<std[70759c8f55707aa4]::sys::backtrace::BacktraceLock>::print::DisplayBacktrace as core[df12db4294e9bfd3]::fmt::Display>::fmt
[INFO] [stdout]    1:     0x566fa6420f1a - core[df12db4294e9bfd3]::fmt::write
[INFO] [stdout]    2:     0x566fa64108fc - <alloc[2182bb758b4b3781]::vec::Vec<u8> as core[df12db4294e9bfd3]::io::write::Write>::write_fmt
[INFO] [stdout]    3:     0x566fa63e8056 - std[70759c8f55707aa4]::panicking::default_hook::{closure#0}
[INFO] [stdout]    4:     0x566fa64046e9 - std[70759c8f55707aa4]::panicking::default_hook
[INFO] [stdout]    5:     0x566fa634e490 - test[9d35eded1c95d3be]::test_main_inner::<test[9d35eded1c95d3be]::test_main_static::{closure#0}>::{closure#0}
[INFO] [stdout]    6:     0x566fa6404a12 - std[70759c8f55707aa4]::panicking::panic_with_hook
[INFO] [stdout]    7:     0x566fa63e8102 - std[70759c8f55707aa4]::panicking::panic_handler::{closure#0}
[INFO] [stdout]    8:     0x566fa63e0e59 - std[70759c8f55707aa4]::sys::backtrace::__rust_end_short_backtrace::<std[70759c8f55707aa4]::panicking::panic_handler::{closure#0}, !>
[INFO] [stdout]    9:     0x566fa63e8cfd - __rustc[8fa7c3cbc660c2b3]::rust_begin_unwind
[INFO] [stdout]   10:     0x566fa642167c - core[df12db4294e9bfd3]::panicking::panic_fmt
[INFO] [stdout]   11:     0x566fa6421452 - core[df12db4294e9bfd3]::result::unwrap_failed
[INFO] [stdout]   12:     0x566fa638439c - <rusoto_mock[2b532d9c2616a7c6]::MockResponseReader as rusoto_mock[2b532d9c2616a7c6]::ReadMockResponse>::read_response
[INFO] [stdout]   13:     0x566fa632e6ed - rusoto_s3[939255ad852d4706]::generated::protocol_tests::test_parse_valid_s3_list_buckets::{closure#0}
[INFO] [stdout]   14:     0x566fa633d603 - <tokio[d5a4e785dbe4b2e5]::runtime::scheduler::current_thread::Context>::enter::<core[df12db4294e9bfd3]::task::poll::Poll<()>, <tokio[d5a4e785dbe4b2e5]::runtime::scheduler::current_thread::CoreGuard>::block_on<core[df12db4294e9bfd3]::pin::Pin<&mut core[df12db4294e9bfd3]::pin::Pin<&mut dyn core[df12db4294e9bfd3]::future::future::Future<Output = ()>>>>::{closure#0}::{closure#0}>
[INFO] [stdout]   15:     0x566fa63389a9 - <std[70759c8f55707aa4]::thread::local::LocalKey<tokio[d5a4e785dbe4b2e5]::runtime::context::Context>>::with::<tokio[d5a4e785dbe4b2e5]::runtime::context::set_scheduler<(alloc[2182bb758b4b3781]::boxed::Box<tokio[d5a4e785dbe4b2e5]::runtime::scheduler::current_thread::Core>, core[df12db4294e9bfd3]::option::Option<()>), <tokio[d5a4e785dbe4b2e5]::runtime::scheduler::current_thread::CoreGuard>::enter<<tokio[d5a4e785dbe4b2e5]::runtime::scheduler::current_thread::CoreGuard>::block_on<core[df12db4294e9bfd3]::pin::Pin<&mut core[df12db4294e9bfd3]::pin::Pin<&mut dyn core[df12db4294e9bfd3]::future::future::Future<Output = ()>>>>::{closure#0}, core[df12db4294e9bfd3]::option::Option<()>>::{closure#0}>::{closure#0}, (alloc[2182bb758b4b3781]::boxed::Box<tokio[d5a4e785dbe4b2e5]::runtime::scheduler::current_thread::Core>, core[df12db4294e9bfd3]::option::Option<()>)>
[INFO] [stdout]   16:     0x566fa633da57 - <tokio[d5a4e785dbe4b2e5]::runtime::scheduler::current_thread::CoreGuard>::block_on::<core[df12db4294e9bfd3]::pin::Pin<&mut core[df12db4294e9bfd3]::pin::Pin<&mut dyn core[df12db4294e9bfd3]::future::future::Future<Output = ()>>>>
[INFO] [stdout]   17:     0x566fa63353d9 - tokio[d5a4e785dbe4b2e5]::runtime::context::runtime::enter_runtime::<<tokio[d5a4e785dbe4b2e5]::runtime::scheduler::current_thread::CurrentThread>::block_on<core[df12db4294e9bfd3]::pin::Pin<&mut dyn core[df12db4294e9bfd3]::future::future::Future<Output = ()>>>::{closure#0}, ()>
[INFO] [stdout]   18:     0x566fa63339bb - <tokio[d5a4e785dbe4b2e5]::runtime::runtime::Runtime>::block_on::<core[df12db4294e9bfd3]::pin::Pin<&mut dyn core[df12db4294e9bfd3]::future::future::Future<Output = ()>>>
[INFO] [stdout]   19:     0x566fa63308db - rusoto_s3[939255ad852d4706]::generated::protocol_tests::test_parse_valid_s3_list_buckets
[INFO] [stdout]   20:     0x566fa6335949 - <rusoto_s3[939255ad852d4706]::generated::protocol_tests::test_parse_valid_s3_list_buckets::{closure#0} as core[df12db4294e9bfd3]::ops::function::FnOnce<()>>::call_once
[INFO] [stdout]   21:     0x566fa634177b - test[9d35eded1c95d3be]::__rust_begin_short_backtrace::<core[df12db4294e9bfd3]::result::Result<(), alloc[2182bb758b4b3781]::string::String>, fn() -> core[df12db4294e9bfd3]::result::Result<(), alloc[2182bb758b4b3781]::string::String>>
[INFO] [stdout]   22:     0x566fa634ede5 - test[9d35eded1c95d3be]::run_test::{closure#0}
[INFO] [stdout]   23:     0x566fa63486a4 - std[70759c8f55707aa4]::sys::backtrace::__rust_begin_short_backtrace::<test[9d35eded1c95d3be]::run_test::{closure#1}, ()>
[INFO] [stdout]   24:     0x566fa6351f42 - <std[70759c8f55707aa4]::thread::lifecycle::spawn_unchecked<test[9d35eded1c95d3be]::run_test::{closure#1}, ()>::{closure#1} as core[df12db4294e9bfd3]::ops::function::FnOnce<()>>::call_once::{shim:vtable#0}
[INFO] [stdout]   25:     0x566fa640bab9 - <std[70759c8f55707aa4]::sys::thread::unix::Thread>::new::thread_start
[INFO] [stdout]   26:     0x723f30babdfa - <unknown>
[INFO] [stdout]   27:     0x723f30c3f3d4 - clone
[INFO] [stdout]   28:                0x0 - <unknown>
[INFO] [stdout] 
[INFO] [stdout] ---- generated::protocol_tests::test_parse_valid_s3_get_bucket_policy stdout ----
[INFO] [stdout] 
[INFO] [stdout] thread 'generated::protocol_tests::test_parse_valid_s3_get_bucket_policy' (2020) panicked at /opt/rustwide/cargo-home/registry/src/index.crates.io-1949cf8c6b5b557f/rusoto_mock-0.48.0/src/lib.rs:195:53:
[INFO] [stdout] couldn't find file: Os { code: 2, kind: NotFound, message: "No such file or directory" }
[INFO] [stdout] stack backtrace:
[INFO] [stdout]    0:     0x566fa640c1f1 - <<std[70759c8f55707aa4]::sys::backtrace::BacktraceLock>::print::DisplayBacktrace as core[df12db4294e9bfd3]::fmt::Display>::fmt
[INFO] [stdout]    1:     0x566fa6420f1a - core[df12db4294e9bfd3]::fmt::write
[INFO] [stdout]    2:     0x566fa64108fc - <alloc[2182bb758b4b3781]::vec::Vec<u8> as core[df12db4294e9bfd3]::io::write::Write>::write_fmt
[INFO] [stdout]    3:     0x566fa63e8056 - std[70759c8f55707aa4]::panicking::default_hook::{closure#0}
[INFO] [stdout]    4:     0x566fa64046e9 - std[70759c8f55707aa4]::panicking::default_hook
[INFO] [stdout]    5:     0x566fa634e490 - test[9d35eded1c95d3be]::test_main_inner::<test[9d35eded1c95d3be]::test_main_static::{closure#0}>::{closure#0}
[INFO] [stdout]    6:     0x566fa6404a12 - std[70759c8f55707aa4]::panicking::panic_with_hook
[INFO] [stdout]    7:     0x566fa63e8102 - std[70759c8f55707aa4]::panicking::panic_handler::{closure#0}
[INFO] [stdout]    8:     0x566fa63e0e59 - std[70759c8f55707aa4]::sys::backtrace::__rust_end_short_backtrace::<std[70759c8f55707aa4]::panicking::panic_handler::{closure#0}, !>
[INFO] [stdout]    9:     0x566fa63e8cfd - __rustc[8fa7c3cbc660c2b3]::rust_begin_unwind
[INFO] [stdout]   10:     0x566fa642167c - core[df12db4294e9bfd3]::panicking::panic_fmt
[INFO] [stdout]   11:     0x566fa6421452 - core[df12db4294e9bfd3]::result::unwrap_failed
[INFO] [stdout]   12:     0x566fa638439c - <rusoto_mock[2b532d9c2616a7c6]::MockResponseReader as rusoto_mock[2b532d9c2616a7c6]::ReadMockResponse>::read_response
[INFO] [stdout]   13:     0x566fa632f55d - rusoto_s3[939255ad852d4706]::generated::protocol_tests::test_parse_valid_s3_get_bucket_policy::{closure#0}
[INFO] [stdout]   14:     0x566fa633d603 - <tokio[d5a4e785dbe4b2e5]::runtime::scheduler::current_thread::Context>::enter::<core[df12db4294e9bfd3]::task::poll::Poll<()>, <tokio[d5a4e785dbe4b2e5]::runtime::scheduler::current_thread::CoreGuard>::block_on<core[df12db4294e9bfd3]::pin::Pin<&mut core[df12db4294e9bfd3]::pin::Pin<&mut dyn core[df12db4294e9bfd3]::future::future::Future<Output = ()>>>>::{closure#0}::{closure#0}>
[INFO] [stdout]   15:     0x566fa63389a9 - <std[70759c8f55707aa4]::thread::local::LocalKey<tokio[d5a4e785dbe4b2e5]::runtime::context::Context>>::with::<tokio[d5a4e785dbe4b2e5]::runtime::context::set_scheduler<(alloc[2182bb758b4b3781]::boxed::Box<tokio[d5a4e785dbe4b2e5]::runtime::scheduler::current_thread::Core>, core[df12db4294e9bfd3]::option::Option<()>), <tokio[d5a4e785dbe4b2e5]::runtime::scheduler::current_thread::CoreGuard>::enter<<tokio[d5a4e785dbe4b2e5]::runtime::scheduler::current_thread::CoreGuard>::block_on<core[df12db4294e9bfd3]::pin::Pin<&mut core[df12db4294e9bfd3]::pin::Pin<&mut dyn core[df12db4294e9bfd3]::future::future::Future<Output = ()>>>>::{closure#0}, core[df12db4294e9bfd3]::option::Option<()>>::{closure#0}>::{closure#0}, (alloc[2182bb758b4b3781]::boxed::Box<tokio[d5a4e785dbe4b2e5]::runtime::scheduler::current_thread::Core>, core[df12db4294e9bfd3]::option::Option<()>)>
[INFO] [stdout]   16:     0x566fa633da57 - <tokio[d5a4e785dbe4b2e5]::runtime::scheduler::current_thread::CoreGuard>::block_on::<core[df12db4294e9bfd3]::pin::Pin<&mut core[df12db4294e9bfd3]::pin::Pin<&mut dyn core[df12db4294e9bfd3]::future::future::Future<Output = ()>>>>
[INFO] [stdout]   17:     0x566fa63353d9 - tokio[d5a4e785dbe4b2e5]::runtime::context::runtime::enter_runtime::<<tokio[d5a4e785dbe4b2e5]::runtime::scheduler::current_thread::CurrentThread>::block_on<core[df12db4294e9bfd3]::pin::Pin<&mut dyn core[df12db4294e9bfd3]::future::future::Future<Output = ()>>>::{closure#0}, ()>
[INFO] [stdout]   18:     0x566fa63339bb - <tokio[d5a4e785dbe4b2e5]::runtime::runtime::Runtime>::block_on::<core[df12db4294e9bfd3]::pin::Pin<&mut dyn core[df12db4294e9bfd3]::future::future::Future<Output = ()>>>
[INFO] [stdout]   19:     0x566fa6330e1b - rusoto_s3[939255ad852d4706]::generated::protocol_tests::test_parse_valid_s3_get_bucket_policy
[INFO] [stdout]   20:     0x566fa63359c9 - <rusoto_s3[939255ad852d4706]::generated::protocol_tests::test_parse_valid_s3_get_bucket_policy::{closure#0} as core[df12db4294e9bfd3]::ops::function::FnOnce<()>>::call_once
[INFO] [stdout]   21:     0x566fa634177b - test[9d35eded1c95d3be]::__rust_begin_short_backtrace::<core[df12db4294e9bfd3]::result::Result<(), alloc[2182bb758b4b3781]::string::String>, fn() -> core[df12db4294e9bfd3]::result::Result<(), alloc[2182bb758b4b3781]::string::String>>
[INFO] [stdout]   22:     0x566fa634ede5 - test[9d35eded1c95d3be]::run_test::{closure#0}
[INFO] [stdout]   23:     0x566fa63486a4 - std[70759c8f55707aa4]::sys::backtrace::__rust_begin_short_backtrace::<test[9d35eded1c95d3be]::run_test::{closure#1}, ()>
[INFO] [stdout]   24:     0x566fa6351f42 - <std[70759c8f55707aa4]::thread::lifecycle::spawn_unchecked<test[9d35eded1c95d3be]::run_test::{closure#1}, ()>::{closure#1} as core[df12db4294e9bfd3]::ops::function::FnOnce<()>>::call_once::{shim:vtable#0}
[INFO] [stdout]   25:     0x566fa640bab9 - <std[70759c8f55707aa4]::sys::thread::unix::Thread>::new::thread_start
[INFO] [stdout]   26:     0x723f30babdfa - <unknown>
[INFO] [stdout]   27:     0x723f30c3f3d4 - clone
[INFO] [stdout]   28:                0x0 - <unknown>
[INFO] [stdout] 
[INFO] [stdout] ---- generated::protocol_tests::test_parse_valid_s3_list_multipart_uploads stdout ----
[INFO] [stdout] 
[INFO] [stdout] thread 'generated::protocol_tests::test_parse_valid_s3_list_multipart_uploads' (2022) panicked at /opt/rustwide/cargo-home/registry/src/index.crates.io-1949cf8c6b5b557f/rusoto_mock-0.48.0/src/lib.rs:195:53:
[INFO] [stdout] couldn't find file: Os { code: 2, kind: NotFound, message: "No such file or directory" }
[INFO] [stdout] stack backtrace:
[INFO] [stdout]    0:     0x566fa640c1f1 - <<std[70759c8f55707aa4]::sys::backtrace::BacktraceLock>::print::DisplayBacktrace as core[df12db4294e9bfd3]::fmt::Display>::fmt
[INFO] [stdout]    1:     0x566fa6420f1a - core[df12db4294e9bfd3]::fmt::write
[INFO] [stdout]    2:     0x566fa64108fc - <alloc[2182bb758b4b3781]::vec::Vec<u8> as core[df12db4294e9bfd3]::io::write::Write>::write_fmt
[INFO] [stdout]    3:     0x566fa63e8056 - std[70759c8f55707aa4]::panicking::default_hook::{closure#0}
[INFO] [stdout]    4:     0x566fa64046e9 - std[70759c8f55707aa4]::panicking::default_hook
[INFO] [stdout]    5:     0x566fa634e490 - test[9d35eded1c95d3be]::test_main_inner::<test[9d35eded1c95d3be]::test_main_static::{closure#0}>::{closure#0}
[INFO] [stdout]    6:     0x566fa6404a12 - std[70759c8f55707aa4]::panicking::panic_with_hook
[INFO] [stdout]    7:     0x566fa63e8102 - std[70759c8f55707aa4]::panicking::panic_handler::{closure#0}
[INFO] [stdout]    8:     0x566fa63e0e59 - std[70759c8f55707aa4]::sys::backtrace::__rust_end_short_backtrace::<std[70759c8f55707aa4]::panicking::panic_handler::{closure#0}, !>
[INFO] [stdout]    9:     0x566fa63e8cfd - __rustc[8fa7c3cbc660c2b3]::rust_begin_unwind
[INFO] [stdout]   10:     0x566fa642167c - core[df12db4294e9bfd3]::panicking::panic_fmt
[INFO] [stdout]   11:     0x566fa6421452 - core[df12db4294e9bfd3]::result::unwrap_failed
[INFO] [stdout]   12:     0x566fa638439c - <rusoto_mock[2b532d9c2616a7c6]::MockResponseReader as rusoto_mock[2b532d9c2616a7c6]::ReadMockResponse>::read_response
[INFO] [stdout]   13:     0x566fa63303b7 - rusoto_s3[939255ad852d4706]::generated::protocol_tests::test_parse_valid_s3_list_multipart_uploads::{closure#0}
[INFO] [stdout]   14:     0x566fa633d603 - <tokio[d5a4e785dbe4b2e5]::runtime::scheduler::current_thread::Context>::enter::<core[df12db4294e9bfd3]::task::poll::Poll<()>, <tokio[d5a4e785dbe4b2e5]::runtime::scheduler::current_thread::CoreGuard>::block_on<core[df12db4294e9bfd3]::pin::Pin<&mut core[df12db4294e9bfd3]::pin::Pin<&mut dyn core[df12db4294e9bfd3]::future::future::Future<Output = ()>>>>::{closure#0}::{closure#0}>
[INFO] [stdout]   15:     0x566fa63389a9 - <std[70759c8f55707aa4]::thread::local::LocalKey<tokio[d5a4e785dbe4b2e5]::runtime::context::Context>>::with::<tokio[d5a4e785dbe4b2e5]::runtime::context::set_scheduler<(alloc[2182bb758b4b3781]::boxed::Box<tokio[d5a4e785dbe4b2e5]::runtime::scheduler::current_thread::Core>, core[df12db4294e9bfd3]::option::Option<()>), <tokio[d5a4e785dbe4b2e5]::runtime::scheduler::current_thread::CoreGuard>::enter<<tokio[d5a4e785dbe4b2e5]::runtime::scheduler::current_thread::CoreGuard>::block_on<core[df12db4294e9bfd3]::pin::Pin<&mut core[df12db4294e9bfd3]::pin::Pin<&mut dyn core[df12db4294e9bfd3]::future::future::Future<Output = ()>>>>::{closure#0}, core[df12db4294e9bfd3]::option::Option<()>>::{closure#0}>::{closure#0}, (alloc[2182bb758b4b3781]::boxed::Box<tokio[d5a4e785dbe4b2e5]::runtime::scheduler::current_thread::Core>, core[df12db4294e9bfd3]::option::Option<()>)>
[INFO] [stdout]   16:     0x566fa633da57 - <tokio[d5a4e785dbe4b2e5]::runtime::scheduler::current_thread::CoreGuard>::block_on::<core[df12db4294e9bfd3]::pin::Pin<&mut core[df12db4294e9bfd3]::pin::Pin<&mut dyn core[df12db4294e9bfd3]::future::future::Future<Output = ()>>>>
[INFO] [stdout]   17:     0x566fa63353d9 - tokio[d5a4e785dbe4b2e5]::runtime::context::runtime::enter_runtime::<<tokio[d5a4e785dbe4b2e5]::runtime::scheduler::current_thread::CurrentThread>::block_on<core[df12db4294e9bfd3]::pin::Pin<&mut dyn core[df12db4294e9bfd3]::future::future::Future<Output = ()>>>::{closure#0}, ()>
[INFO] [stdout]   18:     0x566fa63339bb - <tokio[d5a4e785dbe4b2e5]::runtime::runtime::Runtime>::block_on::<core[df12db4294e9bfd3]::pin::Pin<&mut dyn core[df12db4294e9bfd3]::future::future::Future<Output = ()>>>
[INFO] [stdout]   19:     0x566fa633135b - rusoto_s3[939255ad852d4706]::generated::protocol_tests::test_parse_valid_s3_list_multipart_uploads
[INFO] [stdout]   20:     0x566fa6335a49 - <rusoto_s3[939255ad852d4706]::generated::protocol_tests::test_parse_valid_s3_list_multipart_uploads::{closure#0} as core[df12db4294e9bfd3]::ops::function::FnOnce<()>>::call_once
[INFO] [stdout]   21:     0x566fa634177b - test[9d35eded1c95d3be]::__rust_begin_short_backtrace::<core[df12db4294e9bfd3]::result::Result<(), alloc[2182bb758b4b3781]::string::String>, fn() -> core[df12db4294e9bfd3]::result::Result<(), alloc[2182bb758b4b3781]::string::String>>
[INFO] [stdout]   22:     0x566fa634ede5 - test[9d35eded1c95d3be]::run_test::{closure#0}
[INFO] [stdout]   23:     0x566fa63486a4 - std[70759c8f55707aa4]::sys::backtrace::__rust_begin_short_backtrace::<test[9d35eded1c95d3be]::run_test::{closure#1}, ()>
[INFO] [stdout]   24:     0x566fa6351f42 - <std[70759c8f55707aa4]::thread::lifecycle::spawn_unchecked<test[9d35eded1c95d3be]::run_test::{closure#1}, ()>::{closure#1} as core[df12db4294e9bfd3]::ops::function::FnOnce<()>>::call_once::{shim:vtable#0}
[INFO] [stdout]   25:     0x566fa640bab9 - <std[70759c8f55707aa4]::sys::thread::unix::Thread>::new::thread_start
[INFO] [stdout]   26:     0x723f30babdfa - <unknown>
[INFO] [stdout]   27:     0x723f30c3f3d4 - clone
[INFO] [stdout]   28:                0x0 - <unknown>
[INFO] [stdout] 
[INFO] [stdout] ---- generated::protocol_tests::test_parse_valid_s3_get_bucket_acl stdout ----
[INFO] [stdout] 
[INFO] [stdout] thread 'generated::protocol_tests::test_parse_valid_s3_get_bucket_acl' (2017) panicked at /opt/rustwide/cargo-home/registry/src/index.crates.io-1949cf8c6b5b557f/rusoto_mock-0.48.0/src/lib.rs:195:53:
[INFO] [stdout] couldn't find file: Os { code: 2, kind: NotFound, message: "No such file or directory" }
[INFO] [stdout] stack backtrace:
[INFO] [stdout]    0:     0x566fa640c1f1 - <<std[70759c8f55707aa4]::sys::backtrace::BacktraceLock>::print::DisplayBacktrace as core[df12db4294e9bfd3]::fmt::Display>::fmt
[INFO] [stdout]    1:     0x566fa6420f1a - core[df12db4294e9bfd3]::fmt::write
[INFO] [stdout]    2:     0x566fa64108fc - <alloc[2182bb758b4b3781]::vec::Vec<u8> as core[df12db4294e9bfd3]::io::write::Write>::write_fmt
[INFO] [stdout]    3:     0x566fa63e8056 - std[70759c8f55707aa4]::panicking::default_hook::{closure#0}
[INFO] [stdout]    4:     0x566fa64046e9 - std[70759c8f55707aa4]::panicking::default_hook
[INFO] [stdout]    5:     0x566fa634e490 - test[9d35eded1c95d3be]::test_main_inner::<test[9d35eded1c95d3be]::test_main_static::{closure#0}>::{closure#0}
[INFO] [stdout]    6:     0x566fa6404a12 - std[70759c8f55707aa4]::panicking::panic_with_hook
[INFO] [stdout]    7:     0x566fa63e8102 - std[70759c8f55707aa4]::panicking::panic_handler::{closure#0}
[INFO] [stdout]    8:     0x566fa63e0e59 - std[70759c8f55707aa4]::sys::backtrace::__rust_end_short_backtrace::<std[70759c8f55707aa4]::panicking::panic_handler::{closure#0}, !>
[INFO] [stdout]    9:     0x566fa63e8cfd - __rustc[8fa7c3cbc660c2b3]::rust_begin_unwind
[INFO] [stdout]   10:     0x566fa642167c - core[df12db4294e9bfd3]::panicking::panic_fmt
[INFO] [stdout]   11:     0x566fa6421452 - core[df12db4294e9bfd3]::result::unwrap_failed
[INFO] [stdout]   12:     0x566fa638439c - <rusoto_mock[2b532d9c2616a7c6]::MockResponseReader as rusoto_mock[2b532d9c2616a7c6]::ReadMockResponse>::read_response
[INFO] [stdout]   13:     0x566fa632f1cd - rusoto_s3[939255ad852d4706]::generated::protocol_tests::test_parse_valid_s3_get_bucket_acl::{closure#0}
[INFO] [stdout]   14:     0x566fa633d603 - <tokio[d5a4e785dbe4b2e5]::runtime::scheduler::current_thread::Context>::enter::<core[df12db4294e9bfd3]::task::poll::Poll<()>, <tokio[d5a4e785dbe4b2e5]::runtime::scheduler::current_thread::CoreGuard>::block_on<core[df12db4294e9bfd3]::pin::Pin<&mut core[df12db4294e9bfd3]::pin::Pin<&mut dyn core[df12db4294e9bfd3]::future::future::Future<Output = ()>>>>::{closure#0}::{closure#0}>
[INFO] [stdout]   15:     0x566fa63389a9 - <std[70759c8f55707aa4]::thread::local::LocalKey<tokio[d5a4e785dbe4b2e5]::runtime::context::Context>>::with::<tokio[d5a4e785dbe4b2e5]::runtime::context::set_scheduler<(alloc[2182bb758b4b3781]::boxed::Box<tokio[d5a4e785dbe4b2e5]::runtime::scheduler::current_thread::Core>, core[df12db4294e9bfd3]::option::Option<()>), <tokio[d5a4e785dbe4b2e5]::runtime::scheduler::current_thread::CoreGuard>::enter<<tokio[d5a4e785dbe4b2e5]::runtime::scheduler::current_thread::CoreGuard>::block_on<core[df12db4294e9bfd3]::pin::Pin<&mut core[df12db4294e9bfd3]::pin::Pin<&mut dyn core[df12db4294e9bfd3]::future::future::Future<Output = ()>>>>::{closure#0}, core[df12db4294e9bfd3]::option::Option<()>>::{closure#0}>::{closure#0}, (alloc[2182bb758b4b3781]::boxed::Box<tokio[d5a4e785dbe4b2e5]::runtime::scheduler::current_thread::Core>, core[df12db4294e9bfd3]::option::Option<()>)>
[INFO] [stdout]   16:     0x566fa633da57 - <tokio[d5a4e785dbe4b2e5]::runtime::scheduler::current_thread::CoreGuard>::block_on::<core[df12db4294e9bfd3]::pin::Pin<&mut core[df12db4294e9bfd3]::pin::Pin<&mut dyn core[df12db4294e9bfd3]::future::future::Future<Output = ()>>>>
[INFO] [stdout]   17:     0x566fa63353d9 - tokio[d5a4e785dbe4b2e5]::runtime::context::runtime::enter_runtime::<<tokio[d5a4e785dbe4b2e5]::runtime::scheduler::current_thread::CurrentThread>::block_on<core[df12db4294e9bfd3]::pin::Pin<&mut dyn core[df12db4294e9bfd3]::future::future::Future<Output = ()>>>::{closure#0}, ()>
[INFO] [stdout]   18:     0x566fa63339bb - <tokio[d5a4e785dbe4b2e5]::runtime::runtime::Runtime>::block_on::<core[df12db4294e9bfd3]::pin::Pin<&mut dyn core[df12db4294e9bfd3]::future::future::Future<Output = ()>>>
[INFO] [stdout]   19:     0x566fa6330ccb - rusoto_s3[939255ad852d4706]::generated::protocol_tests::test_parse_valid_s3_get_bucket_acl
[INFO] [stdout]   20:     0x566fa63359a9 - <rusoto_s3[939255ad852d4706]::generated::protocol_tests::test_parse_valid_s3_get_bucket_acl::{closure#0} as core[df12db4294e9bfd3]::ops::function::FnOnce<()>>::call_once
[INFO] [stdout]   21:     0x566fa634177b - test[9d35eded1c95d3be]::__rust_begin_short_backtrace::<core[df12db4294e9bfd3]::result::Result<(), alloc[2182bb758b4b3781]::string::String>, fn() -> core[df12db4294e9bfd3]::result::Result<(), alloc[2182bb758b4b3781]::string::String>>
[INFO] [stdout]   22:     0x566fa634ede5 - test[9d35eded1c95d3be]::run_test::{closure#0}
[INFO] [stdout]   23:     0x566fa63486a4 - std[70759c8f55707aa4]::sys::backtrace::__rust_begin_short_backtrace::<test[9d35eded1c95d3be]::run_test::{closure#1}, ()>
[INFO] [stdout]   24:     0x566fa6351f42 - <std[70759c8f55707aa4]::thread::lifecycle::spawn_unchecked<test[9d35eded1c95d3be]::run_test::{closure#1}, ()>::{closure#1} as core[df12db4294e9bfd3]::ops::function::FnOnce<()>>::call_once::{shim:vtable#0}
[INFO] [stdout]   25:     0x566fa640bab9 - <std[70759c8f55707aa4]::sys::thread::unix::Thread>::new::thread_start
[INFO] [stdout]   26:     0x723f30babdfa - <unknown>
[INFO] [stdout]   27:     0x723f30c3f3d4 - clone
[INFO] [stdout]   28:                0x0 - <unknown>
[INFO] [stdout] 
[INFO] [stdout] ---- generated::protocol_tests::test_parse_valid_s3_list_object_versions stdout ----
[INFO] [stdout] 
[INFO] [stdout] thread 'generated::protocol_tests::test_parse_valid_s3_list_object_versions' (2023) panicked at /opt/rustwide/cargo-home/registry/src/index.crates.io-1949cf8c6b5b557f/rusoto_mock-0.48.0/src/lib.rs:195:53:
[INFO] [stdout] couldn't find file: Os { code: 2, kind: NotFound, message: "No such file or directory" }
[INFO] [stdout] stack backtrace:
[INFO] [stdout]    0:     0x566fa640c1f1 - <<std[70759c8f55707aa4]::sys::backtrace::BacktraceLock>::print::DisplayBacktrace as core[df12db4294e9bfd3]::fmt::Display>::fmt
[INFO] [stdout]    1:     0x566fa6420f1a - core[df12db4294e9bfd3]::fmt::write
[INFO] [stdout]    2:     0x566fa64108fc - <alloc[2182bb758b4b3781]::vec::Vec<u8> as core[df12db4294e9bfd3]::io::write::Write>::write_fmt
[INFO] [stdout]    3:     0x566fa63e8056 - std[70759c8f55707aa4]::panicking::default_hook::{closure#0}
[INFO] [stdout]    4:     0x566fa64046e9 - std[70759c8f55707aa4]::panicking::default_hook
[INFO] [stdout]    5:     0x566fa634e490 - test[9d35eded1c95d3be]::test_main_inner::<test[9d35eded1c95d3be]::test_main_static::{closure#0}>::{closure#0}
[INFO] [stdout]    6:     0x566fa6404a12 - std[70759c8f55707aa4]::panicking::panic_with_hook
[INFO] [stdout]    7:     0x566fa63e8102 - std[70759c8f55707aa4]::panicking::panic_handler::{closure#0}
[INFO] [stdout]    8:     0x566fa63e0e59 - std[70759c8f55707aa4]::sys::backtrace::__rust_end_short_backtrace::<std[70759c8f55707aa4]::panicking::panic_handler::{closure#0}, !>
[INFO] [stdout]    9:     0x566fa63e8cfd - __rustc[8fa7c3cbc660c2b3]::rust_begin_unwind
[INFO] [stdout]   10:     0x566fa642167c - core[df12db4294e9bfd3]::panicking::panic_fmt
[INFO] [stdout]   11:     0x566fa6421452 - core[df12db4294e9bfd3]::result::unwrap_failed
[INFO] [stdout]   12:     0x566fa638439c - <rusoto_mock[2b532d9c2616a7c6]::MockResponseReader as rusoto_mock[2b532d9c2616a7c6]::ReadMockResponse>::read_response
[INFO] [stdout]   13:     0x566fa6330017 - rusoto_s3[939255ad852d4706]::generated::protocol_tests::test_parse_valid_s3_list_object_versions::{closure#0}
[INFO] [stdout]   14:     0x566fa633d603 - <tokio[d5a4e785dbe4b2e5]::runtime::scheduler::current_thread::Context>::enter::<core[df12db4294e9bfd3]::task::poll::Poll<()>, <tokio[d5a4e785dbe4b2e5]::runtime::scheduler::current_thread::CoreGuard>::block_on<core[df12db4294e9bfd3]::pin::Pin<&mut core[df12db4294e9bfd3]::pin::Pin<&mut dyn core[df12db4294e9bfd3]::future::future::Future<Output = ()>>>>::{closure#0}::{closure#0}>
[INFO] [stdout]   15:     0x566fa63389a9 - <std[70759c8f55707aa4]::thread::local::LocalKey<tokio[d5a4e785dbe4b2e5]::runtime::context::Context>>::with::<tokio[d5a4e785dbe4b2e5]::runtime::context::set_scheduler<(alloc[2182bb758b4b3781]::boxed::Box<tokio[d5a4e785dbe4b2e5]::runtime::scheduler::current_thread::Core>, core[df12db4294e9bfd3]::option::Option<()>), <tokio[d5a4e785dbe4b2e5]::runtime::scheduler::current_thread::CoreGuard>::enter<<tokio[d5a4e785dbe4b2e5]::runtime::scheduler::current_thread::CoreGuard>::block_on<core[df12db4294e9bfd3]::pin::Pin<&mut core[df12db4294e9bfd3]::pin::Pin<&mut dyn core[df12db4294e9bfd3]::future::future::Future<Output = ()>>>>::{closure#0}, core[df12db4294e9bfd3]::option::Option<()>>::{closure#0}>::{closure#0}, (alloc[2182bb758b4b3781]::boxed::Box<tokio[d5a4e785dbe4b2e5]::runtime::scheduler::current_thread::Core>, core[df12db4294e9bfd3]::option::Option<()>)>
[INFO] [stdout]   16:     0x566fa633da57 - <tokio[d5a4e785dbe4b2e5]::runtime::scheduler::current_thread::CoreGuard>::block_on::<core[df12db4294e9bfd3]::pin::Pin<&mut core[df12db4294e9bfd3]::pin::Pin<&mut dyn core[df12db4294e9bfd3]::future::future::Future<Output = ()>>>>
[INFO] [stdout]   17:     0x566fa63353d9 - tokio[d5a4e785dbe4b2e5]::runtime::context::runtime::enter_runtime::<<tokio[d5a4e785dbe4b2e5]::runtime::scheduler::current_thread::CurrentThread>::block_on<core[df12db4294e9bfd3]::pin::Pin<&mut dyn core[df12db4294e9bfd3]::future::future::Future<Output = ()>>>::{closure#0}, ()>
[INFO] [stdout]   18:     0x566fa63339bb - <tokio[d5a4e785dbe4b2e5]::runtime::runtime::Runtime>::block_on::<core[df12db4294e9bfd3]::pin::Pin<&mut dyn core[df12db4294e9bfd3]::future::future::Future<Output = ()>>>
[INFO] [stdout]   19:     0x566fa633120b - rusoto_s3[939255ad852d4706]::generated::protocol_tests::test_parse_valid_s3_list_object_versions
[INFO] [stdout]   20:     0x566fa6335a29 - <rusoto_s3[939255ad852d4706]::generated::protocol_tests::test_parse_valid_s3_list_object_versions::{closure#0} as core[df12db4294e9bfd3]::ops::function::FnOnce<()>>::call_once
[INFO] [stdout]   21:     0x566fa634177b - test[9d35eded1c95d3be]::__rust_begin_short_backtrace::<core[df12db4294e9bfd3]::result::Result<(), alloc[2182bb758b4b3781]::string::String>, fn() -> core[df12db4294e9bfd3]::result::Result<(), alloc[2182bb758b4b3781]::string::String>>
[INFO] [stdout]   22:     0x566fa634ede5 - test[9d35eded1c95d3be]::run_test::{closure#0}
[INFO] [stdout]   23:     0x566fa63486a4 - std[70759c8f55707aa4]::sys::backtrace::__rust_begin_short_backtrace::<test[9d35eded1c95d3be]::run_test::{closure#1}, ()>
[INFO] [stdout]   24:     0x566fa6351f42 - <std[70759c8f55707aa4]::thread::lifecycle::spawn_unchecked<test[9d35eded1c95d3be]::run_test::{closure#1}, ()>::{closure#1} as core[df12db4294e9bfd3]::ops::function::FnOnce<()>>::call_once::{shim:vtable#0}
[INFO] [stdout]   25:     0x566fa640bab9 - <std[70759c8f55707aa4]::sys::thread::unix::Thread>::new::thread_start
[INFO] [stdout]   26:     0x723f30babdfa - <unknown>
[INFO] [stdout]   27:     0x723f30c3f3d4 - clone
[INFO] [stdout]   28:                0x0 - <unknown>
[INFO] [stdout] 
[INFO] [stdout] ---- generated::protocol_tests::test_parse_valid_s3_list_objects stdout ----
[INFO] [stdout] 
[INFO] [stdout] thread 'generated::protocol_tests::test_parse_valid_s3_list_objects' (2024) panicked at /opt/rustwide/cargo-home/registry/src/index.crates.io-1949cf8c6b5b557f/rusoto_mock-0.48.0/src/lib.rs:195:53:
[INFO] [stdout] couldn't find file: Os { code: 2, kind: NotFound, message: "No such file or directory" }
[INFO] [stdout] stack backtrace:
[INFO] [stdout]    0:     0x566fa640c1f1 - <<std[70759c8f55707aa4]::sys::backtrace::BacktraceLock>::print::DisplayBacktrace as core[df12db4294e9bfd3]::fmt::Display>::fmt
[INFO] [stdout]    1:     0x566fa6420f1a - core[df12db4294e9bfd3]::fmt::write
[INFO] [stdout]    2:     0x566fa64108fc - <alloc[2182bb758b4b3781]::vec::Vec<u8> as core[df12db4294e9bfd3]::io::write::Write>::write_fmt
[INFO] [stdout]    3:     0x566fa63e8056 - std[70759c8f55707aa4]::panicking::default_hook::{closure#0}
[INFO] [stdout]    4:     0x566fa64046e9 - std[70759c8f55707aa4]::panicking::default_hook
[INFO] [stdout]    5:     0x566fa634e490 - test[9d35eded1c95d3be]::test_main_inner::<test[9d35eded1c95d3be]::test_main_static::{closure#0}>::{closure#0}
[INFO] [stdout]    6:     0x566fa6404a12 - std[70759c8f55707aa4]::panicking::panic_with_hook
[INFO] [stdout]    7:     0x566fa63e8102 - std[70759c8f55707aa4]::panicking::panic_handler::{closure#0}
[INFO] [stdout]    8:     0x566fa63e0e59 - std[70759c8f55707aa4]::sys::backtrace::__rust_end_short_backtrace::<std[70759c8f55707aa4]::panicking::panic_handler::{closure#0}, !>
[INFO] [stdout]    9:     0x566fa63e8cfd - __rustc[8fa7c3cbc660c2b3]::rust_begin_unwind
[INFO] [stdout]   10:     0x566fa642167c - core[df12db4294e9bfd3]::panicking::panic_fmt
[INFO] [stdout]   11:     0x566fa6421452 - core[df12db4294e9bfd3]::result::unwrap_failed
[INFO] [stdout]   12:     0x566fa638439c - <rusoto_mock[2b532d9c2616a7c6]::MockResponseReader as rusoto_mock[2b532d9c2616a7c6]::ReadMockResponse>::read_response
[INFO] [stdout]   13:     0x566fa632ea57 - rusoto_s3[939255ad852d4706]::generated::protocol_tests::test_parse_valid_s3_list_objects::{closure#0}
[INFO] [stdout]   14:     0x566fa633d603 - <tokio[d5a4e785dbe4b2e5]::runtime::scheduler::current_thread::Context>::enter::<core[df12db4294e9bfd3]::task::poll::Poll<()>, <tokio[d5a4e785dbe4b2e5]::runtime::scheduler::current_thread::CoreGuard>::block_on<core[df12db4294e9bfd3]::pin::Pin<&mut core[df12db4294e9bfd3]::pin::Pin<&mut dyn core[df12db4294e9bfd3]::future::future::Future<Output = ()>>>>::{closure#0}::{closure#0}>
[INFO] [stdout]   15:     0x566fa63389a9 - <std[70759c8f55707aa4]::thread::local::LocalKey<tokio[d5a4e785dbe4b2e5]::runtime::context::Context>>::with::<tokio[d5a4e785dbe4b2e5]::runtime::context::set_scheduler<(alloc[2182bb758b4b3781]::boxed::Box<tokio[d5a4e785dbe4b2e5]::runtime::scheduler::current_thread::Core>, core[df12db4294e9bfd3]::option::Option<()>), <tokio[d5a4e785dbe4b2e5]::runtime::scheduler::current_thread::CoreGuard>::enter<<tokio[d5a4e785dbe4b2e5]::runtime::scheduler::current_thread::CoreGuard>::block_on<core[df12db4294e9bfd3]::pin::Pin<&mut core[df12db4294e9bfd3]::pin::Pin<&mut dyn core[df12db4294e9bfd3]::future::future::Future<Output = ()>>>>::{closure#0}, core[df12db4294e9bfd3]::option::Option<()>>::{closure#0}>::{closure#0}, (alloc[2182bb758b4b3781]::boxed::Box<tokio[d5a4e785dbe4b2e5]::runtime::scheduler::current_thread::Core>, core[df12db4294e9bfd3]::option::Option<()>)>
[INFO] [stdout]   16:     0x566fa633da57 - <tokio[d5a4e785dbe4b2e5]::runtime::scheduler::current_thread::CoreGuard>::block_on::<core[df12db4294e9bfd3]::pin::Pin<&mut core[df12db4294e9bfd3]::pin::Pin<&mut dyn core[df12db4294e9bfd3]::future::future::Future<Output = ()>>>>
[INFO] [stdout]   17:     0x566fa63353d9 - tokio[d5a4e785dbe4b2e5]::runtime::context::runtime::enter_runtime::<<tokio[d5a4e785dbe4b2e5]::runtime::scheduler::current_thread::CurrentThread>::block_on<core[df12db4294e9bfd3]::pin::Pin<&mut dyn core[df12db4294e9bfd3]::future::future::Future<Output = ()>>>::{closure#0}, ()>
[INFO] [stdout]   18:     0x566fa63339bb - <tokio[d5a4e785dbe4b2e5]::runtime::runtime::Runtime>::block_on::<core[df12db4294e9bfd3]::pin::Pin<&mut dyn core[df12db4294e9bfd3]::future::future::Future<Output = ()>>>
[INFO] [stdout]   19:     0x566fa6330a2b - rusoto_s3[939255ad852d4706]::generated::protocol_tests::test_parse_valid_s3_list_objects
[INFO] [stdout]   20:     0x566fa6335969 - <rusoto_s3[939255ad852d4706]::generated::protocol_tests::test_parse_valid_s3_list_objects::{closure#0} as core[df12db4294e9bfd3]::ops::function::FnOnce<()>>::call_once
[INFO] [stdout]   21:     0x566fa634177b - test[9d35eded1c95d3be]::__rust_begin_short_backtrace::<core[df12db4294e9bfd3]::result::Result<(), alloc[2182bb758b4b3781]::string::String>, fn() -> core[df12db4294e9bfd3]::result::Result<(), alloc[2182bb758b4b3781]::string::String>>
[INFO] [stdout]   22:     0x566fa634ede5 - test[9d35eded1c95d3be]::run_test::{closure#0}
[INFO] [stdout]   23:     0x566fa63486a4 - std[70759c8f55707aa4]::sys::backtrace::__rust_begin_short_backtrace::<test[9d35eded1c95d3be]::run_test::{closure#1}, ()>
[INFO] [stdout]   24:     0x566fa6351f42 - <std[70759c8f55707aa4]::thread::lifecycle::spawn_unchecked<test[9d35eded1c95d3be]::run_test::{closure#1}, ()>::{closure#1} as core[df12db4294e9bfd3]::ops::function::FnOnce<()>>::call_once::{shim:vtable#0}
[INFO] [stdout]   25:     0x566fa640bab9 - <std[70759c8f55707aa4]::sys::thread::unix::Thread>::new::thread_start
[INFO] [stdout]   26:     0x723f30babdfa - <unknown>
[INFO] [stdout]   27:     0x723f30c3f3d4 - clone
[INFO] [stdout]   28:                0x0 - <unknown>
[INFO] [stdout] 
[INFO] [stdout] ---- generated::protocol_tests::test_parse_valid_s3_get_bucket_location stdout ----
[INFO] [stdout] 
[INFO] [stdout] thread 'generated::protocol_tests::test_parse_valid_s3_get_bucket_location' (2018) panicked at /opt/rustwide/cargo-home/registry/src/index.crates.io-1949cf8c6b5b557f/rusoto_mock-0.48.0/src/lib.rs:195:53:
[INFO] [stdout] couldn't find file: Os { code: 2, kind: NotFound, message: "No such file or directory" }
[INFO] [stdout] stack backtrace:
[INFO] [stdout]    0:     0x566fa640c1f1 - <<std[70759c8f55707aa4]::sys::backtrace::BacktraceLock>::print::DisplayBacktrace as core[df12db4294e9bfd3]::fmt::Display>::fmt
[INFO] [stdout]    1:     0x566fa6420f1a - core[df12db4294e9bfd3]::fmt::write
[INFO] [stdout]    2:     0x566fa64108fc - <alloc[2182bb758b4b3781]::vec::Vec<u8> as core[df12db4294e9bfd3]::io::write::Write>::write_fmt
[INFO] [stdout]    3:     0x566fa63e8056 - std[70759c8f55707aa4]::panicking::default_hook::{closure#0}
[INFO] [stdout]    4:     0x566fa64046e9 - std[70759c8f55707aa4]::panicking::default_hook
[INFO] [stdout]    5:     0x566fa634e490 - test[9d35eded1c95d3be]::test_main_inner::<test[9d35eded1c95d3be]::test_main_static::{closure#0}>::{closure#0}
[INFO] [stdout]    6:     0x566fa6404a12 - std[70759c8f55707aa4]::panicking::panic_with_hook
[INFO] [stdout]    7:     0x566fa63e8102 - std[70759c8f55707aa4]::panicking::panic_handler::{closure#0}
[INFO] [stdout]    8:     0x566fa63e0e59 - std[70759c8f55707aa4]::sys::backtrace::__rust_end_short_backtrace::<std[70759c8f55707aa4]::panicking::panic_handler::{closure#0}, !>
[INFO] [stdout]    9:     0x566fa63e8cfd - __rustc[8fa7c3cbc660c2b3]::rust_begin_unwind
[INFO] [stdout]   10:     0x566fa642167c - core[df12db4294e9bfd3]::panicking::panic_fmt
[INFO] [stdout]   11:     0x566fa6421452 - core[df12db4294e9bfd3]::result::unwrap_failed
[INFO] [stdout]   12:     0x566fa638439c - <rusoto_mock[2b532d9c2616a7c6]::MockResponseReader as rusoto_mock[2b532d9c2616a7c6]::ReadMockResponse>::read_response
[INFO] [stdout]   13:     0x566fa632fc7d - rusoto_s3[939255ad852d4706]::generated::protocol_tests::test_parse_valid_s3_get_bucket_location::{closure#0}
[INFO] [stdout]   14:     0x566fa633d603 - <tokio[d5a4e785dbe4b2e5]::runtime::scheduler::current_thread::Context>::enter::<core[df12db4294e9bfd3]::task::poll::Poll<()>, <tokio[d5a4e785dbe4b2e5]::runtime::scheduler::current_thread::CoreGuard>::block_on<core[df12db4294e9bfd3]::pin::Pin<&mut core[df12db4294e9bfd3]::pin::Pin<&mut dyn core[df12db4294e9bfd3]::future::future::Future<Output = ()>>>>::{closure#0}::{closure#0}>
[INFO] [stdout]   15:     0x566fa63389a9 - <std[70759c8f55707aa4]::thread::local::LocalKey<tokio[d5a4e785dbe4b2e5]::runtime::context::Context>>::with::<tokio[d5a4e785dbe4b2e5]::runtime::context::set_scheduler<(alloc[2182bb758b4b3781]::boxed::Box<tokio[d5a4e785dbe4b2e5]::runtime::scheduler::current_thread::Core>, core[df12db4294e9bfd3]::option::Option<()>), <tokio[d5a4e785dbe4b2e5]::runtime::scheduler::current_thread::CoreGuard>::enter<<tokio[d5a4e785dbe4b2e5]::runtime::scheduler::current_thread::CoreGuard>::block_on<core[df12db4294e9bfd3]::pin::Pin<&mut core[df12db4294e9bfd3]::pin::Pin<&mut dyn core[df12db4294e9bfd3]::future::future::Future<Output = ()>>>>::{closure#0}, core[df12db4294e9bfd3]::option::Option<()>>::{closure#0}>::{closure#0}, (alloc[2182bb758b4b3781]::boxed::Box<tokio[d5a4e785dbe4b2e5]::runtime::scheduler::current_thread::Core>, core[df12db4294e9bfd3]::option::Option<()>)>
[INFO] [stdout]   16:     0x566fa633da57 - <tokio[d5a4e785dbe4b2e5]::runtime::scheduler::current_thread::CoreGuard>::block_on::<core[df12db4294e9bfd3]::pin::Pin<&mut core[df12db4294e9bfd3]::pin::Pin<&mut dyn core[df12db4294e9bfd3]::future::future::Future<Output = ()>>>>
[INFO] [stdout]   17:     0x566fa63353d9 - tokio[d5a4e785dbe4b2e5]::runtime::context::runtime::enter_runtime::<<tokio[d5a4e785dbe4b2e5]::runtime::scheduler::current_thread::CurrentThread>::block_on<core[df12db4294e9bfd3]::pin::Pin<&mut dyn core[df12db4294e9bfd3]::future::future::Future<Output = ()>>>::{closure#0}, ()>
[INFO] [stdout]   18:     0x566fa63339bb - <tokio[d5a4e785dbe4b2e5]::runtime::runtime::Runtime>::block_on::<core[df12db4294e9bfd3]::pin::Pin<&mut dyn core[df12db4294e9bfd3]::future::future::Future<Output = ()>>>
[INFO] [stdout]   19:     0x566fa63310bb - rusoto_s3[939255ad852d4706]::generated::protocol_tests::test_parse_valid_s3_get_bucket_location
[INFO] [stdout]   20:     0x566fa6335a09 - <rusoto_s3[939255ad852d4706]::generated::protocol_tests::test_parse_valid_s3_get_bucket_location::{closure#0} as core[df12db4294e9bfd3]::ops::function::FnOnce<()>>::call_once
[INFO] [stdout]   21:     0x566fa634177b - test[9d35eded1c95d3be]::__rust_begin_short_backtrace::<core[df12db4294e9bfd3]::result::Result<(), alloc[2182bb758b4b3781]::string::String>, fn() -> core[df12db4294e9bfd3]::result::Result<(), alloc[2182bb758b4b3781]::string::String>>
[INFO] [stdout]   22:     0x566fa634ede5 - test[9d35eded1c95d3be]::run_test::{closure#0}
[INFO] [stdout]   23:     0x566fa63486a4 - std[70759c8f55707aa4]::sys::backtrace::__rust_begin_short_backtrace::<test[9d35eded1c95d3be]::run_test::{closure#1}, ()>
[INFO] [stdout]   24:     0x566fa6351f42 - <std[70759c8f55707aa4]::thread::lifecycle::spawn_unchecked<test[9d35eded1c95d3be]::run_test::{closure#1}, ()>::{closure#1} as core[df12db4294e9bfd3]::ops::function::FnOnce<()>>::call_once::{shim:vtable#0}
[INFO] [stdout]   25:     0x566fa640bab9 - <std[70759c8f55707aa4]::sys::thread::unix::Thread>::new::thread_start
[INFO] [stdout]   26:     0x723f30babdfa - <unknown>
[INFO] [stdout]   27:     0x723f30c3f3d4 - clone
[INFO] [stdout]   28:                0x0 - <unknown>
[INFO] [stdout] 
[INFO] [stdout] ---- generated::protocol_tests::test_parse_valid_s3_get_bucket_logging stdout ----
[INFO] [stdout] 
[INFO] [stdout] thread 'generated::protocol_tests::test_parse_valid_s3_get_bucket_logging' (2019) panicked at /opt/rustwide/cargo-home/registry/src/index.crates.io-1949cf8c6b5b557f/rusoto_mock-0.48.0/src/lib.rs:195:53:
[INFO] [stdout] couldn't find file: Os { code: 2, kind: NotFound, message: "No such file or directory" }
[INFO] [stdout] stack backtrace:
[INFO] [stdout]    0:     0x566fa640c1f1 - <<std[70759c8f55707aa4]::sys::backtrace::BacktraceLock>::print::DisplayBacktrace as core[df12db4294e9bfd3]::fmt::Display>::fmt
[INFO] [stdout]    1:     0x566fa6420f1a - core[df12db4294e9bfd3]::fmt::write
[INFO] [stdout]    2:     0x566fa64108fc - <alloc[2182bb758b4b3781]::vec::Vec<u8> as core[df12db4294e9bfd3]::io::write::Write>::write_fmt
[INFO] [stdout]    3:     0x566fa63e8056 - std[70759c8f55707aa4]::panicking::default_hook::{closure#0}
[INFO] [stdout]    4:     0x566fa64046e9 - std[70759c8f55707aa4]::panicking::default_hook
[INFO] [stdout]    5:     0x566fa634e490 - test[9d35eded1c95d3be]::test_main_inner::<test[9d35eded1c95d3be]::test_main_static::{closure#0}>::{closure#0}
[INFO] [stdout]    6:     0x566fa6404a12 - std[70759c8f55707aa4]::panicking::panic_with_hook
[INFO] [stdout]    7:     0x566fa63e8102 - std[70759c8f55707aa4]::panicking::panic_handler::{closure#0}
[INFO] [stdout]    8:     0x566fa63e0e59 - std[70759c8f55707aa4]::sys::backtrace::__rust_end_short_backtrace::<std[70759c8f55707aa4]::panicking::panic_handler::{closure#0}, !>
[INFO] [stdout]    9:     0x566fa63e8cfd - __rustc[8fa7c3cbc660c2b3]::rust_begin_unwind
[INFO] [stdout]   10:     0x566fa642167c - core[df12db4294e9bfd3]::panicking::panic_fmt
[INFO] [stdout]   11:     0x566fa6421452 - core[df12db4294e9bfd3]::result::unwrap_failed
[INFO] [stdout]   12:     0x566fa638439c - <rusoto_mock[2b532d9c2616a7c6]::MockResponseReader as rusoto_mock[2b532d9c2616a7c6]::ReadMockResponse>::read_response
[INFO] [stdout]   13:     0x566fa632f8ed - rusoto_s3[939255ad852d4706]::generated::protocol_tests::test_parse_valid_s3_get_bucket_logging::{closure#0}
[INFO] [stdout]   14:     0x566fa633d603 - <tokio[d5a4e785dbe4b2e5]::runtime::scheduler::current_thread::Context>::enter::<core[df12db4294e9bfd3]::task::poll::Poll<()>, <tokio[d5a4e785dbe4b2e5]::runtime::scheduler::current_thread::CoreGuard>::block_on<core[df12db4294e9bfd3]::pin::Pin<&mut core[df12db4294e9bfd3]::pin::Pin<&mut dyn core[df12db4294e9bfd3]::future::future::Future<Output = ()>>>>::{closure#0}::{closure#0}>
[INFO] [stdout]   15:     0x566fa63389a9 - <std[70759c8f55707aa4]::thread::local::LocalKey<tokio[d5a4e785dbe4b2e5]::runtime::context::Context>>::with::<tokio[d5a4e785dbe4b2e5]::runtime::context::set_scheduler<(alloc[2182bb758b4b3781]::boxed::Box<tokio[d5a4e785dbe4b2e5]::runtime::scheduler::current_thread::Core>, core[df12db4294e9bfd3]::option::Option<()>), <tokio[d5a4e785dbe4b2e5]::runtime::scheduler::current_thread::CoreGuard>::enter<<tokio[d5a4e785dbe4b2e5]::runtime::scheduler::current_thread::CoreGuard>::block_on<core[df12db4294e9bfd3]::pin::Pin<&mut core[df12db4294e9bfd3]::pin::Pin<&mut dyn core[df12db4294e9bfd3]::future::future::Future<Output = ()>>>>::{closure#0}, core[df12db4294e9bfd3]::option::Option<()>>::{closure#0}>::{closure#0}, (alloc[2182bb758b4b3781]::boxed::Box<tokio[d5a4e785dbe4b2e5]::runtime::scheduler::current_thread::Core>, core[df12db4294e9bfd3]::option::Option<()>)>
[INFO] [stdout]   16:     0x566fa633da57 - <tokio[d5a4e785dbe4b2e5]::runtime::scheduler::current_thread::CoreGuard>::block_on::<core[df12db4294e9bfd3]::pin::Pin<&mut core[df12db4294e9bfd3]::pin::Pin<&mut dyn core[df12db4294e9bfd3]::future::future::Future<Output = ()>>>>
[INFO] [stdout]   17:     0x566fa63353d9 - tokio[d5a4e785dbe4b2e5]::runtime::context::runtime::enter_runtime::<<tokio[d5a4e785dbe4b2e5]::runtime::scheduler::current_thread::CurrentThread>::block_on<core[df12db4294e9bfd3]::pin::Pin<&mut dyn core[df12db4294e9bfd3]::future::future::Future<Output = ()>>>::{closure#0}, ()>
[INFO] [stdout]   18:     0x566fa63339bb - <tokio[d5a4e785dbe4b2e5]::runtime::runtime::Runtime>::block_on::<core[df12db4294e9bfd3]::pin::Pin<&mut dyn core[df12db4294e9bfd3]::future::future::Future<Output = ()>>>
[INFO] [stdout]   19:     0x566fa6330f6b - rusoto_s3[939255ad852d4706]::generated::protocol_tests::test_parse_valid_s3_get_bucket_logging
[INFO] [stdout]   20:     0x566fa63359e9 - <rusoto_s3[939255ad852d4706]::generated::protocol_tests::test_parse_valid_s3_get_bucket_logging::{closure#0} as core[df12db4294e9bfd3]::ops::function::FnOnce<()>>::call_once
[INFO] [stdout]   21:     0x566fa634177b - test[9d35eded1c95d3be]::__rust_begin_short_backtrace::<core[df12db4294e9bfd3]::result::Result<(), alloc[2182bb758b4b3781]::string::String>, fn() -> core[df12db4294e9bfd3]::result::Result<(), alloc[2182bb758b4b3781]::string::String>>
[INFO] [stdout]   22:     0x566fa634ede5 - test[9d35eded1c95d3be]::run_test::{closure#0}
[INFO] [stdout]   23:     0x566fa63486a4 - std[70759c8f55707aa4]::sys::backtrace::__rust_begin_short_backtrace::<test[9d35eded1c95d3be]::run_test::{closure#1}, ()>
[INFO] [stdout]   24:     0x566fa6351f42 - <std[70759c8f55707aa4]::thread::lifecycle::spawn_unchecked<test[9d35eded1c95d3be]::run_test::{closure#1}, ()>::{closure#1} as core[df12db4294e9bfd3]::ops::function::FnOnce<()>>::call_once::{shim:vtable#0}
[INFO] [stdout]   25:     0x566fa640bab9 - <std[70759c8f55707aa4]::sys::thread::unix::Thread>::new::thread_start
[INFO] [stdout]   26:     0x723f30babdfa - <unknown>
[INFO] [stdout]   27:     0x723f30c3f3d4 - clone
[INFO] [stdout]   28:                0x0 - <unknown>
[INFO] [stdout] 
[INFO] [stdout] 
[INFO] [stdout] failures:
[INFO] [stdout]     custom::custom_tests::complete_multipart_upload_happy_path
[INFO] [stdout]     custom::custom_tests::initiate_multipart_upload_happy_path
[INFO] [stdout]     custom::custom_tests::list_multipart_upload_happy_path
[INFO] [stdout]     custom::custom_tests::list_multipart_upload_parts_happy_path
[INFO] [stdout]     custom::custom_tests::list_multipart_uploads_no_uploads
[INFO] [stdout]     custom::custom_tests::should_parse_location_constraint
[INFO] [stdout]     custom::custom_tests::should_parse_sample_list_buckets_response
[INFO] [stdout]     generated::protocol_tests::test_parse_error_s3_create_bucket
[INFO] [stdout]     generated::protocol_tests::test_parse_error_s3_list_objects
[INFO] [stdout]     generated::protocol_tests::test_parse_valid_s3_get_bucket_acl
[INFO] [stdout]     generated::protocol_tests::test_parse_valid_s3_get_bucket_location
[INFO] [stdout]     generated::protocol_tests::test_parse_valid_s3_get_bucket_logging
[INFO] [stdout]     generated::protocol_tests::test_parse_valid_s3_get_bucket_policy
[INFO] [stdout]     generated::protocol_tests::test_parse_valid_s3_list_buckets
[INFO] [stdout]     generated::protocol_tests::test_parse_valid_s3_list_multipart_uploads
[INFO] [stdout]     generated::protocol_tests::test_parse_valid_s3_list_object_versions
[INFO] [stdout]     generated::protocol_tests::test_parse_valid_s3_list_objects
[INFO] [stdout] 
[INFO] [stdout] test result: FAILED. 8 passed; 17 failed; 0 ignored; 0 measured; 0 filtered out; finished in 0.03s
[INFO] [stdout] 
[INFO] running `Command { std: "docker" "inspect" "cb4fa9877f85cc23ba6eb2a6d9dea766541d005e59a2de14ee8064ad151e823b", kill_on_drop: false }`
[INFO] running `Command { std: "docker" "rm" "-f" "cb4fa9877f85cc23ba6eb2a6d9dea766541d005e59a2de14ee8064ad151e823b", kill_on_drop: false }`
[INFO] [stdout] cb4fa9877f85cc23ba6eb2a6d9dea766541d005e59a2de14ee8064ad151e823b
