[INFO] fetching crate rusoto_rds 0.48.0...
[INFO] testing rusoto_rds-0.48.0 against 1.100.0-beta.1+cargoflags=--release for beta-release-1.100-2
[INFO] extracting crate rusoto_rds 0.48.0 into /workspace/builds/worker-5-tc2/source
[INFO] started tweaking crates.io crate rusoto_rds 0.48.0
[INFO] finished tweaking crates.io crate rusoto_rds 0.48.0
[INFO] tweaked toml for crates.io crate rusoto_rds 0.48.0 written to /workspace/builds/worker-5-tc2/source/Cargo.toml
[INFO] validating manifest of crates.io crate rusoto_rds 0.48.0 on toolchain 1.100.0-beta.1
[INFO] running `Command { std: CARGO_HOME="/workspace/cargo-home" RUSTUP_HOME="/workspace/rustup-home" "/workspace/cargo-home/bin/cargo" "+1.100.0-beta.1" "metadata" "--manifest-path" "Cargo.toml" "--no-deps", kill_on_drop: false }`
[INFO] running `Command { std: CARGO_HOME="/workspace/cargo-home" RUSTUP_HOME="/workspace/rustup-home" "/workspace/cargo-home/bin/cargo" "+1.100.0-beta.1" "generate-lockfile" "--manifest-path" "Cargo.toml", kill_on_drop: false }`
[INFO] [stderr]     Updating crates.io index
[INFO] [stderr]      Locking 165 packages to highest compatible versions
[INFO] [stderr]       Adding subtle v2.4.1 (available: v2.6.1)
[INFO] [stderr]       Adding xml-rs v0.8.29 (available: v1.0.0)
[INFO] running `Command { std: CARGO_HOME="/workspace/cargo-home" RUSTUP_HOME="/workspace/rustup-home" "/workspace/cargo-home/bin/cargo" "+1.100.0-beta.1" "fetch" "--manifest-path" "Cargo.toml", kill_on_drop: false }`
[INFO] running `Command { std: "docker" "create" "-v" "/var/lib/crater-agent-workspace/builds/worker-5-tc2/source:/opt/rustwide/workdir:ro,Z" "-v" "/var/lib/crater-agent-workspace/builds/worker-5-tc2/target:/opt/rustwide/target:rw,Z" "-v" "/var/lib/crater-agent-workspace/cargo-home:/opt/rustwide/cargo-home:ro,Z" "-v" "/var/lib/crater-agent-workspace/rustup-home:/opt/rustwide/rustup-home:ro,Z" "-m" "1610612736" "--network" "none" "ghcr.io/rust-lang/crates-build-env/linux@sha256:77db811e55d90add9212f6832c23229e3de5f1c1f9905e8cb07319ea15df73ac" "sleep" "infinity", kill_on_drop: false }`
[INFO] [stdout] a470e8b37c9a330e89272d3a81c20227a77b77b1a94ce777ab25ec2e444a655a
[INFO] running `Command { std: "docker" "start" "a470e8b37c9a330e89272d3a81c20227a77b77b1a94ce777ab25ec2e444a655a", kill_on_drop: false }`
[INFO] running `Command { std: "docker" "inspect" "a470e8b37c9a330e89272d3a81c20227a77b77b1a94ce777ab25ec2e444a655a", kill_on_drop: false }`
[INFO] running `Command { std: "docker" "exec" "-e" "SOURCE_DIR=/opt/rustwide/workdir" "-e" "CARGO_HOME=/opt/rustwide/cargo-home" "-e" "RUSTUP_HOME=/opt/rustwide/rustup-home" "-e" "CARGO_TARGET_DIR=/opt/rustwide/target" "-w" "/opt/rustwide/workdir" "--user" "0:0" "a470e8b37c9a330e89272d3a81c20227a77b77b1a94ce777ab25ec2e444a655a" "/opt/rustwide/cargo-home/bin/cargo" "+1.100.0-beta.1" "metadata" "--no-deps" "--format-version=1", kill_on_drop: false }`
[INFO] running `Command { std: "docker" "inspect" "a470e8b37c9a330e89272d3a81c20227a77b77b1a94ce777ab25ec2e444a655a", kill_on_drop: false }`
[INFO] running `Command { std: "docker" "exec" "-e" "SOURCE_DIR=/opt/rustwide/workdir" "-e" "CARGO_HOME=/opt/rustwide/cargo-home" "-e" "RUSTUP_HOME=/opt/rustwide/rustup-home" "-e" "CARGO_TARGET_DIR=/opt/rustwide/target" "-e" "CARGO_INCREMENTAL=0" "-e" "RUST_BACKTRACE=full" "-e" "RUSTFLAGS=--cap-lints=warn" "-e" "RUSTDOCFLAGS=--cap-lints=warn" "-w" "/opt/rustwide/workdir" "--user" "0:0" "a470e8b37c9a330e89272d3a81c20227a77b77b1a94ce777ab25ec2e444a655a" "/opt/rustwide/cargo-home/bin/cargo" "+1.100.0-beta.1" "build" "--frozen" "--message-format=json" "--release", kill_on_drop: false }`
[INFO] [stderr]    Compiling equivalent v1.0.3
[INFO] [stderr]    Compiling openssl-sys v0.9.117
[INFO] [stderr]    Compiling generic-array v0.14.9
[INFO] [stderr]    Compiling syn v3.0.9
[INFO] [stderr]    Compiling syn v2.0.119
[INFO] [stderr]    Compiling dirs-sys-next v0.1.2
[INFO] [stderr]    Compiling subtle v2.4.1
[INFO] [stderr]    Compiling zeroize v1.9.1
[INFO] [stderr]    Compiling shlex v1.3.0
[INFO] [stderr]    Compiling crc32fast v1.5.2
[INFO] [stderr]    Compiling indexmap v2.14.2
[INFO] [stderr]    Compiling rusoto_core v0.48.0
[INFO] [stderr]    Compiling digest v0.9.0
[INFO] [stderr]    Compiling block-buffer v0.9.0
[INFO] [stderr]    Compiling crypto-mac v0.11.1
[INFO] [stderr]    Compiling openssl v0.10.81
[INFO] [stderr]    Compiling native-tls v0.2.18
[INFO] [stderr]    Compiling sha2 v0.9.9
[INFO] [stderr]    Compiling md-5 v0.9.1
[INFO] [stderr]    Compiling hmac v0.11.0
[INFO] [stderr]    Compiling dirs-next v2.0.0
[INFO] [stderr]    Compiling openssl-macros v0.1.1
[INFO] [stderr]    Compiling tokio-macros v2.7.2
[INFO] [stderr]    Compiling futures-macro v0.3.34
[INFO] [stderr]    Compiling serde_derive v1.0.229
[INFO] [stderr]    Compiling async-trait v0.1.92
[INFO] [stderr]    Compiling tokio v1.53.3
[INFO] [stderr]    Compiling futures-util v0.3.34
[INFO] [stderr]    Compiling serde v1.0.229
[INFO] [stderr]    Compiling chrono v0.4.45
[INFO] [stderr]    Compiling serde_urlencoded v0.7.1
[INFO] [stderr]    Compiling futures-executor v0.3.34
[INFO] [stderr]    Compiling futures v0.3.34
[INFO] [stderr]    Compiling tokio-util v0.7.20
[INFO] [stderr]    Compiling tokio-native-tls v0.3.1
[INFO] [stderr]    Compiling h2 v0.3.27
[INFO] [stderr]    Compiling hyper v0.14.32
[INFO] [stderr]    Compiling rusoto_credential v0.48.0
[INFO] [stderr]    Compiling hyper-tls v0.5.0
[INFO] [stderr]    Compiling rusoto_signature v0.48.0
[INFO] [stderr]    Compiling rusoto_rds v0.48.0 (/opt/rustwide/workdir)
[INFO] [stdout] warning: unused import: `custom::*`
[INFO] [stdout]   --> src/lib.rs:21:9
[INFO] [stdout]    |
[INFO] [stdout] 21 | pub use custom::*;
[INFO] [stdout]    |         ^^^^^^^^^
[INFO] [stdout]    |
[INFO] [stdout]    = note: `#[warn(unused_imports)]` (part of `#[warn(unused)]`) on by default
[INFO] [stdout] 
[INFO] [stdout] 
[INFO] [stderr]     Finished `release` profile [optimized] target(s) in 1m 12s
[INFO] running `Command { std: "docker" "inspect" "a470e8b37c9a330e89272d3a81c20227a77b77b1a94ce777ab25ec2e444a655a", kill_on_drop: false }`
[INFO] running `Command { std: "docker" "exec" "-e" "SOURCE_DIR=/opt/rustwide/workdir" "-e" "CARGO_HOME=/opt/rustwide/cargo-home" "-e" "RUSTUP_HOME=/opt/rustwide/rustup-home" "-e" "CARGO_TARGET_DIR=/opt/rustwide/target" "-e" "CARGO_INCREMENTAL=0" "-e" "RUST_BACKTRACE=full" "-e" "RUSTFLAGS=--cap-lints=warn" "-e" "RUSTDOCFLAGS=--cap-lints=warn" "-w" "/opt/rustwide/workdir" "--user" "0:0" "a470e8b37c9a330e89272d3a81c20227a77b77b1a94ce777ab25ec2e444a655a" "/opt/rustwide/cargo-home/bin/cargo" "+1.100.0-beta.1" "test" "--frozen" "--no-run" "--message-format=json" "--release", kill_on_drop: false }`
[INFO] [stderr]    Compiling rusoto_mock v0.48.0
[INFO] [stdout] warning: unused import: `custom::*`
[INFO] [stdout]   --> src/lib.rs:21:9
[INFO] [stdout]    |
[INFO] [stdout] 21 | pub use custom::*;
[INFO] [stdout]    |         ^^^^^^^^^
[INFO] [stdout]    |
[INFO] [stdout]    = note: `#[warn(unused_imports)]` (part of `#[warn(unused)]`) on by default
[INFO] [stdout] 
[INFO] [stdout] 
[INFO] [stderr]    Compiling rusoto_rds v0.48.0 (/opt/rustwide/workdir)
[INFO] [stdout] warning: unused import: `custom::*`
[INFO] [stdout]   --> src/lib.rs:21:9
[INFO] [stdout]    |
[INFO] [stdout] 21 | pub use custom::*;
[INFO] [stdout]    |         ^^^^^^^^^
[INFO] [stdout]    |
[INFO] [stdout]    = note: `#[warn(unused_imports)]` (part of `#[warn(unused)]`) on by default
[INFO] [stdout] 
[INFO] [stdout] 
[INFO] [stderr]     Finished `release` profile [optimized] target(s) in 15.03s
[INFO] running `Command { std: "docker" "inspect" "a470e8b37c9a330e89272d3a81c20227a77b77b1a94ce777ab25ec2e444a655a", kill_on_drop: false }`
[INFO] running `Command { std: "docker" "exec" "-e" "SOURCE_DIR=/opt/rustwide/workdir" "-e" "CARGO_HOME=/opt/rustwide/cargo-home" "-e" "RUSTUP_HOME=/opt/rustwide/rustup-home" "-e" "CARGO_TARGET_DIR=/opt/rustwide/target" "-e" "CARGO_INCREMENTAL=0" "-e" "RUST_BACKTRACE=full" "-e" "RUSTFLAGS=--cap-lints=warn" "-e" "RUSTDOCFLAGS=--cap-lints=warn" "-w" "/opt/rustwide/workdir" "--user" "0:0" "a470e8b37c9a330e89272d3a81c20227a77b77b1a94ce777ab25ec2e444a655a" "/opt/rustwide/cargo-home/bin/cargo" "+1.100.0-beta.1" "test" "--frozen" "--release", kill_on_drop: false }`
[INFO] [stderr] warning: unused import: `custom::*`
[INFO] [stderr]   --> src/lib.rs:21:9
[INFO] [stderr]    |
[INFO] [stderr] 21 | pub use custom::*;
[INFO] [stderr]    |         ^^^^^^^^^
[INFO] [stderr]    |
[INFO] [stderr]    = note: `#[warn(unused_imports)]` (part of `#[warn(unused)]`) on by default
[INFO] [stderr] 
[INFO] [stderr] warning: `rusoto_rds` (lib) generated 1 warning (run `cargo fix --lib -p rusoto_rds` to apply 1 suggestion)
[INFO] [stderr] warning: `rusoto_rds` (lib test) generated 1 warning (1 duplicate)
[INFO] [stderr]     Finished `release` profile [optimized] target(s) in 0.15s
[INFO] [stderr]      Running unittests src/lib.rs (/opt/rustwide/target/release/build/rusoto_rds/1afbecaacbb8e358/out/rusoto_rds-1afbecaacbb8e358)
[INFO] [stdout] 
[INFO] [stdout] running 13 tests
[INFO] [stdout] test generated::protocol_tests::test_parse_valid_rds_describe_event_subscriptions ... FAILED
[INFO] [stdout] test generated::protocol_tests::test_parse_valid_rds_describe_event_categories ... FAILED
[INFO] [stdout] test generated::protocol_tests::test_parse_valid_rds_describe_reserved_db_instances ... FAILED
[INFO] [stdout] test generated::protocol_tests::test_parse_valid_rds_describe_reserved_db_instances_offerings ... FAILED
[INFO] [stdout] test generated::protocol_tests::test_parse_valid_rds_describe_db_instances ... FAILED
[INFO] [stdout] test generated::protocol_tests::test_parse_valid_rds_describe_option_groups ... FAILED
[INFO] [stdout] test generated::protocol_tests::test_parse_error_rds_describe_db_instances ... FAILED
[INFO] [stdout] test generated::protocol_tests::test_parse_valid_rds_describe_db_engine_versions ... FAILED
[INFO] [stdout] test generated::protocol_tests::test_parse_valid_rds_describe_events ... FAILED
[INFO] [stdout] test generated::protocol_tests::test_parse_valid_rds_describe_db_parameter_groups ... FAILED
[INFO] [stdout] test generated::protocol_tests::test_parse_valid_rds_describe_db_snapshots ... FAILED
[INFO] [stdout] test generated::protocol_tests::test_parse_valid_rds_describe_db_security_groups ... FAILED
[INFO] [stdout] test generated::protocol_tests::test_parse_valid_rds_describe_db_subnet_groups ... FAILED
[INFO] [stdout] 
[INFO] [stdout] failures:
[INFO] [stdout] 
[INFO] [stdout] ---- generated::protocol_tests::test_parse_valid_rds_describe_event_subscriptions stdout ----
[INFO] [stdout] 
[INFO] [stdout] thread 'generated::protocol_tests::test_parse_valid_rds_describe_event_subscriptions' (1032) panicked at /opt/rustwide/cargo-home/registry/src/index.crates.io-1949cf8c6b5b557f/rusoto_mock-0.48.0/src/lib.rs:195:53:
[INFO] [stdout] couldn't find file: Os { code: 2, kind: NotFound, message: "No such file or directory" }
[INFO] [stdout] stack backtrace:
[INFO] [stdout]    0:     0x60d9fd725071 - <<std[617be2ca0a6fd877]::sys::backtrace::BacktraceLock>::print::DisplayBacktrace as core[a373ad73a504971]::fmt::Display>::fmt
[INFO] [stdout]    1:     0x60d9fd73a47a - core[a373ad73a504971]::fmt::write
[INFO] [stdout]    2:     0x60d9fd72944c - <alloc[2e1b2a31b91974c5]::vec::Vec<u8> as core[a373ad73a504971]::io::write::Write>::write_fmt
[INFO] [stdout]    3:     0x60d9fd700df6 - std[617be2ca0a6fd877]::panicking::default_hook::{closure#0}
[INFO] [stdout]    4:     0x60d9fd71d549 - std[617be2ca0a6fd877]::panicking::default_hook
[INFO] [stdout]    5:     0x60d9fd66e350 - test[aada8e7e76ba119b]::test_main_inner::{closure#0}
[INFO] [stdout]    6:     0x60d9fd71d872 - std[617be2ca0a6fd877]::panicking::panic_with_hook
[INFO] [stdout]    7:     0x60d9fd700ea2 - std[617be2ca0a6fd877]::panicking::panic_handler::{closure#0}
[INFO] [stdout]    8:     0x60d9fd6f9bb9 - std[617be2ca0a6fd877]::sys::backtrace::__rust_end_short_backtrace::<std[617be2ca0a6fd877]::panicking::panic_handler::{closure#0}, !>
[INFO] [stdout]    9:     0x60d9fd701aad - __rustc[ea4f61d10b84890b]::rust_begin_unwind
[INFO] [stdout]   10:     0x60d9fd73abdc - core[a373ad73a504971]::panicking::panic_fmt
[INFO] [stdout]   11:     0x60d9fd73a9b2 - core[a373ad73a504971]::result::unwrap_failed
[INFO] [stdout]   12:     0x60d9fd6a32bc - <rusoto_mock[13889b9aa6d688c]::MockResponseReader as rusoto_mock[13889b9aa6d688c]::ReadMockResponse>::read_response
[INFO] [stdout]   13:     0x60d9fd6566ad - rusoto_rds[481f3670e81d0e24]::generated::protocol_tests::test_parse_valid_rds_describe_event_subscriptions::{closure#0}
[INFO] [stdout]   14:     0x60d9fd65a443 - <tokio[dcec0b943ea0e442]::runtime::scheduler::current_thread::Context>::enter::<core[a373ad73a504971]::task::poll::Poll<()>, <tokio[dcec0b943ea0e442]::runtime::scheduler::current_thread::CoreGuard>::block_on<core[a373ad73a504971]::pin::Pin<&mut core[a373ad73a504971]::pin::Pin<&mut dyn core[a373ad73a504971]::future::future::Future<Output = ()>>>>::{closure#0}::{closure#0}>
[INFO] [stdout]   15:     0x60d9fd65de2c - <tokio[dcec0b943ea0e442]::runtime::context::scoped::Scoped<tokio[dcec0b943ea0e442]::runtime::scheduler::Context>>::set::<<tokio[dcec0b943ea0e442]::runtime::scheduler::current_thread::CoreGuard>::enter<<tokio[dcec0b943ea0e442]::runtime::scheduler::current_thread::CoreGuard>::block_on<core[a373ad73a504971]::pin::Pin<&mut core[a373ad73a504971]::pin::Pin<&mut dyn core[a373ad73a504971]::future::future::Future<Output = ()>>>>::{closure#0}, core[a373ad73a504971]::option::Option<()>>::{closure#0}, (alloc[2e1b2a31b91974c5]::boxed::Box<tokio[dcec0b943ea0e442]::runtime::scheduler::current_thread::Core>, core[a373ad73a504971]::option::Option<()>)>
[INFO] [stdout]   16:     0x60d9fd65a5e7 - <tokio[dcec0b943ea0e442]::runtime::scheduler::current_thread::CoreGuard>::block_on::<core[a373ad73a504971]::pin::Pin<&mut core[a373ad73a504971]::pin::Pin<&mut dyn core[a373ad73a504971]::future::future::Future<Output = ()>>>>
[INFO] [stdout]   17:     0x60d9fd6607eb - tokio[dcec0b943ea0e442]::runtime::context::runtime::enter_runtime::<<tokio[dcec0b943ea0e442]::runtime::scheduler::current_thread::CurrentThread>::block_on<core[a373ad73a504971]::pin::Pin<&mut dyn core[a373ad73a504971]::future::future::Future<Output = ()>>>::{closure#0}, ()>
[INFO] [stdout]   18:     0x60d9fd65c115 - <tokio[dcec0b943ea0e442]::runtime::runtime::Runtime>::block_on::<core[a373ad73a504971]::pin::Pin<&mut dyn core[a373ad73a504971]::future::future::Future<Output = ()>>>
[INFO] [stdout]   19:     0x60d9fd65849e - <rusoto_rds[481f3670e81d0e24]::generated::protocol_tests::test_parse_valid_rds_describe_event_subscriptions::{closure#0} as core[a373ad73a504971]::ops::function::FnOnce<()>>::call_once
[INFO] [stdout]   20:     0x60d9fd66179b - test[aada8e7e76ba119b]::__rust_begin_short_backtrace::<core[a373ad73a504971]::result::Result<(), alloc[2e1b2a31b91974c5]::string::String>, fn() -> core[a373ad73a504971]::result::Result<(), alloc[2e1b2a31b91974c5]::string::String>>
[INFO] [stdout]   21:     0x60d9fd66e975 - test[aada8e7e76ba119b]::run_test::{closure#0}
[INFO] [stdout]   22:     0x60d9fd668264 - std[617be2ca0a6fd877]::sys::backtrace::__rust_begin_short_backtrace::<test[aada8e7e76ba119b]::run_test::{closure#1}, ()>
[INFO] [stdout]   23:     0x60d9fd671a02 - <std[617be2ca0a6fd877]::thread::lifecycle::spawn_unchecked<test[aada8e7e76ba119b]::run_test::{closure#1}, ()>::{closure#1} as core[a373ad73a504971]::ops::function::FnOnce<()>>::call_once::{shim:vtable#0}
[INFO] [stdout]   24:     0x60d9fd7248bf - <std[617be2ca0a6fd877]::sys::thread::unix::Thread>::new::thread_start
[INFO] [stdout]   25:     0x7a34e38e8dfa - <unknown>
[INFO] [stdout]   26:     0x7a34e397c3d4 - clone
[INFO] [stdout]   27:                0x0 - <unknown>
[INFO] [stdout] 
[INFO] [stdout] ---- generated::protocol_tests::test_parse_valid_rds_describe_event_categories stdout ----
[INFO] [stdout] 
[INFO] [stdout] thread 'generated::protocol_tests::test_parse_valid_rds_describe_event_categories' (1031) panicked at /opt/rustwide/cargo-home/registry/src/index.crates.io-1949cf8c6b5b557f/rusoto_mock-0.48.0/src/lib.rs:195:53:
[INFO] [stdout] couldn't find file: Os { code: 2, kind: NotFound, message: "No such file or directory" }
[INFO] [stdout] stack backtrace:
[INFO] [stdout]    0:     0x60d9fd725071 - <<std[617be2ca0a6fd877]::sys::backtrace::BacktraceLock>::print::DisplayBacktrace as core[a373ad73a504971]::fmt::Display>::fmt
[INFO] [stdout]    1:     0x60d9fd73a47a - core[a373ad73a504971]::fmt::write
[INFO] [stdout]    2:     0x60d9fd72944c - <alloc[2e1b2a31b91974c5]::vec::Vec<u8> as core[a373ad73a504971]::io::write::Write>::write_fmt
[INFO] [stdout]    3:     0x60d9fd700df6 - std[617be2ca0a6fd877]::panicking::default_hook::{closure#0}
[INFO] [stdout]    4:     0x60d9fd71d549 - std[617be2ca0a6fd877]::panicking::default_hook
[INFO] [stdout]    5:     0x60d9fd66e350 - test[aada8e7e76ba119b]::test_main_inner::{closure#0}
[INFO] [stdout]    6:     0x60d9fd71d872 - std[617be2ca0a6fd877]::panicking::panic_with_hook
[INFO] [stdout]    7:     0x60d9fd700ea2 - std[617be2ca0a6fd877]::panicking::panic_handler::{closure#0}
[INFO] [stdout]    8:     0x60d9fd6f9bb9 - std[617be2ca0a6fd877]::sys::backtrace::__rust_end_short_backtrace::<std[617be2ca0a6fd877]::panicking::panic_handler::{closure#0}, !>
[INFO] [stdout]    9:     0x60d9fd701aad - __rustc[ea4f61d10b84890b]::rust_begin_unwind
[INFO] [stdout]   10:     0x60d9fd73abdc - core[a373ad73a504971]::panicking::panic_fmt
[INFO] [stdout]   11:     0x60d9fd73a9b2 - core[a373ad73a504971]::result::unwrap_failed
[INFO] [stdout]   12:     0x60d9fd6a32bc - <rusoto_mock[13889b9aa6d688c]::MockResponseReader as rusoto_mock[13889b9aa6d688c]::ReadMockResponse>::read_response
[INFO] [stdout]   13:     0x60d9fd65582d - rusoto_rds[481f3670e81d0e24]::generated::protocol_tests::test_parse_valid_rds_describe_event_categories::{closure#0}
[INFO] [stdout]   14:     0x60d9fd65a443 - <tokio[dcec0b943ea0e442]::runtime::scheduler::current_thread::Context>::enter::<core[a373ad73a504971]::task::poll::Poll<()>, <tokio[dcec0b943ea0e442]::runtime::scheduler::current_thread::CoreGuard>::block_on<core[a373ad73a504971]::pin::Pin<&mut core[a373ad73a504971]::pin::Pin<&mut dyn core[a373ad73a504971]::future::future::Future<Output = ()>>>>::{closure#0}::{closure#0}>
[INFO] [stdout]   15:     0x60d9fd65de2c - <tokio[dcec0b943ea0e442]::runtime::context::scoped::Scoped<tokio[dcec0b943ea0e442]::runtime::scheduler::Context>>::set::<<tokio[dcec0b943ea0e442]::runtime::scheduler::current_thread::CoreGuard>::enter<<tokio[dcec0b943ea0e442]::runtime::scheduler::current_thread::CoreGuard>::block_on<core[a373ad73a504971]::pin::Pin<&mut core[a373ad73a504971]::pin::Pin<&mut dyn core[a373ad73a504971]::future::future::Future<Output = ()>>>>::{closure#0}, core[a373ad73a504971]::option::Option<()>>::{closure#0}, (alloc[2e1b2a31b91974c5]::boxed::Box<tokio[dcec0b943ea0e442]::runtime::scheduler::current_thread::Core>, core[a373ad73a504971]::option::Option<()>)>
[INFO] [stdout]   16:     0x60d9fd65a5e7 - <tokio[dcec0b943ea0e442]::runtime::scheduler::current_thread::CoreGuard>::block_on::<core[a373ad73a504971]::pin::Pin<&mut core[a373ad73a504971]::pin::Pin<&mut dyn core[a373ad73a504971]::future::future::Future<Output = ()>>>>
[INFO] [stdout]   17:     0x60d9fd6607eb - tokio[dcec0b943ea0e442]::runtime::context::runtime::enter_runtime::<<tokio[dcec0b943ea0e442]::runtime::scheduler::current_thread::CurrentThread>::block_on<core[a373ad73a504971]::pin::Pin<&mut dyn core[a373ad73a504971]::future::future::Future<Output = ()>>>::{closure#0}, ()>
[INFO] [stdout]   18:     0x60d9fd65c115 - <tokio[dcec0b943ea0e442]::runtime::runtime::Runtime>::block_on::<core[a373ad73a504971]::pin::Pin<&mut dyn core[a373ad73a504971]::future::future::Future<Output = ()>>>
[INFO] [stdout]   19:     0x60d9fd657f1e - <rusoto_rds[481f3670e81d0e24]::generated::protocol_tests::test_parse_valid_rds_describe_event_categories::{closure#0} as core[a373ad73a504971]::ops::function::FnOnce<()>>::call_once
[INFO] [stdout]   20:     0x60d9fd66179b - test[aada8e7e76ba119b]::__rust_begin_short_backtrace::<core[a373ad73a504971]::result::Result<(), alloc[2e1b2a31b91974c5]::string::String>, fn() -> core[a373ad73a504971]::result::Result<(), alloc[2e1b2a31b91974c5]::string::String>>
[INFO] [stdout]   21:     0x60d9fd66e975 - test[aada8e7e76ba119b]::run_test::{closure#0}
[INFO] [stdout]   22:     0x60d9fd668264 - std[617be2ca0a6fd877]::sys::backtrace::__rust_begin_short_backtrace::<test[aada8e7e76ba119b]::run_test::{closure#1}, ()>
[INFO] [stdout]   23:     0x60d9fd671a02 - <std[617be2ca0a6fd877]::thread::lifecycle::spawn_unchecked<test[aada8e7e76ba119b]::run_test::{closure#1}, ()>::{closure#1} as core[a373ad73a504971]::ops::function::FnOnce<()>>::call_once::{shim:vtable#0}
[INFO] [stdout]   24:     0x60d9fd7248bf - <std[617be2ca0a6fd877]::sys::thread::unix::Thread>::new::thread_start
[INFO] [stdout]   25:     0x7a34e38e8dfa - <unknown>
[INFO] [stdout]   26:     0x7a34e397c3d4 - clone
[INFO] [stdout]   27:                0x0 - <unknown>
[INFO] [stdout] 
[INFO] [stdout] ---- generated::protocol_tests::test_parse_valid_rds_describe_reserved_db_instances stdout ----
[INFO] [stdout] 
[INFO] [stdout] thread 'generated::protocol_tests::test_parse_valid_rds_describe_reserved_db_instances' (1035) panicked at /opt/rustwide/cargo-home/registry/src/index.crates.io-1949cf8c6b5b557f/rusoto_mock-0.48.0/src/lib.rs:195:53:
[INFO] [stdout] couldn't find file: Os { code: 2, kind: NotFound, message: "No such file or directory" }
[INFO] [stdout] stack backtrace:
[INFO] [stdout]    0:     0x60d9fd725071 - <<std[617be2ca0a6fd877]::sys::backtrace::BacktraceLock>::print::DisplayBacktrace as core[a373ad73a504971]::fmt::Display>::fmt
[INFO] [stdout]    1:     0x60d9fd73a47a - core[a373ad73a504971]::fmt::write
[INFO] [stdout]    2:     0x60d9fd72944c - <alloc[2e1b2a31b91974c5]::vec::Vec<u8> as core[a373ad73a504971]::io::write::Write>::write_fmt
[INFO] [stdout]    3:     0x60d9fd700df6 - std[617be2ca0a6fd877]::panicking::default_hook::{closure#0}
[INFO] [stdout]    4:     0x60d9fd71d549 - std[617be2ca0a6fd877]::panicking::default_hook
[INFO] [stdout]    5:     0x60d9fd66e350 - test[aada8e7e76ba119b]::test_main_inner::{closure#0}
[INFO] [stdout]    6:     0x60d9fd71d872 - std[617be2ca0a6fd877]::panicking::panic_with_hook
[INFO] [stdout]    7:     0x60d9fd700ea2 - std[617be2ca0a6fd877]::panicking::panic_handler::{closure#0}
[INFO] [stdout]    8:     0x60d9fd6f9bb9 - std[617be2ca0a6fd877]::sys::backtrace::__rust_end_short_backtrace::<std[617be2ca0a6fd877]::panicking::panic_handler::{closure#0}, !>
[INFO] [stdout]    9:     0x60d9fd701aad - __rustc[ea4f61d10b84890b]::rust_begin_unwind
[INFO] [stdout]   10:     0x60d9fd73abdc - core[a373ad73a504971]::panicking::panic_fmt
[INFO] [stdout]   11:     0x60d9fd73a9b2 - core[a373ad73a504971]::result::unwrap_failed
[INFO] [stdout]   12:     0x60d9fd6a32bc - <rusoto_mock[13889b9aa6d688c]::MockResponseReader as rusoto_mock[13889b9aa6d688c]::ReadMockResponse>::read_response
[INFO] [stdout]   13:     0x60d9fd656a4d - rusoto_rds[481f3670e81d0e24]::generated::protocol_tests::test_parse_valid_rds_describe_reserved_db_instances::{closure#0}
[INFO] [stdout]   14:     0x60d9fd65a443 - <tokio[dcec0b943ea0e442]::runtime::scheduler::current_thread::Context>::enter::<core[a373ad73a504971]::task::poll::Poll<()>, <tokio[dcec0b943ea0e442]::runtime::scheduler::current_thread::CoreGuard>::block_on<core[a373ad73a504971]::pin::Pin<&mut core[a373ad73a504971]::pin::Pin<&mut dyn core[a373ad73a504971]::future::future::Future<Output = ()>>>>::{closure#0}::{closure#0}>
[INFO] [stdout]   15:     0x60d9fd65de2c - <tokio[dcec0b943ea0e442]::runtime::context::scoped::Scoped<tokio[dcec0b943ea0e442]::runtime::scheduler::Context>>::set::<<tokio[dcec0b943ea0e442]::runtime::scheduler::current_thread::CoreGuard>::enter<<tokio[dcec0b943ea0e442]::runtime::scheduler::current_thread::CoreGuard>::block_on<core[a373ad73a504971]::pin::Pin<&mut core[a373ad73a504971]::pin::Pin<&mut dyn core[a373ad73a504971]::future::future::Future<Output = ()>>>>::{closure#0}, core[a373ad73a504971]::option::Option<()>>::{closure#0}, (alloc[2e1b2a31b91974c5]::boxed::Box<tokio[dcec0b943ea0e442]::runtime::scheduler::current_thread::Core>, core[a373ad73a504971]::option::Option<()>)>
[INFO] [stdout]   16:     0x60d9fd65a5e7 - <tokio[dcec0b943ea0e442]::runtime::scheduler::current_thread::CoreGuard>::block_on::<core[a373ad73a504971]::pin::Pin<&mut core[a373ad73a504971]::pin::Pin<&mut dyn core[a373ad73a504971]::future::future::Future<Output = ()>>>>
[INFO] [stdout]   17:     0x60d9fd6607eb - tokio[dcec0b943ea0e442]::runtime::context::runtime::enter_runtime::<<tokio[dcec0b943ea0e442]::runtime::scheduler::current_thread::CurrentThread>::block_on<core[a373ad73a504971]::pin::Pin<&mut dyn core[a373ad73a504971]::future::future::Future<Output = ()>>>::{closure#0}, ()>
[INFO] [stdout]   18:     0x60d9fd65c115 - <tokio[dcec0b943ea0e442]::runtime::runtime::Runtime>::block_on::<core[a373ad73a504971]::pin::Pin<&mut dyn core[a373ad73a504971]::future::future::Future<Output = ()>>>
[INFO] [stdout]   19:     0x60d9fd6585fe - <rusoto_rds[481f3670e81d0e24]::generated::protocol_tests::test_parse_valid_rds_describe_reserved_db_instances::{closure#0} as core[a373ad73a504971]::ops::function::FnOnce<()>>::call_once
[INFO] [stdout]   20:     0x60d9fd66179b - test[aada8e7e76ba119b]::__rust_begin_short_backtrace::<core[a373ad73a504971]::result::Result<(), alloc[2e1b2a31b91974c5]::string::String>, fn() -> core[a373ad73a504971]::result::Result<(), alloc[2e1b2a31b91974c5]::string::String>>
[INFO] [stdout]   21:     0x60d9fd66e975 - test[aada8e7e76ba119b]::run_test::{closure#0}
[INFO] [stdout]   22:     0x60d9fd668264 - std[617be2ca0a6fd877]::sys::backtrace::__rust_begin_short_backtrace::<test[aada8e7e76ba119b]::run_test::{closure#1}, ()>
[INFO] [stdout]   23:     0x60d9fd671a02 - <std[617be2ca0a6fd877]::thread::lifecycle::spawn_unchecked<test[aada8e7e76ba119b]::run_test::{closure#1}, ()>::{closure#1} as core[a373ad73a504971]::ops::function::FnOnce<()>>::call_once::{shim:vtable#0}
[INFO] [stdout]   24:     0x60d9fd7248bf - <std[617be2ca0a6fd877]::sys::thread::unix::Thread>::new::thread_start
[INFO] [stdout]   25:     0x7a34e38e8dfa - <unknown>
[INFO] [stdout]   26:     0x7a34e397c3d4 - clone
[INFO] [stdout]   27:                0x0 - <unknown>
[INFO] [stdout] 
[INFO] [stdout] ---- generated::protocol_tests::test_parse_valid_rds_describe_reserved_db_instances_offerings stdout ----
[INFO] [stdout] 
[INFO] [stdout] thread 'generated::protocol_tests::test_parse_valid_rds_describe_reserved_db_instances_offerings' (1036) panicked at /opt/rustwide/cargo-home/registry/src/index.crates.io-1949cf8c6b5b557f/rusoto_mock-0.48.0/src/lib.rs:195:53:
[INFO] [stdout] couldn't find file: Os { code: 2, kind: NotFound, message: "No such file or directory" }
[INFO] [stdout] stack backtrace:
[INFO] [stdout]    0:     0x60d9fd725071 - <<std[617be2ca0a6fd877]::sys::backtrace::BacktraceLock>::print::DisplayBacktrace as core[a373ad73a504971]::fmt::Display>::fmt
[INFO] [stdout]    1:     0x60d9fd73a47a - core[a373ad73a504971]::fmt::write
[INFO] [stdout]    2:     0x60d9fd72944c - <alloc[2e1b2a31b91974c5]::vec::Vec<u8> as core[a373ad73a504971]::io::write::Write>::write_fmt
[INFO] [stdout]    3:     0x60d9fd700df6 - std[617be2ca0a6fd877]::panicking::default_hook::{closure#0}
[INFO] [stdout]    4:     0x60d9fd71d549 - std[617be2ca0a6fd877]::panicking::default_hook
[INFO] [stdout]    5:     0x60d9fd66e350 - test[aada8e7e76ba119b]::test_main_inner::{closure#0}
[INFO] [stdout]    6:     0x60d9fd71d872 - std[617be2ca0a6fd877]::panicking::panic_with_hook
[INFO] [stdout]    7:     0x60d9fd700ea2 - std[617be2ca0a6fd877]::panicking::panic_handler::{closure#0}
[INFO] [stdout]    8:     0x60d9fd6f9bb9 - std[617be2ca0a6fd877]::sys::backtrace::__rust_end_short_backtrace::<std[617be2ca0a6fd877]::panicking::panic_handler::{closure#0}, !>
[INFO] [stdout]    9:     0x60d9fd701aad - __rustc[ea4f61d10b84890b]::rust_begin_unwind
[INFO] [stdout]   10:     0x60d9fd73abdc - core[a373ad73a504971]::panicking::panic_fmt
[INFO] [stdout]   11:     0x60d9fd73a9b2 - core[a373ad73a504971]::result::unwrap_failed
[INFO] [stdout]   12:     0x60d9fd6a32bc - <rusoto_mock[13889b9aa6d688c]::MockResponseReader as rusoto_mock[13889b9aa6d688c]::ReadMockResponse>::read_response
[INFO] [stdout]   13:     0x60d9fd656e3d - rusoto_rds[481f3670e81d0e24]::generated::protocol_tests::test_parse_valid_rds_describe_reserved_db_instances_offerings::{closure#0}
[INFO] [stdout]   14:     0x60d9fd65a443 - <tokio[dcec0b943ea0e442]::runtime::scheduler::current_thread::Context>::enter::<core[a373ad73a504971]::task::poll::Poll<()>, <tokio[dcec0b943ea0e442]::runtime::scheduler::current_thread::CoreGuard>::block_on<core[a373ad73a504971]::pin::Pin<&mut core[a373ad73a504971]::pin::Pin<&mut dyn core[a373ad73a504971]::future::future::Future<Output = ()>>>>::{closure#0}::{closure#0}>
[INFO] [stdout]   15:     0x60d9fd65de2c - <tokio[dcec0b943ea0e442]::runtime::context::scoped::Scoped<tokio[dcec0b943ea0e442]::runtime::scheduler::Context>>::set::<<tokio[dcec0b943ea0e442]::runtime::scheduler::current_thread::CoreGuard>::enter<<tokio[dcec0b943ea0e442]::runtime::scheduler::current_thread::CoreGuard>::block_on<core[a373ad73a504971]::pin::Pin<&mut core[a373ad73a504971]::pin::Pin<&mut dyn core[a373ad73a504971]::future::future::Future<Output = ()>>>>::{closure#0}, core[a373ad73a504971]::option::Option<()>>::{closure#0}, (alloc[2e1b2a31b91974c5]::boxed::Box<tokio[dcec0b943ea0e442]::runtime::scheduler::current_thread::Core>, core[a373ad73a504971]::option::Option<()>)>
[INFO] [stdout]   16:     0x60d9fd65a5e7 - <tokio[dcec0b943ea0e442]::runtime::scheduler::current_thread::CoreGuard>::block_on::<core[a373ad73a504971]::pin::Pin<&mut core[a373ad73a504971]::pin::Pin<&mut dyn core[a373ad73a504971]::future::future::Future<Output = ()>>>>
[INFO] [stdout]   17:     0x60d9fd6607eb - tokio[dcec0b943ea0e442]::runtime::context::runtime::enter_runtime::<<tokio[dcec0b943ea0e442]::runtime::scheduler::current_thread::CurrentThread>::block_on<core[a373ad73a504971]::pin::Pin<&mut dyn core[a373ad73a504971]::future::future::Future<Output = ()>>>::{closure#0}, ()>
[INFO] [stdout]   18:     0x60d9fd65c115 - <tokio[dcec0b943ea0e442]::runtime::runtime::Runtime>::block_on::<core[a373ad73a504971]::pin::Pin<&mut dyn core[a373ad73a504971]::future::future::Future<Output = ()>>>
[INFO] [stdout]   19:     0x60d9fd65875e - <rusoto_rds[481f3670e81d0e24]::generated::protocol_tests::test_parse_valid_rds_describe_reserved_db_instances_offerings::{closure#0} as core[a373ad73a504971]::ops::function::FnOnce<()>>::call_once
[INFO] [stdout]   20:     0x60d9fd66179b - test[aada8e7e76ba119b]::__rust_begin_short_backtrace::<core[a373ad73a504971]::result::Result<(), alloc[2e1b2a31b91974c5]::string::String>, fn() -> core[a373ad73a504971]::result::Result<(), alloc[2e1b2a31b91974c5]::string::String>>
[INFO] [stdout]   21:     0x60d9fd66e975 - test[aada8e7e76ba119b]::run_test::{closure#0}
[INFO] [stdout]   22:     0x60d9fd668264 - std[617be2ca0a6fd877]::sys::backtrace::__rust_begin_short_backtrace::<test[aada8e7e76ba119b]::run_test::{closure#1}, ()>
[INFO] [stdout]   23:     0x60d9fd671a02 - <std[617be2ca0a6fd877]::thread::lifecycle::spawn_unchecked<test[aada8e7e76ba119b]::run_test::{closure#1}, ()>::{closure#1} as core[a373ad73a504971]::ops::function::FnOnce<()>>::call_once::{shim:vtable#0}
[INFO] [stdout]   24:     0x60d9fd7248bf - <std[617be2ca0a6fd877]::sys::thread::unix::Thread>::new::thread_start
[INFO] [stdout]   25:     0x7a34e38e8dfa - <unknown>
[INFO] [stdout]   26:     0x7a34e397c3d4 - clone
[INFO] [stdout]   27:                0x0 - <unknown>
[INFO] [stdout] 
[INFO] [stdout] ---- generated::protocol_tests::test_parse_valid_rds_describe_db_instances stdout ----
[INFO] [stdout] 
[INFO] [stdout] thread 'generated::protocol_tests::test_parse_valid_rds_describe_db_instances' (1026) panicked at /opt/rustwide/cargo-home/registry/src/index.crates.io-1949cf8c6b5b557f/rusoto_mock-0.48.0/src/lib.rs:195:53:
[INFO] [stdout] couldn't find file: Os { code: 2, kind: NotFound, message: "No such file or directory" }
[INFO] [stdout] stack backtrace:
[INFO] [stdout]    0:     0x60d9fd725071 - <<std[617be2ca0a6fd877]::sys::backtrace::BacktraceLock>::print::DisplayBacktrace as core[a373ad73a504971]::fmt::Display>::fmt
[INFO] [stdout]    1:     0x60d9fd73a47a - core[a373ad73a504971]::fmt::write
[INFO] [stdout]    2:     0x60d9fd72944c - <alloc[2e1b2a31b91974c5]::vec::Vec<u8> as core[a373ad73a504971]::io::write::Write>::write_fmt
[INFO] [stdout]    3:     0x60d9fd700df6 - std[617be2ca0a6fd877]::panicking::default_hook::{closure#0}
[INFO] [stdout]    4:     0x60d9fd71d549 - std[617be2ca0a6fd877]::panicking::default_hook
[INFO] [stdout]    5:     0x60d9fd66e350 - test[aada8e7e76ba119b]::test_main_inner::{closure#0}
[INFO] [stdout]    6:     0x60d9fd71d872 - std[617be2ca0a6fd877]::panicking::panic_with_hook
[INFO] [stdout]    7:     0x60d9fd700ea2 - std[617be2ca0a6fd877]::panicking::panic_handler::{closure#0}
[INFO] [stdout]    8:     0x60d9fd6f9bb9 - std[617be2ca0a6fd877]::sys::backtrace::__rust_end_short_backtrace::<std[617be2ca0a6fd877]::panicking::panic_handler::{closure#0}, !>
[INFO] [stdout]    9:     0x60d9fd701aad - __rustc[ea4f61d10b84890b]::rust_begin_unwind
[INFO] [stdout]   10:     0x60d9fd73abdc - core[a373ad73a504971]::panicking::panic_fmt
[INFO] [stdout]   11:     0x60d9fd73a9b2 - core[a373ad73a504971]::result::unwrap_failed
[INFO] [stdout]   12:     0x60d9fd6a32bc - <rusoto_mock[13889b9aa6d688c]::MockResponseReader as rusoto_mock[13889b9aa6d688c]::ReadMockResponse>::read_response
[INFO] [stdout]   13:     0x60d9fd65496d - rusoto_rds[481f3670e81d0e24]::generated::protocol_tests::test_parse_valid_rds_describe_db_instances::{closure#0}
[INFO] [stdout]   14:     0x60d9fd65a443 - <tokio[dcec0b943ea0e442]::runtime::scheduler::current_thread::Context>::enter::<core[a373ad73a504971]::task::poll::Poll<()>, <tokio[dcec0b943ea0e442]::runtime::scheduler::current_thread::CoreGuard>::block_on<core[a373ad73a504971]::pin::Pin<&mut core[a373ad73a504971]::pin::Pin<&mut dyn core[a373ad73a504971]::future::future::Future<Output = ()>>>>::{closure#0}::{closure#0}>
[INFO] [stdout]   15:     0x60d9fd65de2c - <tokio[dcec0b943ea0e442]::runtime::context::scoped::Scoped<tokio[dcec0b943ea0e442]::runtime::scheduler::Context>>::set::<<tokio[dcec0b943ea0e442]::runtime::scheduler::current_thread::CoreGuard>::enter<<tokio[dcec0b943ea0e442]::runtime::scheduler::current_thread::CoreGuard>::block_on<core[a373ad73a504971]::pin::Pin<&mut core[a373ad73a504971]::pin::Pin<&mut dyn core[a373ad73a504971]::future::future::Future<Output = ()>>>>::{closure#0}, core[a373ad73a504971]::option::Option<()>>::{closure#0}, (alloc[2e1b2a31b91974c5]::boxed::Box<tokio[dcec0b943ea0e442]::runtime::scheduler::current_thread::Core>, core[a373ad73a504971]::option::Option<()>)>
[INFO] [stdout]   16:     0x60d9fd65a5e7 - <tokio[dcec0b943ea0e442]::runtime::scheduler::current_thread::CoreGuard>::block_on::<core[a373ad73a504971]::pin::Pin<&mut core[a373ad73a504971]::pin::Pin<&mut dyn core[a373ad73a504971]::future::future::Future<Output = ()>>>>
[INFO] [stdout]   17:     0x60d9fd6607eb - tokio[dcec0b943ea0e442]::runtime::context::runtime::enter_runtime::<<tokio[dcec0b943ea0e442]::runtime::scheduler::current_thread::CurrentThread>::block_on<core[a373ad73a504971]::pin::Pin<&mut dyn core[a373ad73a504971]::future::future::Future<Output = ()>>>::{closure#0}, ()>
[INFO] [stdout]   18:     0x60d9fd65c115 - <tokio[dcec0b943ea0e442]::runtime::runtime::Runtime>::block_on::<core[a373ad73a504971]::pin::Pin<&mut dyn core[a373ad73a504971]::future::future::Future<Output = ()>>>
[INFO] [stdout]   19:     0x60d9fd65799e - <rusoto_rds[481f3670e81d0e24]::generated::protocol_tests::test_parse_valid_rds_describe_db_instances::{closure#0} as core[a373ad73a504971]::ops::function::FnOnce<()>>::call_once
[INFO] [stdout]   20:     0x60d9fd66179b - test[aada8e7e76ba119b]::__rust_begin_short_backtrace::<core[a373ad73a504971]::result::Result<(), alloc[2e1b2a31b91974c5]::string::String>, fn() -> core[a373ad73a504971]::result::Result<(), alloc[2e1b2a31b91974c5]::string::String>>
[INFO] [stdout]   21:     0x60d9fd66e975 - test[aada8e7e76ba119b]::run_test::{closure#0}
[INFO] [stdout]   22:     0x60d9fd668264 - std[617be2ca0a6fd877]::sys::backtrace::__rust_begin_short_backtrace::<test[aada8e7e76ba119b]::run_test::{closure#1}, ()>
[INFO] [stdout]   23:     0x60d9fd671a02 - <std[617be2ca0a6fd877]::thread::lifecycle::spawn_unchecked<test[aada8e7e76ba119b]::run_test::{closure#1}, ()>::{closure#1} as core[a373ad73a504971]::ops::function::FnOnce<()>>::call_once::{shim:vtable#0}
[INFO] [stdout]   24:     0x60d9fd7248bf - <std[617be2ca0a6fd877]::sys::thread::unix::Thread>::new::thread_start
[INFO] [stdout]   25:     0x7a34e38e8dfa - <unknown>
[INFO] [stdout]   26:     0x7a34e397c3d4 - clone
[INFO] [stdout]   27:                0x0 - <unknown>
[INFO] [stdout] 
[INFO] [stdout] ---- generated::protocol_tests::test_parse_valid_rds_describe_option_groups stdout ----
[INFO] [stdout] 
[INFO] [stdout] thread 'generated::protocol_tests::test_parse_valid_rds_describe_option_groups' (1034) panicked at /opt/rustwide/cargo-home/registry/src/index.crates.io-1949cf8c6b5b557f/rusoto_mock-0.48.0/src/lib.rs:195:53:
[INFO] [stdout] couldn't find file: Os { code: 2, kind: NotFound, message: "No such file or directory" }
[INFO] [stdout] stack backtrace:
[INFO] [stdout]    0:     0x60d9fd725071 - <<std[617be2ca0a6fd877]::sys::backtrace::BacktraceLock>::print::DisplayBacktrace as core[a373ad73a504971]::fmt::Display>::fmt
[INFO] [stdout]    1:     0x60d9fd73a47a - core[a373ad73a504971]::fmt::write
[INFO] [stdout]    2:     0x60d9fd72944c - <alloc[2e1b2a31b91974c5]::vec::Vec<u8> as core[a373ad73a504971]::io::write::Write>::write_fmt
[INFO] [stdout]    3:     0x60d9fd700df6 - std[617be2ca0a6fd877]::panicking::default_hook::{closure#0}
[INFO] [stdout]    4:     0x60d9fd71d549 - std[617be2ca0a6fd877]::panicking::default_hook
[INFO] [stdout]    5:     0x60d9fd66e350 - test[aada8e7e76ba119b]::test_main_inner::{closure#0}
[INFO] [stdout]    6:     0x60d9fd71d872 - std[617be2ca0a6fd877]::panicking::panic_with_hook
[INFO] [stdout]    7:     0x60d9fd700ea2 - std[617be2ca0a6fd877]::panicking::panic_handler::{closure#0}
[INFO] [stdout]    8:     0x60d9fd6f9bb9 - std[617be2ca0a6fd877]::sys::backtrace::__rust_end_short_backtrace::<std[617be2ca0a6fd877]::panicking::panic_handler::{closure#0}, !>
[INFO] [stdout]    9:     0x60d9fd701aad - __rustc[ea4f61d10b84890b]::rust_begin_unwind
[INFO] [stdout]   10:     0x60d9fd73abdc - core[a373ad73a504971]::panicking::panic_fmt
[INFO] [stdout]   11:     0x60d9fd73a9b2 - core[a373ad73a504971]::result::unwrap_failed
[INFO] [stdout]   12:     0x60d9fd6a32bc - <rusoto_mock[13889b9aa6d688c]::MockResponseReader as rusoto_mock[13889b9aa6d688c]::ReadMockResponse>::read_response
[INFO] [stdout]   13:     0x60d9fd6550dd - rusoto_rds[481f3670e81d0e24]::generated::protocol_tests::test_parse_valid_rds_describe_option_groups::{closure#0}
[INFO] [stdout]   14:     0x60d9fd65a443 - <tokio[dcec0b943ea0e442]::runtime::scheduler::current_thread::Context>::enter::<core[a373ad73a504971]::task::poll::Poll<()>, <tokio[dcec0b943ea0e442]::runtime::scheduler::current_thread::CoreGuard>::block_on<core[a373ad73a504971]::pin::Pin<&mut core[a373ad73a504971]::pin::Pin<&mut dyn core[a373ad73a504971]::future::future::Future<Output = ()>>>>::{closure#0}::{closure#0}>
[INFO] [stdout]   15:     0x60d9fd65de2c - <tokio[dcec0b943ea0e442]::runtime::context::scoped::Scoped<tokio[dcec0b943ea0e442]::runtime::scheduler::Context>>::set::<<tokio[dcec0b943ea0e442]::runtime::scheduler::current_thread::CoreGuard>::enter<<tokio[dcec0b943ea0e442]::runtime::scheduler::current_thread::CoreGuard>::block_on<core[a373ad73a504971]::pin::Pin<&mut core[a373ad73a504971]::pin::Pin<&mut dyn core[a373ad73a504971]::future::future::Future<Output = ()>>>>::{closure#0}, core[a373ad73a504971]::option::Option<()>>::{closure#0}, (alloc[2e1b2a31b91974c5]::boxed::Box<tokio[dcec0b943ea0e442]::runtime::scheduler::current_thread::Core>, core[a373ad73a504971]::option::Option<()>)>
[INFO] [stdout]   16:     0x60d9fd65a5e7 - <tokio[dcec0b943ea0e442]::runtime::scheduler::current_thread::CoreGuard>::block_on::<core[a373ad73a504971]::pin::Pin<&mut core[a373ad73a504971]::pin::Pin<&mut dyn core[a373ad73a504971]::future::future::Future<Output = ()>>>>
[INFO] [stdout]   17:     0x60d9fd6607eb - tokio[dcec0b943ea0e442]::runtime::context::runtime::enter_runtime::<<tokio[dcec0b943ea0e442]::runtime::scheduler::current_thread::CurrentThread>::block_on<core[a373ad73a504971]::pin::Pin<&mut dyn core[a373ad73a504971]::future::future::Future<Output = ()>>>::{closure#0}, ()>
[INFO] [stdout]   18:     0x60d9fd65c115 - <tokio[dcec0b943ea0e442]::runtime::runtime::Runtime>::block_on::<core[a373ad73a504971]::pin::Pin<&mut dyn core[a373ad73a504971]::future::future::Future<Output = ()>>>
[INFO] [stdout]   19:     0x60d9fd657c5e - <rusoto_rds[481f3670e81d0e24]::generated::protocol_tests::test_parse_valid_rds_describe_option_groups::{closure#0} as core[a373ad73a504971]::ops::function::FnOnce<()>>::call_once
[INFO] [stdout]   20:     0x60d9fd66179b - test[aada8e7e76ba119b]::__rust_begin_short_backtrace::<core[a373ad73a504971]::result::Result<(), alloc[2e1b2a31b91974c5]::string::String>, fn() -> core[a373ad73a504971]::result::Result<(), alloc[2e1b2a31b91974c5]::string::String>>
[INFO] [stdout]   21:     0x60d9fd66e975 - test[aada8e7e76ba119b]::run_test::{closure#0}
[INFO] [stdout]   22:     0x60d9fd668264 - std[617be2ca0a6fd877]::sys::backtrace::__rust_begin_short_backtrace::<test[aada8e7e76ba119b]::run_test::{closure#1}, ()>
[INFO] [stdout]   23:     0x60d9fd671a02 - <std[617be2ca0a6fd877]::thread::lifecycle::spawn_unchecked<test[aada8e7e76ba119b]::run_test::{closure#1}, ()>::{closure#1} as core[a373ad73a504971]::ops::function::FnOnce<()>>::call_once::{shim:vtable#0}
[INFO] [stdout]   24:     0x60d9fd7248bf - <std[617be2ca0a6fd877]::sys::thread::unix::Thread>::new::thread_start
[INFO] [stdout]   25:     0x7a34e38e8dfa - <unknown>
[INFO] [stdout]   26:     0x7a34e397c3d4 - clone
[INFO] [stdout]   27:                0x0 - <unknown>
[INFO] [stdout] 
[INFO] [stdout] ---- generated::protocol_tests::test_parse_error_rds_describe_db_instances stdout ----
[INFO] [stdout] 
[INFO] [stdout] thread 'generated::protocol_tests::test_parse_error_rds_describe_db_instances' (1024) panicked at /opt/rustwide/cargo-home/registry/src/index.crates.io-1949cf8c6b5b557f/rusoto_mock-0.48.0/src/lib.rs:195:53:
[INFO] [stdout] couldn't find file: Os { code: 2, kind: NotFound, message: "No such file or directory" }
[INFO] [stdout] stack backtrace:
[INFO] [stdout]    0:     0x60d9fd725071 - <<std[617be2ca0a6fd877]::sys::backtrace::BacktraceLock>::print::DisplayBacktrace as core[a373ad73a504971]::fmt::Display>::fmt
[INFO] [stdout]    1:     0x60d9fd73a47a - core[a373ad73a504971]::fmt::write
[INFO] [stdout]    2:     0x60d9fd72944c - <alloc[2e1b2a31b91974c5]::vec::Vec<u8> as core[a373ad73a504971]::io::write::Write>::write_fmt
[INFO] [stdout]    3:     0x60d9fd700df6 - std[617be2ca0a6fd877]::panicking::default_hook::{closure#0}
[INFO] [stdout]    4:     0x60d9fd71d549 - std[617be2ca0a6fd877]::panicking::default_hook
[INFO] [stdout]    5:     0x60d9fd66e350 - test[aada8e7e76ba119b]::test_main_inner::{closure#0}
[INFO] [stdout]    6:     0x60d9fd71d872 - std[617be2ca0a6fd877]::panicking::panic_with_hook
[INFO] [stdout]    7:     0x60d9fd700ea2 - std[617be2ca0a6fd877]::panicking::panic_handler::{closure#0}
[INFO] [stdout]    8:     0x60d9fd6f9bb9 - std[617be2ca0a6fd877]::sys::backtrace::__rust_end_short_backtrace::<std[617be2ca0a6fd877]::panicking::panic_handler::{closure#0}, !>
[INFO] [stdout]    9:     0x60d9fd701aad - __rustc[ea4f61d10b84890b]::rust_begin_unwind
[INFO] [stdout]   10:     0x60d9fd73abdc - core[a373ad73a504971]::panicking::panic_fmt
[INFO] [stdout]   11:     0x60d9fd73a9b2 - core[a373ad73a504971]::result::unwrap_failed
[INFO] [stdout]   12:     0x60d9fd6a32bc - <rusoto_mock[13889b9aa6d688c]::MockResponseReader as rusoto_mock[13889b9aa6d688c]::ReadMockResponse>::read_response
[INFO] [stdout]   13:     0x60d9fd6545cd - rusoto_rds[481f3670e81d0e24]::generated::protocol_tests::test_parse_error_rds_describe_db_instances::{closure#0}
[INFO] [stdout]   14:     0x60d9fd65a443 - <tokio[dcec0b943ea0e442]::runtime::scheduler::current_thread::Context>::enter::<core[a373ad73a504971]::task::poll::Poll<()>, <tokio[dcec0b943ea0e442]::runtime::scheduler::current_thread::CoreGuard>::block_on<core[a373ad73a504971]::pin::Pin<&mut core[a373ad73a504971]::pin::Pin<&mut dyn core[a373ad73a504971]::future::future::Future<Output = ()>>>>::{closure#0}::{closure#0}>
[INFO] [stdout]   15:     0x60d9fd65de2c - <tokio[dcec0b943ea0e442]::runtime::context::scoped::Scoped<tokio[dcec0b943ea0e442]::runtime::scheduler::Context>>::set::<<tokio[dcec0b943ea0e442]::runtime::scheduler::current_thread::CoreGuard>::enter<<tokio[dcec0b943ea0e442]::runtime::scheduler::current_thread::CoreGuard>::block_on<core[a373ad73a504971]::pin::Pin<&mut core[a373ad73a504971]::pin::Pin<&mut dyn core[a373ad73a504971]::future::future::Future<Output = ()>>>>::{closure#0}, core[a373ad73a504971]::option::Option<()>>::{closure#0}, (alloc[2e1b2a31b91974c5]::boxed::Box<tokio[dcec0b943ea0e442]::runtime::scheduler::current_thread::Core>, core[a373ad73a504971]::option::Option<()>)>
[INFO] [stdout]   16:     0x60d9fd65a5e7 - <tokio[dcec0b943ea0e442]::runtime::scheduler::current_thread::CoreGuard>::block_on::<core[a373ad73a504971]::pin::Pin<&mut core[a373ad73a504971]::pin::Pin<&mut dyn core[a373ad73a504971]::future::future::Future<Output = ()>>>>
[INFO] [stdout]   17:     0x60d9fd6607eb - tokio[dcec0b943ea0e442]::runtime::context::runtime::enter_runtime::<<tokio[dcec0b943ea0e442]::runtime::scheduler::current_thread::CurrentThread>::block_on<core[a373ad73a504971]::pin::Pin<&mut dyn core[a373ad73a504971]::future::future::Future<Output = ()>>>::{closure#0}, ()>
[INFO] [stdout]   18:     0x60d9fd65c115 - <tokio[dcec0b943ea0e442]::runtime::runtime::Runtime>::block_on::<core[a373ad73a504971]::pin::Pin<&mut dyn core[a373ad73a504971]::future::future::Future<Output = ()>>>
[INFO] [stdout]   19:     0x60d9fd65783e - <rusoto_rds[481f3670e81d0e24]::generated::protocol_tests::test_parse_error_rds_describe_db_instances::{closure#0} as core[a373ad73a504971]::ops::function::FnOnce<()>>::call_once
[INFO] [stdout]   20:     0x60d9fd66179b - test[aada8e7e76ba119b]::__rust_begin_short_backtrace::<core[a373ad73a504971]::result::Result<(), alloc[2e1b2a31b91974c5]::string::String>, fn() -> core[a373ad73a504971]::result::Result<(), alloc[2e1b2a31b91974c5]::string::String>>
[INFO] [stdout]   21:     0x60d9fd66e975 - test[aada8e7e76ba119b]::run_test::{closure#0}
[INFO] [stdout]   22:     0x60d9fd668264 - std[617be2ca0a6fd877]::sys::backtrace::__rust_begin_short_backtrace::<test[aada8e7e76ba119b]::run_test::{closure#1}, ()>
[INFO] [stdout]   23:     0x60d9fd671a02 - <std[617be2ca0a6fd877]::thread::lifecycle::spawn_unchecked<test[aada8e7e76ba119b]::run_test::{closure#1}, ()>::{closure#1} as core[a373ad73a504971]::ops::function::FnOnce<()>>::call_once::{shim:vtable#0}
[INFO] [stdout]   24:     0x60d9fd7248bf - <std[617be2ca0a6fd877]::sys::thread::unix::Thread>::new::thread_start
[INFO] [stdout]   25:     0x7a34e38e8dfa - <unknown>
[INFO] [stdout]   26:     0x7a34e397c3d4 - clone
[INFO] [stdout]   27:                0x0 - <unknown>
[INFO] [stdout] 
[INFO] [stdout] ---- generated::protocol_tests::test_parse_valid_rds_describe_db_engine_versions stdout ----
[INFO] [stdout] 
[INFO] [stdout] thread 'generated::protocol_tests::test_parse_valid_rds_describe_db_engine_versions' (1025) panicked at /opt/rustwide/cargo-home/registry/src/index.crates.io-1949cf8c6b5b557f/rusoto_mock-0.48.0/src/lib.rs:195:53:
[INFO] [stdout] couldn't find file: Os { code: 2, kind: NotFound, message: "No such file or directory" }
[INFO] [stdout] stack backtrace:
[INFO] [stdout]    0:     0x60d9fd725071 - <<std[617be2ca0a6fd877]::sys::backtrace::BacktraceLock>::print::DisplayBacktrace as core[a373ad73a504971]::fmt::Display>::fmt
[INFO] [stdout]    1:     0x60d9fd73a47a - core[a373ad73a504971]::fmt::write
[INFO] [stdout]    2:     0x60d9fd72944c - <alloc[2e1b2a31b91974c5]::vec::Vec<u8> as core[a373ad73a504971]::io::write::Write>::write_fmt
[INFO] [stdout]    3:     0x60d9fd700df6 - std[617be2ca0a6fd877]::panicking::default_hook::{closure#0}
[INFO] [stdout]    4:     0x60d9fd71d549 - std[617be2ca0a6fd877]::panicking::default_hook
[INFO] [stdout]    5:     0x60d9fd66e350 - test[aada8e7e76ba119b]::test_main_inner::{closure#0}
[INFO] [stdout]    6:     0x60d9fd71d872 - std[617be2ca0a6fd877]::panicking::panic_with_hook
[INFO] [stdout]    7:     0x60d9fd700ea2 - std[617be2ca0a6fd877]::panicking::panic_handler::{closure#0}
[INFO] [stdout]    8:     0x60d9fd6f9bb9 - std[617be2ca0a6fd877]::sys::backtrace::__rust_end_short_backtrace::<std[617be2ca0a6fd877]::panicking::panic_handler::{closure#0}, !>
[INFO] [stdout]    9:     0x60d9fd701aad - __rustc[ea4f61d10b84890b]::rust_begin_unwind
[INFO] [stdout]   10:     0x60d9fd73abdc - core[a373ad73a504971]::panicking::panic_fmt
[INFO] [stdout]   11:     0x60d9fd73a9b2 - core[a373ad73a504971]::result::unwrap_failed
[INFO] [stdout]   12:     0x60d9fd6a32bc - <rusoto_mock[13889b9aa6d688c]::MockResponseReader as rusoto_mock[13889b9aa6d688c]::ReadMockResponse>::read_response
[INFO] [stdout]   13:     0x60d9fd655bad - rusoto_rds[481f3670e81d0e24]::generated::protocol_tests::test_parse_valid_rds_describe_db_engine_versions::{closure#0}
[INFO] [stdout]   14:     0x60d9fd65a443 - <tokio[dcec0b943ea0e442]::runtime::scheduler::current_thread::Context>::enter::<core[a373ad73a504971]::task::poll::Poll<()>, <tokio[dcec0b943ea0e442]::runtime::scheduler::current_thread::CoreGuard>::block_on<core[a373ad73a504971]::pin::Pin<&mut core[a373ad73a504971]::pin::Pin<&mut dyn core[a373ad73a504971]::future::future::Future<Output = ()>>>>::{closure#0}::{closure#0}>
[INFO] [stdout]   15:     0x60d9fd65de2c - <tokio[dcec0b943ea0e442]::runtime::context::scoped::Scoped<tokio[dcec0b943ea0e442]::runtime::scheduler::Context>>::set::<<tokio[dcec0b943ea0e442]::runtime::scheduler::current_thread::CoreGuard>::enter<<tokio[dcec0b943ea0e442]::runtime::scheduler::current_thread::CoreGuard>::block_on<core[a373ad73a504971]::pin::Pin<&mut core[a373ad73a504971]::pin::Pin<&mut dyn core[a373ad73a504971]::future::future::Future<Output = ()>>>>::{closure#0}, core[a373ad73a504971]::option::Option<()>>::{closure#0}, (alloc[2e1b2a31b91974c5]::boxed::Box<tokio[dcec0b943ea0e442]::runtime::scheduler::current_thread::Core>, core[a373ad73a504971]::option::Option<()>)>
[INFO] [stdout]   16:     0x60d9fd65a5e7 - <tokio[dcec0b943ea0e442]::runtime::scheduler::current_thread::CoreGuard>::block_on::<core[a373ad73a504971]::pin::Pin<&mut core[a373ad73a504971]::pin::Pin<&mut dyn core[a373ad73a504971]::future::future::Future<Output = ()>>>>
[INFO] [stdout]   17:     0x60d9fd6607eb - tokio[dcec0b943ea0e442]::runtime::context::runtime::enter_runtime::<<tokio[dcec0b943ea0e442]::runtime::scheduler::current_thread::CurrentThread>::block_on<core[a373ad73a504971]::pin::Pin<&mut dyn core[a373ad73a504971]::future::future::Future<Output = ()>>>::{closure#0}, ()>
[INFO] [stdout]   18:     0x60d9fd65c115 - <tokio[dcec0b943ea0e442]::runtime::runtime::Runtime>::block_on::<core[a373ad73a504971]::pin::Pin<&mut dyn core[a373ad73a504971]::future::future::Future<Output = ()>>>
[INFO] [stdout]   19:     0x60d9fd65807e - <rusoto_rds[481f3670e81d0e24]::generated::protocol_tests::test_parse_valid_rds_describe_db_engine_versions::{closure#0} as core[a373ad73a504971]::ops::function::FnOnce<()>>::call_once
[INFO] [stdout]   20:     0x60d9fd66179b - test[aada8e7e76ba119b]::__rust_begin_short_backtrace::<core[a373ad73a504971]::result::Result<(), alloc[2e1b2a31b91974c5]::string::String>, fn() -> core[a373ad73a504971]::result::Result<(), alloc[2e1b2a31b91974c5]::string::String>>
[INFO] [stdout]   21:     0x60d9fd66e975 - test[aada8e7e76ba119b]::run_test::{closure#0}
[INFO] [stdout]   22:     0x60d9fd668264 - std[617be2ca0a6fd877]::sys::backtrace::__rust_begin_short_backtrace::<test[aada8e7e76ba119b]::run_test::{closure#1}, ()>
[INFO] [stdout]   23:     0x60d9fd671a02 - <std[617be2ca0a6fd877]::thread::lifecycle::spawn_unchecked<test[aada8e7e76ba119b]::run_test::{closure#1}, ()>::{closure#1} as core[a373ad73a504971]::ops::function::FnOnce<()>>::call_once::{shim:vtable#0}
[INFO] [stdout]   24:     0x60d9fd7248bf - <std[617be2ca0a6fd877]::sys::thread::unix::Thread>::new::thread_start
[INFO] [stdout]   25:     0x7a34e38e8dfa - <unknown>
[INFO] [stdout]   26:     0x7a34e397c3d4 - clone
[INFO] [stdout]   27:                0x0 - <unknown>
[INFO] [stdout] 
[INFO] [stdout] ---- generated::protocol_tests::test_parse_valid_rds_describe_events stdout ----
[INFO] [stdout] 
[INFO] [stdout] thread 'generated::protocol_tests::test_parse_valid_rds_describe_events' (1033) panicked at /opt/rustwide/cargo-home/registry/src/index.crates.io-1949cf8c6b5b557f/rusoto_mock-0.48.0/src/lib.rs:195:53:
[INFO] [stdout] couldn't find file: Os { code: 2, kind: NotFound, message: "No such file or directory" }
[INFO] [stdout] stack backtrace:
[INFO] [stdout]    0:     0x60d9fd725071 - <<std[617be2ca0a6fd877]::sys::backtrace::BacktraceLock>::print::DisplayBacktrace as core[a373ad73a504971]::fmt::Display>::fmt
[INFO] [stdout]    1:     0x60d9fd73a47a - core[a373ad73a504971]::fmt::write
[INFO] [stdout]    2:     0x60d9fd72944c - <alloc[2e1b2a31b91974c5]::vec::Vec<u8> as core[a373ad73a504971]::io::write::Write>::write_fmt
[INFO] [stdout]    3:     0x60d9fd700df6 - std[617be2ca0a6fd877]::panicking::default_hook::{closure#0}
[INFO] [stdout]    4:     0x60d9fd71d549 - std[617be2ca0a6fd877]::panicking::default_hook
[INFO] [stdout]    5:     0x60d9fd66e350 - test[aada8e7e76ba119b]::test_main_inner::{closure#0}
[INFO] [stdout]    6:     0x60d9fd71d872 - std[617be2ca0a6fd877]::panicking::panic_with_hook
[INFO] [stdout]    7:     0x60d9fd700ea2 - std[617be2ca0a6fd877]::panicking::panic_handler::{closure#0}
[INFO] [stdout]    8:     0x60d9fd6f9bb9 - std[617be2ca0a6fd877]::sys::backtrace::__rust_end_short_backtrace::<std[617be2ca0a6fd877]::panicking::panic_handler::{closure#0}, !>
[INFO] [stdout]    9:     0x60d9fd701aad - __rustc[ea4f61d10b84890b]::rust_begin_unwind
[INFO] [stdout]   10:     0x60d9fd73abdc - core[a373ad73a504971]::panicking::panic_fmt
[INFO] [stdout]   11:     0x60d9fd73a9b2 - core[a373ad73a504971]::result::unwrap_failed
[INFO] [stdout]   12:     0x60d9fd6a32bc - <rusoto_mock[13889b9aa6d688c]::MockResponseReader as rusoto_mock[13889b9aa6d688c]::ReadMockResponse>::read_response
[INFO] [stdout]   13:     0x60d9fd6541ed - rusoto_rds[481f3670e81d0e24]::generated::protocol_tests::test_parse_valid_rds_describe_events::{closure#0}
[INFO] [stdout]   14:     0x60d9fd65a443 - <tokio[dcec0b943ea0e442]::runtime::scheduler::current_thread::Context>::enter::<core[a373ad73a504971]::task::poll::Poll<()>, <tokio[dcec0b943ea0e442]::runtime::scheduler::current_thread::CoreGuard>::block_on<core[a373ad73a504971]::pin::Pin<&mut core[a373ad73a504971]::pin::Pin<&mut dyn core[a373ad73a504971]::future::future::Future<Output = ()>>>>::{closure#0}::{closure#0}>
[INFO] [stdout]   15:     0x60d9fd65de2c - <tokio[dcec0b943ea0e442]::runtime::context::scoped::Scoped<tokio[dcec0b943ea0e442]::runtime::scheduler::Context>>::set::<<tokio[dcec0b943ea0e442]::runtime::scheduler::current_thread::CoreGuard>::enter<<tokio[dcec0b943ea0e442]::runtime::scheduler::current_thread::CoreGuard>::block_on<core[a373ad73a504971]::pin::Pin<&mut core[a373ad73a504971]::pin::Pin<&mut dyn core[a373ad73a504971]::future::future::Future<Output = ()>>>>::{closure#0}, core[a373ad73a504971]::option::Option<()>>::{closure#0}, (alloc[2e1b2a31b91974c5]::boxed::Box<tokio[dcec0b943ea0e442]::runtime::scheduler::current_thread::Core>, core[a373ad73a504971]::option::Option<()>)>
[INFO] [stdout]   16:     0x60d9fd65a5e7 - <tokio[dcec0b943ea0e442]::runtime::scheduler::current_thread::CoreGuard>::block_on::<core[a373ad73a504971]::pin::Pin<&mut core[a373ad73a504971]::pin::Pin<&mut dyn core[a373ad73a504971]::future::future::Future<Output = ()>>>>
[INFO] [stdout]   17:     0x60d9fd6607eb - tokio[dcec0b943ea0e442]::runtime::context::runtime::enter_runtime::<<tokio[dcec0b943ea0e442]::runtime::scheduler::current_thread::CurrentThread>::block_on<core[a373ad73a504971]::pin::Pin<&mut dyn core[a373ad73a504971]::future::future::Future<Output = ()>>>::{closure#0}, ()>
[INFO] [stdout]   18:     0x60d9fd65c115 - <tokio[dcec0b943ea0e442]::runtime::runtime::Runtime>::block_on::<core[a373ad73a504971]::pin::Pin<&mut dyn core[a373ad73a504971]::future::future::Future<Output = ()>>>
[INFO] [stdout]   19:     0x60d9fd6576de - <rusoto_rds[481f3670e81d0e24]::generated::protocol_tests::test_parse_valid_rds_describe_events::{closure#0} as core[a373ad73a504971]::ops::function::FnOnce<()>>::call_once
[INFO] [stdout]   20:     0x60d9fd66179b - test[aada8e7e76ba119b]::__rust_begin_short_backtrace::<core[a373ad73a504971]::result::Result<(), alloc[2e1b2a31b91974c5]::string::String>, fn() -> core[a373ad73a504971]::result::Result<(), alloc[2e1b2a31b91974c5]::string::String>>
[INFO] [stdout]   21:     0x60d9fd66e975 - test[aada8e7e76ba119b]::run_test::{closure#0}
[INFO] [stdout]   22:     0x60d9fd668264 - std[617be2ca0a6fd877]::sys::backtrace::__rust_begin_short_backtrace::<test[aada8e7e76ba119b]::run_test::{closure#1}, ()>
[INFO] [stdout]   23:     0x60d9fd671a02 - <std[617be2ca0a6fd877]::thread::lifecycle::spawn_unchecked<test[aada8e7e76ba119b]::run_test::{closure#1}, ()>::{closure#1} as core[a373ad73a504971]::ops::function::FnOnce<()>>::call_once::{shim:vtable#0}
[INFO] [stdout]   24:     0x60d9fd7248bf - <std[617be2ca0a6fd877]::sys::thread::unix::Thread>::new::thread_start
[INFO] [stdout]   25:     0x7a34e38e8dfa - <unknown>
[INFO] [stdout]   26:     0x7a34e397c3d4 - clone
[INFO] [stdout]   27:                0x0 - <unknown>
[INFO] [stdout] 
[INFO] [stdout] ---- generated::protocol_tests::test_parse_valid_rds_describe_db_parameter_groups stdout ----
[INFO] [stdout] 
[INFO] [stdout] thread 'generated::protocol_tests::test_parse_valid_rds_describe_db_parameter_groups' (1027) panicked at /opt/rustwide/cargo-home/registry/src/index.crates.io-1949cf8c6b5b557f/rusoto_mock-0.48.0/src/lib.rs:195:53:
[INFO] [stdout] couldn't find file: Os { code: 2, kind: NotFound, message: "No such file or directory" }
[INFO] [stdout] stack backtrace:
[INFO] [stdout]    0:     0x60d9fd725071 - <<std[617be2ca0a6fd877]::sys::backtrace::BacktraceLock>::print::DisplayBacktrace as core[a373ad73a504971]::fmt::Display>::fmt
[INFO] [stdout]    1:     0x60d9fd73a47a - core[a373ad73a504971]::fmt::write
[INFO] [stdout]    2:     0x60d9fd72944c - <alloc[2e1b2a31b91974c5]::vec::Vec<u8> as core[a373ad73a504971]::io::write::Write>::write_fmt
[INFO] [stdout]    3:     0x60d9fd700df6 - std[617be2ca0a6fd877]::panicking::default_hook::{closure#0}
[INFO] [stdout]    4:     0x60d9fd71d549 - std[617be2ca0a6fd877]::panicking::default_hook
[INFO] [stdout]    5:     0x60d9fd66e350 - test[aada8e7e76ba119b]::test_main_inner::{closure#0}
[INFO] [stdout]    6:     0x60d9fd71d872 - std[617be2ca0a6fd877]::panicking::panic_with_hook
[INFO] [stdout]    7:     0x60d9fd700ea2 - std[617be2ca0a6fd877]::panicking::panic_handler::{closure#0}
[INFO] [stdout]    8:     0x60d9fd6f9bb9 - std[617be2ca0a6fd877]::sys::backtrace::__rust_end_short_backtrace::<std[617be2ca0a6fd877]::panicking::panic_handler::{closure#0}, !>
[INFO] [stdout]    9:     0x60d9fd701aad - __rustc[ea4f61d10b84890b]::rust_begin_unwind
[INFO] [stdout]   10:     0x60d9fd73abdc - core[a373ad73a504971]::panicking::panic_fmt
[INFO] [stdout]   11:     0x60d9fd73a9b2 - core[a373ad73a504971]::result::unwrap_failed
[INFO] [stdout]   12:     0x60d9fd6a32bc - <rusoto_mock[13889b9aa6d688c]::MockResponseReader as rusoto_mock[13889b9aa6d688c]::ReadMockResponse>::read_response
[INFO] [stdout]   13:     0x60d9fd65630d - rusoto_rds[481f3670e81d0e24]::generated::protocol_tests::test_parse_valid_rds_describe_db_parameter_groups::{closure#0}
[INFO] [stdout]   14:     0x60d9fd65a443 - <tokio[dcec0b943ea0e442]::runtime::scheduler::current_thread::Context>::enter::<core[a373ad73a504971]::task::poll::Poll<()>, <tokio[dcec0b943ea0e442]::runtime::scheduler::current_thread::CoreGuard>::block_on<core[a373ad73a504971]::pin::Pin<&mut core[a373ad73a504971]::pin::Pin<&mut dyn core[a373ad73a504971]::future::future::Future<Output = ()>>>>::{closure#0}::{closure#0}>
[INFO] [stdout]   15:     0x60d9fd65de2c - <tokio[dcec0b943ea0e442]::runtime::context::scoped::Scoped<tokio[dcec0b943ea0e442]::runtime::scheduler::Context>>::set::<<tokio[dcec0b943ea0e442]::runtime::scheduler::current_thread::CoreGuard>::enter<<tokio[dcec0b943ea0e442]::runtime::scheduler::current_thread::CoreGuard>::block_on<core[a373ad73a504971]::pin::Pin<&mut core[a373ad73a504971]::pin::Pin<&mut dyn core[a373ad73a504971]::future::future::Future<Output = ()>>>>::{closure#0}, core[a373ad73a504971]::option::Option<()>>::{closure#0}, (alloc[2e1b2a31b91974c5]::boxed::Box<tokio[dcec0b943ea0e442]::runtime::scheduler::current_thread::Core>, core[a373ad73a504971]::option::Option<()>)>
[INFO] [stdout]   16:     0x60d9fd65a5e7 - <tokio[dcec0b943ea0e442]::runtime::scheduler::current_thread::CoreGuard>::block_on::<core[a373ad73a504971]::pin::Pin<&mut core[a373ad73a504971]::pin::Pin<&mut dyn core[a373ad73a504971]::future::future::Future<Output = ()>>>>
[INFO] [stdout]   17:     0x60d9fd6607eb - tokio[dcec0b943ea0e442]::runtime::context::runtime::enter_runtime::<<tokio[dcec0b943ea0e442]::runtime::scheduler::current_thread::CurrentThread>::block_on<core[a373ad73a504971]::pin::Pin<&mut dyn core[a373ad73a504971]::future::future::Future<Output = ()>>>::{closure#0}, ()>
[INFO] [stdout]   18:     0x60d9fd65c115 - <tokio[dcec0b943ea0e442]::runtime::runtime::Runtime>::block_on::<core[a373ad73a504971]::pin::Pin<&mut dyn core[a373ad73a504971]::future::future::Future<Output = ()>>>
[INFO] [stdout]   19:     0x60d9fd65833e - <rusoto_rds[481f3670e81d0e24]::generated::protocol_tests::test_parse_valid_rds_describe_db_parameter_groups::{closure#0} as core[a373ad73a504971]::ops::function::FnOnce<()>>::call_once
[INFO] [stdout]   20:     0x60d9fd66179b - test[aada8e7e76ba119b]::__rust_begin_short_backtrace::<core[a373ad73a504971]::result::Result<(), alloc[2e1b2a31b91974c5]::string::String>, fn() -> core[a373ad73a504971]::result::Result<(), alloc[2e1b2a31b91974c5]::string::String>>
[INFO] [stdout]   21:     0x60d9fd66e975 - test[aada8e7e76ba119b]::run_test::{closure#0}
[INFO] [stdout]   22:     0x60d9fd668264 - std[617be2ca0a6fd877]::sys::backtrace::__rust_begin_short_backtrace::<test[aada8e7e76ba119b]::run_test::{closure#1}, ()>
[INFO] [stdout]   23:     0x60d9fd671a02 - <std[617be2ca0a6fd877]::thread::lifecycle::spawn_unchecked<test[aada8e7e76ba119b]::run_test::{closure#1}, ()>::{closure#1} as core[a373ad73a504971]::ops::function::FnOnce<()>>::call_once::{shim:vtable#0}
[INFO] [stdout]   24:     0x60d9fd7248bf - <std[617be2ca0a6fd877]::sys::thread::unix::Thread>::new::thread_start
[INFO] [stdout]   25:     0x7a34e38e8dfa - <unknown>
[INFO] [stdout]   26:     0x7a34e397c3d4 - clone
[INFO] [stdout]   27:                0x0 - <unknown>
[INFO] [stdout] 
[INFO] [stdout] ---- generated::protocol_tests::test_parse_valid_rds_describe_db_snapshots stdout ----
[INFO] [stdout] 
[INFO] [stdout] thread 'generated::protocol_tests::test_parse_valid_rds_describe_db_snapshots' (1029) panicked at /opt/rustwide/cargo-home/registry/src/index.crates.io-1949cf8c6b5b557f/rusoto_mock-0.48.0/src/lib.rs:195:53:
[INFO] [stdout] couldn't find file: Os { code: 2, kind: NotFound, message: "No such file or directory" }
[INFO] [stdout] stack backtrace:
[INFO] [stdout]    0:     0x60d9fd725071 - <<std[617be2ca0a6fd877]::sys::backtrace::BacktraceLock>::print::DisplayBacktrace as core[a373ad73a504971]::fmt::Display>::fmt
[INFO] [stdout]    1:     0x60d9fd73a47a - core[a373ad73a504971]::fmt::write
[INFO] [stdout]    2:     0x60d9fd72944c - <alloc[2e1b2a31b91974c5]::vec::Vec<u8> as core[a373ad73a504971]::io::write::Write>::write_fmt
[INFO] [stdout]    3:     0x60d9fd700df6 - std[617be2ca0a6fd877]::panicking::default_hook::{closure#0}
[INFO] [stdout]    4:     0x60d9fd71d549 - std[617be2ca0a6fd877]::panicking::default_hook
[INFO] [stdout]    5:     0x60d9fd66e350 - test[aada8e7e76ba119b]::test_main_inner::{closure#0}
[INFO] [stdout]    6:     0x60d9fd71d872 - std[617be2ca0a6fd877]::panicking::panic_with_hook
[INFO] [stdout]    7:     0x60d9fd700ea2 - std[617be2ca0a6fd877]::panicking::panic_handler::{closure#0}
[INFO] [stdout]    8:     0x60d9fd6f9bb9 - std[617be2ca0a6fd877]::sys::backtrace::__rust_end_short_backtrace::<std[617be2ca0a6fd877]::panicking::panic_handler::{closure#0}, !>
[INFO] [stdout]    9:     0x60d9fd701aad - __rustc[ea4f61d10b84890b]::rust_begin_unwind
[INFO] [stdout]   10:     0x60d9fd73abdc - core[a373ad73a504971]::panicking::panic_fmt
[INFO] [stdout]   11:     0x60d9fd73a9b2 - core[a373ad73a504971]::result::unwrap_failed
[INFO] [stdout]   12:     0x60d9fd6a32bc - <rusoto_mock[13889b9aa6d688c]::MockResponseReader as rusoto_mock[13889b9aa6d688c]::ReadMockResponse>::read_response
[INFO] [stdout]   13:     0x60d9fd654d0d - rusoto_rds[481f3670e81d0e24]::generated::protocol_tests::test_parse_valid_rds_describe_db_snapshots::{closure#0}
[INFO] [stdout]   14:     0x60d9fd65a443 - <tokio[dcec0b943ea0e442]::runtime::scheduler::current_thread::Context>::enter::<core[a373ad73a504971]::task::poll::Poll<()>, <tokio[dcec0b943ea0e442]::runtime::scheduler::current_thread::CoreGuard>::block_on<core[a373ad73a504971]::pin::Pin<&mut core[a373ad73a504971]::pin::Pin<&mut dyn core[a373ad73a504971]::future::future::Future<Output = ()>>>>::{closure#0}::{closure#0}>
[INFO] [stdout]   15:     0x60d9fd65de2c - <tokio[dcec0b943ea0e442]::runtime::context::scoped::Scoped<tokio[dcec0b943ea0e442]::runtime::scheduler::Context>>::set::<<tokio[dcec0b943ea0e442]::runtime::scheduler::current_thread::CoreGuard>::enter<<tokio[dcec0b943ea0e442]::runtime::scheduler::current_thread::CoreGuard>::block_on<core[a373ad73a504971]::pin::Pin<&mut core[a373ad73a504971]::pin::Pin<&mut dyn core[a373ad73a504971]::future::future::Future<Output = ()>>>>::{closure#0}, core[a373ad73a504971]::option::Option<()>>::{closure#0}, (alloc[2e1b2a31b91974c5]::boxed::Box<tokio[dcec0b943ea0e442]::runtime::scheduler::current_thread::Core>, core[a373ad73a504971]::option::Option<()>)>
[INFO] [stdout]   16:     0x60d9fd65a5e7 - <tokio[dcec0b943ea0e442]::runtime::scheduler::current_thread::CoreGuard>::block_on::<core[a373ad73a504971]::pin::Pin<&mut core[a373ad73a504971]::pin::Pin<&mut dyn core[a373ad73a504971]::future::future::Future<Output = ()>>>>
[INFO] [stdout]   17:     0x60d9fd6607eb - tokio[dcec0b943ea0e442]::runtime::context::runtime::enter_runtime::<<tokio[dcec0b943ea0e442]::runtime::scheduler::current_thread::CurrentThread>::block_on<core[a373ad73a504971]::pin::Pin<&mut dyn core[a373ad73a504971]::future::future::Future<Output = ()>>>::{closure#0}, ()>
[INFO] [stdout]   18:     0x60d9fd65c115 - <tokio[dcec0b943ea0e442]::runtime::runtime::Runtime>::block_on::<core[a373ad73a504971]::pin::Pin<&mut dyn core[a373ad73a504971]::future::future::Future<Output = ()>>>
[INFO] [stdout]   19:     0x60d9fd657afe - <rusoto_rds[481f3670e81d0e24]::generated::protocol_tests::test_parse_valid_rds_describe_db_snapshots::{closure#0} as core[a373ad73a504971]::ops::function::FnOnce<()>>::call_once
[INFO] [stdout]   20:     0x60d9fd66179b - test[aada8e7e76ba119b]::__rust_begin_short_backtrace::<core[a373ad73a504971]::result::Result<(), alloc[2e1b2a31b91974c5]::string::String>, fn() -> core[a373ad73a504971]::result::Result<(), alloc[2e1b2a31b91974c5]::string::String>>
[INFO] [stdout]   21:     0x60d9fd66e975 - test[aada8e7e76ba119b]::run_test::{closure#0}
[INFO] [stdout]   22:     0x60d9fd668264 - std[617be2ca0a6fd877]::sys::backtrace::__rust_begin_short_backtrace::<test[aada8e7e76ba119b]::run_test::{closure#1}, ()>
[INFO] [stdout]   23:     0x60d9fd671a02 - <std[617be2ca0a6fd877]::thread::lifecycle::spawn_unchecked<test[aada8e7e76ba119b]::run_test::{closure#1}, ()>::{closure#1} as core[a373ad73a504971]::ops::function::FnOnce<()>>::call_once::{shim:vtable#0}
[INFO] [stdout]   24:     0x60d9fd7248bf - <std[617be2ca0a6fd877]::sys::thread::unix::Thread>::new::thread_start
[INFO] [stdout]   25:     0x7a34e38e8dfa - <unknown>
[INFO] [stdout]   26:     0x7a34e397c3d4 - clone
[INFO] [stdout]   27:                0x0 - <unknown>
[INFO] [stdout] 
[INFO] [stdout] ---- generated::protocol_tests::test_parse_valid_rds_describe_db_security_groups stdout ----
[INFO] [stdout] 
[INFO] [stdout] thread 'generated::protocol_tests::test_parse_valid_rds_describe_db_security_groups' (1028) panicked at /opt/rustwide/cargo-home/registry/src/index.crates.io-1949cf8c6b5b557f/rusoto_mock-0.48.0/src/lib.rs:195:53:
[INFO] [stdout] couldn't find file: Os { code: 2, kind: NotFound, message: "No such file or directory" }
[INFO] [stdout] stack backtrace:
[INFO] [stdout]    0:     0x60d9fd725071 - <<std[617be2ca0a6fd877]::sys::backtrace::BacktraceLock>::print::DisplayBacktrace as core[a373ad73a504971]::fmt::Display>::fmt
[INFO] [stdout]    1:     0x60d9fd73a47a - core[a373ad73a504971]::fmt::write
[INFO] [stdout]    2:     0x60d9fd72944c - <alloc[2e1b2a31b91974c5]::vec::Vec<u8> as core[a373ad73a504971]::io::write::Write>::write_fmt
[INFO] [stdout]    3:     0x60d9fd700df6 - std[617be2ca0a6fd877]::panicking::default_hook::{closure#0}
[INFO] [stdout]    4:     0x60d9fd71d549 - std[617be2ca0a6fd877]::panicking::default_hook
[INFO] [stdout]    5:     0x60d9fd66e350 - test[aada8e7e76ba119b]::test_main_inner::{closure#0}
[INFO] [stdout]    6:     0x60d9fd71d872 - std[617be2ca0a6fd877]::panicking::panic_with_hook
[INFO] [stdout]    7:     0x60d9fd700ea2 - std[617be2ca0a6fd877]::panicking::panic_handler::{closure#0}
[INFO] [stdout]    8:     0x60d9fd6f9bb9 - std[617be2ca0a6fd877]::sys::backtrace::__rust_end_short_backtrace::<std[617be2ca0a6fd877]::panicking::panic_handler::{closure#0}, !>
[INFO] [stdout]    9:     0x60d9fd701aad - __rustc[ea4f61d10b84890b]::rust_begin_unwind
[INFO] [stdout]   10:     0x60d9fd73abdc - core[a373ad73a504971]::panicking::panic_fmt
[INFO] [stdout]   11:     0x60d9fd73a9b2 - core[a373ad73a504971]::result::unwrap_failed
[INFO] [stdout]   12:     0x60d9fd6a32bc - <rusoto_mock[13889b9aa6d688c]::MockResponseReader as rusoto_mock[13889b9aa6d688c]::ReadMockResponse>::read_response
[INFO] [stdout]   13:     0x60d9fd655f6d - rusoto_rds[481f3670e81d0e24]::generated::protocol_tests::test_parse_valid_rds_describe_db_security_groups::{closure#0}
[INFO] [stdout]   14:     0x60d9fd65a443 - <tokio[dcec0b943ea0e442]::runtime::scheduler::current_thread::Context>::enter::<core[a373ad73a504971]::task::poll::Poll<()>, <tokio[dcec0b943ea0e442]::runtime::scheduler::current_thread::CoreGuard>::block_on<core[a373ad73a504971]::pin::Pin<&mut core[a373ad73a504971]::pin::Pin<&mut dyn core[a373ad73a504971]::future::future::Future<Output = ()>>>>::{closure#0}::{closure#0}>
[INFO] [stdout]   15:     0x60d9fd65de2c - <tokio[dcec0b943ea0e442]::runtime::context::scoped::Scoped<tokio[dcec0b943ea0e442]::runtime::scheduler::Context>>::set::<<tokio[dcec0b943ea0e442]::runtime::scheduler::current_thread::CoreGuard>::enter<<tokio[dcec0b943ea0e442]::runtime::scheduler::current_thread::CoreGuard>::block_on<core[a373ad73a504971]::pin::Pin<&mut core[a373ad73a504971]::pin::Pin<&mut dyn core[a373ad73a504971]::future::future::Future<Output = ()>>>>::{closure#0}, core[a373ad73a504971]::option::Option<()>>::{closure#0}, (alloc[2e1b2a31b91974c5]::boxed::Box<tokio[dcec0b943ea0e442]::runtime::scheduler::current_thread::Core>, core[a373ad73a504971]::option::Option<()>)>
[INFO] [stdout]   16:     0x60d9fd65a5e7 - <tokio[dcec0b943ea0e442]::runtime::scheduler::current_thread::CoreGuard>::block_on::<core[a373ad73a504971]::pin::Pin<&mut core[a373ad73a504971]::pin::Pin<&mut dyn core[a373ad73a504971]::future::future::Future<Output = ()>>>>
[INFO] [stdout]   17:     0x60d9fd6607eb - tokio[dcec0b943ea0e442]::runtime::context::runtime::enter_runtime::<<tokio[dcec0b943ea0e442]::runtime::scheduler::current_thread::CurrentThread>::block_on<core[a373ad73a504971]::pin::Pin<&mut dyn core[a373ad73a504971]::future::future::Future<Output = ()>>>::{closure#0}, ()>
[INFO] [stdout]   18:     0x60d9fd65c115 - <tokio[dcec0b943ea0e442]::runtime::runtime::Runtime>::block_on::<core[a373ad73a504971]::pin::Pin<&mut dyn core[a373ad73a504971]::future::future::Future<Output = ()>>>
[INFO] [stdout]   19:     0x60d9fd6581de - <rusoto_rds[481f3670e81d0e24]::generated::protocol_tests::test_parse_valid_rds_describe_db_security_groups::{closure#0} as core[a373ad73a504971]::ops::function::FnOnce<()>>::call_once
[INFO] [stdout]   20:     0x60d9fd66179b - test[aada8e7e76ba119b]::__rust_begin_short_backtrace::<core[a373ad73a504971]::result::Result<(), alloc[2e1b2a31b91974c5]::string::String>, fn() -> core[a373ad73a504971]::result::Result<(), alloc[2e1b2a31b91974c5]::string::String>>
[INFO] [stdout]   21:     0x60d9fd66e975 - test[aada8e7e76ba119b]::run_test::{closure#0}
[INFO] [stdout]   22:     0x60d9fd668264 - std[617be2ca0a6fd877]::sys::backtrace::__rust_begin_short_backtrace::<test[aada8e7e76ba119b]::run_test::{closure#1}, ()>
[INFO] [stdout]   23:     0x60d9fd671a02 - <std[617be2ca0a6fd877]::thread::lifecycle::spawn_unchecked<test[aada8e7e76ba119b]::run_test::{closure#1}, ()>::{closure#1} as core[a373ad73a504971]::ops::function::FnOnce<()>>::call_once::{shim:vtable#0}
[INFO] [stdout]   24:     0x60d9fd7248bf - <std[617be2ca0a6fd877]::sys::thread::unix::Thread>::new::thread_start
[INFO] [stdout]   25:     0x7a34e38e8dfa - <unknown>
[INFO] [stdout]   26:     0x7a34e397c3d4 - clone
[INFO] [stdout]   27:                0x0 - <unknown>
[INFO] [stdout] 
[INFO] [stdout] ---- generated::protocol_tests::test_parse_valid_rds_describe_db_subnet_groups stdout ----
[INFO] [stdout] 
[INFO] [stdout] thread 'generated::protocol_tests::test_parse_valid_rds_describe_db_subnet_groups' (1030) panicked at /opt/rustwide/cargo-home/registry/src/index.crates.io-1949cf8c6b5b557f/rusoto_mock-0.48.0/src/lib.rs:195:53:
[INFO] [stdout] couldn't find file: Os { code: 2, kind: NotFound, message: "No such file or directory" }
[INFO] [stdout] stack backtrace:
[INFO] [stdout]    0:     0x60d9fd725071 - <<std[617be2ca0a6fd877]::sys::backtrace::BacktraceLock>::print::DisplayBacktrace as core[a373ad73a504971]::fmt::Display>::fmt
[INFO] [stdout]    1:     0x60d9fd73a47a - core[a373ad73a504971]::fmt::write
[INFO] [stdout]    2:     0x60d9fd72944c - <alloc[2e1b2a31b91974c5]::vec::Vec<u8> as core[a373ad73a504971]::io::write::Write>::write_fmt
[INFO] [stdout]    3:     0x60d9fd700df6 - std[617be2ca0a6fd877]::panicking::default_hook::{closure#0}
[INFO] [stdout]    4:     0x60d9fd71d549 - std[617be2ca0a6fd877]::panicking::default_hook
[INFO] [stdout]    5:     0x60d9fd66e350 - test[aada8e7e76ba119b]::test_main_inner::{closure#0}
[INFO] [stdout]    6:     0x60d9fd71d872 - std[617be2ca0a6fd877]::panicking::panic_with_hook
[INFO] [stdout]    7:     0x60d9fd700ea2 - std[617be2ca0a6fd877]::panicking::panic_handler::{closure#0}
[INFO] [stdout]    8:     0x60d9fd6f9bb9 - std[617be2ca0a6fd877]::sys::backtrace::__rust_end_short_backtrace::<std[617be2ca0a6fd877]::panicking::panic_handler::{closure#0}, !>
[INFO] [stdout]    9:     0x60d9fd701aad - __rustc[ea4f61d10b84890b]::rust_begin_unwind
[INFO] [stdout]   10:     0x60d9fd73abdc - core[a373ad73a504971]::panicking::panic_fmt
[INFO] [stdout]   11:     0x60d9fd73a9b2 - core[a373ad73a504971]::result::unwrap_failed
[INFO] [stdout]   12:     0x60d9fd6a32bc - <rusoto_mock[13889b9aa6d688c]::MockResponseReader as rusoto_mock[13889b9aa6d688c]::ReadMockResponse>::read_response
[INFO] [stdout]   13:     0x60d9fd65548d - rusoto_rds[481f3670e81d0e24]::generated::protocol_tests::test_parse_valid_rds_describe_db_subnet_groups::{closure#0}
[INFO] [stdout]   14:     0x60d9fd65a443 - <tokio[dcec0b943ea0e442]::runtime::scheduler::current_thread::Context>::enter::<core[a373ad73a504971]::task::poll::Poll<()>, <tokio[dcec0b943ea0e442]::runtime::scheduler::current_thread::CoreGuard>::block_on<core[a373ad73a504971]::pin::Pin<&mut core[a373ad73a504971]::pin::Pin<&mut dyn core[a373ad73a504971]::future::future::Future<Output = ()>>>>::{closure#0}::{closure#0}>
[INFO] [stdout]   15:     0x60d9fd65de2c - <tokio[dcec0b943ea0e442]::runtime::context::scoped::Scoped<tokio[dcec0b943ea0e442]::runtime::scheduler::Context>>::set::<<tokio[dcec0b943ea0e442]::runtime::scheduler::current_thread::CoreGuard>::enter<<tokio[dcec0b943ea0e442]::runtime::scheduler::current_thread::CoreGuard>::block_on<core[a373ad73a504971]::pin::Pin<&mut core[a373ad73a504971]::pin::Pin<&mut dyn core[a373ad73a504971]::future::future::Future<Output = ()>>>>::{closure#0}, core[a373ad73a504971]::option::Option<()>>::{closure#0}, (alloc[2e1b2a31b91974c5]::boxed::Box<tokio[dcec0b943ea0e442]::runtime::scheduler::current_thread::Core>, core[a373ad73a504971]::option::Option<()>)>
[INFO] [stdout]   16:     0x60d9fd65a5e7 - <tokio[dcec0b943ea0e442]::runtime::scheduler::current_thread::CoreGuard>::block_on::<core[a373ad73a504971]::pin::Pin<&mut core[a373ad73a504971]::pin::Pin<&mut dyn core[a373ad73a504971]::future::future::Future<Output = ()>>>>
[INFO] [stdout]   17:     0x60d9fd6607eb - tokio[dcec0b943ea0e442]::runtime::context::runtime::enter_runtime::<<tokio[dcec0b943ea0e442]::runtime::scheduler::current_thread::CurrentThread>::block_on<core[a373ad73a504971]::pin::Pin<&mut dyn core[a373ad73a504971]::future::future::Future<Output = ()>>>::{closure#0}, ()>
[INFO] [stdout]   18:     0x60d9fd65c115 - <tokio[dcec0b943ea0e442]::runtime::runtime::Runtime>::block_on::<core[a373ad73a504971]::pin::Pin<&mut dyn core[a373ad73a504971]::future::future::Future<Output = ()>>>
[INFO] [stdout]   19:     0x60d9fd657dbe - <rusoto_rds[481f3670e81d0e24]::generated::protocol_tests::test_parse_valid_rds_describe_db_subnet_groups::{closure#0} as core[a373ad73a504971]::ops::function::FnOnce<()>>::call_once
[INFO] [stdout]   20:     0x60d9fd66179b - test[aada8e7e76ba119b]::__rust_begin_short_backtrace::<core[a373ad73a504971]::result::Result<(), alloc[2e1b2a31b91974c5]::string::String>, fn() -> core[a373ad73a504971]::result::Result<(), alloc[2e1b2a31b91974c5]::string::String>>
[INFO] [stdout]   21:     0x60d9fd66e975 - test[aada8e7e76ba119b]::run_test::{closure#0}
[INFO] [stdout]   22:     0x60d9fd668264 - std[617be2ca0a6fd877]::sys::backtrace::__rust_begin_short_backtrace::<test[aada8e7e76ba119b]::run_test::{closure#1}, ()>
[INFO] [stdout]   23:     0x60d9fd671a02 - <std[617be2ca0a6fd877]::thread::lifecycle::spawn_unchecked<test[aada8e7e76ba119b]::run_test::{closure#1}, ()>::{closure#1} as core[a373ad73a504971]::ops::function::FnOnce<()>>::call_once::{shim:vtable#0}
[INFO] [stdout]   24:     0x60d9fd7248bf - <std[617be2ca0a6fd877]::sys::thread::unix::Thread>::new::thread_start
[INFO] [stdout]   25:     0x7a34e38e8dfa - <unknown>
[INFO] [stdout]   26:     0x7a34e397c3d4 - clone
[INFO] [stdout]   27:                0x0 - <unknown>
[INFO] [stdout] 
[INFO] [stderr] error: test failed, to rerun pass `--lib`
[INFO] [stdout] 
[INFO] [stdout] failures:
[INFO] [stdout]     generated::protocol_tests::test_parse_error_rds_describe_db_instances
[INFO] [stdout]     generated::protocol_tests::test_parse_valid_rds_describe_db_engine_versions
[INFO] [stdout]     generated::protocol_tests::test_parse_valid_rds_describe_db_instances
[INFO] [stdout]     generated::protocol_tests::test_parse_valid_rds_describe_db_parameter_groups
[INFO] [stdout]     generated::protocol_tests::test_parse_valid_rds_describe_db_security_groups
[INFO] [stdout]     generated::protocol_tests::test_parse_valid_rds_describe_db_snapshots
[INFO] [stdout]     generated::protocol_tests::test_parse_valid_rds_describe_db_subnet_groups
[INFO] [stdout]     generated::protocol_tests::test_parse_valid_rds_describe_event_categories
[INFO] [stdout]     generated::protocol_tests::test_parse_valid_rds_describe_event_subscriptions
[INFO] [stdout]     generated::protocol_tests::test_parse_valid_rds_describe_events
[INFO] [stdout]     generated::protocol_tests::test_parse_valid_rds_describe_option_groups
[INFO] [stdout]     generated::protocol_tests::test_parse_valid_rds_describe_reserved_db_instances
[INFO] [stdout]     generated::protocol_tests::test_parse_valid_rds_describe_reserved_db_instances_offerings
[INFO] [stdout] 
[INFO] [stdout] test result: FAILED. 0 passed; 13 failed; 0 ignored; 0 measured; 0 filtered out; finished in 0.01s
[INFO] [stdout] 
[INFO] running `Command { std: "docker" "inspect" "a470e8b37c9a330e89272d3a81c20227a77b77b1a94ce777ab25ec2e444a655a", kill_on_drop: false }`
[INFO] running `Command { std: "docker" "rm" "-f" "a470e8b37c9a330e89272d3a81c20227a77b77b1a94ce777ab25ec2e444a655a", kill_on_drop: false }`
[INFO] [stdout] a470e8b37c9a330e89272d3a81c20227a77b77b1a94ce777ab25ec2e444a655a
