[INFO] fetching crate rusoto_credential 0.48.0...
[INFO] testing rusoto_credential-0.48.0 against 1.99.0-beta.8+cargoflags=--release for beta-release-1.100-2
[INFO] extracting crate rusoto_credential 0.48.0 into /workspace/builds/worker-5-tc1/source
[INFO] started tweaking crates.io crate rusoto_credential 0.48.0
[INFO] finished tweaking crates.io crate rusoto_credential 0.48.0
[INFO] tweaked toml for crates.io crate rusoto_credential 0.48.0 written to /workspace/builds/worker-5-tc1/source/Cargo.toml
[INFO] validating manifest of crates.io crate rusoto_credential 0.48.0 on toolchain 1.99.0-beta.8
[INFO] running `Command { std: CARGO_HOME="/workspace/cargo-home" RUSTUP_HOME="/workspace/rustup-home" "/workspace/cargo-home/bin/cargo" "+1.99.0-beta.8" "metadata" "--manifest-path" "Cargo.toml" "--no-deps", kill_on_drop: false }`
[INFO] running `Command { std: CARGO_HOME="/workspace/cargo-home" RUSTUP_HOME="/workspace/rustup-home" "/workspace/cargo-home/bin/cargo" "+1.99.0-beta.8" "generate-lockfile" "--manifest-path" "Cargo.toml", kill_on_drop: false }`
[INFO] [stderr]     Updating crates.io index
[INFO] [stderr]      Locking 119 packages to highest compatible versions
[INFO] [stderr]       Adding hyper v0.14.32 (available: v1.12.0)
[INFO] [stderr]       Adding quickcheck v0.9.2 (available: v1.1.0)
[INFO] [stderr]       Adding quickcheck_macros v0.9.1 (available: v1.2.0)
[INFO] [stderr]       Adding shlex v1.3.0 (available: v2.0.1)
[INFO] running `Command { std: CARGO_HOME="/workspace/cargo-home" RUSTUP_HOME="/workspace/rustup-home" "/workspace/cargo-home/bin/cargo" "+1.99.0-beta.8" "fetch" "--manifest-path" "Cargo.toml", kill_on_drop: false }`
[INFO] [stderr]  Downloading crates ...
[INFO] [stderr]   Downloaded quickcheck_macros v0.9.1
[INFO] running `Command { std: "docker" "create" "-v" "/var/lib/crater-agent-workspace/builds/worker-5-tc1/source:/opt/rustwide/workdir:ro,Z" "-v" "/var/lib/crater-agent-workspace/builds/worker-5-tc1/target:/opt/rustwide/target:rw,Z" "-v" "/var/lib/crater-agent-workspace/cargo-home:/opt/rustwide/cargo-home:ro,Z" "-v" "/var/lib/crater-agent-workspace/rustup-home:/opt/rustwide/rustup-home:ro,Z" "-m" "1610612736" "--network" "none" "ghcr.io/rust-lang/crates-build-env/linux@sha256:77db811e55d90add9212f6832c23229e3de5f1c1f9905e8cb07319ea15df73ac" "sleep" "infinity", kill_on_drop: false }`
[INFO] [stdout] 100a57f463eff6f5e1a24987fc2022a6118ba937601d29c405c0e689d4347a4c
[INFO] running `Command { std: "docker" "start" "100a57f463eff6f5e1a24987fc2022a6118ba937601d29c405c0e689d4347a4c", kill_on_drop: false }`
[INFO] running `Command { std: "docker" "inspect" "100a57f463eff6f5e1a24987fc2022a6118ba937601d29c405c0e689d4347a4c", kill_on_drop: false }`
[INFO] running `Command { std: "docker" "exec" "-e" "SOURCE_DIR=/opt/rustwide/workdir" "-e" "CARGO_HOME=/opt/rustwide/cargo-home" "-e" "RUSTUP_HOME=/opt/rustwide/rustup-home" "-e" "CARGO_TARGET_DIR=/opt/rustwide/target" "-w" "/opt/rustwide/workdir" "--user" "0:0" "100a57f463eff6f5e1a24987fc2022a6118ba937601d29c405c0e689d4347a4c" "/opt/rustwide/cargo-home/bin/cargo" "+1.99.0-beta.8" "metadata" "--no-deps" "--format-version=1", kill_on_drop: false }`
[INFO] running `Command { std: "docker" "inspect" "100a57f463eff6f5e1a24987fc2022a6118ba937601d29c405c0e689d4347a4c", kill_on_drop: false }`
[INFO] running `Command { std: "docker" "exec" "-e" "SOURCE_DIR=/opt/rustwide/workdir" "-e" "CARGO_HOME=/opt/rustwide/cargo-home" "-e" "RUSTUP_HOME=/opt/rustwide/rustup-home" "-e" "CARGO_TARGET_DIR=/opt/rustwide/target" "-e" "CARGO_INCREMENTAL=0" "-e" "RUST_BACKTRACE=full" "-e" "RUSTFLAGS=--cap-lints=warn" "-e" "RUSTDOCFLAGS=--cap-lints=warn" "-w" "/opt/rustwide/workdir" "--user" "0:0" "100a57f463eff6f5e1a24987fc2022a6118ba937601d29c405c0e689d4347a4c" "/opt/rustwide/cargo-home/bin/cargo" "+1.99.0-beta.8" "build" "--frozen" "--message-format=json" "--release", kill_on_drop: false }`
[INFO] [stderr]    Compiling futures-channel v0.3.34
[INFO] [stderr]    Compiling tokio-macros v2.7.2
[INFO] [stderr]    Compiling dirs-sys-next v0.1.2
[INFO] [stderr]    Compiling chrono v0.4.45
[INFO] [stderr]    Compiling shlex v1.3.0
[INFO] [stderr]    Compiling dirs-next v2.0.0
[INFO] [stderr]    Compiling futures-util v0.3.34
[INFO] [stderr]    Compiling tokio v1.53.3
[INFO] [stderr]    Compiling futures-executor v0.3.34
[INFO] [stderr]    Compiling futures v0.3.34
[INFO] [stderr]    Compiling hyper v0.14.32
[INFO] [stderr]    Compiling rusoto_credential v0.48.0 (/opt/rustwide/workdir)
[INFO] [stderr]     Finished `release` profile [optimized] target(s) in 38.05s
[INFO] running `Command { std: "docker" "inspect" "100a57f463eff6f5e1a24987fc2022a6118ba937601d29c405c0e689d4347a4c", kill_on_drop: false }`
[INFO] running `Command { std: "docker" "exec" "-e" "SOURCE_DIR=/opt/rustwide/workdir" "-e" "CARGO_HOME=/opt/rustwide/cargo-home" "-e" "RUSTUP_HOME=/opt/rustwide/rustup-home" "-e" "CARGO_TARGET_DIR=/opt/rustwide/target" "-e" "CARGO_INCREMENTAL=0" "-e" "RUST_BACKTRACE=full" "-e" "RUSTFLAGS=--cap-lints=warn" "-e" "RUSTDOCFLAGS=--cap-lints=warn" "-w" "/opt/rustwide/workdir" "--user" "0:0" "100a57f463eff6f5e1a24987fc2022a6118ba937601d29c405c0e689d4347a4c" "/opt/rustwide/cargo-home/bin/cargo" "+1.99.0-beta.8" "test" "--frozen" "--no-run" "--message-format=json" "--release", kill_on_drop: false }`
[INFO] [stderr]    Compiling getrandom v0.1.16
[INFO] [stderr]    Compiling env_logger v0.7.1
[INFO] [stderr]    Compiling quickcheck_macros v0.9.1
[INFO] [stderr]    Compiling tempfile v3.27.0
[INFO] [stderr]    Compiling rand_core v0.5.1
[INFO] [stderr]    Compiling rand_chacha v0.2.2
[INFO] [stderr]    Compiling rand v0.7.3
[INFO] [stderr]    Compiling quickcheck v0.9.2
[INFO] [stderr]    Compiling rusoto_credential v0.48.0 (/opt/rustwide/workdir)
[INFO] [stderr]     Finished `release` profile [optimized] target(s) in 15.64s
[INFO] running `Command { std: "docker" "inspect" "100a57f463eff6f5e1a24987fc2022a6118ba937601d29c405c0e689d4347a4c", kill_on_drop: false }`
[INFO] running `Command { std: "docker" "exec" "-e" "SOURCE_DIR=/opt/rustwide/workdir" "-e" "CARGO_HOME=/opt/rustwide/cargo-home" "-e" "RUSTUP_HOME=/opt/rustwide/rustup-home" "-e" "CARGO_TARGET_DIR=/opt/rustwide/target" "-e" "CARGO_INCREMENTAL=0" "-e" "RUST_BACKTRACE=full" "-e" "RUSTFLAGS=--cap-lints=warn" "-e" "RUSTDOCFLAGS=--cap-lints=warn" "-w" "/opt/rustwide/workdir" "--user" "0:0" "100a57f463eff6f5e1a24987fc2022a6118ba937601d29c405c0e689d4347a4c" "/opt/rustwide/cargo-home/bin/cargo" "+1.99.0-beta.8" "test" "--frozen" "--release", kill_on_drop: false }`
[INFO] [stderr]     Finished `release` profile [optimized] target(s) in 0.15s
[INFO] [stderr]      Running unittests src/lib.rs (/opt/rustwide/target/release/deps/rusoto_credential-17160ec8b29cd5eb)
[INFO] [stdout] 
[INFO] [stdout] running 61 tests
[INFO] [stdout] test container::tests::request_from_full_uri_with_token ... ok
[INFO] [stdout] test container::tests::request_from_full_uri_with_empty_token ... ok
[INFO] [stdout] test container::tests::error_from_missing_env_vars ... ok
[INFO] [stdout] test container::tests::request_from_relative_uri ... ok
[INFO] [stdout] test environment::tests::alternative_prefix ... ok
[INFO] [stdout] test environment::tests::environment_provider_bad_expiration ... ok
[INFO] [stdout] test environment::tests::environment_provider_missing_key_id ... ok
[INFO] [stdout] test environment::tests::regression_test_rfc_3339_compat ... ok
[INFO] [stdout] test profile::tests::default_profile_location ... ok
[INFO] [stdout] test profile::tests::default_profile_location_from_empty_env_var ... ok
[INFO] [stdout] test profile::tests::default_profile_location_from_env_var ... ok
[INFO] [stdout] test profile::tests::default_profile_name ... ok
[INFO] [stdout] test environment::tests::environment_provider_missing_credentials ... ok
[INFO] [stdout] test environment::tests::get_non_temporary_credentials_from_env ... ok
[INFO] [stdout] test profile::tests::default_profile_name_from_env_var ... ok
[INFO] [stdout] test container::tests::request_from_full_uri_without_token ... ok
[INFO] [stdout] test container::tests::error_from_empty_env_vars ... ok
[INFO] [stdout] test environment::tests::get_temporary_credentials_from_env ... ok
[INFO] [stdout] test environment::tests::get_temporary_credentials_with_expiration_from_env ... ok
[INFO] [stdout] test profile::tests::existing_file_no_credentials ... FAILED
[INFO] [stdout] test profile::tests::parse_all_values_credentials_file ... FAILED
[INFO] [stdout] test profile::tests::parse_config_file_credential_process ... FAILED
[INFO] [stdout] test profile::tests::parse_config_file_multiple_profiles ... FAILED
[INFO] [stdout] test profile::tests::default_profile_name_from_empty_env_var ... ok
[INFO] [stdout] test profile::tests::parse_config_file_default_profile ... FAILED
[INFO] [stdout] test environment::tests::environment_provider_missing_secret ... ok
[INFO] [stdout] test profile::tests::parse_credentials_bad_path ... ok
[INFO] [stdout] test profile::tests::parse_credentials_file_default_profile ... FAILED
[INFO] [stdout] test profile::tests::parse_credentials_unrecognized_field ... FAILED
[INFO] [stdout] test profile::tests::parse_credentials_directory_path ... ok
[INFO] [stdout] test profile::tests::parse_credentials_file_multiple_profiles ... FAILED
[INFO] [stdout] test profile::tests::region_from_profile_missing_profile ... ok
[INFO] [stdout] test profile::tests::profile_provider_bad_profile ... FAILED
[INFO] [stdout] test profile::tests::profile_provider_credential_process ... FAILED
[INFO] [stdout] test profile::tests::region_from_profile ... FAILED
[INFO] [stdout] test profile::tests::profile_provider_profile_name ... ok
[INFO] [stdout] test static_provider::tests::static_provider_impl_from_for_awscredentials ... ok
[INFO] [stdout] test profile::tests::profile_provider_happy_path ... FAILED
[INFO] [stdout] test profile::tests::profile_provider_profile_name_via_environment_variable ... FAILED
[INFO] [stdout] test static_provider::tests::test_static_provider_creation ... ok
[INFO] [stdout] test static_provider::tests::test_static_provider_custom_time_expiration ... ok
[INFO] [stdout] test profile::tests::profile_provider_via_environment_variable ... ok
[INFO] [stdout] test tests::parse_iam_task_credentials_sample_response ... FAILED
[INFO] [stdout] test tests::profile_provider_finds_right_credentials_in_file ... FAILED
[INFO] [stdout] test static_provider::tests::test_static_provider_minimal_creation ... ok
[INFO] [stdout] test tests::default_empty_credentials_are_considered_anonymous ... ok
[INFO] [stdout] test tests::credentials_with_values_are_not_considered_anonymous ... ok
[INFO] [stdout] test variable::test::dynamic ... ok
[INFO] [stdout] test tests::providers_are_send_and_sync ... ok
[INFO] [stdout] test variable::test::api_ergonomics ... ok
[INFO] [stdout] test static_provider::tests::test_static_provider_secrets_not_in_debug ... ok
[INFO] [stdout] test variable::test::from_text_file ... ok
[INFO] [stdout] test variable::test::from_binary_file ... ok
[INFO] [stdout] test variable::test::is_send ... ok
[INFO] [stdout] test variable::test::is_sync ... ok
[INFO] [stdout] test variable::test::or ... ok
[INFO] [stdout] test tests::test_aws_credentials_secrets_not_in_debug ... ok
[INFO] [stdout] test variable::test::from_empty_env_var ... ok
[INFO] [stdout] test variable::test::from_env_var ... ok
[INFO] [stdout] test variable::test::from_value ... ok
[INFO] [stdout] test static_provider::tests::test_static_provider_expiration_time_is_recalculated ... ok
[INFO] [stdout] 
[INFO] [stdout] failures:
[INFO] [stdout] 
[INFO] [stdout] ---- profile::tests::existing_file_no_credentials stdout ----
[INFO] [stdout] 
[INFO] [stdout] thread 'profile::tests::existing_file_no_credentials' (558) panicked at src/profile.rs:642:9:
[INFO] [stdout] assertion `left == right` failed
[INFO] [stdout]   left: Some(CredentialsError { message: "Couldn't stat credentials file: [ \"tests/sample-data/no_credentials\" ]. Non existant, or no permission." })
[INFO] [stdout]  right: Some(CredentialsError { message: "No credentials found." })
[INFO] [stdout] stack backtrace:
[INFO] [stdout]    0:     0x5b48db55dd81 - <<std[70759c8f55707aa4]::sys::backtrace::BacktraceLock>::print::DisplayBacktrace as core[df12db4294e9bfd3]::fmt::Display>::fmt
[INFO] [stdout]    1:     0x5b48db573c9a - core[df12db4294e9bfd3]::fmt::write
[INFO] [stdout]    2:     0x5b48db56276c - <alloc[2182bb758b4b3781]::vec::Vec<u8> as core[df12db4294e9bfd3]::io::write::Write>::write_fmt
[INFO] [stdout]    3:     0x5b48db538c16 - std[70759c8f55707aa4]::panicking::default_hook::{closure#0}
[INFO] [stdout]    4:     0x5b48db555b99 - std[70759c8f55707aa4]::panicking::default_hook
[INFO] [stdout]    5:     0x5b48db3eb820 - test[9d35eded1c95d3be]::test_main_inner::<test[9d35eded1c95d3be]::test_main_static::{closure#0}>::{closure#0}
[INFO] [stdout]    6:     0x5b48db555ec2 - std[70759c8f55707aa4]::panicking::panic_with_hook
[INFO] [stdout]    7:     0x5b48db538cc2 - std[70759c8f55707aa4]::panicking::panic_handler::{closure#0}
[INFO] [stdout]    8:     0x5b48db531649 - std[70759c8f55707aa4]::sys::backtrace::__rust_end_short_backtrace::<std[70759c8f55707aa4]::panicking::panic_handler::{closure#0}, !>
[INFO] [stdout]    9:     0x5b48db539add - __rustc[8fa7c3cbc660c2b3]::rust_begin_unwind
[INFO] [stdout]   10:     0x5b48db57447c - core[df12db4294e9bfd3]::panicking::panic_fmt
[INFO] [stdout]   11:     0x5b48db574393 - core[df12db4294e9bfd3]::panicking::assert_failed_inner
[INFO] [stdout]   12:     0x5b48db3d8131 - core[df12db4294e9bfd3]::panicking::assert_failed::<core[df12db4294e9bfd3]::option::Option<rusoto_credential[9d91391bbb4d606b]::CredentialsError>, core[df12db4294e9bfd3]::option::Option<rusoto_credential[9d91391bbb4d606b]::CredentialsError>>
[INFO] [stdout]   13:     0x5b48db3ad8b1 - rusoto_credential[9d91391bbb4d606b]::profile::tests::existing_file_no_credentials
[INFO] [stdout]   14:     0x5b48db3b9b69 - <rusoto_credential[9d91391bbb4d606b]::profile::tests::existing_file_no_credentials::{closure#0} as core[df12db4294e9bfd3]::ops::function::FnOnce<()>>::call_once
[INFO] [stdout]   15:     0x5b48db3deb0b - test[9d35eded1c95d3be]::__rust_begin_short_backtrace::<core[df12db4294e9bfd3]::result::Result<(), alloc[2182bb758b4b3781]::string::String>, fn() -> core[df12db4294e9bfd3]::result::Result<(), alloc[2182bb758b4b3781]::string::String>>
[INFO] [stdout]   16:     0x5b48db3ec175 - test[9d35eded1c95d3be]::run_test::{closure#0}
[INFO] [stdout]   17:     0x5b48db3e5a34 - std[70759c8f55707aa4]::sys::backtrace::__rust_begin_short_backtrace::<test[9d35eded1c95d3be]::run_test::{closure#1}, ()>
[INFO] [stdout]   18:     0x5b48db3ef2d2 - <std[70759c8f55707aa4]::thread::lifecycle::spawn_unchecked<test[9d35eded1c95d3be]::run_test::{closure#1}, ()>::{closure#1} as core[df12db4294e9bfd3]::ops::function::FnOnce<()>>::call_once::{shim:vtable#0}
[INFO] [stdout]   19:     0x5b48db55d329 - <std[70759c8f55707aa4]::sys::thread::unix::Thread>::new::thread_start
[INFO] [stdout]   20:     0x7b15956c5dfa - <unknown>
[INFO] [stdout]   21:     0x7b15957593d4 - clone
[INFO] [stdout]   22:                0x0 - <unknown>
[INFO] [stdout] 
[INFO] [stdout] ---- profile::tests::parse_all_values_credentials_file stdout ----
[INFO] [stdout] 
[INFO] [stdout] thread 'profile::tests::parse_all_values_credentials_file' (559) panicked at src/profile.rs:535:9:
[INFO] [stdout] assertion failed: result.is_ok()
[INFO] [stdout] stack backtrace:
[INFO] [stdout]    0:     0x5b48db55dd81 - <<std[70759c8f55707aa4]::sys::backtrace::BacktraceLock>::print::DisplayBacktrace as core[df12db4294e9bfd3]::fmt::Display>::fmt
[INFO] [stdout]    1:     0x5b48db573c9a - core[df12db4294e9bfd3]::fmt::write
[INFO] [stdout]    2:     0x5b48db56276c - <alloc[2182bb758b4b3781]::vec::Vec<u8> as core[df12db4294e9bfd3]::io::write::Write>::write_fmt
[INFO] [stdout]    3:     0x5b48db538c16 - std[70759c8f55707aa4]::panicking::default_hook::{closure#0}
[INFO] [stdout]    4:     0x5b48db555b99 - std[70759c8f55707aa4]::panicking::default_hook
[INFO] [stdout]    5:     0x5b48db3eb820 - test[9d35eded1c95d3be]::test_main_inner::<test[9d35eded1c95d3be]::test_main_static::{closure#0}>::{closure#0}
[INFO] [stdout]    6:     0x5b48db555ec2 - std[70759c8f55707aa4]::panicking::panic_with_hook
[INFO] [stdout]    7:     0x5b48db538cf4 - std[70759c8f55707aa4]::panicking::panic_handler::{closure#0}
[INFO] [stdout]    8:     0x5b48db531649 - std[70759c8f55707aa4]::sys::backtrace::__rust_end_short_backtrace::<std[70759c8f55707aa4]::panicking::panic_handler::{closure#0}, !>
[INFO] [stdout]    9:     0x5b48db539add - __rustc[8fa7c3cbc660c2b3]::rust_begin_unwind
[INFO] [stdout]   10:     0x5b48db57447c - core[df12db4294e9bfd3]::panicking::panic_fmt
[INFO] [stdout]   11:     0x5b48db574442 - core[df12db4294e9bfd3]::panicking::panic
[INFO] [stdout]   12:     0x5b48db3ae1fb - rusoto_credential[9d91391bbb4d606b]::profile::tests::parse_all_values_credentials_file
[INFO] [stdout]   13:     0x5b48db3b9c09 - <rusoto_credential[9d91391bbb4d606b]::profile::tests::parse_all_values_credentials_file::{closure#0} as core[df12db4294e9bfd3]::ops::function::FnOnce<()>>::call_once
[INFO] [stdout]   14:     0x5b48db3deb0b - test[9d35eded1c95d3be]::__rust_begin_short_backtrace::<core[df12db4294e9bfd3]::result::Result<(), alloc[2182bb758b4b3781]::string::String>, fn() -> core[df12db4294e9bfd3]::result::Result<(), alloc[2182bb758b4b3781]::string::String>>
[INFO] [stdout]   15:     0x5b48db3ec175 - test[9d35eded1c95d3be]::run_test::{closure#0}
[INFO] [stdout]   16:     0x5b48db3e5a34 - std[70759c8f55707aa4]::sys::backtrace::__rust_begin_short_backtrace::<test[9d35eded1c95d3be]::run_test::{closure#1}, ()>
[INFO] [stdout]   17:     0x5b48db3ef2d2 - <std[70759c8f55707aa4]::thread::lifecycle::spawn_unchecked<test[9d35eded1c95d3be]::run_test::{closure#1}, ()>::{closure#1} as core[df12db4294e9bfd3]::ops::function::FnOnce<()>>::call_once::{shim:vtable#0}
[INFO] [stdout]   18:     0x5b48db55d329 - <std[70759c8f55707aa4]::sys::thread::unix::Thread>::new::thread_start
[INFO] [stdout]   19:     0x7b15956c5dfa - <unknown>
[INFO] [stdout]   20:     0x7b15957593d4 - clone
[INFO] [stdout]   21:                0x0 - <unknown>
[INFO] [stdout] 
[INFO] [stdout] ---- profile::tests::parse_config_file_credential_process stdout ----
[INFO] [stdout] 
[INFO] [stdout] thread 'profile::tests::parse_config_file_credential_process' (560) panicked at src/profile.rs:478:9:
[INFO] [stdout] assertion failed: result.is_some()
[INFO] [stdout] stack backtrace:
[INFO] [stdout]    0:     0x5b48db55dd81 - <<std[70759c8f55707aa4]::sys::backtrace::BacktraceLock>::print::DisplayBacktrace as core[df12db4294e9bfd3]::fmt::Display>::fmt
[INFO] [stdout]    1:     0x5b48db573c9a - core[df12db4294e9bfd3]::fmt::write
[INFO] [stdout]    2:     0x5b48db56276c - <alloc[2182bb758b4b3781]::vec::Vec<u8> as core[df12db4294e9bfd3]::io::write::Write>::write_fmt
[INFO] [stdout]    3:     0x5b48db538c16 - std[70759c8f55707aa4]::panicking::default_hook::{closure#0}
[INFO] [stdout]    4:     0x5b48db555b99 - std[70759c8f55707aa4]::panicking::default_hook
[INFO] [stdout]    5:     0x5b48db3eb820 - test[9d35eded1c95d3be]::test_main_inner::<test[9d35eded1c95d3be]::test_main_static::{closure#0}>::{closure#0}
[INFO] [stdout]    6:     0x5b48db555ec2 - std[70759c8f55707aa4]::panicking::panic_with_hook
[INFO] [stdout]    7:     0x5b48db538cf4 - std[70759c8f55707aa4]::panicking::panic_handler::{closure#0}
[INFO] [stdout]    8:     0x5b48db531649 - std[70759c8f55707aa4]::sys::backtrace::__rust_end_short_backtrace::<std[70759c8f55707aa4]::panicking::panic_handler::{closure#0}, !>
[INFO] [stdout]    9:     0x5b48db539add - __rustc[8fa7c3cbc660c2b3]::rust_begin_unwind
[INFO] [stdout]   10:     0x5b48db57447c - core[df12db4294e9bfd3]::panicking::panic_fmt
[INFO] [stdout]   11:     0x5b48db574442 - core[df12db4294e9bfd3]::panicking::panic
[INFO] [stdout]   12:     0x5b48db3afd01 - rusoto_credential[9d91391bbb4d606b]::profile::tests::parse_config_file_credential_process
[INFO] [stdout]   13:     0x5b48db3b9ca9 - <rusoto_credential[9d91391bbb4d606b]::profile::tests::parse_config_file_credential_process::{closure#0} as core[df12db4294e9bfd3]::ops::function::FnOnce<()>>::call_once
[INFO] [stdout]   14:     0x5b48db3deb0b - test[9d35eded1c95d3be]::__rust_begin_short_backtrace::<core[df12db4294e9bfd3]::result::Result<(), alloc[2182bb758b4b3781]::string::String>, fn() -> core[df12db4294e9bfd3]::result::Result<(), alloc[2182bb758b4b3781]::string::String>>
[INFO] [stdout]   15:     0x5b48db3ec175 - test[9d35eded1c95d3be]::run_test::{closure#0}
[INFO] [stdout]   16:     0x5b48db3e5a34 - std[70759c8f55707aa4]::sys::backtrace::__rust_begin_short_backtrace::<test[9d35eded1c95d3be]::run_test::{closure#1}, ()>
[INFO] [stdout]   17:     0x5b48db3ef2d2 - <std[70759c8f55707aa4]::thread::lifecycle::spawn_unchecked<test[9d35eded1c95d3be]::run_test::{closure#1}, ()>::{closure#1} as core[df12db4294e9bfd3]::ops::function::FnOnce<()>>::call_once::{shim:vtable#0}
[INFO] [stdout]   18:     0x5b48db55d329 - <std[70759c8f55707aa4]::sys::thread::unix::Thread>::new::thread_start
[INFO] [stdout]   19:     0x7b15956c5dfa - <unknown>
[INFO] [stdout]   20:     0x7b15957593d4 - clone
[INFO] [stdout]   21:                0x0 - <unknown>
[INFO] [stdout] 
[INFO] [stdout] ---- profile::tests::parse_config_file_multiple_profiles stdout ----
[INFO] [stdout] 
[INFO] [stdout] thread 'profile::tests::parse_config_file_multiple_profiles' (562) panicked at src/profile.rs:455:9:
[INFO] [stdout] assertion failed: result.is_some()
[INFO] [stdout] stack backtrace:
[INFO] [stdout]    0:     0x5b48db55dd81 - <<std[70759c8f55707aa4]::sys::backtrace::BacktraceLock>::print::DisplayBacktrace as core[df12db4294e9bfd3]::fmt::Display>::fmt
[INFO] [stdout]    1:     0x5b48db573c9a - core[df12db4294e9bfd3]::fmt::write
[INFO] [stdout]    2:     0x5b48db56276c - <alloc[2182bb758b4b3781]::vec::Vec<u8> as core[df12db4294e9bfd3]::io::write::Write>::write_fmt
[INFO] [stdout]    3:     0x5b48db538c16 - std[70759c8f55707aa4]::panicking::default_hook::{closure#0}
[INFO] [stdout]    4:     0x5b48db555b99 - std[70759c8f55707aa4]::panicking::default_hook
[INFO] [stdout]    5:     0x5b48db3eb820 - test[9d35eded1c95d3be]::test_main_inner::<test[9d35eded1c95d3be]::test_main_static::{closure#0}>::{closure#0}
[INFO] [stdout]    6:     0x5b48db555ec2 - std[70759c8f55707aa4]::panicking::panic_with_hook
[INFO] [stdout]    7:     0x5b48db538cf4 - std[70759c8f55707aa4]::panicking::panic_handler::{closure#0}
[INFO] [stdout]    8:     0x5b48db531649 - std[70759c8f55707aa4]::sys::backtrace::__rust_end_short_backtrace::<std[70759c8f55707aa4]::panicking::panic_handler::{closure#0}, !>
[INFO] [stdout]    9:     0x5b48db539add - __rustc[8fa7c3cbc660c2b3]::rust_begin_unwind
[INFO] [stdout]   10:     0x5b48db57447c - core[df12db4294e9bfd3]::panicking::panic_fmt
[INFO] [stdout]   11:     0x5b48db574442 - core[df12db4294e9bfd3]::panicking::panic
[INFO] [stdout]   12:     0x5b48db3af352 - rusoto_credential[9d91391bbb4d606b]::profile::tests::parse_config_file_multiple_profiles
[INFO] [stdout]   13:     0x5b48db3b9c49 - <rusoto_credential[9d91391bbb4d606b]::profile::tests::parse_config_file_multiple_profiles::{closure#0} as core[df12db4294e9bfd3]::ops::function::FnOnce<()>>::call_once
[INFO] [stdout]   14:     0x5b48db3deb0b - test[9d35eded1c95d3be]::__rust_begin_short_backtrace::<core[df12db4294e9bfd3]::result::Result<(), alloc[2182bb758b4b3781]::string::String>, fn() -> core[df12db4294e9bfd3]::result::Result<(), alloc[2182bb758b4b3781]::string::String>>
[INFO] [stdout]   15:     0x5b48db3ec175 - test[9d35eded1c95d3be]::run_test::{closure#0}
[INFO] [stdout]   16:     0x5b48db3e5a34 - std[70759c8f55707aa4]::sys::backtrace::__rust_begin_short_backtrace::<test[9d35eded1c95d3be]::run_test::{closure#1}, ()>
[INFO] [stdout]   17:     0x5b48db3ef2d2 - <std[70759c8f55707aa4]::thread::lifecycle::spawn_unchecked<test[9d35eded1c95d3be]::run_test::{closure#1}, ()>::{closure#1} as core[df12db4294e9bfd3]::ops::function::FnOnce<()>>::call_once::{shim:vtable#0}
[INFO] [stdout]   18:     0x5b48db55d329 - <std[70759c8f55707aa4]::sys::thread::unix::Thread>::new::thread_start
[INFO] [stdout]   19:     0x7b15956c5dfa - <unknown>
[INFO] [stdout]   20:     0x7b15957593d4 - clone
[INFO] [stdout]   21:                0x0 - <unknown>
[INFO] [stdout] 
[INFO] [stdout] ---- profile::tests::parse_config_file_default_profile stdout ----
[INFO] [stdout] 
[INFO] [stdout] thread 'profile::tests::parse_config_file_default_profile' (561) panicked at src/profile.rs:441:9:
[INFO] [stdout] assertion failed: result.is_some()
[INFO] [stdout] stack backtrace:
[INFO] [stdout]    0:     0x5b48db55dd81 - <<std[70759c8f55707aa4]::sys::backtrace::BacktraceLock>::print::DisplayBacktrace as core[df12db4294e9bfd3]::fmt::Display>::fmt
[INFO] [stdout]    1:     0x5b48db573c9a - core[df12db4294e9bfd3]::fmt::write
[INFO] [stdout]    2:     0x5b48db56276c - <alloc[2182bb758b4b3781]::vec::Vec<u8> as core[df12db4294e9bfd3]::io::write::Write>::write_fmt
[INFO] [stdout]    3:     0x5b48db538c16 - std[70759c8f55707aa4]::panicking::default_hook::{closure#0}
[INFO] [stdout]    4:     0x5b48db555b99 - std[70759c8f55707aa4]::panicking::default_hook
[INFO] [stdout]    5:     0x5b48db3eb820 - test[9d35eded1c95d3be]::test_main_inner::<test[9d35eded1c95d3be]::test_main_static::{closure#0}>::{closure#0}
[INFO] [stdout]    6:     0x5b48db555ec2 - std[70759c8f55707aa4]::panicking::panic_with_hook
[INFO] [stdout]    7:     0x5b48db538cf4 - std[70759c8f55707aa4]::panicking::panic_handler::{closure#0}
[INFO] [stdout]    8:     0x5b48db531649 - std[70759c8f55707aa4]::sys::backtrace::__rust_end_short_backtrace::<std[70759c8f55707aa4]::panicking::panic_handler::{closure#0}, !>
[INFO] [stdout]    9:     0x5b48db539add - __rustc[8fa7c3cbc660c2b3]::rust_begin_unwind
[INFO] [stdout]   10:     0x5b48db57447c - core[df12db4294e9bfd3]::panicking::panic_fmt
[INFO] [stdout]   11:     0x5b48db574442 - core[df12db4294e9bfd3]::panicking::panic
[INFO] [stdout]   12:     0x5b48db3ae784 - rusoto_credential[9d91391bbb4d606b]::profile::tests::parse_config_file_default_profile
[INFO] [stdout]   13:     0x5b48db3b9c29 - <rusoto_credential[9d91391bbb4d606b]::profile::tests::parse_config_file_default_profile::{closure#0} as core[df12db4294e9bfd3]::ops::function::FnOnce<()>>::call_once
[INFO] [stdout]   14:     0x5b48db3deb0b - test[9d35eded1c95d3be]::__rust_begin_short_backtrace::<core[df12db4294e9bfd3]::result::Result<(), alloc[2182bb758b4b3781]::string::String>, fn() -> core[df12db4294e9bfd3]::result::Result<(), alloc[2182bb758b4b3781]::string::String>>
[INFO] [stdout]   15:     0x5b48db3ec175 - test[9d35eded1c95d3be]::run_test::{closure#0}
[INFO] [stdout]   16:     0x5b48db3e5a34 - std[70759c8f55707aa4]::sys::backtrace::__rust_begin_short_backtrace::<test[9d35eded1c95d3be]::run_test::{closure#1}, ()>
[INFO] [stdout]   17:     0x5b48db3ef2d2 - <std[70759c8f55707aa4]::thread::lifecycle::spawn_unchecked<test[9d35eded1c95d3be]::run_test::{closure#1}, ()>::{closure#1} as core[df12db4294e9bfd3]::ops::function::FnOnce<()>>::call_once::{shim:vtable#0}
[INFO] [stdout]   18:     0x5b48db55d329 - <std[70759c8f55707aa4]::sys::thread::unix::Thread>::new::thread_start
[INFO] [stdout]   19:     0x7b15956c5dfa - <unknown>
[INFO] [stdout]   20:     0x7b15957593d4 - clone
[INFO] [stdout]   21:                0x0 - <unknown>
[INFO] [stdout] 
[INFO] [stdout] ---- profile::tests::parse_credentials_file_default_profile stdout ----
[INFO] [stdout] 
[INFO] [stdout] thread 'profile::tests::parse_credentials_file_default_profile' (565) panicked at src/profile.rs:496:9:
[INFO] [stdout] assertion failed: result.is_ok()
[INFO] [stdout] stack backtrace:
[INFO] [stdout]    0:     0x5b48db55dd81 - <<std[70759c8f55707aa4]::sys::backtrace::BacktraceLock>::print::DisplayBacktrace as core[df12db4294e9bfd3]::fmt::Display>::fmt
[INFO] [stdout]    1:     0x5b48db573c9a - core[df12db4294e9bfd3]::fmt::write
[INFO] [stdout]    2:     0x5b48db56276c - <alloc[2182bb758b4b3781]::vec::Vec<u8> as core[df12db4294e9bfd3]::io::write::Write>::write_fmt
[INFO] [stdout]    3:     0x5b48db538c16 - std[70759c8f55707aa4]::panicking::default_hook::{closure#0}
[INFO] [stdout]    4:     0x5b48db555b99 - std[70759c8f55707aa4]::panicking::default_hook
[INFO] [stdout]    5:     0x5b48db3eb820 - test[9d35eded1c95d3be]::test_main_inner::<test[9d35eded1c95d3be]::test_main_static::{closure#0}>::{closure#0}
[INFO] [stdout]    6:     0x5b48db555ec2 - std[70759c8f55707aa4]::panicking::panic_with_hook
[INFO] [stdout]    7:     0x5b48db538cf4 - std[70759c8f55707aa4]::panicking::panic_handler::{closure#0}
[INFO] [stdout]    8:     0x5b48db531649 - std[70759c8f55707aa4]::sys::backtrace::__rust_end_short_backtrace::<std[70759c8f55707aa4]::panicking::panic_handler::{closure#0}, !>
[INFO] [stdout]    9:     0x5b48db539add - __rustc[8fa7c3cbc660c2b3]::rust_begin_unwind
[INFO] [stdout]   10:     0x5b48db57447c - core[df12db4294e9bfd3]::panicking::panic_fmt
[INFO] [stdout]   11:     0x5b48db574442 - core[df12db4294e9bfd3]::panicking::panic
[INFO] [stdout]   12:     0x5b48db3b04eb - rusoto_credential[9d91391bbb4d606b]::profile::tests::parse_credentials_file_default_profile
[INFO] [stdout]   13:     0x5b48db3b9d09 - <rusoto_credential[9d91391bbb4d606b]::profile::tests::parse_credentials_file_default_profile::{closure#0} as core[df12db4294e9bfd3]::ops::function::FnOnce<()>>::call_once
[INFO] [stdout]   14:     0x5b48db3deb0b - test[9d35eded1c95d3be]::__rust_begin_short_backtrace::<core[df12db4294e9bfd3]::result::Result<(), alloc[2182bb758b4b3781]::string::String>, fn() -> core[df12db4294e9bfd3]::result::Result<(), alloc[2182bb758b4b3781]::string::String>>
[INFO] [stdout]   15:     0x5b48db3ec175 - test[9d35eded1c95d3be]::run_test::{closure#0}
[INFO] [stdout]   16:     0x5b48db3e5a34 - std[70759c8f55707aa4]::sys::backtrace::__rust_begin_short_backtrace::<test[9d35eded1c95d3be]::run_test::{closure#1}, ()>
[INFO] [stdout]   17:     0x5b48db3ef2d2 - <std[70759c8f55707aa4]::thread::lifecycle::spawn_unchecked<test[9d35eded1c95d3be]::run_test::{closure#1}, ()>::{closure#1} as core[df12db4294e9bfd3]::ops::function::FnOnce<()>>::call_once::{shim:vtable#0}
[INFO] [stdout]   18:     0x5b48db55d329 - <std[70759c8f55707aa4]::sys::thread::unix::Thread>::new::thread_start
[INFO] [stdout]   19:     0x7b15956c5dfa - <unknown>
[INFO] [stdout]   20:     0x7b15957593d4 - clone
[INFO] [stdout]   21:                0x0 - <unknown>
[INFO] [stdout] 
[INFO] [stdout] ---- profile::tests::parse_credentials_unrecognized_field stdout ----
[INFO] [stdout] 
[INFO] [stdout] thread 'profile::tests::parse_credentials_unrecognized_field' (567) panicked at src/profile.rs:675:9:
[INFO] [stdout] assertion failed: result.is_ok()
[INFO] [stdout] stack backtrace:
[INFO] [stdout]    0:     0x5b48db55dd81 - <<std[70759c8f55707aa4]::sys::backtrace::BacktraceLock>::print::DisplayBacktrace as core[df12db4294e9bfd3]::fmt::Display>::fmt
[INFO] [stdout]    1:     0x5b48db573c9a - core[df12db4294e9bfd3]::fmt::write
[INFO] [stdout]    2:     0x5b48db56276c - <alloc[2182bb758b4b3781]::vec::Vec<u8> as core[df12db4294e9bfd3]::io::write::Write>::write_fmt
[INFO] [stdout]    3:     0x5b48db538c16 - std[70759c8f55707aa4]::panicking::default_hook::{closure#0}
[INFO] [stdout]    4:     0x5b48db555b99 - std[70759c8f55707aa4]::panicking::default_hook
[INFO] [stdout]    5:     0x5b48db3eb820 - test[9d35eded1c95d3be]::test_main_inner::<test[9d35eded1c95d3be]::test_main_static::{closure#0}>::{closure#0}
[INFO] [stdout]    6:     0x5b48db555ec2 - std[70759c8f55707aa4]::panicking::panic_with_hook
[INFO] [stdout]    7:     0x5b48db538cf4 - std[70759c8f55707aa4]::panicking::panic_handler::{closure#0}
[INFO] [stdout]    8:     0x5b48db531649 - std[70759c8f55707aa4]::sys::backtrace::__rust_end_short_backtrace::<std[70759c8f55707aa4]::panicking::panic_handler::{closure#0}, !>
[INFO] [stdout]    9:     0x5b48db539add - __rustc[8fa7c3cbc660c2b3]::rust_begin_unwind
[INFO] [stdout]   10:     0x5b48db57447c - core[df12db4294e9bfd3]::panicking::panic_fmt
[INFO] [stdout]   11:     0x5b48db574442 - core[df12db4294e9bfd3]::panicking::panic
[INFO] [stdout]   12:     0x5b48db3b004b - rusoto_credential[9d91391bbb4d606b]::profile::tests::parse_credentials_unrecognized_field
[INFO] [stdout]   13:     0x5b48db3b9cc9 - <rusoto_credential[9d91391bbb4d606b]::profile::tests::parse_credentials_unrecognized_field::{closure#0} as core[df12db4294e9bfd3]::ops::function::FnOnce<()>>::call_once
[INFO] [stdout]   14:     0x5b48db3deb0b - test[9d35eded1c95d3be]::__rust_begin_short_backtrace::<core[df12db4294e9bfd3]::result::Result<(), alloc[2182bb758b4b3781]::string::String>, fn() -> core[df12db4294e9bfd3]::result::Result<(), alloc[2182bb758b4b3781]::string::String>>
[INFO] [stdout]   15:     0x5b48db3ec175 - test[9d35eded1c95d3be]::run_test::{closure#0}
[INFO] [stdout]   16:     0x5b48db3e5a34 - std[70759c8f55707aa4]::sys::backtrace::__rust_begin_short_backtrace::<test[9d35eded1c95d3be]::run_test::{closure#1}, ()>
[INFO] [stdout]   17:     0x5b48db3ef2d2 - <std[70759c8f55707aa4]::thread::lifecycle::spawn_unchecked<test[9d35eded1c95d3be]::run_test::{closure#1}, ()>::{closure#1} as core[df12db4294e9bfd3]::ops::function::FnOnce<()>>::call_once::{shim:vtable#0}
[INFO] [stdout]   18:     0x5b48db55d329 - <std[70759c8f55707aa4]::sys::thread::unix::Thread>::new::thread_start
[INFO] [stdout]   19:     0x7b15956c5dfa - <unknown>
[INFO] [stdout]   20:     0x7b15957593d4 - clone
[INFO] [stdout]   21:                0x0 - <unknown>
[INFO] [stdout] 
[INFO] [stdout] ---- profile::tests::parse_credentials_file_multiple_profiles stdout ----
[INFO] [stdout] 
[INFO] [stdout] thread 'profile::tests::parse_credentials_file_multiple_profiles' (566) panicked at src/profile.rs:513:9:
[INFO] [stdout] assertion failed: result.is_ok()
[INFO] [stdout] stack backtrace:
[INFO] [stdout]    0:     0x5b48db55dd81 - <<std[70759c8f55707aa4]::sys::backtrace::BacktraceLock>::print::DisplayBacktrace as core[df12db4294e9bfd3]::fmt::Display>::fmt
[INFO] [stdout]    1:     0x5b48db573c9a - core[df12db4294e9bfd3]::fmt::write
[INFO] [stdout]    2:     0x5b48db56276c - <alloc[2182bb758b4b3781]::vec::Vec<u8> as core[df12db4294e9bfd3]::io::write::Write>::write_fmt
[INFO] [stdout]    3:     0x5b48db538c16 - std[70759c8f55707aa4]::panicking::default_hook::{closure#0}
[INFO] [stdout]    4:     0x5b48db555b99 - std[70759c8f55707aa4]::panicking::default_hook
[INFO] [stdout]    5:     0x5b48db3eb820 - test[9d35eded1c95d3be]::test_main_inner::<test[9d35eded1c95d3be]::test_main_static::{closure#0}>::{closure#0}
[INFO] [stdout]    6:     0x5b48db555ec2 - std[70759c8f55707aa4]::panicking::panic_with_hook
[INFO] [stdout]    7:     0x5b48db538cf4 - std[70759c8f55707aa4]::panicking::panic_handler::{closure#0}
[INFO] [stdout]    8:     0x5b48db531649 - std[70759c8f55707aa4]::sys::backtrace::__rust_end_short_backtrace::<std[70759c8f55707aa4]::panicking::panic_handler::{closure#0}, !>
[INFO] [stdout]    9:     0x5b48db539add - __rustc[8fa7c3cbc660c2b3]::rust_begin_unwind
[INFO] [stdout]   10:     0x5b48db57447c - core[df12db4294e9bfd3]::panicking::panic_fmt
[INFO] [stdout]   11:     0x5b48db574442 - core[df12db4294e9bfd3]::panicking::panic
[INFO] [stdout]   12:     0x5b48db3b0aa1 - rusoto_credential[9d91391bbb4d606b]::profile::tests::parse_credentials_file_multiple_profiles
[INFO] [stdout]   13:     0x5b48db3b9d49 - <rusoto_credential[9d91391bbb4d606b]::profile::tests::parse_credentials_file_multiple_profiles::{closure#0} as core[df12db4294e9bfd3]::ops::function::FnOnce<()>>::call_once
[INFO] [stdout]   14:     0x5b48db3deb0b - test[9d35eded1c95d3be]::__rust_begin_short_backtrace::<core[df12db4294e9bfd3]::result::Result<(), alloc[2182bb758b4b3781]::string::String>, fn() -> core[df12db4294e9bfd3]::result::Result<(), alloc[2182bb758b4b3781]::string::String>>
[INFO] [stdout]   15:     0x5b48db3ec175 - test[9d35eded1c95d3be]::run_test::{closure#0}
[INFO] [stdout]   16:     0x5b48db3e5a34 - std[70759c8f55707aa4]::sys::backtrace::__rust_begin_short_backtrace::<test[9d35eded1c95d3be]::run_test::{closure#1}, ()>
[INFO] [stdout]   17:     0x5b48db3ef2d2 - <std[70759c8f55707aa4]::thread::lifecycle::spawn_unchecked<test[9d35eded1c95d3be]::run_test::{closure#1}, ()>::{closure#1} as core[df12db4294e9bfd3]::ops::function::FnOnce<()>>::call_once::{shim:vtable#0}
[INFO] [stdout]   18:     0x5b48db55d329 - <std[70759c8f55707aa4]::sys::thread::unix::Thread>::new::thread_start
[INFO] [stdout]   19:     0x7b15956c5dfa - <unknown>
[INFO] [stdout]   20:     0x7b15957593d4 - clone
[INFO] [stdout]   21:                0x0 - <unknown>
[INFO] [stdout] 
[INFO] [stdout] ---- profile::tests::profile_provider_bad_profile stdout ----
[INFO] [stdout] 
[INFO] [stdout] thread 'profile::tests::profile_provider_bad_profile' (568) panicked at src/profile.rs:601:9:
[INFO] [stdout] assertion `left == right` failed
[INFO] [stdout]   left: Some(CredentialsError { message: "Couldn't stat credentials file: [ \"tests/sample-data/multiple_profile_credentials\" ]. Non existant, or no permission." })
[INFO] [stdout]  right: Some(CredentialsError { message: "profile not found" })
[INFO] [stdout] stack backtrace:
[INFO] [stdout]    0:     0x5b48db55dd81 - <<std[70759c8f55707aa4]::sys::backtrace::BacktraceLock>::print::DisplayBacktrace as core[df12db4294e9bfd3]::fmt::Display>::fmt
[INFO] [stdout]    1:     0x5b48db573c9a - core[df12db4294e9bfd3]::fmt::write
[INFO] [stdout]    2:     0x5b48db56276c - <alloc[2182bb758b4b3781]::vec::Vec<u8> as core[df12db4294e9bfd3]::io::write::Write>::write_fmt
[INFO] [stdout]    3:     0x5b48db538c16 - std[70759c8f55707aa4]::panicking::default_hook::{closure#0}
[INFO] [stdout]    4:     0x5b48db555b99 - std[70759c8f55707aa4]::panicking::default_hook
[INFO] [stdout]    5:     0x5b48db3eb820 - test[9d35eded1c95d3be]::test_main_inner::<test[9d35eded1c95d3be]::test_main_static::{closure#0}>::{closure#0}
[INFO] [stdout]    6:     0x5b48db555ec2 - std[70759c8f55707aa4]::panicking::panic_with_hook
[INFO] [stdout]    7:     0x5b48db538cc2 - std[70759c8f55707aa4]::panicking::panic_handler::{closure#0}
[INFO] [stdout]    8:     0x5b48db531649 - std[70759c8f55707aa4]::sys::backtrace::__rust_end_short_backtrace::<std[70759c8f55707aa4]::panicking::panic_handler::{closure#0}, !>
[INFO] [stdout]    9:     0x5b48db539add - __rustc[8fa7c3cbc660c2b3]::rust_begin_unwind
[INFO] [stdout]   10:     0x5b48db57447c - core[df12db4294e9bfd3]::panicking::panic_fmt
[INFO] [stdout]   11:     0x5b48db574393 - core[df12db4294e9bfd3]::panicking::assert_failed_inner
[INFO] [stdout]   12:     0x5b48db3d8131 - core[df12db4294e9bfd3]::panicking::assert_failed::<core[df12db4294e9bfd3]::option::Option<rusoto_credential[9d91391bbb4d606b]::CredentialsError>, core[df12db4294e9bfd3]::option::Option<rusoto_credential[9d91391bbb4d606b]::CredentialsError>>
[INFO] [stdout]   13:     0x5b48db3ac083 - rusoto_credential[9d91391bbb4d606b]::profile::tests::profile_provider_bad_profile::{closure#0}
[INFO] [stdout]   14:     0x5b48db3d6d13 - <tokio[b9d109f0138c5f82]::runtime::scheduler::current_thread::Context>::enter::<core[df12db4294e9bfd3]::task::poll::Poll<()>, <tokio[b9d109f0138c5f82]::runtime::scheduler::current_thread::CoreGuard>::block_on<core[df12db4294e9bfd3]::pin::Pin<&mut core[df12db4294e9bfd3]::pin::Pin<&mut dyn core[df12db4294e9bfd3]::future::future::Future<Output = ()>>>>::{closure#0}::{closure#0}>
[INFO] [stdout]   15:     0x5b48db3bf7fc - <tokio[b9d109f0138c5f82]::runtime::context::scoped::Scoped<tokio[b9d109f0138c5f82]::runtime::scheduler::Context>>::set::<<tokio[b9d109f0138c5f82]::runtime::scheduler::current_thread::CoreGuard>::enter<<tokio[b9d109f0138c5f82]::runtime::scheduler::current_thread::CoreGuard>::block_on<core[df12db4294e9bfd3]::pin::Pin<&mut core[df12db4294e9bfd3]::pin::Pin<&mut dyn core[df12db4294e9bfd3]::future::future::Future<Output = ()>>>>::{closure#0}, core[df12db4294e9bfd3]::option::Option<()>>::{closure#0}, (alloc[2182bb758b4b3781]::boxed::Box<tokio[b9d109f0138c5f82]::runtime::scheduler::current_thread::Core>, core[df12db4294e9bfd3]::option::Option<()>)>
[INFO] [stdout]   16:     0x5b48db3d6eb7 - <tokio[b9d109f0138c5f82]::runtime::scheduler::current_thread::CoreGuard>::block_on::<core[df12db4294e9bfd3]::pin::Pin<&mut core[df12db4294e9bfd3]::pin::Pin<&mut dyn core[df12db4294e9bfd3]::future::future::Future<Output = ()>>>>
[INFO] [stdout]   17:     0x5b48db3bbb0d - tokio[b9d109f0138c5f82]::runtime::context::runtime::enter_runtime::<<tokio[b9d109f0138c5f82]::runtime::scheduler::current_thread::CurrentThread>::block_on<core[df12db4294e9bfd3]::pin::Pin<&mut dyn core[df12db4294e9bfd3]::future::future::Future<Output = ()>>>::{closure#0}, ()>
[INFO] [stdout]   18:     0x5b48db3ba4d3 - <tokio[b9d109f0138c5f82]::runtime::runtime::Runtime>::block_on::<core[df12db4294e9bfd3]::pin::Pin<&mut dyn core[df12db4294e9bfd3]::future::future::Future<Output = ()>>>
[INFO] [stdout]   19:     0x5b48db3ad9bb - rusoto_credential[9d91391bbb4d606b]::profile::tests::profile_provider_bad_profile
[INFO] [stdout]   20:     0x5b48db3b9b89 - <rusoto_credential[9d91391bbb4d606b]::profile::tests::profile_provider_bad_profile::{closure#0} as core[df12db4294e9bfd3]::ops::function::FnOnce<()>>::call_once
[INFO] [stdout]   21:     0x5b48db3deb0b - test[9d35eded1c95d3be]::__rust_begin_short_backtrace::<core[df12db4294e9bfd3]::result::Result<(), alloc[2182bb758b4b3781]::string::String>, fn() -> core[df12db4294e9bfd3]::result::Result<(), alloc[2182bb758b4b3781]::string::String>>
[INFO] [stdout]   22:     0x5b48db3ec175 - test[9d35eded1c95d3be]::run_test::{closure#0}
[INFO] [stdout]   23:     0x5b48db3e5a34 - std[70759c8f55707aa4]::sys::backtrace::__rust_begin_short_backtrace::<test[9d35eded1c95d3be]::run_test::{closure#1}, ()>
[INFO] [stdout]   24:     0x5b48db3ef2d2 - <std[70759c8f55707aa4]::thread::lifecycle::spawn_unchecked<test[9d35eded1c95d3be]::run_test::{closure#1}, ()>::{closure#1} as core[df12db4294e9bfd3]::ops::function::FnOnce<()>>::call_once::{shim:vtable#0}
[INFO] [stdout]   25:     0x5b48db55d329 - <std[70759c8f55707aa4]::sys::thread::unix::Thread>::new::thread_start
[INFO] [stdout]   26:     0x7b15956c5dfa - <unknown>
[INFO] [stdout]   27:     0x7b15957593d4 - clone
[INFO] [stdout]   28:                0x0 - <unknown>
[INFO] [stdout] 
[INFO] [stdout] ---- profile::tests::profile_provider_credential_process stdout ----
[INFO] [stdout] 
[INFO] [stdout] thread 'profile::tests::profile_provider_credential_process' (569) panicked at src/profile.rs:617:9:
[INFO] [stdout] assertion failed: result.is_ok()
[INFO] [stdout] stack backtrace:
[INFO] [stdout]    0:     0x5b48db55dd81 - <<std[70759c8f55707aa4]::sys::backtrace::BacktraceLock>::print::DisplayBacktrace as core[df12db4294e9bfd3]::fmt::Display>::fmt
[INFO] [stdout]    1:     0x5b48db573c9a - core[df12db4294e9bfd3]::fmt::write
[INFO] [stdout]    2:     0x5b48db56276c - <alloc[2182bb758b4b3781]::vec::Vec<u8> as core[df12db4294e9bfd3]::io::write::Write>::write_fmt
[INFO] [stdout]    3:     0x5b48db538c16 - std[70759c8f55707aa4]::panicking::default_hook::{closure#0}
[INFO] [stdout]    4:     0x5b48db555b99 - std[70759c8f55707aa4]::panicking::default_hook
[INFO] [stdout]    5:     0x5b48db3eb820 - test[9d35eded1c95d3be]::test_main_inner::<test[9d35eded1c95d3be]::test_main_static::{closure#0}>::{closure#0}
[INFO] [stdout]    6:     0x5b48db555ec2 - std[70759c8f55707aa4]::panicking::panic_with_hook
[INFO] [stdout]    7:     0x5b48db538cf4 - std[70759c8f55707aa4]::panicking::panic_handler::{closure#0}
[INFO] [stdout]    8:     0x5b48db531649 - std[70759c8f55707aa4]::sys::backtrace::__rust_end_short_backtrace::<std[70759c8f55707aa4]::panicking::panic_handler::{closure#0}, !>
[INFO] [stdout]    9:     0x5b48db539add - __rustc[8fa7c3cbc660c2b3]::rust_begin_unwind
[INFO] [stdout]   10:     0x5b48db57447c - core[df12db4294e9bfd3]::panicking::panic_fmt
[INFO] [stdout]   11:     0x5b48db574442 - core[df12db4294e9bfd3]::panicking::panic
[INFO] [stdout]   12:     0x5b48db3ac6a6 - rusoto_credential[9d91391bbb4d606b]::profile::tests::profile_provider_credential_process::{closure#0}
[INFO] [stdout]   13:     0x5b48db3d6d13 - <tokio[b9d109f0138c5f82]::runtime::scheduler::current_thread::Context>::enter::<core[df12db4294e9bfd3]::task::poll::Poll<()>, <tokio[b9d109f0138c5f82]::runtime::scheduler::current_thread::CoreGuard>::block_on<core[df12db4294e9bfd3]::pin::Pin<&mut core[df12db4294e9bfd3]::pin::Pin<&mut dyn core[df12db4294e9bfd3]::future::future::Future<Output = ()>>>>::{closure#0}::{closure#0}>
[INFO] [stdout]   14:     0x5b48db3bf7fc - <tokio[b9d109f0138c5f82]::runtime::context::scoped::Scoped<tokio[b9d109f0138c5f82]::runtime::scheduler::Context>>::set::<<tokio[b9d109f0138c5f82]::runtime::scheduler::current_thread::CoreGuard>::enter<<tokio[b9d109f0138c5f82]::runtime::scheduler::current_thread::CoreGuard>::block_on<core[df12db4294e9bfd3]::pin::Pin<&mut core[df12db4294e9bfd3]::pin::Pin<&mut dyn core[df12db4294e9bfd3]::future::future::Future<Output = ()>>>>::{closure#0}, core[df12db4294e9bfd3]::option::Option<()>>::{closure#0}, (alloc[2182bb758b4b3781]::boxed::Box<tokio[b9d109f0138c5f82]::runtime::scheduler::current_thread::Core>, core[df12db4294e9bfd3]::option::Option<()>)>
[INFO] [stdout]   15:     0x5b48db3d6eb7 - <tokio[b9d109f0138c5f82]::runtime::scheduler::current_thread::CoreGuard>::block_on::<core[df12db4294e9bfd3]::pin::Pin<&mut core[df12db4294e9bfd3]::pin::Pin<&mut dyn core[df12db4294e9bfd3]::future::future::Future<Output = ()>>>>
[INFO] [stdout]   16:     0x5b48db3bbb0d - tokio[b9d109f0138c5f82]::runtime::context::runtime::enter_runtime::<<tokio[b9d109f0138c5f82]::runtime::scheduler::current_thread::CurrentThread>::block_on<core[df12db4294e9bfd3]::pin::Pin<&mut dyn core[df12db4294e9bfd3]::future::future::Future<Output = ()>>>::{closure#0}, ()>
[INFO] [stdout]   17:     0x5b48db3ba4d3 - <tokio[b9d109f0138c5f82]::runtime::runtime::Runtime>::block_on::<core[df12db4294e9bfd3]::pin::Pin<&mut dyn core[df12db4294e9bfd3]::future::future::Future<Output = ()>>>
[INFO] [stdout]   18:     0x5b48db3af51b - rusoto_credential[9d91391bbb4d606b]::profile::tests::profile_provider_credential_process
[INFO] [stdout]   19:     0x5b48db3b9c69 - <rusoto_credential[9d91391bbb4d606b]::profile::tests::profile_provider_credential_process::{closure#0} as core[df12db4294e9bfd3]::ops::function::FnOnce<()>>::call_once
[INFO] [stdout]   20:     0x5b48db3deb0b - test[9d35eded1c95d3be]::__rust_begin_short_backtrace::<core[df12db4294e9bfd3]::result::Result<(), alloc[2182bb758b4b3781]::string::String>, fn() -> core[df12db4294e9bfd3]::result::Result<(), alloc[2182bb758b4b3781]::string::String>>
[INFO] [stdout]   21:     0x5b48db3ec175 - test[9d35eded1c95d3be]::run_test::{closure#0}
[INFO] [stdout]   22:     0x5b48db3e5a34 - std[70759c8f55707aa4]::sys::backtrace::__rust_begin_short_backtrace::<test[9d35eded1c95d3be]::run_test::{closure#1}, ()>
[INFO] [stdout]   23:     0x5b48db3ef2d2 - <std[70759c8f55707aa4]::thread::lifecycle::spawn_unchecked<test[9d35eded1c95d3be]::run_test::{closure#1}, ()>::{closure#1} as core[df12db4294e9bfd3]::ops::function::FnOnce<()>>::call_once::{shim:vtable#0}
[INFO] [stdout]   24:     0x5b48db55d329 - <std[70759c8f55707aa4]::sys::thread::unix::Thread>::new::thread_start
[INFO] [stdout]   25:     0x7b15956c5dfa - <unknown>
[INFO] [stdout]   26:     0x7b15957593d4 - clone
[INFO] [stdout]   27:                0x0 - <unknown>
[INFO] [stdout] 
[INFO] [stdout] ---- profile::tests::region_from_profile stdout ----
[INFO] [stdout] 
[INFO] [stdout] thread 'profile::tests::region_from_profile' (574) panicked at src/profile.rs:750:9:
[INFO] [stdout] assertion `left == right` failed
[INFO] [stdout]   left: None
[INFO] [stdout]  right: Some("us-east-3")
[INFO] [stdout] stack backtrace:
[INFO] [stdout]    0:     0x5b48db55dd81 - <<std[70759c8f55707aa4]::sys::backtrace::BacktraceLock>::print::DisplayBacktrace as core[df12db4294e9bfd3]::fmt::Display>::fmt
[INFO] [stdout]    1:     0x5b48db573c9a - core[df12db4294e9bfd3]::fmt::write
[INFO] [stdout]    2:     0x5b48db56276c - <alloc[2182bb758b4b3781]::vec::Vec<u8> as core[df12db4294e9bfd3]::io::write::Write>::write_fmt
[INFO] [stdout]    3:     0x5b48db538c16 - std[70759c8f55707aa4]::panicking::default_hook::{closure#0}
[INFO] [stdout]    4:     0x5b48db555b99 - std[70759c8f55707aa4]::panicking::default_hook
[INFO] [stdout]    5:     0x5b48db3eb820 - test[9d35eded1c95d3be]::test_main_inner::<test[9d35eded1c95d3be]::test_main_static::{closure#0}>::{closure#0}
[INFO] [stdout]    6:     0x5b48db555ec2 - std[70759c8f55707aa4]::panicking::panic_with_hook
[INFO] [stdout]    7:     0x5b48db538cc2 - std[70759c8f55707aa4]::panicking::panic_handler::{closure#0}
[INFO] [stdout]    8:     0x5b48db531649 - std[70759c8f55707aa4]::sys::backtrace::__rust_end_short_backtrace::<std[70759c8f55707aa4]::panicking::panic_handler::{closure#0}, !>
[INFO] [stdout]    9:     0x5b48db539add - __rustc[8fa7c3cbc660c2b3]::rust_begin_unwind
[INFO] [stdout]   10:     0x5b48db57447c - core[df12db4294e9bfd3]::panicking::panic_fmt
[INFO] [stdout]   11:     0x5b48db574393 - core[df12db4294e9bfd3]::panicking::assert_failed_inner
[INFO] [stdout]   12:     0x5b48db3d8164 - core[df12db4294e9bfd3]::panicking::assert_failed::<core[df12db4294e9bfd3]::option::Option<alloc[2182bb758b4b3781]::string::String>, core[df12db4294e9bfd3]::option::Option<alloc[2182bb758b4b3781]::string::String>>
[INFO] [stdout]   13:     0x5b48db3ad0e9 - rusoto_credential[9d91391bbb4d606b]::profile::tests::region_from_profile
[INFO] [stdout]   14:     0x5b48db3b9ac9 - <rusoto_credential[9d91391bbb4d606b]::profile::tests::region_from_profile::{closure#0} as core[df12db4294e9bfd3]::ops::function::FnOnce<()>>::call_once
[INFO] [stdout]   15:     0x5b48db3deb0b - test[9d35eded1c95d3be]::__rust_begin_short_backtrace::<core[df12db4294e9bfd3]::result::Result<(), alloc[2182bb758b4b3781]::string::String>, fn() -> core[df12db4294e9bfd3]::result::Result<(), alloc[2182bb758b4b3781]::string::String>>
[INFO] [stdout]   16:     0x5b48db3ec175 - test[9d35eded1c95d3be]::run_test::{closure#0}
[INFO] [stdout]   17:     0x5b48db3e5a34 - std[70759c8f55707aa4]::sys::backtrace::__rust_begin_short_backtrace::<test[9d35eded1c95d3be]::run_test::{closure#1}, ()>
[INFO] [stdout]   18:     0x5b48db3ef2d2 - <std[70759c8f55707aa4]::thread::lifecycle::spawn_unchecked<test[9d35eded1c95d3be]::run_test::{closure#1}, ()>::{closure#1} as core[df12db4294e9bfd3]::ops::function::FnOnce<()>>::call_once::{shim:vtable#0}
[INFO] [stdout]   19:     0x5b48db55d329 - <std[70759c8f55707aa4]::sys::thread::unix::Thread>::new::thread_start
[INFO] [stdout]   20:     0x7b15956c5dfa - <unknown>
[INFO] [stdout]   21:     0x7b15957593d4 - clone
[INFO] [stdout]   22:                0x0 - <unknown>
[INFO] [stdout] 
[INFO] [stdout] ---- profile::tests::profile_provider_happy_path stdout ----
[INFO] [stdout] 
[INFO] [stdout] thread 'profile::tests::profile_provider_happy_path' (570) panicked at src/profile.rs:556:9:
[INFO] [stdout] assertion failed: result.is_ok()
[INFO] [stdout] stack backtrace:
[INFO] [stdout]    0:     0x5b48db55dd81 - <<std[70759c8f55707aa4]::sys::backtrace::BacktraceLock>::print::DisplayBacktrace as core[df12db4294e9bfd3]::fmt::Display>::fmt
[INFO] [stdout]    1:     0x5b48db573c9a - core[df12db4294e9bfd3]::fmt::write
[INFO] [stdout]    2:     0x5b48db56276c - <alloc[2182bb758b4b3781]::vec::Vec<u8> as core[df12db4294e9bfd3]::io::write::Write>::write_fmt
[INFO] [stdout]    3:     0x5b48db538c16 - std[70759c8f55707aa4]::panicking::default_hook::{closure#0}
[INFO] [stdout]    4:     0x5b48db555b99 - std[70759c8f55707aa4]::panicking::default_hook
[INFO] [stdout]    5:     0x5b48db3eb820 - test[9d35eded1c95d3be]::test_main_inner::<test[9d35eded1c95d3be]::test_main_static::{closure#0}>::{closure#0}
[INFO] [stdout]    6:     0x5b48db555ec2 - std[70759c8f55707aa4]::panicking::panic_with_hook
[INFO] [stdout]    7:     0x5b48db538cf4 - std[70759c8f55707aa4]::panicking::panic_handler::{closure#0}
[INFO] [stdout]    8:     0x5b48db531649 - std[70759c8f55707aa4]::sys::backtrace::__rust_end_short_backtrace::<std[70759c8f55707aa4]::panicking::panic_handler::{closure#0}, !>
[INFO] [stdout]    9:     0x5b48db539add - __rustc[8fa7c3cbc660c2b3]::rust_begin_unwind
[INFO] [stdout]   10:     0x5b48db57447c - core[df12db4294e9bfd3]::panicking::panic_fmt
[INFO] [stdout]   11:     0x5b48db574442 - core[df12db4294e9bfd3]::panicking::panic
[INFO] [stdout]   12:     0x5b48db3abb72 - rusoto_credential[9d91391bbb4d606b]::profile::tests::profile_provider_happy_path::{closure#0}
[INFO] [stdout]   13:     0x5b48db3d6d13 - <tokio[b9d109f0138c5f82]::runtime::scheduler::current_thread::Context>::enter::<core[df12db4294e9bfd3]::task::poll::Poll<()>, <tokio[b9d109f0138c5f82]::runtime::scheduler::current_thread::CoreGuard>::block_on<core[df12db4294e9bfd3]::pin::Pin<&mut core[df12db4294e9bfd3]::pin::Pin<&mut dyn core[df12db4294e9bfd3]::future::future::Future<Output = ()>>>>::{closure#0}::{closure#0}>
[INFO] [stdout]   14:     0x5b48db3bf7fc - <tokio[b9d109f0138c5f82]::runtime::context::scoped::Scoped<tokio[b9d109f0138c5f82]::runtime::scheduler::Context>>::set::<<tokio[b9d109f0138c5f82]::runtime::scheduler::current_thread::CoreGuard>::enter<<tokio[b9d109f0138c5f82]::runtime::scheduler::current_thread::CoreGuard>::block_on<core[df12db4294e9bfd3]::pin::Pin<&mut core[df12db4294e9bfd3]::pin::Pin<&mut dyn core[df12db4294e9bfd3]::future::future::Future<Output = ()>>>>::{closure#0}, core[df12db4294e9bfd3]::option::Option<()>>::{closure#0}, (alloc[2182bb758b4b3781]::boxed::Box<tokio[b9d109f0138c5f82]::runtime::scheduler::current_thread::Core>, core[df12db4294e9bfd3]::option::Option<()>)>
[INFO] [stdout]   15:     0x5b48db3d6eb7 - <tokio[b9d109f0138c5f82]::runtime::scheduler::current_thread::CoreGuard>::block_on::<core[df12db4294e9bfd3]::pin::Pin<&mut core[df12db4294e9bfd3]::pin::Pin<&mut dyn core[df12db4294e9bfd3]::future::future::Future<Output = ()>>>>
[INFO] [stdout]   16:     0x5b48db3bbb0d - tokio[b9d109f0138c5f82]::runtime::context::runtime::enter_runtime::<<tokio[b9d109f0138c5f82]::runtime::scheduler::current_thread::CurrentThread>::block_on<core[df12db4294e9bfd3]::pin::Pin<&mut dyn core[df12db4294e9bfd3]::future::future::Future<Output = ()>>>::{closure#0}, ()>
[INFO] [stdout]   17:     0x5b48db3ba4d3 - <tokio[b9d109f0138c5f82]::runtime::runtime::Runtime>::block_on::<core[df12db4294e9bfd3]::pin::Pin<&mut dyn core[df12db4294e9bfd3]::future::future::Future<Output = ()>>>
[INFO] [stdout]   18:     0x5b48db3ad6cb - rusoto_credential[9d91391bbb4d606b]::profile::tests::profile_provider_happy_path
[INFO] [stdout]   19:     0x5b48db3b9b49 - <rusoto_credential[9d91391bbb4d606b]::profile::tests::profile_provider_happy_path::{closure#0} as core[df12db4294e9bfd3]::ops::function::FnOnce<()>>::call_once
[INFO] [stdout]   20:     0x5b48db3deb0b - test[9d35eded1c95d3be]::__rust_begin_short_backtrace::<core[df12db4294e9bfd3]::result::Result<(), alloc[2182bb758b4b3781]::string::String>, fn() -> core[df12db4294e9bfd3]::result::Result<(), alloc[2182bb758b4b3781]::string::String>>
[INFO] [stdout]   21:     0x5b48db3ec175 - test[9d35eded1c95d3be]::run_test::{closure#0}
[INFO] [stdout]   22:     0x5b48db3e5a34 - std[70759c8f55707aa4]::sys::backtrace::__rust_begin_short_backtrace::<test[9d35eded1c95d3be]::run_test::{closure#1}, ()>
[INFO] [stdout]   23:     0x5b48db3ef2d2 - <std[70759c8f55707aa4]::thread::lifecycle::spawn_unchecked<test[9d35eded1c95d3be]::run_test::{closure#1}, ()>::{closure#1} as core[df12db4294e9bfd3]::ops::function::FnOnce<()>>::call_once::{shim:vtable#0}
[INFO] [stdout]   24:     0x5b48db55d329 - <std[70759c8f55707aa4]::sys::thread::unix::Thread>::new::thread_start
[INFO] [stdout]   25:     0x7b15956c5dfa - <unknown>
[INFO] [stdout]   26:     0x7b15957593d4 - clone
[INFO] [stdout]   27:                0x0 - <unknown>
[INFO] [stdout] 
[INFO] [stdout] ---- profile::tests::profile_provider_profile_name_via_environment_variable stdout ----
[INFO] [stdout] 
[INFO] [stdout] thread 'profile::tests::profile_provider_profile_name_via_environment_variable' (572) panicked at src/profile.rs:586:26:
[INFO] [stdout] called `Result::unwrap()` on an `Err` value: CredentialsError { message: "Couldn't stat credentials file: [ \"tests/sample-data/multiple_profile_credentials\" ]. Non existant, or no permission." }
[INFO] [stdout] stack backtrace:
[INFO] [stdout]    0:     0x5b48db55dd81 - <<std[70759c8f55707aa4]::sys::backtrace::BacktraceLock>::print::DisplayBacktrace as core[df12db4294e9bfd3]::fmt::Display>::fmt
[INFO] [stdout]    1:     0x5b48db573c9a - core[df12db4294e9bfd3]::fmt::write
[INFO] [stdout]    2:     0x5b48db56276c - <alloc[2182bb758b4b3781]::vec::Vec<u8> as core[df12db4294e9bfd3]::io::write::Write>::write_fmt
[INFO] [stdout]    3:     0x5b48db538c16 - std[70759c8f55707aa4]::panicking::default_hook::{closure#0}
[INFO] [stdout]    4:     0x5b48db555b99 - std[70759c8f55707aa4]::panicking::default_hook
[INFO] [stdout]    5:     0x5b48db3eb820 - test[9d35eded1c95d3be]::test_main_inner::<test[9d35eded1c95d3be]::test_main_static::{closure#0}>::{closure#0}
[INFO] [stdout]    6:     0x5b48db555ec2 - std[70759c8f55707aa4]::panicking::panic_with_hook
[INFO] [stdout]    7:     0x5b48db538cc2 - std[70759c8f55707aa4]::panicking::panic_handler::{closure#0}
[INFO] [stdout]    8:     0x5b48db531649 - std[70759c8f55707aa4]::sys::backtrace::__rust_end_short_backtrace::<std[70759c8f55707aa4]::panicking::panic_handler::{closure#0}, !>
[INFO] [stdout]    9:     0x5b48db539add - __rustc[8fa7c3cbc660c2b3]::rust_begin_unwind
[INFO] [stdout]   10:     0x5b48db57447c - core[df12db4294e9bfd3]::panicking::panic_fmt
[INFO] [stdout]   11:     0x5b48db574252 - core[df12db4294e9bfd3]::result::unwrap_failed
[INFO] [stdout]   12:     0x5b48db3acda1 - rusoto_credential[9d91391bbb4d606b]::profile::tests::profile_provider_profile_name_via_environment_variable::{closure#0}
[INFO] [stdout]   13:     0x5b48db3d6d13 - <tokio[b9d109f0138c5f82]::runtime::scheduler::current_thread::Context>::enter::<core[df12db4294e9bfd3]::task::poll::Poll<()>, <tokio[b9d109f0138c5f82]::runtime::scheduler::current_thread::CoreGuard>::block_on<core[df12db4294e9bfd3]::pin::Pin<&mut core[df12db4294e9bfd3]::pin::Pin<&mut dyn core[df12db4294e9bfd3]::future::future::Future<Output = ()>>>>::{closure#0}::{closure#0}>
[INFO] [stdout]   14:     0x5b48db3bf7fc - <tokio[b9d109f0138c5f82]::runtime::context::scoped::Scoped<tokio[b9d109f0138c5f82]::runtime::scheduler::Context>>::set::<<tokio[b9d109f0138c5f82]::runtime::scheduler::current_thread::CoreGuard>::enter<<tokio[b9d109f0138c5f82]::runtime::scheduler::current_thread::CoreGuard>::block_on<core[df12db4294e9bfd3]::pin::Pin<&mut core[df12db4294e9bfd3]::pin::Pin<&mut dyn core[df12db4294e9bfd3]::future::future::Future<Output = ()>>>>::{closure#0}, core[df12db4294e9bfd3]::option::Option<()>>::{closure#0}, (alloc[2182bb758b4b3781]::boxed::Box<tokio[b9d109f0138c5f82]::runtime::scheduler::current_thread::Core>, core[df12db4294e9bfd3]::option::Option<()>)>
[INFO] [stdout]   15:     0x5b48db3d6eb7 - <tokio[b9d109f0138c5f82]::runtime::scheduler::current_thread::CoreGuard>::block_on::<core[df12db4294e9bfd3]::pin::Pin<&mut core[df12db4294e9bfd3]::pin::Pin<&mut dyn core[df12db4294e9bfd3]::future::future::Future<Output = ()>>>>
[INFO] [stdout]   16:     0x5b48db3bbb0d - tokio[b9d109f0138c5f82]::runtime::context::runtime::enter_runtime::<<tokio[b9d109f0138c5f82]::runtime::scheduler::current_thread::CurrentThread>::block_on<core[df12db4294e9bfd3]::pin::Pin<&mut dyn core[df12db4294e9bfd3]::future::future::Future<Output = ()>>>::{closure#0}, ()>
[INFO] [stdout]   17:     0x5b48db3ba4d3 - <tokio[b9d109f0138c5f82]::runtime::runtime::Runtime>::block_on::<core[df12db4294e9bfd3]::pin::Pin<&mut dyn core[df12db4294e9bfd3]::future::future::Future<Output = ()>>>
[INFO] [stdout]   18:     0x5b48db3b0fcb - rusoto_credential[9d91391bbb4d606b]::profile::tests::profile_provider_profile_name_via_environment_variable
[INFO] [stdout]   19:     0x5b48db3b9da9 - <rusoto_credential[9d91391bbb4d606b]::profile::tests::profile_provider_profile_name_via_environment_variable::{closure#0} as core[df12db4294e9bfd3]::ops::function::FnOnce<()>>::call_once
[INFO] [stdout]   20:     0x5b48db3deb0b - test[9d35eded1c95d3be]::__rust_begin_short_backtrace::<core[df12db4294e9bfd3]::result::Result<(), alloc[2182bb758b4b3781]::string::String>, fn() -> core[df12db4294e9bfd3]::result::Result<(), alloc[2182bb758b4b3781]::string::String>>
[INFO] [stdout]   21:     0x5b48db3ec175 - test[9d35eded1c95d3be]::run_test::{closure#0}
[INFO] [stdout]   22:     0x5b48db3e5a34 - std[70759c8f55707aa4]::sys::backtrace::__rust_begin_short_backtrace::<test[9d35eded1c95d3be]::run_test::{closure#1}, ()>
[INFO] [stdout]   23:     0x5b48db3ef2d2 - <std[70759c8f55707aa4]::thread::lifecycle::spawn_unchecked<test[9d35eded1c95d3be]::run_test::{closure#1}, ()>::{closure#1} as core[df12db4294e9bfd3]::ops::function::FnOnce<()>>::call_once::{shim:vtable#0}
[INFO] [stdout]   24:     0x5b48db55d329 - <std[70759c8f55707aa4]::sys::thread::unix::Thread>::new::thread_start
[INFO] [stdout]   25:     0x7b15956c5dfa - <unknown>
[INFO] [stdout]   26:     0x7b15957593d4 - clone
[INFO] [stdout]   27:                0x0 - <unknown>
[INFO] [stdout] 
[INFO] [stdout] ---- tests::parse_iam_task_credentials_sample_response stdout ----
[INFO] [stdout] 
[INFO] [stdout] thread 'tests::parse_iam_task_credentials_sample_response' (584) panicked at src/lib.rs:515:27:
[INFO] [stdout] Couldn't stat file
[INFO] [stdout] stack backtrace:
[INFO] [stdout]    0:     0x5b48db55dd81 - <<std[70759c8f55707aa4]::sys::backtrace::BacktraceLock>::print::DisplayBacktrace as core[df12db4294e9bfd3]::fmt::Display>::fmt
[INFO] [stdout]    1:     0x5b48db573c9a - core[df12db4294e9bfd3]::fmt::write
[INFO] [stdout]    2:     0x5b48db56276c - <alloc[2182bb758b4b3781]::vec::Vec<u8> as core[df12db4294e9bfd3]::io::write::Write>::write_fmt
[INFO] [stdout]    3:     0x5b48db538c16 - std[70759c8f55707aa4]::panicking::default_hook::{closure#0}
[INFO] [stdout]    4:     0x5b48db555b99 - std[70759c8f55707aa4]::panicking::default_hook
[INFO] [stdout]    5:     0x5b48db3eb820 - test[9d35eded1c95d3be]::test_main_inner::<test[9d35eded1c95d3be]::test_main_static::{closure#0}>::{closure#0}
[INFO] [stdout]    6:     0x5b48db555ec2 - std[70759c8f55707aa4]::panicking::panic_with_hook
[INFO] [stdout]    7:     0x5b48db5380ec - std[70759c8f55707aa4]::panicking::begin_panic::<&str>::{closure#0}
[INFO] [stdout]    8:     0x5b48db531629 - std[70759c8f55707aa4]::sys::backtrace::__rust_end_short_backtrace::<std[70759c8f55707aa4]::panicking::begin_panic<&str>::{closure#0}, !>
[INFO] [stdout]    9:     0x5b48db52e01b - std[70759c8f55707aa4]::panicking::begin_panic::<&str>
[INFO] [stdout]   10:     0x5b48db3d3326 - rusoto_credential[9d91391bbb4d606b]::tests::parse_iam_task_credentials_sample_response
[INFO] [stdout]   11:     0x5b48db3b97b9 - <rusoto_credential[9d91391bbb4d606b]::tests::parse_iam_task_credentials_sample_response::{closure#0} as core[df12db4294e9bfd3]::ops::function::FnOnce<()>>::call_once
[INFO] [stdout]   12:     0x5b48db3deb0b - test[9d35eded1c95d3be]::__rust_begin_short_backtrace::<core[df12db4294e9bfd3]::result::Result<(), alloc[2182bb758b4b3781]::string::String>, fn() -> core[df12db4294e9bfd3]::result::Result<(), alloc[2182bb758b4b3781]::string::String>>
[INFO] [stdout]   13:     0x5b48db3ec175 - test[9d35eded1c95d3be]::run_test::{closure#0}
[INFO] [stdout]   14:     0x5b48db3e5a34 - std[70759c8f55707aa4]::sys::backtrace::__rust_begin_short_backtrace::<test[9d35eded1c95d3be]::run_test::{closure#1}, ()>
[INFO] [stdout]   15:     0x5b48db3ef2d2 - <std[70759c8f55707aa4]::thread::lifecycle::spawn_unchecked<test[9d35eded1c95d3be]::run_test::{closure#1}, ()>::{closure#1} as core[df12db4294e9bfd3]::ops::function::FnOnce<()>>::call_once::{shim:vtable#0}
[INFO] [stdout]   16:     0x5b48db55d329 - <std[70759c8f55707aa4]::sys::thread::unix::Thread>::new::thread_start
[INFO] [stdout]   17:     0x7b15956c5dfa - <unknown>
[INFO] [stdout]   18:     0x7b15957593d4 - clone
[INFO] [stdout]   19:                0x0 - <unknown>
[INFO] [stdout] 
[INFO] [stdout] ---- tests::profile_provider_finds_right_credentials_in_file stdout ----
[INFO] [stdout] 
[INFO] [stdout] thread 'tests::profile_provider_finds_right_credentials_in_file' (585) panicked at src/lib.rs:498:64:
[INFO] [stdout] Failed to get credentials from profile provider using tests/sample-data/multiple_profile_credentials: CredentialsError { message: "Couldn't stat credentials file: [ \"tests/sample-data/multiple_profile_credentials\" ]. Non existant, or no permission." }
[INFO] [stdout] stack backtrace:
[INFO] [stdout]    0:     0x5b48db55dd81 - <<std[70759c8f55707aa4]::sys::backtrace::BacktraceLock>::print::DisplayBacktrace as core[df12db4294e9bfd3]::fmt::Display>::fmt
[INFO] [stdout]    1:     0x5b48db573c9a - core[df12db4294e9bfd3]::fmt::write
[INFO] [stdout]    2:     0x5b48db56276c - <alloc[2182bb758b4b3781]::vec::Vec<u8> as core[df12db4294e9bfd3]::io::write::Write>::write_fmt
[INFO] [stdout]    3:     0x5b48db538c16 - std[70759c8f55707aa4]::panicking::default_hook::{closure#0}
[INFO] [stdout]    4:     0x5b48db555b99 - std[70759c8f55707aa4]::panicking::default_hook
[INFO] [stdout]    5:     0x5b48db3eb820 - test[9d35eded1c95d3be]::test_main_inner::<test[9d35eded1c95d3be]::test_main_static::{closure#0}>::{closure#0}
[INFO] [stdout]    6:     0x5b48db555ec2 - std[70759c8f55707aa4]::panicking::panic_with_hook
[INFO] [stdout]    7:     0x5b48db538cc2 - std[70759c8f55707aa4]::panicking::panic_handler::{closure#0}
[INFO] [stdout]    8:     0x5b48db531649 - std[70759c8f55707aa4]::sys::backtrace::__rust_end_short_backtrace::<std[70759c8f55707aa4]::panicking::panic_handler::{closure#0}, !>
[INFO] [stdout]    9:     0x5b48db539add - __rustc[8fa7c3cbc660c2b3]::rust_begin_unwind
[INFO] [stdout]   10:     0x5b48db57447c - core[df12db4294e9bfd3]::panicking::panic_fmt
[INFO] [stdout]   11:     0x5b48db574252 - core[df12db4294e9bfd3]::result::unwrap_failed
[INFO] [stdout]   12:     0x5b48db3d2ce6 - rusoto_credential[9d91391bbb4d606b]::tests::profile_provider_finds_right_credentials_in_file::{closure#0}
[INFO] [stdout]   13:     0x5b48db3d6d13 - <tokio[b9d109f0138c5f82]::runtime::scheduler::current_thread::Context>::enter::<core[df12db4294e9bfd3]::task::poll::Poll<()>, <tokio[b9d109f0138c5f82]::runtime::scheduler::current_thread::CoreGuard>::block_on<core[df12db4294e9bfd3]::pin::Pin<&mut core[df12db4294e9bfd3]::pin::Pin<&mut dyn core[df12db4294e9bfd3]::future::future::Future<Output = ()>>>>::{closure#0}::{closure#0}>
[INFO] [stdout]   14:     0x5b48db3bf7fc - <tokio[b9d109f0138c5f82]::runtime::context::scoped::Scoped<tokio[b9d109f0138c5f82]::runtime::scheduler::Context>>::set::<<tokio[b9d109f0138c5f82]::runtime::scheduler::current_thread::CoreGuard>::enter<<tokio[b9d109f0138c5f82]::runtime::scheduler::current_thread::CoreGuard>::block_on<core[df12db4294e9bfd3]::pin::Pin<&mut core[df12db4294e9bfd3]::pin::Pin<&mut dyn core[df12db4294e9bfd3]::future::future::Future<Output = ()>>>>::{closure#0}, core[df12db4294e9bfd3]::option::Option<()>>::{closure#0}, (alloc[2182bb758b4b3781]::boxed::Box<tokio[b9d109f0138c5f82]::runtime::scheduler::current_thread::Core>, core[df12db4294e9bfd3]::option::Option<()>)>
[INFO] [stdout]   15:     0x5b48db3d6eb7 - <tokio[b9d109f0138c5f82]::runtime::scheduler::current_thread::CoreGuard>::block_on::<core[df12db4294e9bfd3]::pin::Pin<&mut core[df12db4294e9bfd3]::pin::Pin<&mut dyn core[df12db4294e9bfd3]::future::future::Future<Output = ()>>>>
[INFO] [stdout]   16:     0x5b48db3bbb0d - tokio[b9d109f0138c5f82]::runtime::context::runtime::enter_runtime::<<tokio[b9d109f0138c5f82]::runtime::scheduler::current_thread::CurrentThread>::block_on<core[df12db4294e9bfd3]::pin::Pin<&mut dyn core[df12db4294e9bfd3]::future::future::Future<Output = ()>>>::{closure#0}, ()>
[INFO] [stdout]   17:     0x5b48db3ba4d3 - <tokio[b9d109f0138c5f82]::runtime::runtime::Runtime>::block_on::<core[df12db4294e9bfd3]::pin::Pin<&mut dyn core[df12db4294e9bfd3]::future::future::Future<Output = ()>>>
[INFO] [stdout]   18:     0x5b48db3d34ab - rusoto_credential[9d91391bbb4d606b]::tests::profile_provider_finds_right_credentials_in_file
[INFO] [stdout]   19:     0x5b48db3b97d9 - <rusoto_credential[9d91391bbb4d606b]::tests::profile_provider_finds_right_credentials_in_file::{closure#0} as core[df12db4294e9bfd3]::ops::function::FnOnce<()>>::call_once
[INFO] [stdout]   20:     0x5b48db3deb0b - test[9d35eded1c95d3be]::__rust_begin_short_backtrace::<core[df12db4294e9bfd3]::result::Result<(), alloc[2182bb758b4b3781]::string::String>, fn() -> core[df12db4294e9bfd3]::result::Result<(), alloc[2182bb758b4b3781]::string::String>>
[INFO] [stdout]   21:     0x5b48db3ec175 - test[9d35eded1c95d3be]::run_test::{closure#0}
[INFO] [stdout]   22:     0x5b48db3e5a34 - std[70759c8f55707aa4]::sys::backtrace::__rust_begin_short_backtrace::<test[9d35eded1c95d3be]::run_test::{closure#1}, ()>
[INFO] [stdout]   23:     0x5b48db3ef2d2 - <std[70759c8f55707aa4]::thread::lifecycle::spawn_unchecked<test[9d35eded1c95d3be]::run_test::{closure#1}, ()>::{closure#1} as core[df12db4294e9bfd3]::ops::function::FnOnce<()>>::call_once::{shim:vtable#0}
[INFO] [stdout]   24:     0x5b48db55d329 - <std[70759c8f55707aa4]::sys::thread::unix::Thread>::new::thread_start
[INFO] [stdout]   25:     0x7b15956c5dfa - <unknown>
[INFO] [stdout]   26:     0x7b15957593d4 - clone
[INFO] [stdout]   27:                0x0 - <unknown>
[INFO] [stdout] 
[INFO] [stdout] 
[INFO] [stdout] failures:
[INFO] [stdout]     profile::tests::existing_file_no_credentials
[INFO] [stdout]     profile::tests::parse_all_values_credentials_file
[INFO] [stdout]     profile::tests::parse_config_file_credential_process
[INFO] [stdout]     profile::tests::parse_config_file_default_profile
[INFO] [stdout]     profile::tests::parse_config_file_multiple_profiles
[INFO] [stdout]     profile::tests::parse_credentials_file_default_profile
[INFO] [stdout]     profile::tests::parse_credentials_file_multiple_profiles
[INFO] [stdout]     profile::tests::parse_credentials_unrecognized_field
[INFO] [stdout]     profile::tests::profile_provider_bad_profile
[INFO] [stdout]     profile::tests::profile_provider_credential_process
[INFO] [stdout]     profile::tests::profile_provider_happy_path
[INFO] [stdout]     profile::tests::profile_provider_profile_name_via_environment_variable
[INFO] [stdout]     profile::tests::region_from_profile
[INFO] [stdout]     tests::parse_iam_task_credentials_sample_response
[INFO] [stdout]     tests::profile_provider_finds_right_credentials_in_file
[INFO] [stdout] 
[INFO] [stdout] test result: FAILED. 46 passed; 15 failed; 0 ignored; 0 measured; 0 filtered out; finished in 1.02s
[INFO] [stdout] 
[INFO] [stderr] error: test failed, to rerun pass `--lib`
[INFO] running `Command { std: "docker" "inspect" "100a57f463eff6f5e1a24987fc2022a6118ba937601d29c405c0e689d4347a4c", kill_on_drop: false }`
[INFO] running `Command { std: "docker" "rm" "-f" "100a57f463eff6f5e1a24987fc2022a6118ba937601d29c405c0e689d4347a4c", kill_on_drop: false }`
[INFO] [stdout] 100a57f463eff6f5e1a24987fc2022a6118ba937601d29c405c0e689d4347a4c
