[INFO] fetching crate rusoto_cloudfront 0.48.0...
[INFO] testing rusoto_cloudfront-0.48.0 against 1.99.0-beta.8+cargoflags=--release for beta-release-1.100-2
[INFO] extracting crate rusoto_cloudfront 0.48.0 into /workspace/builds/worker-0-tc1/source
[INFO] started tweaking crates.io crate rusoto_cloudfront 0.48.0
[INFO] finished tweaking crates.io crate rusoto_cloudfront 0.48.0
[INFO] tweaked toml for crates.io crate rusoto_cloudfront 0.48.0 written to /workspace/builds/worker-0-tc1/source/Cargo.toml
[INFO] validating manifest of crates.io crate rusoto_cloudfront 0.48.0 on toolchain 1.99.0-beta.8
[INFO] running `Command { std: CARGO_HOME="/workspace/cargo-home" RUSTUP_HOME="/workspace/rustup-home" "/workspace/cargo-home/bin/cargo" "+1.99.0-beta.8" "metadata" "--manifest-path" "Cargo.toml" "--no-deps", kill_on_drop: false }`
[INFO] running `Command { std: CARGO_HOME="/workspace/cargo-home" RUSTUP_HOME="/workspace/rustup-home" "/workspace/cargo-home/bin/cargo" "+1.99.0-beta.8" "generate-lockfile" "--manifest-path" "Cargo.toml", kill_on_drop: false }`
[INFO] [stderr]     Updating crates.io index
[INFO] [stderr]      Locking 162 packages to highest compatible versions
[INFO] [stderr]       Adding subtle v2.4.1 (available: v2.6.1)
[INFO] [stderr]       Adding xml-rs v0.8.29 (available: v1.0.0)
[INFO] running `Command { std: CARGO_HOME="/workspace/cargo-home" RUSTUP_HOME="/workspace/rustup-home" "/workspace/cargo-home/bin/cargo" "+1.99.0-beta.8" "fetch" "--manifest-path" "Cargo.toml", kill_on_drop: false }`
[INFO] running `Command { std: "docker" "create" "-v" "/var/lib/crater-agent-workspace/builds/worker-0-tc1/source:/opt/rustwide/workdir:ro,Z" "-v" "/var/lib/crater-agent-workspace/builds/worker-0-tc1/target:/opt/rustwide/target:rw,Z" "-v" "/var/lib/crater-agent-workspace/cargo-home:/opt/rustwide/cargo-home:ro,Z" "-v" "/var/lib/crater-agent-workspace/rustup-home:/opt/rustwide/rustup-home:ro,Z" "-m" "1610612736" "--network" "none" "ghcr.io/rust-lang/crates-build-env/linux@sha256:77db811e55d90add9212f6832c23229e3de5f1c1f9905e8cb07319ea15df73ac" "sleep" "infinity", kill_on_drop: false }`
[INFO] [stdout] a3e1be24050ff6b7dbc592f3ec500c5a4ccf68ed0fe121650db4d699f3048ef8
[INFO] running `Command { std: "docker" "start" "a3e1be24050ff6b7dbc592f3ec500c5a4ccf68ed0fe121650db4d699f3048ef8", kill_on_drop: false }`
[INFO] running `Command { std: "docker" "inspect" "a3e1be24050ff6b7dbc592f3ec500c5a4ccf68ed0fe121650db4d699f3048ef8", kill_on_drop: false }`
[INFO] running `Command { std: "docker" "exec" "-e" "SOURCE_DIR=/opt/rustwide/workdir" "-e" "CARGO_HOME=/opt/rustwide/cargo-home" "-e" "RUSTUP_HOME=/opt/rustwide/rustup-home" "-e" "CARGO_TARGET_DIR=/opt/rustwide/target" "-w" "/opt/rustwide/workdir" "--user" "0:0" "a3e1be24050ff6b7dbc592f3ec500c5a4ccf68ed0fe121650db4d699f3048ef8" "/opt/rustwide/cargo-home/bin/cargo" "+1.99.0-beta.8" "metadata" "--no-deps" "--format-version=1", kill_on_drop: false }`
[INFO] running `Command { std: "docker" "inspect" "a3e1be24050ff6b7dbc592f3ec500c5a4ccf68ed0fe121650db4d699f3048ef8", kill_on_drop: false }`
[INFO] running `Command { std: "docker" "exec" "-e" "SOURCE_DIR=/opt/rustwide/workdir" "-e" "CARGO_HOME=/opt/rustwide/cargo-home" "-e" "RUSTUP_HOME=/opt/rustwide/rustup-home" "-e" "CARGO_TARGET_DIR=/opt/rustwide/target" "-e" "CARGO_INCREMENTAL=0" "-e" "RUST_BACKTRACE=full" "-e" "RUSTFLAGS=--cap-lints=warn" "-e" "RUSTDOCFLAGS=--cap-lints=warn" "-w" "/opt/rustwide/workdir" "--user" "0:0" "a3e1be24050ff6b7dbc592f3ec500c5a4ccf68ed0fe121650db4d699f3048ef8" "/opt/rustwide/cargo-home/bin/cargo" "+1.99.0-beta.8" "build" "--frozen" "--message-format=json" "--release", kill_on_drop: false }`
[INFO] [stderr]    Compiling generic-array v0.14.9
[INFO] [stderr]    Compiling syn v3.0.9
[INFO] [stderr]    Compiling errno v0.3.14
[INFO] [stderr]    Compiling socket2 v0.6.5
[INFO] [stderr]    Compiling openssl-sys v0.9.117
[INFO] [stderr]    Compiling mio v1.2.4
[INFO] [stderr]    Compiling tracing v0.1.44
[INFO] [stderr]    Compiling syn v2.0.119
[INFO] [stderr]    Compiling signal-hook-registry v1.4.8
[INFO] [stderr]    Compiling openssl v0.10.81
[INFO] [stderr]    Compiling socket2 v0.5.10
[INFO] [stderr]    Compiling native-tls v0.2.18
[INFO] [stderr]    Compiling dirs-sys-next v0.1.2
[INFO] [stderr]    Compiling digest v0.9.0
[INFO] [stderr]    Compiling block-buffer v0.9.0
[INFO] [stderr]    Compiling subtle v2.4.1
[INFO] [stderr]    Compiling dirs-next v2.0.0
[INFO] [stderr]    Compiling crypto-mac v0.11.1
[INFO] [stderr]    Compiling zeroize v1.9.1
[INFO] [stderr]    Compiling shlex v1.3.0
[INFO] [stderr]    Compiling sha2 v0.9.9
[INFO] [stderr]    Compiling hmac v0.11.0
[INFO] [stderr]    Compiling rusoto_core v0.48.0
[INFO] [stderr]    Compiling md-5 v0.9.1
[INFO] [stderr]    Compiling base64 v0.13.1
[INFO] [stderr]    Compiling xml-rs v0.8.29
[INFO] [stderr]    Compiling openssl-macros v0.1.1
[INFO] [stderr]    Compiling futures-macro v0.3.34
[INFO] [stderr]    Compiling tokio-macros v2.7.2
[INFO] [stderr]    Compiling serde_derive v1.0.229
[INFO] [stderr]    Compiling async-trait v0.1.92
[INFO] [stderr]    Compiling tokio v1.53.3
[INFO] [stderr]    Compiling futures-util v0.3.34
[INFO] [stderr]    Compiling serde v1.0.229
[INFO] [stderr]    Compiling chrono v0.4.45
[INFO] [stderr]    Compiling futures-executor v0.3.34
[INFO] [stderr]    Compiling futures v0.3.34
[INFO] [stderr]    Compiling tokio-util v0.7.20
[INFO] [stderr]    Compiling tokio-native-tls v0.3.1
[INFO] [stderr]    Compiling h2 v0.3.27
[INFO] [stderr]    Compiling hyper v0.14.32
[INFO] [stderr]    Compiling rusoto_credential v0.48.0
[INFO] [stderr]    Compiling hyper-tls v0.5.0
[INFO] [stderr]    Compiling rusoto_signature v0.48.0
[INFO] [stderr]    Compiling rusoto_cloudfront v0.48.0 (/opt/rustwide/workdir)
[INFO] [stdout] warning: unused import: `custom::*`
[INFO] [stdout]   --> src/lib.rs:21:9
[INFO] [stdout]    |
[INFO] [stdout] 21 | pub use custom::*;
[INFO] [stdout]    |         ^^^^^^^^^
[INFO] [stdout]    |
[INFO] [stdout]    = note: `#[warn(unused_imports)]` (part of `#[warn(unused)]`) on by default
[INFO] [stdout] 
[INFO] [stdout] 
[INFO] [stderr]     Finished `release` profile [optimized] target(s) in 2m 14s
[INFO] running `Command { std: "docker" "inspect" "a3e1be24050ff6b7dbc592f3ec500c5a4ccf68ed0fe121650db4d699f3048ef8", kill_on_drop: false }`
[INFO] running `Command { std: "docker" "exec" "-e" "SOURCE_DIR=/opt/rustwide/workdir" "-e" "CARGO_HOME=/opt/rustwide/cargo-home" "-e" "RUSTUP_HOME=/opt/rustwide/rustup-home" "-e" "CARGO_TARGET_DIR=/opt/rustwide/target" "-e" "CARGO_INCREMENTAL=0" "-e" "RUST_BACKTRACE=full" "-e" "RUSTFLAGS=--cap-lints=warn" "-e" "RUSTDOCFLAGS=--cap-lints=warn" "-w" "/opt/rustwide/workdir" "--user" "0:0" "a3e1be24050ff6b7dbc592f3ec500c5a4ccf68ed0fe121650db4d699f3048ef8" "/opt/rustwide/cargo-home/bin/cargo" "+1.99.0-beta.8" "test" "--frozen" "--no-run" "--message-format=json" "--release", kill_on_drop: false }`
[INFO] [stderr]    Compiling rusoto_mock v0.48.0
[INFO] [stdout] warning: unused import: `custom::*`
[INFO] [stdout]   --> src/lib.rs:21:9
[INFO] [stdout]    |
[INFO] [stdout] 21 | pub use custom::*;
[INFO] [stdout]    |         ^^^^^^^^^
[INFO] [stdout]    |
[INFO] [stdout]    = note: `#[warn(unused_imports)]` (part of `#[warn(unused)]`) on by default
[INFO] [stdout] 
[INFO] [stdout] 
[INFO] [stderr]    Compiling rusoto_cloudfront v0.48.0 (/opt/rustwide/workdir)
[INFO] [stdout] warning: unused import: `custom::*`
[INFO] [stdout]   --> src/lib.rs:21:9
[INFO] [stdout]    |
[INFO] [stdout] 21 | pub use custom::*;
[INFO] [stdout]    |         ^^^^^^^^^
[INFO] [stdout]    |
[INFO] [stdout]    = note: `#[warn(unused_imports)]` (part of `#[warn(unused)]`) on by default
[INFO] [stdout] 
[INFO] [stdout] 
[INFO] [stderr]     Finished `release` profile [optimized] target(s) in 14.48s
[INFO] running `Command { std: "docker" "inspect" "a3e1be24050ff6b7dbc592f3ec500c5a4ccf68ed0fe121650db4d699f3048ef8", kill_on_drop: false }`
[INFO] running `Command { std: "docker" "exec" "-e" "SOURCE_DIR=/opt/rustwide/workdir" "-e" "CARGO_HOME=/opt/rustwide/cargo-home" "-e" "RUSTUP_HOME=/opt/rustwide/rustup-home" "-e" "CARGO_TARGET_DIR=/opt/rustwide/target" "-e" "CARGO_INCREMENTAL=0" "-e" "RUST_BACKTRACE=full" "-e" "RUSTFLAGS=--cap-lints=warn" "-e" "RUSTDOCFLAGS=--cap-lints=warn" "-w" "/opt/rustwide/workdir" "--user" "0:0" "a3e1be24050ff6b7dbc592f3ec500c5a4ccf68ed0fe121650db4d699f3048ef8" "/opt/rustwide/cargo-home/bin/cargo" "+1.99.0-beta.8" "test" "--frozen" "--release", kill_on_drop: false }`
[INFO] [stderr] warning: unused import: `custom::*`
[INFO] [stderr]   --> src/lib.rs:21:9
[INFO] [stderr]    |
[INFO] [stderr] 21 | pub use custom::*;
[INFO] [stderr]    |         ^^^^^^^^^
[INFO] [stderr]    |
[INFO] [stderr]    = note: `#[warn(unused_imports)]` (part of `#[warn(unused)]`) on by default
[INFO] [stderr] 
[INFO] [stderr] warning: `rusoto_cloudfront` (lib) generated 1 warning (run `cargo fix --lib -p rusoto_cloudfront` to apply 1 suggestion)
[INFO] [stderr] warning: `rusoto_cloudfront` (lib test) generated 1 warning (1 duplicate)
[INFO] [stderr]     Finished `release` profile [optimized] target(s) in 0.19s
[INFO] [stderr]      Running unittests src/lib.rs (/opt/rustwide/target/release/deps/rusoto_cloudfront-f161bee77905b50e)
[INFO] [stdout] 
[INFO] [stdout] running 9 tests
[INFO] [stdout] test generated::protocol_tests::test_parse_valid_cloudfront_get_invalidation ... FAILED
[INFO] [stdout] test generated::protocol_tests::test_parse_valid_cloudfront_list_cloud_front_origin_access_identities ... FAILED
[INFO] [stdout] test generated::protocol_tests::test_parse_valid_cloudfront_list_distributions ... FAILED
[INFO] [stdout] test generated::protocol_tests::test_parse_valid_cloudfront_get_streaming_distribution ... FAILED
[INFO] [stdout] test generated::protocol_tests::test_parse_valid_cloudfront_get_distribution ... FAILED
[INFO] [stdout] test generated::protocol_tests::test_parse_valid_cloudfront_get_cloud_front_origin_access_identity ... FAILED
[INFO] [stdout] test custom::custom_tests::should_list_distributions ... FAILED
[INFO] [stdout] test generated::protocol_tests::test_parse_valid_cloudfront_list_invalidations ... FAILED
[INFO] [stdout] test generated::protocol_tests::test_parse_valid_cloudfront_list_streaming_distributions ... FAILED
[INFO] [stderr] error: test failed, to rerun pass `--lib`
[INFO] [stdout] 
[INFO] [stdout] failures:
[INFO] [stdout] 
[INFO] [stdout] ---- generated::protocol_tests::test_parse_valid_cloudfront_get_invalidation stdout ----
[INFO] [stdout] 
[INFO] [stdout] thread 'generated::protocol_tests::test_parse_valid_cloudfront_get_invalidation' (1031) panicked at /opt/rustwide/cargo-home/registry/src/index.crates.io-1949cf8c6b5b557f/rusoto_mock-0.48.0/src/lib.rs:195:53:
[INFO] [stdout] couldn't find file: Os { code: 2, kind: NotFound, message: "No such file or directory" }
[INFO] [stdout] stack backtrace:
[INFO] [stdout]    0:     0x57f420e6e791 - <<std[70759c8f55707aa4]::sys::backtrace::BacktraceLock>::print::DisplayBacktrace as core[df12db4294e9bfd3]::fmt::Display>::fmt
[INFO] [stdout]    1:     0x57f420e8338a - core[df12db4294e9bfd3]::fmt::write
[INFO] [stdout]    2:     0x57f420e72dec - <alloc[2182bb758b4b3781]::vec::Vec<u8> as core[df12db4294e9bfd3]::io::write::Write>::write_fmt
[INFO] [stdout]    3:     0x57f420e4a5f6 - std[70759c8f55707aa4]::panicking::default_hook::{closure#0}
[INFO] [stdout]    4:     0x57f420e66c89 - std[70759c8f55707aa4]::panicking::default_hook
[INFO] [stdout]    5:     0x57f420db4260 - test[9d35eded1c95d3be]::test_main_inner::<test[9d35eded1c95d3be]::test_main_static::{closure#0}>::{closure#0}
[INFO] [stdout]    6:     0x57f420e66fb2 - std[70759c8f55707aa4]::panicking::panic_with_hook
[INFO] [stdout]    7:     0x57f420e4a6a2 - std[70759c8f55707aa4]::panicking::panic_handler::{closure#0}
[INFO] [stdout]    8:     0x57f420e43429 - std[70759c8f55707aa4]::sys::backtrace::__rust_end_short_backtrace::<std[70759c8f55707aa4]::panicking::panic_handler::{closure#0}, !>
[INFO] [stdout]    9:     0x57f420e4b29d - __rustc[8fa7c3cbc660c2b3]::rust_begin_unwind
[INFO] [stdout]   10:     0x57f420e83aec - core[df12db4294e9bfd3]::panicking::panic_fmt
[INFO] [stdout]   11:     0x57f420e838c2 - core[df12db4294e9bfd3]::result::unwrap_failed
[INFO] [stdout]   12:     0x57f420de999c - <rusoto_mock[2b532d9c2616a7c6]::MockResponseReader as rusoto_mock[2b532d9c2616a7c6]::ReadMockResponse>::read_response
[INFO] [stdout]   13:     0x57f420da308d - rusoto_cloudfront[329942de489c4bb8]::generated::protocol_tests::test_parse_valid_cloudfront_get_invalidation::{closure#0}
[INFO] [stdout]   14:     0x57f420d94fd3 - <tokio[d5a4e785dbe4b2e5]::runtime::scheduler::current_thread::Context>::enter::<core[df12db4294e9bfd3]::task::poll::Poll<()>, <tokio[d5a4e785dbe4b2e5]::runtime::scheduler::current_thread::CoreGuard>::block_on<core[df12db4294e9bfd3]::pin::Pin<&mut core[df12db4294e9bfd3]::pin::Pin<&mut dyn core[df12db4294e9bfd3]::future::future::Future<Output = ()>>>>::{closure#0}::{closure#0}>
[INFO] [stdout]   15:     0x57f420d973e9 - <std[70759c8f55707aa4]::thread::local::LocalKey<tokio[d5a4e785dbe4b2e5]::runtime::context::Context>>::with::<tokio[d5a4e785dbe4b2e5]::runtime::context::set_scheduler<(alloc[2182bb758b4b3781]::boxed::Box<tokio[d5a4e785dbe4b2e5]::runtime::scheduler::current_thread::Core>, core[df12db4294e9bfd3]::option::Option<()>), <tokio[d5a4e785dbe4b2e5]::runtime::scheduler::current_thread::CoreGuard>::enter<<tokio[d5a4e785dbe4b2e5]::runtime::scheduler::current_thread::CoreGuard>::block_on<core[df12db4294e9bfd3]::pin::Pin<&mut core[df12db4294e9bfd3]::pin::Pin<&mut dyn core[df12db4294e9bfd3]::future::future::Future<Output = ()>>>>::{closure#0}, core[df12db4294e9bfd3]::option::Option<()>>::{closure#0}>::{closure#0}, (alloc[2182bb758b4b3781]::boxed::Box<tokio[d5a4e785dbe4b2e5]::runtime::scheduler::current_thread::Core>, core[df12db4294e9bfd3]::option::Option<()>)>
[INFO] [stdout]   16:     0x57f420d95157 - <tokio[d5a4e785dbe4b2e5]::runtime::scheduler::current_thread::CoreGuard>::block_on::<core[df12db4294e9bfd3]::pin::Pin<&mut core[df12db4294e9bfd3]::pin::Pin<&mut dyn core[df12db4294e9bfd3]::future::future::Future<Output = ()>>>>
[INFO] [stdout]   17:     0x57f420d93c8d - tokio[d5a4e785dbe4b2e5]::runtime::context::runtime::enter_runtime::<<tokio[d5a4e785dbe4b2e5]::runtime::scheduler::current_thread::CurrentThread>::block_on<core[df12db4294e9bfd3]::pin::Pin<&mut dyn core[df12db4294e9bfd3]::future::future::Future<Output = ()>>>::{closure#0}, ()>
[INFO] [stdout]   18:     0x57f420d9f565 - <tokio[d5a4e785dbe4b2e5]::runtime::runtime::Runtime>::block_on::<core[df12db4294e9bfd3]::pin::Pin<&mut dyn core[df12db4294e9bfd3]::future::future::Future<Output = ()>>>
[INFO] [stdout]   19:     0x57f420da4aeb - rusoto_cloudfront[329942de489c4bb8]::generated::protocol_tests::test_parse_valid_cloudfront_get_invalidation
[INFO] [stdout]   20:     0x57f420da0279 - <rusoto_cloudfront[329942de489c4bb8]::generated::protocol_tests::test_parse_valid_cloudfront_get_invalidation::{closure#0} as core[df12db4294e9bfd3]::ops::function::FnOnce<()>>::call_once
[INFO] [stdout]   21:     0x57f420da754b - test[9d35eded1c95d3be]::__rust_begin_short_backtrace::<core[df12db4294e9bfd3]::result::Result<(), alloc[2182bb758b4b3781]::string::String>, fn() -> core[df12db4294e9bfd3]::result::Result<(), alloc[2182bb758b4b3781]::string::String>>
[INFO] [stdout]   22:     0x57f420db4bb5 - test[9d35eded1c95d3be]::run_test::{closure#0}
[INFO] [stdout]   23:     0x57f420dae474 - std[70759c8f55707aa4]::sys::backtrace::__rust_begin_short_backtrace::<test[9d35eded1c95d3be]::run_test::{closure#1}, ()>
[INFO] [stdout]   24:     0x57f420db7d12 - <std[70759c8f55707aa4]::thread::lifecycle::spawn_unchecked<test[9d35eded1c95d3be]::run_test::{closure#1}, ()>::{closure#1} as core[df12db4294e9bfd3]::ops::function::FnOnce<()>>::call_once::{shim:vtable#0}
[INFO] [stdout]   25:     0x57f420e6e059 - <std[70759c8f55707aa4]::sys::thread::unix::Thread>::new::thread_start
[INFO] [stdout]   26:     0x71af8b248dfa - <unknown>
[INFO] [stdout]   27:     0x71af8b2dc3d4 - clone
[INFO] [stdout]   28:                0x0 - <unknown>
[INFO] [stdout] 
[INFO] [stdout] ---- generated::protocol_tests::test_parse_valid_cloudfront_list_cloud_front_origin_access_identities stdout ----
[INFO] [stdout] 
[INFO] [stdout] thread 'generated::protocol_tests::test_parse_valid_cloudfront_list_cloud_front_origin_access_identities' (1033) panicked at /opt/rustwide/cargo-home/registry/src/index.crates.io-1949cf8c6b5b557f/rusoto_mock-0.48.0/src/lib.rs:195:53:
[INFO] [stdout] couldn't find file: Os { code: 2, kind: NotFound, message: "No such file or directory" }
[INFO] [stdout] stack backtrace:
[INFO] [stdout]    0:     0x57f420e6e791 - <<std[70759c8f55707aa4]::sys::backtrace::BacktraceLock>::print::DisplayBacktrace as core[df12db4294e9bfd3]::fmt::Display>::fmt
[INFO] [stdout]    1:     0x57f420e8338a - core[df12db4294e9bfd3]::fmt::write
[INFO] [stdout]    2:     0x57f420e72dec - <alloc[2182bb758b4b3781]::vec::Vec<u8> as core[df12db4294e9bfd3]::io::write::Write>::write_fmt
[INFO] [stdout]    3:     0x57f420e4a5f6 - std[70759c8f55707aa4]::panicking::default_hook::{closure#0}
[INFO] [stdout]    4:     0x57f420e66c89 - std[70759c8f55707aa4]::panicking::default_hook
[INFO] [stdout]    5:     0x57f420db4260 - test[9d35eded1c95d3be]::test_main_inner::<test[9d35eded1c95d3be]::test_main_static::{closure#0}>::{closure#0}
[INFO] [stdout]    6:     0x57f420e66fb2 - std[70759c8f55707aa4]::panicking::panic_with_hook
[INFO] [stdout]    7:     0x57f420e4a6a2 - std[70759c8f55707aa4]::panicking::panic_handler::{closure#0}
[INFO] [stdout]    8:     0x57f420e43429 - std[70759c8f55707aa4]::sys::backtrace::__rust_end_short_backtrace::<std[70759c8f55707aa4]::panicking::panic_handler::{closure#0}, !>
[INFO] [stdout]    9:     0x57f420e4b29d - __rustc[8fa7c3cbc660c2b3]::rust_begin_unwind
[INFO] [stdout]   10:     0x57f420e83aec - core[df12db4294e9bfd3]::panicking::panic_fmt
[INFO] [stdout]   11:     0x57f420e838c2 - core[df12db4294e9bfd3]::result::unwrap_failed
[INFO] [stdout]   12:     0x57f420de999c - <rusoto_mock[2b532d9c2616a7c6]::MockResponseReader as rusoto_mock[2b532d9c2616a7c6]::ReadMockResponse>::read_response
[INFO] [stdout]   13:     0x57f420da45cd - rusoto_cloudfront[329942de489c4bb8]::generated::protocol_tests::test_parse_valid_cloudfront_list_cloud_front_origin_access_identities::{closure#0}
[INFO] [stdout]   14:     0x57f420d94fd3 - <tokio[d5a4e785dbe4b2e5]::runtime::scheduler::current_thread::Context>::enter::<core[df12db4294e9bfd3]::task::poll::Poll<()>, <tokio[d5a4e785dbe4b2e5]::runtime::scheduler::current_thread::CoreGuard>::block_on<core[df12db4294e9bfd3]::pin::Pin<&mut core[df12db4294e9bfd3]::pin::Pin<&mut dyn core[df12db4294e9bfd3]::future::future::Future<Output = ()>>>>::{closure#0}::{closure#0}>
[INFO] [stdout]   15:     0x57f420d973e9 - <std[70759c8f55707aa4]::thread::local::LocalKey<tokio[d5a4e785dbe4b2e5]::runtime::context::Context>>::with::<tokio[d5a4e785dbe4b2e5]::runtime::context::set_scheduler<(alloc[2182bb758b4b3781]::boxed::Box<tokio[d5a4e785dbe4b2e5]::runtime::scheduler::current_thread::Core>, core[df12db4294e9bfd3]::option::Option<()>), <tokio[d5a4e785dbe4b2e5]::runtime::scheduler::current_thread::CoreGuard>::enter<<tokio[d5a4e785dbe4b2e5]::runtime::scheduler::current_thread::CoreGuard>::block_on<core[df12db4294e9bfd3]::pin::Pin<&mut core[df12db4294e9bfd3]::pin::Pin<&mut dyn core[df12db4294e9bfd3]::future::future::Future<Output = ()>>>>::{closure#0}, core[df12db4294e9bfd3]::option::Option<()>>::{closure#0}>::{closure#0}, (alloc[2182bb758b4b3781]::boxed::Box<tokio[d5a4e785dbe4b2e5]::runtime::scheduler::current_thread::Core>, core[df12db4294e9bfd3]::option::Option<()>)>
[INFO] [stdout]   16:     0x57f420d95157 - <tokio[d5a4e785dbe4b2e5]::runtime::scheduler::current_thread::CoreGuard>::block_on::<core[df12db4294e9bfd3]::pin::Pin<&mut core[df12db4294e9bfd3]::pin::Pin<&mut dyn core[df12db4294e9bfd3]::future::future::Future<Output = ()>>>>
[INFO] [stdout]   17:     0x57f420d93c8d - tokio[d5a4e785dbe4b2e5]::runtime::context::runtime::enter_runtime::<<tokio[d5a4e785dbe4b2e5]::runtime::scheduler::current_thread::CurrentThread>::block_on<core[df12db4294e9bfd3]::pin::Pin<&mut dyn core[df12db4294e9bfd3]::future::future::Future<Output = ()>>>::{closure#0}, ()>
[INFO] [stdout]   18:     0x57f420d9f565 - <tokio[d5a4e785dbe4b2e5]::runtime::runtime::Runtime>::block_on::<core[df12db4294e9bfd3]::pin::Pin<&mut dyn core[df12db4294e9bfd3]::future::future::Future<Output = ()>>>
[INFO] [stdout]   19:     0x57f420da52cb - rusoto_cloudfront[329942de489c4bb8]::generated::protocol_tests::test_parse_valid_cloudfront_list_cloud_front_origin_access_identities
[INFO] [stdout]   20:     0x57f420da0339 - <rusoto_cloudfront[329942de489c4bb8]::generated::protocol_tests::test_parse_valid_cloudfront_list_cloud_front_origin_access_identities::{closure#0} as core[df12db4294e9bfd3]::ops::function::FnOnce<()>>::call_once
[INFO] [stdout]   21:     0x57f420da754b - test[9d35eded1c95d3be]::__rust_begin_short_backtrace::<core[df12db4294e9bfd3]::result::Result<(), alloc[2182bb758b4b3781]::string::String>, fn() -> core[df12db4294e9bfd3]::result::Result<(), alloc[2182bb758b4b3781]::string::String>>
[INFO] [stdout]   22:     0x57f420db4bb5 - test[9d35eded1c95d3be]::run_test::{closure#0}
[INFO] [stdout]   23:     0x57f420dae474 - std[70759c8f55707aa4]::sys::backtrace::__rust_begin_short_backtrace::<test[9d35eded1c95d3be]::run_test::{closure#1}, ()>
[INFO] [stdout]   24:     0x57f420db7d12 - <std[70759c8f55707aa4]::thread::lifecycle::spawn_unchecked<test[9d35eded1c95d3be]::run_test::{closure#1}, ()>::{closure#1} as core[df12db4294e9bfd3]::ops::function::FnOnce<()>>::call_once::{shim:vtable#0}
[INFO] [stdout]   25:     0x57f420e6e059 - <std[70759c8f55707aa4]::sys::thread::unix::Thread>::new::thread_start
[INFO] [stdout]   26:     0x71af8b248dfa - <unknown>
[INFO] [stdout]   27:     0x71af8b2dc3d4 - clone
[INFO] [stdout]   28:                0x0 - <unknown>
[INFO] [stdout] 
[INFO] [stdout] ---- generated::protocol_tests::test_parse_valid_cloudfront_list_distributions stdout ----
[INFO] [stdout] 
[INFO] [stdout] thread 'generated::protocol_tests::test_parse_valid_cloudfront_list_distributions' (1034) panicked at /opt/rustwide/cargo-home/registry/src/index.crates.io-1949cf8c6b5b557f/rusoto_mock-0.48.0/src/lib.rs:195:53:
[INFO] [stdout] couldn't find file: Os { code: 2, kind: NotFound, message: "No such file or directory" }
[INFO] [stdout] stack backtrace:
[INFO] [stdout]    0:     0x57f420e6e791 - <<std[70759c8f55707aa4]::sys::backtrace::BacktraceLock>::print::DisplayBacktrace as core[df12db4294e9bfd3]::fmt::Display>::fmt
[INFO] [stdout]    1:     0x57f420e8338a - core[df12db4294e9bfd3]::fmt::write
[INFO] [stdout]    2:     0x57f420e72dec - <alloc[2182bb758b4b3781]::vec::Vec<u8> as core[df12db4294e9bfd3]::io::write::Write>::write_fmt
[INFO] [stdout]    3:     0x57f420e4a5f6 - std[70759c8f55707aa4]::panicking::default_hook::{closure#0}
[INFO] [stdout]    4:     0x57f420e66c89 - std[70759c8f55707aa4]::panicking::default_hook
[INFO] [stdout]    5:     0x57f420db4260 - test[9d35eded1c95d3be]::test_main_inner::<test[9d35eded1c95d3be]::test_main_static::{closure#0}>::{closure#0}
[INFO] [stdout]    6:     0x57f420e66fb2 - std[70759c8f55707aa4]::panicking::panic_with_hook
[INFO] [stdout]    7:     0x57f420e4a6a2 - std[70759c8f55707aa4]::panicking::panic_handler::{closure#0}
[INFO] [stdout]    8:     0x57f420e43429 - std[70759c8f55707aa4]::sys::backtrace::__rust_end_short_backtrace::<std[70759c8f55707aa4]::panicking::panic_handler::{closure#0}, !>
[INFO] [stdout]    9:     0x57f420e4b29d - __rustc[8fa7c3cbc660c2b3]::rust_begin_unwind
[INFO] [stdout]   10:     0x57f420e83aec - core[df12db4294e9bfd3]::panicking::panic_fmt
[INFO] [stdout]   11:     0x57f420e838c2 - core[df12db4294e9bfd3]::result::unwrap_failed
[INFO] [stdout]   12:     0x57f420de999c - <rusoto_mock[2b532d9c2616a7c6]::MockResponseReader as rusoto_mock[2b532d9c2616a7c6]::ReadMockResponse>::read_response
[INFO] [stdout]   13:     0x57f420da343d - rusoto_cloudfront[329942de489c4bb8]::generated::protocol_tests::test_parse_valid_cloudfront_list_distributions::{closure#0}
[INFO] [stdout]   14:     0x57f420d94fd3 - <tokio[d5a4e785dbe4b2e5]::runtime::scheduler::current_thread::Context>::enter::<core[df12db4294e9bfd3]::task::poll::Poll<()>, <tokio[d5a4e785dbe4b2e5]::runtime::scheduler::current_thread::CoreGuard>::block_on<core[df12db4294e9bfd3]::pin::Pin<&mut core[df12db4294e9bfd3]::pin::Pin<&mut dyn core[df12db4294e9bfd3]::future::future::Future<Output = ()>>>>::{closure#0}::{closure#0}>
[INFO] [stdout]   15:     0x57f420d973e9 - <std[70759c8f55707aa4]::thread::local::LocalKey<tokio[d5a4e785dbe4b2e5]::runtime::context::Context>>::with::<tokio[d5a4e785dbe4b2e5]::runtime::context::set_scheduler<(alloc[2182bb758b4b3781]::boxed::Box<tokio[d5a4e785dbe4b2e5]::runtime::scheduler::current_thread::Core>, core[df12db4294e9bfd3]::option::Option<()>), <tokio[d5a4e785dbe4b2e5]::runtime::scheduler::current_thread::CoreGuard>::enter<<tokio[d5a4e785dbe4b2e5]::runtime::scheduler::current_thread::CoreGuard>::block_on<core[df12db4294e9bfd3]::pin::Pin<&mut core[df12db4294e9bfd3]::pin::Pin<&mut dyn core[df12db4294e9bfd3]::future::future::Future<Output = ()>>>>::{closure#0}, core[df12db4294e9bfd3]::option::Option<()>>::{closure#0}>::{closure#0}, (alloc[2182bb758b4b3781]::boxed::Box<tokio[d5a4e785dbe4b2e5]::runtime::scheduler::current_thread::Core>, core[df12db4294e9bfd3]::option::Option<()>)>
[INFO] [stdout]   16:     0x57f420d95157 - <tokio[d5a4e785dbe4b2e5]::runtime::scheduler::current_thread::CoreGuard>::block_on::<core[df12db4294e9bfd3]::pin::Pin<&mut core[df12db4294e9bfd3]::pin::Pin<&mut dyn core[df12db4294e9bfd3]::future::future::Future<Output = ()>>>>
[INFO] [stdout]   17:     0x57f420d93c8d - tokio[d5a4e785dbe4b2e5]::runtime::context::runtime::enter_runtime::<<tokio[d5a4e785dbe4b2e5]::runtime::scheduler::current_thread::CurrentThread>::block_on<core[df12db4294e9bfd3]::pin::Pin<&mut dyn core[df12db4294e9bfd3]::future::future::Future<Output = ()>>>::{closure#0}, ()>
[INFO] [stdout]   18:     0x57f420d9f565 - <tokio[d5a4e785dbe4b2e5]::runtime::runtime::Runtime>::block_on::<core[df12db4294e9bfd3]::pin::Pin<&mut dyn core[df12db4294e9bfd3]::future::future::Future<Output = ()>>>
[INFO] [stdout]   19:     0x57f420da4c3b - rusoto_cloudfront[329942de489c4bb8]::generated::protocol_tests::test_parse_valid_cloudfront_list_distributions
[INFO] [stdout]   20:     0x57f420da0299 - <rusoto_cloudfront[329942de489c4bb8]::generated::protocol_tests::test_parse_valid_cloudfront_list_distributions::{closure#0} as core[df12db4294e9bfd3]::ops::function::FnOnce<()>>::call_once
[INFO] [stdout]   21:     0x57f420da754b - test[9d35eded1c95d3be]::__rust_begin_short_backtrace::<core[df12db4294e9bfd3]::result::Result<(), alloc[2182bb758b4b3781]::string::String>, fn() -> core[df12db4294e9bfd3]::result::Result<(), alloc[2182bb758b4b3781]::string::String>>
[INFO] [stdout]   22:     0x57f420db4bb5 - test[9d35eded1c95d3be]::run_test::{closure#0}
[INFO] [stdout]   23:     0x57f420dae474 - std[70759c8f55707aa4]::sys::backtrace::__rust_begin_short_backtrace::<test[9d35eded1c95d3be]::run_test::{closure#1}, ()>
[INFO] [stdout]   24:     0x57f420db7d12 - <std[70759c8f55707aa4]::thread::lifecycle::spawn_unchecked<test[9d35eded1c95d3be]::run_test::{closure#1}, ()>::{closure#1} as core[df12db4294e9bfd3]::ops::function::FnOnce<()>>::call_once::{shim:vtable#0}
[INFO] [stdout]   25:     0x57f420e6e059 - <std[70759c8f55707aa4]::sys::thread::unix::Thread>::new::thread_start
[INFO] [stdout]   26:     0x71af8b248dfa - <unknown>
[INFO] [stdout]   27:     0x71af8b2dc3d4 - clone
[INFO] [stdout]   28:                0x0 - <unknown>
[INFO] [stdout] 
[INFO] [stdout] ---- generated::protocol_tests::test_parse_valid_cloudfront_get_streaming_distribution stdout ----
[INFO] [stdout] 
[INFO] [stdout] thread 'generated::protocol_tests::test_parse_valid_cloudfront_get_streaming_distribution' (1032) panicked at /opt/rustwide/cargo-home/registry/src/index.crates.io-1949cf8c6b5b557f/rusoto_mock-0.48.0/src/lib.rs:195:53:
[INFO] [stdout] couldn't find file: Os { code: 2, kind: NotFound, message: "No such file or directory" }
[INFO] [stdout] stack backtrace:
[INFO] [stdout]    0:     0x57f420e6e791 - <<std[70759c8f55707aa4]::sys::backtrace::BacktraceLock>::print::DisplayBacktrace as core[df12db4294e9bfd3]::fmt::Display>::fmt
[INFO] [stdout]    1:     0x57f420e8338a - core[df12db4294e9bfd3]::fmt::write
[INFO] [stdout]    2:     0x57f420e72dec - <alloc[2182bb758b4b3781]::vec::Vec<u8> as core[df12db4294e9bfd3]::io::write::Write>::write_fmt
[INFO] [stdout]    3:     0x57f420e4a5f6 - std[70759c8f55707aa4]::panicking::default_hook::{closure#0}
[INFO] [stdout]    4:     0x57f420e66c89 - std[70759c8f55707aa4]::panicking::default_hook
[INFO] [stdout]    5:     0x57f420db4260 - test[9d35eded1c95d3be]::test_main_inner::<test[9d35eded1c95d3be]::test_main_static::{closure#0}>::{closure#0}
[INFO] [stdout]    6:     0x57f420e66fb2 - std[70759c8f55707aa4]::panicking::panic_with_hook
[INFO] [stdout]    7:     0x57f420e4a6a2 - std[70759c8f55707aa4]::panicking::panic_handler::{closure#0}
[INFO] [stdout]    8:     0x57f420e43429 - std[70759c8f55707aa4]::sys::backtrace::__rust_end_short_backtrace::<std[70759c8f55707aa4]::panicking::panic_handler::{closure#0}, !>
[INFO] [stdout]    9:     0x57f420e4b29d - __rustc[8fa7c3cbc660c2b3]::rust_begin_unwind
[INFO] [stdout]   10:     0x57f420e83aec - core[df12db4294e9bfd3]::panicking::panic_fmt
[INFO] [stdout]   11:     0x57f420e838c2 - core[df12db4294e9bfd3]::result::unwrap_failed
[INFO] [stdout]   12:     0x57f420de999c - <rusoto_mock[2b532d9c2616a7c6]::MockResponseReader as rusoto_mock[2b532d9c2616a7c6]::ReadMockResponse>::read_response
[INFO] [stdout]   13:     0x57f420da3b5d - rusoto_cloudfront[329942de489c4bb8]::generated::protocol_tests::test_parse_valid_cloudfront_get_streaming_distribution::{closure#0}
[INFO] [stdout]   14:     0x57f420d94fd3 - <tokio[d5a4e785dbe4b2e5]::runtime::scheduler::current_thread::Context>::enter::<core[df12db4294e9bfd3]::task::poll::Poll<()>, <tokio[d5a4e785dbe4b2e5]::runtime::scheduler::current_thread::CoreGuard>::block_on<core[df12db4294e9bfd3]::pin::Pin<&mut core[df12db4294e9bfd3]::pin::Pin<&mut dyn core[df12db4294e9bfd3]::future::future::Future<Output = ()>>>>::{closure#0}::{closure#0}>
[INFO] [stdout]   15:     0x57f420d973e9 - <std[70759c8f55707aa4]::thread::local::LocalKey<tokio[d5a4e785dbe4b2e5]::runtime::context::Context>>::with::<tokio[d5a4e785dbe4b2e5]::runtime::context::set_scheduler<(alloc[2182bb758b4b3781]::boxed::Box<tokio[d5a4e785dbe4b2e5]::runtime::scheduler::current_thread::Core>, core[df12db4294e9bfd3]::option::Option<()>), <tokio[d5a4e785dbe4b2e5]::runtime::scheduler::current_thread::CoreGuard>::enter<<tokio[d5a4e785dbe4b2e5]::runtime::scheduler::current_thread::CoreGuard>::block_on<core[df12db4294e9bfd3]::pin::Pin<&mut core[df12db4294e9bfd3]::pin::Pin<&mut dyn core[df12db4294e9bfd3]::future::future::Future<Output = ()>>>>::{closure#0}, core[df12db4294e9bfd3]::option::Option<()>>::{closure#0}>::{closure#0}, (alloc[2182bb758b4b3781]::boxed::Box<tokio[d5a4e785dbe4b2e5]::runtime::scheduler::current_thread::Core>, core[df12db4294e9bfd3]::option::Option<()>)>
[INFO] [stdout]   16:     0x57f420d95157 - <tokio[d5a4e785dbe4b2e5]::runtime::scheduler::current_thread::CoreGuard>::block_on::<core[df12db4294e9bfd3]::pin::Pin<&mut core[df12db4294e9bfd3]::pin::Pin<&mut dyn core[df12db4294e9bfd3]::future::future::Future<Output = ()>>>>
[INFO] [stdout]   17:     0x57f420d93c8d - tokio[d5a4e785dbe4b2e5]::runtime::context::runtime::enter_runtime::<<tokio[d5a4e785dbe4b2e5]::runtime::scheduler::current_thread::CurrentThread>::block_on<core[df12db4294e9bfd3]::pin::Pin<&mut dyn core[df12db4294e9bfd3]::future::future::Future<Output = ()>>>::{closure#0}, ()>
[INFO] [stdout]   18:     0x57f420d9f565 - <tokio[d5a4e785dbe4b2e5]::runtime::runtime::Runtime>::block_on::<core[df12db4294e9bfd3]::pin::Pin<&mut dyn core[df12db4294e9bfd3]::future::future::Future<Output = ()>>>
[INFO] [stdout]   19:     0x57f420da4edb - rusoto_cloudfront[329942de489c4bb8]::generated::protocol_tests::test_parse_valid_cloudfront_get_streaming_distribution
[INFO] [stdout]   20:     0x57f420da02d9 - <rusoto_cloudfront[329942de489c4bb8]::generated::protocol_tests::test_parse_valid_cloudfront_get_streaming_distribution::{closure#0} as core[df12db4294e9bfd3]::ops::function::FnOnce<()>>::call_once
[INFO] [stdout]   21:     0x57f420da754b - test[9d35eded1c95d3be]::__rust_begin_short_backtrace::<core[df12db4294e9bfd3]::result::Result<(), alloc[2182bb758b4b3781]::string::String>, fn() -> core[df12db4294e9bfd3]::result::Result<(), alloc[2182bb758b4b3781]::string::String>>
[INFO] [stdout]   22:     0x57f420db4bb5 - test[9d35eded1c95d3be]::run_test::{closure#0}
[INFO] [stdout]   23:     0x57f420dae474 - std[70759c8f55707aa4]::sys::backtrace::__rust_begin_short_backtrace::<test[9d35eded1c95d3be]::run_test::{closure#1}, ()>
[INFO] [stdout]   24:     0x57f420db7d12 - <std[70759c8f55707aa4]::thread::lifecycle::spawn_unchecked<test[9d35eded1c95d3be]::run_test::{closure#1}, ()>::{closure#1} as core[df12db4294e9bfd3]::ops::function::FnOnce<()>>::call_once::{shim:vtable#0}
[INFO] [stdout]   25:     0x57f420e6e059 - <std[70759c8f55707aa4]::sys::thread::unix::Thread>::new::thread_start
[INFO] [stdout]   26:     0x71af8b248dfa - <unknown>
[INFO] [stdout]   27:     0x71af8b2dc3d4 - clone
[INFO] [stdout]   28:                0x0 - <unknown>
[INFO] [stdout] 
[INFO] [stdout] ---- generated::protocol_tests::test_parse_valid_cloudfront_get_distribution stdout ----
[INFO] [stdout] 
[INFO] [stdout] thread 'generated::protocol_tests::test_parse_valid_cloudfront_get_distribution' (1030) panicked at /opt/rustwide/cargo-home/registry/src/index.crates.io-1949cf8c6b5b557f/rusoto_mock-0.48.0/src/lib.rs:195:53:
[INFO] [stdout] couldn't find file: Os { code: 2, kind: NotFound, message: "No such file or directory" }
[INFO] [stdout] stack backtrace:
[INFO] [stdout]    0:     0x57f420e6e791 - <<std[70759c8f55707aa4]::sys::backtrace::BacktraceLock>::print::DisplayBacktrace as core[df12db4294e9bfd3]::fmt::Display>::fmt
[INFO] [stdout]    1:     0x57f420e8338a - core[df12db4294e9bfd3]::fmt::write
[INFO] [stdout]    2:     0x57f420e72dec - <alloc[2182bb758b4b3781]::vec::Vec<u8> as core[df12db4294e9bfd3]::io::write::Write>::write_fmt
[INFO] [stdout]    3:     0x57f420e4a5f6 - std[70759c8f55707aa4]::panicking::default_hook::{closure#0}
[INFO] [stdout]    4:     0x57f420e66c89 - std[70759c8f55707aa4]::panicking::default_hook
[INFO] [stdout]    5:     0x57f420db4260 - test[9d35eded1c95d3be]::test_main_inner::<test[9d35eded1c95d3be]::test_main_static::{closure#0}>::{closure#0}
[INFO] [stdout]    6:     0x57f420e66fb2 - std[70759c8f55707aa4]::panicking::panic_with_hook
[INFO] [stdout]    7:     0x57f420e4a6a2 - std[70759c8f55707aa4]::panicking::panic_handler::{closure#0}
[INFO] [stdout]    8:     0x57f420e43429 - std[70759c8f55707aa4]::sys::backtrace::__rust_end_short_backtrace::<std[70759c8f55707aa4]::panicking::panic_handler::{closure#0}, !>
[INFO] [stdout]    9:     0x57f420e4b29d - __rustc[8fa7c3cbc660c2b3]::rust_begin_unwind
[INFO] [stdout]   10:     0x57f420e83aec - core[df12db4294e9bfd3]::panicking::panic_fmt
[INFO] [stdout]   11:     0x57f420e838c2 - core[df12db4294e9bfd3]::result::unwrap_failed
[INFO] [stdout]   12:     0x57f420de999c - <rusoto_mock[2b532d9c2616a7c6]::MockResponseReader as rusoto_mock[2b532d9c2616a7c6]::ReadMockResponse>::read_response
[INFO] [stdout]   13:     0x57f420da2d2d - rusoto_cloudfront[329942de489c4bb8]::generated::protocol_tests::test_parse_valid_cloudfront_get_distribution::{closure#0}
[INFO] [stdout]   14:     0x57f420d94fd3 - <tokio[d5a4e785dbe4b2e5]::runtime::scheduler::current_thread::Context>::enter::<core[df12db4294e9bfd3]::task::poll::Poll<()>, <tokio[d5a4e785dbe4b2e5]::runtime::scheduler::current_thread::CoreGuard>::block_on<core[df12db4294e9bfd3]::pin::Pin<&mut core[df12db4294e9bfd3]::pin::Pin<&mut dyn core[df12db4294e9bfd3]::future::future::Future<Output = ()>>>>::{closure#0}::{closure#0}>
[INFO] [stdout]   15:     0x57f420d973e9 - <std[70759c8f55707aa4]::thread::local::LocalKey<tokio[d5a4e785dbe4b2e5]::runtime::context::Context>>::with::<tokio[d5a4e785dbe4b2e5]::runtime::context::set_scheduler<(alloc[2182bb758b4b3781]::boxed::Box<tokio[d5a4e785dbe4b2e5]::runtime::scheduler::current_thread::Core>, core[df12db4294e9bfd3]::option::Option<()>), <tokio[d5a4e785dbe4b2e5]::runtime::scheduler::current_thread::CoreGuard>::enter<<tokio[d5a4e785dbe4b2e5]::runtime::scheduler::current_thread::CoreGuard>::block_on<core[df12db4294e9bfd3]::pin::Pin<&mut core[df12db4294e9bfd3]::pin::Pin<&mut dyn core[df12db4294e9bfd3]::future::future::Future<Output = ()>>>>::{closure#0}, core[df12db4294e9bfd3]::option::Option<()>>::{closure#0}>::{closure#0}, (alloc[2182bb758b4b3781]::boxed::Box<tokio[d5a4e785dbe4b2e5]::runtime::scheduler::current_thread::Core>, core[df12db4294e9bfd3]::option::Option<()>)>
[INFO] [stdout]   16:     0x57f420d95157 - <tokio[d5a4e785dbe4b2e5]::runtime::scheduler::current_thread::CoreGuard>::block_on::<core[df12db4294e9bfd3]::pin::Pin<&mut core[df12db4294e9bfd3]::pin::Pin<&mut dyn core[df12db4294e9bfd3]::future::future::Future<Output = ()>>>>
[INFO] [stdout]   17:     0x57f420d93c8d - tokio[d5a4e785dbe4b2e5]::runtime::context::runtime::enter_runtime::<<tokio[d5a4e785dbe4b2e5]::runtime::scheduler::current_thread::CurrentThread>::block_on<core[df12db4294e9bfd3]::pin::Pin<&mut dyn core[df12db4294e9bfd3]::future::future::Future<Output = ()>>>::{closure#0}, ()>
[INFO] [stdout]   18:     0x57f420d9f565 - <tokio[d5a4e785dbe4b2e5]::runtime::runtime::Runtime>::block_on::<core[df12db4294e9bfd3]::pin::Pin<&mut dyn core[df12db4294e9bfd3]::future::future::Future<Output = ()>>>
[INFO] [stdout]   19:     0x57f420da499b - rusoto_cloudfront[329942de489c4bb8]::generated::protocol_tests::test_parse_valid_cloudfront_get_distribution
[INFO] [stdout]   20:     0x57f420da0259 - <rusoto_cloudfront[329942de489c4bb8]::generated::protocol_tests::test_parse_valid_cloudfront_get_distribution::{closure#0} as core[df12db4294e9bfd3]::ops::function::FnOnce<()>>::call_once
[INFO] [stdout]   21:     0x57f420da754b - test[9d35eded1c95d3be]::__rust_begin_short_backtrace::<core[df12db4294e9bfd3]::result::Result<(), alloc[2182bb758b4b3781]::string::String>, fn() -> core[df12db4294e9bfd3]::result::Result<(), alloc[2182bb758b4b3781]::string::String>>
[INFO] [stdout]   22:     0x57f420db4bb5 - test[9d35eded1c95d3be]::run_test::{closure#0}
[INFO] [stdout]   23:     0x57f420dae474 - std[70759c8f55707aa4]::sys::backtrace::__rust_begin_short_backtrace::<test[9d35eded1c95d3be]::run_test::{closure#1}, ()>
[INFO] [stdout]   24:     0x57f420db7d12 - <std[70759c8f55707aa4]::thread::lifecycle::spawn_unchecked<test[9d35eded1c95d3be]::run_test::{closure#1}, ()>::{closure#1} as core[df12db4294e9bfd3]::ops::function::FnOnce<()>>::call_once::{shim:vtable#0}
[INFO] [stdout]   25:     0x57f420e6e059 - <std[70759c8f55707aa4]::sys::thread::unix::Thread>::new::thread_start
[INFO] [stdout]   26:     0x71af8b248dfa - <unknown>
[INFO] [stdout]   27:     0x71af8b2dc3d4 - clone
[INFO] [stdout]   28:                0x0 - <unknown>
[INFO] [stdout] 
[INFO] [stdout] ---- generated::protocol_tests::test_parse_valid_cloudfront_get_cloud_front_origin_access_identity stdout ----
[INFO] [stdout] 
[INFO] [stdout] thread 'generated::protocol_tests::test_parse_valid_cloudfront_get_cloud_front_origin_access_identity' (1029) panicked at /opt/rustwide/cargo-home/registry/src/index.crates.io-1949cf8c6b5b557f/rusoto_mock-0.48.0/src/lib.rs:195:53:
[INFO] [stdout] couldn't find file: Os { code: 2, kind: NotFound, message: "No such file or directory" }
[INFO] [stdout] stack backtrace:
[INFO] [stdout]    0:     0x57f420e6e791 - <<std[70759c8f55707aa4]::sys::backtrace::BacktraceLock>::print::DisplayBacktrace as core[df12db4294e9bfd3]::fmt::Display>::fmt
[INFO] [stdout]    1:     0x57f420e8338a - core[df12db4294e9bfd3]::fmt::write
[INFO] [stdout]    2:     0x57f420e72dec - <alloc[2182bb758b4b3781]::vec::Vec<u8> as core[df12db4294e9bfd3]::io::write::Write>::write_fmt
[INFO] [stdout]    3:     0x57f420e4a5f6 - std[70759c8f55707aa4]::panicking::default_hook::{closure#0}
[INFO] [stdout]    4:     0x57f420e66c89 - std[70759c8f55707aa4]::panicking::default_hook
[INFO] [stdout]    5:     0x57f420db4260 - test[9d35eded1c95d3be]::test_main_inner::<test[9d35eded1c95d3be]::test_main_static::{closure#0}>::{closure#0}
[INFO] [stdout]    6:     0x57f420e66fb2 - std[70759c8f55707aa4]::panicking::panic_with_hook
[INFO] [stdout]    7:     0x57f420e4a6a2 - std[70759c8f55707aa4]::panicking::panic_handler::{closure#0}
[INFO] [stdout]    8:     0x57f420e43429 - std[70759c8f55707aa4]::sys::backtrace::__rust_end_short_backtrace::<std[70759c8f55707aa4]::panicking::panic_handler::{closure#0}, !>
[INFO] [stdout]    9:     0x57f420e4b29d - __rustc[8fa7c3cbc660c2b3]::rust_begin_unwind
[INFO] [stdout]   10:     0x57f420e83aec - core[df12db4294e9bfd3]::panicking::panic_fmt
[INFO] [stdout]   11:     0x57f420e838c2 - core[df12db4294e9bfd3]::result::unwrap_failed
[INFO] [stdout]   12:     0x57f420de999c - <rusoto_mock[2b532d9c2616a7c6]::MockResponseReader as rusoto_mock[2b532d9c2616a7c6]::ReadMockResponse>::read_response
[INFO] [stdout]   13:     0x57f420da423d - rusoto_cloudfront[329942de489c4bb8]::generated::protocol_tests::test_parse_valid_cloudfront_get_cloud_front_origin_access_identity::{closure#0}
[INFO] [stdout]   14:     0x57f420d94fd3 - <tokio[d5a4e785dbe4b2e5]::runtime::scheduler::current_thread::Context>::enter::<core[df12db4294e9bfd3]::task::poll::Poll<()>, <tokio[d5a4e785dbe4b2e5]::runtime::scheduler::current_thread::CoreGuard>::block_on<core[df12db4294e9bfd3]::pin::Pin<&mut core[df12db4294e9bfd3]::pin::Pin<&mut dyn core[df12db4294e9bfd3]::future::future::Future<Output = ()>>>>::{closure#0}::{closure#0}>
[INFO] [stdout]   15:     0x57f420d973e9 - <std[70759c8f55707aa4]::thread::local::LocalKey<tokio[d5a4e785dbe4b2e5]::runtime::context::Context>>::with::<tokio[d5a4e785dbe4b2e5]::runtime::context::set_scheduler<(alloc[2182bb758b4b3781]::boxed::Box<tokio[d5a4e785dbe4b2e5]::runtime::scheduler::current_thread::Core>, core[df12db4294e9bfd3]::option::Option<()>), <tokio[d5a4e785dbe4b2e5]::runtime::scheduler::current_thread::CoreGuard>::enter<<tokio[d5a4e785dbe4b2e5]::runtime::scheduler::current_thread::CoreGuard>::block_on<core[df12db4294e9bfd3]::pin::Pin<&mut core[df12db4294e9bfd3]::pin::Pin<&mut dyn core[df12db4294e9bfd3]::future::future::Future<Output = ()>>>>::{closure#0}, core[df12db4294e9bfd3]::option::Option<()>>::{closure#0}>::{closure#0}, (alloc[2182bb758b4b3781]::boxed::Box<tokio[d5a4e785dbe4b2e5]::runtime::scheduler::current_thread::Core>, core[df12db4294e9bfd3]::option::Option<()>)>
[INFO] [stdout]   16:     0x57f420d95157 - <tokio[d5a4e785dbe4b2e5]::runtime::scheduler::current_thread::CoreGuard>::block_on::<core[df12db4294e9bfd3]::pin::Pin<&mut core[df12db4294e9bfd3]::pin::Pin<&mut dyn core[df12db4294e9bfd3]::future::future::Future<Output = ()>>>>
[INFO] [stdout]   17:     0x57f420d93c8d - tokio[d5a4e785dbe4b2e5]::runtime::context::runtime::enter_runtime::<<tokio[d5a4e785dbe4b2e5]::runtime::scheduler::current_thread::CurrentThread>::block_on<core[df12db4294e9bfd3]::pin::Pin<&mut dyn core[df12db4294e9bfd3]::future::future::Future<Output = ()>>>::{closure#0}, ()>
[INFO] [stdout]   18:     0x57f420d9f565 - <tokio[d5a4e785dbe4b2e5]::runtime::runtime::Runtime>::block_on::<core[df12db4294e9bfd3]::pin::Pin<&mut dyn core[df12db4294e9bfd3]::future::future::Future<Output = ()>>>
[INFO] [stdout]   19:     0x57f420da517b - rusoto_cloudfront[329942de489c4bb8]::generated::protocol_tests::test_parse_valid_cloudfront_get_cloud_front_origin_access_identity
[INFO] [stdout]   20:     0x57f420da0319 - <rusoto_cloudfront[329942de489c4bb8]::generated::protocol_tests::test_parse_valid_cloudfront_get_cloud_front_origin_access_identity::{closure#0} as core[df12db4294e9bfd3]::ops::function::FnOnce<()>>::call_once
[INFO] [stdout]   21:     0x57f420da754b - test[9d35eded1c95d3be]::__rust_begin_short_backtrace::<core[df12db4294e9bfd3]::result::Result<(), alloc[2182bb758b4b3781]::string::String>, fn() -> core[df12db4294e9bfd3]::result::Result<(), alloc[2182bb758b4b3781]::string::String>>
[INFO] [stdout]   22:     0x57f420db4bb5 - test[9d35eded1c95d3be]::run_test::{closure#0}
[INFO] [stdout]   23:     0x57f420dae474 - std[70759c8f55707aa4]::sys::backtrace::__rust_begin_short_backtrace::<test[9d35eded1c95d3be]::run_test::{closure#1}, ()>
[INFO] [stdout]   24:     0x57f420db7d12 - <std[70759c8f55707aa4]::thread::lifecycle::spawn_unchecked<test[9d35eded1c95d3be]::run_test::{closure#1}, ()>::{closure#1} as core[df12db4294e9bfd3]::ops::function::FnOnce<()>>::call_once::{shim:vtable#0}
[INFO] [stdout]   25:     0x57f420e6e059 - <std[70759c8f55707aa4]::sys::thread::unix::Thread>::new::thread_start
[INFO] [stdout]   26:     0x71af8b248dfa - <unknown>
[INFO] [stdout]   27:     0x71af8b2dc3d4 - clone
[INFO] [stdout]   28:                0x0 - <unknown>
[INFO] [stdout] 
[INFO] [stdout] ---- custom::custom_tests::should_list_distributions stdout ----
[INFO] [stdout] 
[INFO] [stdout] thread 'custom::custom_tests::should_list_distributions' (1028) panicked at /opt/rustwide/cargo-home/registry/src/index.crates.io-1949cf8c6b5b557f/rusoto_mock-0.48.0/src/lib.rs:195:53:
[INFO] [stdout] couldn't find file: Os { code: 2, kind: NotFound, message: "No such file or directory" }
[INFO] [stdout] stack backtrace:
[INFO] [stdout]    0:     0x57f420e6e791 - <<std[70759c8f55707aa4]::sys::backtrace::BacktraceLock>::print::DisplayBacktrace as core[df12db4294e9bfd3]::fmt::Display>::fmt
[INFO] [stdout]    1:     0x57f420e8338a - core[df12db4294e9bfd3]::fmt::write
[INFO] [stdout]    2:     0x57f420e72dec - <alloc[2182bb758b4b3781]::vec::Vec<u8> as core[df12db4294e9bfd3]::io::write::Write>::write_fmt
[INFO] [stdout]    3:     0x57f420e4a5f6 - std[70759c8f55707aa4]::panicking::default_hook::{closure#0}
[INFO] [stdout]    4:     0x57f420e66c89 - std[70759c8f55707aa4]::panicking::default_hook
[INFO] [stdout]    5:     0x57f420db4260 - test[9d35eded1c95d3be]::test_main_inner::<test[9d35eded1c95d3be]::test_main_static::{closure#0}>::{closure#0}
[INFO] [stdout]    6:     0x57f420e66fb2 - std[70759c8f55707aa4]::panicking::panic_with_hook
[INFO] [stdout]    7:     0x57f420e4a6a2 - std[70759c8f55707aa4]::panicking::panic_handler::{closure#0}
[INFO] [stdout]    8:     0x57f420e43429 - std[70759c8f55707aa4]::sys::backtrace::__rust_end_short_backtrace::<std[70759c8f55707aa4]::panicking::panic_handler::{closure#0}, !>
[INFO] [stdout]    9:     0x57f420e4b29d - __rustc[8fa7c3cbc660c2b3]::rust_begin_unwind
[INFO] [stdout]   10:     0x57f420e83aec - core[df12db4294e9bfd3]::panicking::panic_fmt
[INFO] [stdout]   11:     0x57f420e838c2 - core[df12db4294e9bfd3]::result::unwrap_failed
[INFO] [stdout]   12:     0x57f420de999c - <rusoto_mock[2b532d9c2616a7c6]::MockResponseReader as rusoto_mock[2b532d9c2616a7c6]::ReadMockResponse>::read_response
[INFO] [stdout]   13:     0x57f420d9d294 - rusoto_cloudfront[329942de489c4bb8]::custom::custom_tests::should_list_distributions::{closure#0}
[INFO] [stdout]   14:     0x57f420d94fd3 - <tokio[d5a4e785dbe4b2e5]::runtime::scheduler::current_thread::Context>::enter::<core[df12db4294e9bfd3]::task::poll::Poll<()>, <tokio[d5a4e785dbe4b2e5]::runtime::scheduler::current_thread::CoreGuard>::block_on<core[df12db4294e9bfd3]::pin::Pin<&mut core[df12db4294e9bfd3]::pin::Pin<&mut dyn core[df12db4294e9bfd3]::future::future::Future<Output = ()>>>>::{closure#0}::{closure#0}>
[INFO] [stdout]   15:     0x57f420d973e9 - <std[70759c8f55707aa4]::thread::local::LocalKey<tokio[d5a4e785dbe4b2e5]::runtime::context::Context>>::with::<tokio[d5a4e785dbe4b2e5]::runtime::context::set_scheduler<(alloc[2182bb758b4b3781]::boxed::Box<tokio[d5a4e785dbe4b2e5]::runtime::scheduler::current_thread::Core>, core[df12db4294e9bfd3]::option::Option<()>), <tokio[d5a4e785dbe4b2e5]::runtime::scheduler::current_thread::CoreGuard>::enter<<tokio[d5a4e785dbe4b2e5]::runtime::scheduler::current_thread::CoreGuard>::block_on<core[df12db4294e9bfd3]::pin::Pin<&mut core[df12db4294e9bfd3]::pin::Pin<&mut dyn core[df12db4294e9bfd3]::future::future::Future<Output = ()>>>>::{closure#0}, core[df12db4294e9bfd3]::option::Option<()>>::{closure#0}>::{closure#0}, (alloc[2182bb758b4b3781]::boxed::Box<tokio[d5a4e785dbe4b2e5]::runtime::scheduler::current_thread::Core>, core[df12db4294e9bfd3]::option::Option<()>)>
[INFO] [stdout]   16:     0x57f420d95157 - <tokio[d5a4e785dbe4b2e5]::runtime::scheduler::current_thread::CoreGuard>::block_on::<core[df12db4294e9bfd3]::pin::Pin<&mut core[df12db4294e9bfd3]::pin::Pin<&mut dyn core[df12db4294e9bfd3]::future::future::Future<Output = ()>>>>
[INFO] [stdout]   17:     0x57f420d93c8d - tokio[d5a4e785dbe4b2e5]::runtime::context::runtime::enter_runtime::<<tokio[d5a4e785dbe4b2e5]::runtime::scheduler::current_thread::CurrentThread>::block_on<core[df12db4294e9bfd3]::pin::Pin<&mut dyn core[df12db4294e9bfd3]::future::future::Future<Output = ()>>>::{closure#0}, ()>
[INFO] [stdout]   18:     0x57f420d9f565 - <tokio[d5a4e785dbe4b2e5]::runtime::runtime::Runtime>::block_on::<core[df12db4294e9bfd3]::pin::Pin<&mut dyn core[df12db4294e9bfd3]::future::future::Future<Output = ()>>>
[INFO] [stdout]   19:     0x57f420d9ec4b - rusoto_cloudfront[329942de489c4bb8]::custom::custom_tests::should_list_distributions
[INFO] [stdout]   20:     0x57f420da0239 - <rusoto_cloudfront[329942de489c4bb8]::custom::custom_tests::should_list_distributions::{closure#0} as core[df12db4294e9bfd3]::ops::function::FnOnce<()>>::call_once
[INFO] [stdout]   21:     0x57f420da754b - test[9d35eded1c95d3be]::__rust_begin_short_backtrace::<core[df12db4294e9bfd3]::result::Result<(), alloc[2182bb758b4b3781]::string::String>, fn() -> core[df12db4294e9bfd3]::result::Result<(), alloc[2182bb758b4b3781]::string::String>>
[INFO] [stdout]   22:     0x57f420db4bb5 - test[9d35eded1c95d3be]::run_test::{closure#0}
[INFO] [stdout]   23:     0x57f420dae474 - std[70759c8f55707aa4]::sys::backtrace::__rust_begin_short_backtrace::<test[9d35eded1c95d3be]::run_test::{closure#1}, ()>
[INFO] [stdout]   24:     0x57f420db7d12 - <std[70759c8f55707aa4]::thread::lifecycle::spawn_unchecked<test[9d35eded1c95d3be]::run_test::{closure#1}, ()>::{closure#1} as core[df12db4294e9bfd3]::ops::function::FnOnce<()>>::call_once::{shim:vtable#0}
[INFO] [stdout]   25:     0x57f420e6e059 - <std[70759c8f55707aa4]::sys::thread::unix::Thread>::new::thread_start
[INFO] [stdout]   26:     0x71af8b248dfa - <unknown>
[INFO] [stdout]   27:     0x71af8b2dc3d4 - clone
[INFO] [stdout]   28:                0x0 - <unknown>
[INFO] [stdout] 
[INFO] [stdout] ---- generated::protocol_tests::test_parse_valid_cloudfront_list_invalidations stdout ----
[INFO] [stdout] 
[INFO] [stdout] thread 'generated::protocol_tests::test_parse_valid_cloudfront_list_invalidations' (1035) panicked at /opt/rustwide/cargo-home/registry/src/index.crates.io-1949cf8c6b5b557f/rusoto_mock-0.48.0/src/lib.rs:195:53:
[INFO] [stdout] couldn't find file: Os { code: 2, kind: NotFound, message: "No such file or directory" }
[INFO] [stdout] stack backtrace:
[INFO] [stdout]    0:     0x57f420e6e791 - <<std[70759c8f55707aa4]::sys::backtrace::BacktraceLock>::print::DisplayBacktrace as core[df12db4294e9bfd3]::fmt::Display>::fmt
[INFO] [stdout]    1:     0x57f420e8338a - core[df12db4294e9bfd3]::fmt::write
[INFO] [stdout]    2:     0x57f420e72dec - <alloc[2182bb758b4b3781]::vec::Vec<u8> as core[df12db4294e9bfd3]::io::write::Write>::write_fmt
[INFO] [stdout]    3:     0x57f420e4a5f6 - std[70759c8f55707aa4]::panicking::default_hook::{closure#0}
[INFO] [stdout]    4:     0x57f420e66c89 - std[70759c8f55707aa4]::panicking::default_hook
[INFO] [stdout]    5:     0x57f420db4260 - test[9d35eded1c95d3be]::test_main_inner::<test[9d35eded1c95d3be]::test_main_static::{closure#0}>::{closure#0}
[INFO] [stdout]    6:     0x57f420e66fb2 - std[70759c8f55707aa4]::panicking::panic_with_hook
[INFO] [stdout]    7:     0x57f420e4a6a2 - std[70759c8f55707aa4]::panicking::panic_handler::{closure#0}
[INFO] [stdout]    8:     0x57f420e43429 - std[70759c8f55707aa4]::sys::backtrace::__rust_end_short_backtrace::<std[70759c8f55707aa4]::panicking::panic_handler::{closure#0}, !>
[INFO] [stdout]    9:     0x57f420e4b29d - __rustc[8fa7c3cbc660c2b3]::rust_begin_unwind
[INFO] [stdout]   10:     0x57f420e83aec - core[df12db4294e9bfd3]::panicking::panic_fmt
[INFO] [stdout]   11:     0x57f420e838c2 - core[df12db4294e9bfd3]::result::unwrap_failed
[INFO] [stdout]   12:     0x57f420de999c - <rusoto_mock[2b532d9c2616a7c6]::MockResponseReader as rusoto_mock[2b532d9c2616a7c6]::ReadMockResponse>::read_response
[INFO] [stdout]   13:     0x57f420da37bd - rusoto_cloudfront[329942de489c4bb8]::generated::protocol_tests::test_parse_valid_cloudfront_list_invalidations::{closure#0}
[INFO] [stdout]   14:     0x57f420d94fd3 - <tokio[d5a4e785dbe4b2e5]::runtime::scheduler::current_thread::Context>::enter::<core[df12db4294e9bfd3]::task::poll::Poll<()>, <tokio[d5a4e785dbe4b2e5]::runtime::scheduler::current_thread::CoreGuard>::block_on<core[df12db4294e9bfd3]::pin::Pin<&mut core[df12db4294e9bfd3]::pin::Pin<&mut dyn core[df12db4294e9bfd3]::future::future::Future<Output = ()>>>>::{closure#0}::{closure#0}>
[INFO] [stdout]   15:     0x57f420d973e9 - <std[70759c8f55707aa4]::thread::local::LocalKey<tokio[d5a4e785dbe4b2e5]::runtime::context::Context>>::with::<tokio[d5a4e785dbe4b2e5]::runtime::context::set_scheduler<(alloc[2182bb758b4b3781]::boxed::Box<tokio[d5a4e785dbe4b2e5]::runtime::scheduler::current_thread::Core>, core[df12db4294e9bfd3]::option::Option<()>), <tokio[d5a4e785dbe4b2e5]::runtime::scheduler::current_thread::CoreGuard>::enter<<tokio[d5a4e785dbe4b2e5]::runtime::scheduler::current_thread::CoreGuard>::block_on<core[df12db4294e9bfd3]::pin::Pin<&mut core[df12db4294e9bfd3]::pin::Pin<&mut dyn core[df12db4294e9bfd3]::future::future::Future<Output = ()>>>>::{closure#0}, core[df12db4294e9bfd3]::option::Option<()>>::{closure#0}>::{closure#0}, (alloc[2182bb758b4b3781]::boxed::Box<tokio[d5a4e785dbe4b2e5]::runtime::scheduler::current_thread::Core>, core[df12db4294e9bfd3]::option::Option<()>)>
[INFO] [stdout]   16:     0x57f420d95157 - <tokio[d5a4e785dbe4b2e5]::runtime::scheduler::current_thread::CoreGuard>::block_on::<core[df12db4294e9bfd3]::pin::Pin<&mut core[df12db4294e9bfd3]::pin::Pin<&mut dyn core[df12db4294e9bfd3]::future::future::Future<Output = ()>>>>
[INFO] [stdout]   17:     0x57f420d93c8d - tokio[d5a4e785dbe4b2e5]::runtime::context::runtime::enter_runtime::<<tokio[d5a4e785dbe4b2e5]::runtime::scheduler::current_thread::CurrentThread>::block_on<core[df12db4294e9bfd3]::pin::Pin<&mut dyn core[df12db4294e9bfd3]::future::future::Future<Output = ()>>>::{closure#0}, ()>
[INFO] [stdout]   18:     0x57f420d9f565 - <tokio[d5a4e785dbe4b2e5]::runtime::runtime::Runtime>::block_on::<core[df12db4294e9bfd3]::pin::Pin<&mut dyn core[df12db4294e9bfd3]::future::future::Future<Output = ()>>>
[INFO] [stdout]   19:     0x57f420da4d8b - rusoto_cloudfront[329942de489c4bb8]::generated::protocol_tests::test_parse_valid_cloudfront_list_invalidations
[INFO] [stdout]   20:     0x57f420da02b9 - <rusoto_cloudfront[329942de489c4bb8]::generated::protocol_tests::test_parse_valid_cloudfront_list_invalidations::{closure#0} as core[df12db4294e9bfd3]::ops::function::FnOnce<()>>::call_once
[INFO] [stdout]   21:     0x57f420da754b - test[9d35eded1c95d3be]::__rust_begin_short_backtrace::<core[df12db4294e9bfd3]::result::Result<(), alloc[2182bb758b4b3781]::string::String>, fn() -> core[df12db4294e9bfd3]::result::Result<(), alloc[2182bb758b4b3781]::string::String>>
[INFO] [stdout]   22:     0x57f420db4bb5 - test[9d35eded1c95d3be]::run_test::{closure#0}
[INFO] [stdout]   23:     0x57f420dae474 - std[70759c8f55707aa4]::sys::backtrace::__rust_begin_short_backtrace::<test[9d35eded1c95d3be]::run_test::{closure#1}, ()>
[INFO] [stdout]   24:     0x57f420db7d12 - <std[70759c8f55707aa4]::thread::lifecycle::spawn_unchecked<test[9d35eded1c95d3be]::run_test::{closure#1}, ()>::{closure#1} as core[df12db4294e9bfd3]::ops::function::FnOnce<()>>::call_once::{shim:vtable#0}
[INFO] [stdout]   25:     0x57f420e6e059 - <std[70759c8f55707aa4]::sys::thread::unix::Thread>::new::thread_start
[INFO] [stdout]   26:     0x71af8b248dfa - <unknown>
[INFO] [stdout]   27:     0x71af8b2dc3d4 - clone
[INFO] [stdout]   28:                0x0 - <unknown>
[INFO] [stdout] 
[INFO] [stdout] ---- generated::protocol_tests::test_parse_valid_cloudfront_list_streaming_distributions stdout ----
[INFO] [stdout] 
[INFO] [stdout] thread 'generated::protocol_tests::test_parse_valid_cloudfront_list_streaming_distributions' (1036) panicked at /opt/rustwide/cargo-home/registry/src/index.crates.io-1949cf8c6b5b557f/rusoto_mock-0.48.0/src/lib.rs:195:53:
[INFO] [stdout] couldn't find file: Os { code: 2, kind: NotFound, message: "No such file or directory" }
[INFO] [stdout] stack backtrace:
[INFO] [stdout]    0:     0x57f420e6e791 - <<std[70759c8f55707aa4]::sys::backtrace::BacktraceLock>::print::DisplayBacktrace as core[df12db4294e9bfd3]::fmt::Display>::fmt
[INFO] [stdout]    1:     0x57f420e8338a - core[df12db4294e9bfd3]::fmt::write
[INFO] [stdout]    2:     0x57f420e72dec - <alloc[2182bb758b4b3781]::vec::Vec<u8> as core[df12db4294e9bfd3]::io::write::Write>::write_fmt
[INFO] [stdout]    3:     0x57f420e4a5f6 - std[70759c8f55707aa4]::panicking::default_hook::{closure#0}
[INFO] [stdout]    4:     0x57f420e66c89 - std[70759c8f55707aa4]::panicking::default_hook
[INFO] [stdout]    5:     0x57f420db4260 - test[9d35eded1c95d3be]::test_main_inner::<test[9d35eded1c95d3be]::test_main_static::{closure#0}>::{closure#0}
[INFO] [stdout]    6:     0x57f420e66fb2 - std[70759c8f55707aa4]::panicking::panic_with_hook
[INFO] [stdout]    7:     0x57f420e4a6a2 - std[70759c8f55707aa4]::panicking::panic_handler::{closure#0}
[INFO] [stdout]    8:     0x57f420e43429 - std[70759c8f55707aa4]::sys::backtrace::__rust_end_short_backtrace::<std[70759c8f55707aa4]::panicking::panic_handler::{closure#0}, !>
[INFO] [stdout]    9:     0x57f420e4b29d - __rustc[8fa7c3cbc660c2b3]::rust_begin_unwind
[INFO] [stdout]   10:     0x57f420e83aec - core[df12db4294e9bfd3]::panicking::panic_fmt
[INFO] [stdout]   11:     0x57f420e838c2 - core[df12db4294e9bfd3]::result::unwrap_failed
[INFO] [stdout]   12:     0x57f420de999c - <rusoto_mock[2b532d9c2616a7c6]::MockResponseReader as rusoto_mock[2b532d9c2616a7c6]::ReadMockResponse>::read_response
[INFO] [stdout]   13:     0x57f420da3ebd - rusoto_cloudfront[329942de489c4bb8]::generated::protocol_tests::test_parse_valid_cloudfront_list_streaming_distributions::{closure#0}
[INFO] [stdout]   14:     0x57f420d94fd3 - <tokio[d5a4e785dbe4b2e5]::runtime::scheduler::current_thread::Context>::enter::<core[df12db4294e9bfd3]::task::poll::Poll<()>, <tokio[d5a4e785dbe4b2e5]::runtime::scheduler::current_thread::CoreGuard>::block_on<core[df12db4294e9bfd3]::pin::Pin<&mut core[df12db4294e9bfd3]::pin::Pin<&mut dyn core[df12db4294e9bfd3]::future::future::Future<Output = ()>>>>::{closure#0}::{closure#0}>
[INFO] [stdout]   15:     0x57f420d973e9 - <std[70759c8f55707aa4]::thread::local::LocalKey<tokio[d5a4e785dbe4b2e5]::runtime::context::Context>>::with::<tokio[d5a4e785dbe4b2e5]::runtime::context::set_scheduler<(alloc[2182bb758b4b3781]::boxed::Box<tokio[d5a4e785dbe4b2e5]::runtime::scheduler::current_thread::Core>, core[df12db4294e9bfd3]::option::Option<()>), <tokio[d5a4e785dbe4b2e5]::runtime::scheduler::current_thread::CoreGuard>::enter<<tokio[d5a4e785dbe4b2e5]::runtime::scheduler::current_thread::CoreGuard>::block_on<core[df12db4294e9bfd3]::pin::Pin<&mut core[df12db4294e9bfd3]::pin::Pin<&mut dyn core[df12db4294e9bfd3]::future::future::Future<Output = ()>>>>::{closure#0}, core[df12db4294e9bfd3]::option::Option<()>>::{closure#0}>::{closure#0}, (alloc[2182bb758b4b3781]::boxed::Box<tokio[d5a4e785dbe4b2e5]::runtime::scheduler::current_thread::Core>, core[df12db4294e9bfd3]::option::Option<()>)>
[INFO] [stdout]   16:     0x57f420d95157 - <tokio[d5a4e785dbe4b2e5]::runtime::scheduler::current_thread::CoreGuard>::block_on::<core[df12db4294e9bfd3]::pin::Pin<&mut core[df12db4294e9bfd3]::pin::Pin<&mut dyn core[df12db4294e9bfd3]::future::future::Future<Output = ()>>>>
[INFO] [stdout]   17:     0x57f420d93c8d - tokio[d5a4e785dbe4b2e5]::runtime::context::runtime::enter_runtime::<<tokio[d5a4e785dbe4b2e5]::runtime::scheduler::current_thread::CurrentThread>::block_on<core[df12db4294e9bfd3]::pin::Pin<&mut dyn core[df12db4294e9bfd3]::future::future::Future<Output = ()>>>::{closure#0}, ()>
[INFO] [stdout]   18:     0x57f420d9f565 - <tokio[d5a4e785dbe4b2e5]::runtime::runtime::Runtime>::block_on::<core[df12db4294e9bfd3]::pin::Pin<&mut dyn core[df12db4294e9bfd3]::future::future::Future<Output = ()>>>
[INFO] [stdout]   19:     0x57f420da502b - rusoto_cloudfront[329942de489c4bb8]::generated::protocol_tests::test_parse_valid_cloudfront_list_streaming_distributions
[INFO] [stdout]   20:     0x57f420da02f9 - <rusoto_cloudfront[329942de489c4bb8]::generated::protocol_tests::test_parse_valid_cloudfront_list_streaming_distributions::{closure#0} as core[df12db4294e9bfd3]::ops::function::FnOnce<()>>::call_once
[INFO] [stdout]   21:     0x57f420da754b - test[9d35eded1c95d3be]::__rust_begin_short_backtrace::<core[df12db4294e9bfd3]::result::Result<(), alloc[2182bb758b4b3781]::string::String>, fn() -> core[df12db4294e9bfd3]::result::Result<(), alloc[2182bb758b4b3781]::string::String>>
[INFO] [stdout]   22:     0x57f420db4bb5 - test[9d35eded1c95d3be]::run_test::{closure#0}
[INFO] [stdout]   23:     0x57f420dae474 - std[70759c8f55707aa4]::sys::backtrace::__rust_begin_short_backtrace::<test[9d35eded1c95d3be]::run_test::{closure#1}, ()>
[INFO] [stdout]   24:     0x57f420db7d12 - <std[70759c8f55707aa4]::thread::lifecycle::spawn_unchecked<test[9d35eded1c95d3be]::run_test::{closure#1}, ()>::{closure#1} as core[df12db4294e9bfd3]::ops::function::FnOnce<()>>::call_once::{shim:vtable#0}
[INFO] [stdout]   25:     0x57f420e6e059 - <std[70759c8f55707aa4]::sys::thread::unix::Thread>::new::thread_start
[INFO] [stdout]   26:     0x71af8b248dfa - <unknown>
[INFO] [stdout]   27:     0x71af8b2dc3d4 - clone
[INFO] [stdout]   28:                0x0 - <unknown>
[INFO] [stdout] 
[INFO] [stdout] 
[INFO] [stdout] failures:
[INFO] [stdout]     custom::custom_tests::should_list_distributions
[INFO] [stdout]     generated::protocol_tests::test_parse_valid_cloudfront_get_cloud_front_origin_access_identity
[INFO] [stdout]     generated::protocol_tests::test_parse_valid_cloudfront_get_distribution
[INFO] [stdout]     generated::protocol_tests::test_parse_valid_cloudfront_get_invalidation
[INFO] [stdout]     generated::protocol_tests::test_parse_valid_cloudfront_get_streaming_distribution
[INFO] [stdout]     generated::protocol_tests::test_parse_valid_cloudfront_list_cloud_front_origin_access_identities
[INFO] [stdout]     generated::protocol_tests::test_parse_valid_cloudfront_list_distributions
[INFO] [stdout]     generated::protocol_tests::test_parse_valid_cloudfront_list_invalidations
[INFO] [stdout]     generated::protocol_tests::test_parse_valid_cloudfront_list_streaming_distributions
[INFO] [stdout] 
[INFO] [stdout] test result: FAILED. 0 passed; 9 failed; 0 ignored; 0 measured; 0 filtered out; finished in 0.01s
[INFO] [stdout] 
[INFO] running `Command { std: "docker" "inspect" "a3e1be24050ff6b7dbc592f3ec500c5a4ccf68ed0fe121650db4d699f3048ef8", kill_on_drop: false }`
[INFO] running `Command { std: "docker" "rm" "-f" "a3e1be24050ff6b7dbc592f3ec500c5a4ccf68ed0fe121650db4d699f3048ef8", kill_on_drop: false }`
[INFO] [stdout] a3e1be24050ff6b7dbc592f3ec500c5a4ccf68ed0fe121650db4d699f3048ef8
