[INFO] fetching crate rusl 0.5.1...
[INFO] testing rusl-0.5.1 against 1.100.0-beta.1+cargoflags=--release for beta-release-1.100-2
[INFO] extracting crate rusl 0.5.1 into /workspace/builds/worker-4-tc2/source
[INFO] started tweaking crates.io crate rusl 0.5.1
[INFO] removed 0 missing tests
[INFO] finished tweaking crates.io crate rusl 0.5.1
[INFO] tweaked toml for crates.io crate rusl 0.5.1 written to /workspace/builds/worker-4-tc2/source/Cargo.toml
[INFO] validating manifest of crates.io crate rusl 0.5.1 on toolchain 1.100.0-beta.1
[INFO] running `Command { std: CARGO_HOME="/workspace/cargo-home" RUSTUP_HOME="/workspace/rustup-home" "/workspace/cargo-home/bin/cargo" "+1.100.0-beta.1" "metadata" "--manifest-path" "Cargo.toml" "--no-deps", kill_on_drop: false }`
[INFO] crate crates.io crate rusl 0.5.1 already has a lockfile, it will not be regenerated
[INFO] running `Command { std: CARGO_HOME="/workspace/cargo-home" RUSTUP_HOME="/workspace/rustup-home" "/workspace/cargo-home/bin/cargo" "+1.100.0-beta.1" "fetch" "--manifest-path" "Cargo.toml", kill_on_drop: false }`
[INFO] [stderr] warning: `package.homepage` is redundant with `package.repository`
[INFO] [stderr]   --> Cargo.toml:31:12
[INFO] [stderr]    |
[INFO] [stderr] 31 | homepage = "https://github.com/MarcusGrass/tiny-std"
[INFO] [stderr]    |            ^^^^^^^^^^^^^^^^^^^^^^^^^^^^^^^^^^^^^^^^^
[INFO] [stderr] ...
[INFO] [stderr] 36 | repository = "https://github.com/MarcusGrass/tiny-std"
[INFO] [stderr]    |              -----------------------------------------
[INFO] [stderr]    |
[INFO] [stderr]    = note: `cargo::redundant_homepage` is set to `warn` by default
[INFO] [stderr] help: consider removing `package.homepage`
[INFO] [stderr] warning: `rusl` (manifest) generated 1 warning
[INFO] running `Command { std: "docker" "create" "-v" "/var/lib/crater-agent-workspace/builds/worker-4-tc2/source:/opt/rustwide/workdir:ro,Z" "-v" "/var/lib/crater-agent-workspace/builds/worker-4-tc2/target:/opt/rustwide/target:rw,Z" "-v" "/var/lib/crater-agent-workspace/cargo-home:/opt/rustwide/cargo-home:ro,Z" "-v" "/var/lib/crater-agent-workspace/rustup-home:/opt/rustwide/rustup-home:ro,Z" "-m" "1610612736" "--network" "none" "ghcr.io/rust-lang/crates-build-env/linux@sha256:77db811e55d90add9212f6832c23229e3de5f1c1f9905e8cb07319ea15df73ac" "sleep" "infinity", kill_on_drop: false }`
[INFO] [stdout] 2de35445131fe808354f4afac8bb721de642fca42f3a13d431dfc9896988a913
[INFO] running `Command { std: "docker" "start" "2de35445131fe808354f4afac8bb721de642fca42f3a13d431dfc9896988a913", kill_on_drop: false }`
[INFO] running `Command { std: "docker" "inspect" "2de35445131fe808354f4afac8bb721de642fca42f3a13d431dfc9896988a913", kill_on_drop: false }`
[INFO] running `Command { std: "docker" "exec" "-e" "SOURCE_DIR=/opt/rustwide/workdir" "-e" "CARGO_HOME=/opt/rustwide/cargo-home" "-e" "RUSTUP_HOME=/opt/rustwide/rustup-home" "-e" "CARGO_TARGET_DIR=/opt/rustwide/target" "-w" "/opt/rustwide/workdir" "--user" "0:0" "2de35445131fe808354f4afac8bb721de642fca42f3a13d431dfc9896988a913" "/opt/rustwide/cargo-home/bin/cargo" "+1.100.0-beta.1" "metadata" "--no-deps" "--format-version=1", kill_on_drop: false }`
[INFO] running `Command { std: "docker" "inspect" "2de35445131fe808354f4afac8bb721de642fca42f3a13d431dfc9896988a913", kill_on_drop: false }`
[INFO] running `Command { std: "docker" "exec" "-e" "SOURCE_DIR=/opt/rustwide/workdir" "-e" "CARGO_HOME=/opt/rustwide/cargo-home" "-e" "RUSTUP_HOME=/opt/rustwide/rustup-home" "-e" "CARGO_TARGET_DIR=/opt/rustwide/target" "-e" "CARGO_INCREMENTAL=0" "-e" "RUST_BACKTRACE=full" "-e" "RUSTFLAGS=--cap-lints=warn" "-e" "RUSTDOCFLAGS=--cap-lints=warn" "-w" "/opt/rustwide/workdir" "--user" "0:0" "2de35445131fe808354f4afac8bb721de642fca42f3a13d431dfc9896988a913" "/opt/rustwide/cargo-home/bin/cargo" "+1.100.0-beta.1" "build" "--frozen" "--message-format=json" "--release", kill_on_drop: false }`
[INFO] [stderr] warning: `package.homepage` is redundant with `package.repository`
[INFO] [stderr]   --> Cargo.toml:31:12
[INFO] [stderr]    |
[INFO] [stderr] 31 | homepage = "https://github.com/MarcusGrass/tiny-std"
[INFO] [stderr]    |            ^^^^^^^^^^^^^^^^^^^^^^^^^^^^^^^^^^^^^^^^^
[INFO] [stderr] ...
[INFO] [stderr] 36 | repository = "https://github.com/MarcusGrass/tiny-std"
[INFO] [stderr]    |              -----------------------------------------
[INFO] [stderr]    |
[INFO] [stderr]    = note: `cargo::redundant_homepage` is set to `warn` by default
[INFO] [stderr] help: consider removing `package.homepage`
[INFO] [stderr] warning: `rusl` (manifest) generated 1 warning
[INFO] [stderr]    Compiling sc v0.2.7
[INFO] [stderr]    Compiling linux-rust-bindings v0.1.3
[INFO] [stderr]    Compiling rusl v0.5.1 (/opt/rustwide/workdir)
[INFO] [stderr]     Finished `release` profile [optimized] target(s) in 1.25s
[INFO] running `Command { std: "docker" "inspect" "2de35445131fe808354f4afac8bb721de642fca42f3a13d431dfc9896988a913", kill_on_drop: false }`
[INFO] running `Command { std: "docker" "exec" "-e" "SOURCE_DIR=/opt/rustwide/workdir" "-e" "CARGO_HOME=/opt/rustwide/cargo-home" "-e" "RUSTUP_HOME=/opt/rustwide/rustup-home" "-e" "CARGO_TARGET_DIR=/opt/rustwide/target" "-e" "CARGO_INCREMENTAL=0" "-e" "RUST_BACKTRACE=full" "-e" "RUSTFLAGS=--cap-lints=warn" "-e" "RUSTDOCFLAGS=--cap-lints=warn" "-w" "/opt/rustwide/workdir" "--user" "0:0" "2de35445131fe808354f4afac8bb721de642fca42f3a13d431dfc9896988a913" "/opt/rustwide/cargo-home/bin/cargo" "+1.100.0-beta.1" "test" "--frozen" "--no-run" "--message-format=json" "--release", kill_on_drop: false }`
[INFO] [stderr] warning: `package.homepage` is redundant with `package.repository`
[INFO] [stderr]   --> Cargo.toml:31:12
[INFO] [stderr]    |
[INFO] [stderr] 31 | homepage = "https://github.com/MarcusGrass/tiny-std"
[INFO] [stderr]    |            ^^^^^^^^^^^^^^^^^^^^^^^^^^^^^^^^^^^^^^^^^
[INFO] [stderr] ...
[INFO] [stderr] 36 | repository = "https://github.com/MarcusGrass/tiny-std"
[INFO] [stderr]    |              -----------------------------------------
[INFO] [stderr]    |
[INFO] [stderr]    = note: `cargo::redundant_homepage` is set to `warn` by default
[INFO] [stderr] help: consider removing `package.homepage`
[INFO] [stderr] warning: `rusl` (manifest) generated 1 warning
[INFO] [stderr]    Compiling rusl v0.5.1 (/opt/rustwide/workdir)
[INFO] [stderr]     Finished `release` profile [optimized] target(s) in 2.26s
[INFO] running `Command { std: "docker" "inspect" "2de35445131fe808354f4afac8bb721de642fca42f3a13d431dfc9896988a913", kill_on_drop: false }`
[INFO] running `Command { std: "docker" "exec" "-e" "SOURCE_DIR=/opt/rustwide/workdir" "-e" "CARGO_HOME=/opt/rustwide/cargo-home" "-e" "RUSTUP_HOME=/opt/rustwide/rustup-home" "-e" "CARGO_TARGET_DIR=/opt/rustwide/target" "-e" "CARGO_INCREMENTAL=0" "-e" "RUST_BACKTRACE=full" "-e" "RUSTFLAGS=--cap-lints=warn" "-e" "RUSTDOCFLAGS=--cap-lints=warn" "-w" "/opt/rustwide/workdir" "--user" "0:0" "2de35445131fe808354f4afac8bb721de642fca42f3a13d431dfc9896988a913" "/opt/rustwide/cargo-home/bin/cargo" "+1.100.0-beta.1" "test" "--frozen" "--release", kill_on_drop: false }`
[INFO] [stderr] warning: `package.homepage` is redundant with `package.repository`
[INFO] [stderr]   --> Cargo.toml:31:12
[INFO] [stderr]    |
[INFO] [stderr] 31 | homepage = "https://github.com/MarcusGrass/tiny-std"
[INFO] [stderr]    |            ^^^^^^^^^^^^^^^^^^^^^^^^^^^^^^^^^^^^^^^^^
[INFO] [stderr] ...
[INFO] [stderr] 36 | repository = "https://github.com/MarcusGrass/tiny-std"
[INFO] [stderr]    |              -----------------------------------------
[INFO] [stderr]    |
[INFO] [stderr]    = note: `cargo::redundant_homepage` is set to `warn` by default
[INFO] [stderr] help: consider removing `package.homepage`
[INFO] [stderr] warning: `rusl` (manifest) generated 1 warning
[INFO] [stderr]     Finished `release` profile [optimized] target(s) in 0.03s
[INFO] [stderr]      Running unittests src/lib.rs (/opt/rustwide/target/release/build/rusl/1040379af77e6a54/out/rusl-1040379af77e6a54)
[INFO] [stdout] 
[INFO] [stdout] running 91 tests
[INFO] [stdout] test io_uring::test::uring_setup ... ok
[INFO] [stdout] test io_uring::test::uring_register_files ... ok
[INFO] [stdout] test io_uring::test::uring_setup_instance ... FAILED
[INFO] [stdout] test io_uring::test::uring_register_io_slices ... ok
[INFO] [stdout] test io_uring::test::poll_add ... FAILED
[INFO] [stdout] test io_uring::test::uring_args_timeout ... FAILED
[INFO] [stdout] test io_uring::test::uring_single_write ... FAILED
[INFO] [stdout] test io_uring::test::uring_single_statx ... FAILED
[INFO] [stdout] test io_uring::test::uring_read_registered_buffers_and_fds ... FAILED
[INFO] [stdout] test io_uring::test::uring_single_unlinkat ... FAILED
[INFO] [stdout] test io_uring::test::uring_register_buffer ... ok
[INFO] [stdout] test io_uring::test::uring_unix_accept_send_recv ... FAILED
[INFO] [stdout] test io_uring::test::uring_tcp_accept ... FAILED
[INFO] [stdout] test io_uring::test::uring_single_read ... FAILED
[INFO] [stdout] test io_uring::test::uring_single_mkdir_at ... FAILED
[INFO] [stdout] test io_uring::test::uring_single_rename_at ... FAILED
[INFO] [stdout] test io_uring::test::uring_single_open ... FAILED
[INFO] [stdout] test io_uring::test::uring_single_socket ... FAILED
[INFO] [stdout] test network::test::read_unix_sock_name ... FAILED
[INFO] [stdout] test network::test::send_recv_msg ... FAILED
[INFO] [stdout] test io_uring::test::uring_single_close ... FAILED
[INFO] [stdout] test io_uring::test::uring_single_timeout ... FAILED
[INFO] [stdout] test network::test::send_recv_msg_with_control_multi ... FAILED
[INFO] [stdout] test process::test::fork_test ... ok
[INFO] [stdout] test io_uring::test::uring_multi_linked_crud ... FAILED
[INFO] [stdout] test io_uring::test::uring_write_registered_buffers_and_fds ... FAILED
[INFO] [stdout] test platform::compat::socket::tests::cmsg_macros_on_empty ... ok
[INFO] [stdout] test macros::tests::lit_macro ... ok
[INFO] [stdout] test select::poll::tests::poll_stdout_ready ... ok
[INFO] [stdout] test network::test::get_dynamic_inet_sock_name ... ok
[INFO] [stdout] test platform::compat::socket::tests::cmsg_macros_has_two_fd ... FAILED
[INFO] [stdout] test platform::compat::termios::tio_shim::tests::test_macro_compat ... ok
[INFO] [stdout] test network::test::send_recv_msg_with_control_single ... FAILED
[INFO] [stdout] test select::epoll::test::can_setup_wait ... ok
[INFO] [stdout] test platform::compat::socket::tests::cmsg_macros_has_single_fd ... FAILED
[INFO] [stdout] test string::unix_str::tests::alloc_tests::can_create_unix_string_happy ... ok
[INFO] [stdout] test futex::tests::test_futex_wait_wake ... ok
[INFO] [stdout] test string::test::can_check_strlen ... ok
[INFO] [stdout] test string::unix_str::tests::alloc_tests::can_get_last_path_happy ... ok
[INFO] [stdout] test string::unix_str::tests::alloc_tests::can_get_last_path_empty_gives_none ... ok
[INFO] [stdout] test string::test::can_check_buf_strlen ... ok
[INFO] [stdout] test platform::compat::tests::dummy ... ok
[INFO] [stdout] test string::unix_str::tests::alloc_tests::can_path_join_fmt ... ok
[INFO] [stdout] test process::test::fork_then_wait ... ok
[INFO] [stdout] test string::unix_str::tests::alloc_tests::can_path_join ... ok
[INFO] [stdout] test string::unix_str::tests::alloc_tests::can_path_join_empty ... ok
[INFO] [stdout] test string::unix_str::tests::alloc_tests::can_path_join_fmt_with_leading_slash ... ok
[INFO] [stdout] test string::unix_str::tests::alloc_tests::can_path_join_fmt_empty ... ok
[INFO] [stdout] test string::unix_str::tests::alloc_tests::can_create_unix_string_sad ... ok
[INFO] [stdout] test string::unix_str::tests::alloc_tests::can_get_last_path_root_gives_none ... ok
[INFO] [stdout] test string::unix_str::tests::alloc_tests::can_path_join_fmt_with_trailing_slash ... ok
[INFO] [stdout] test string::unix_str::tests::alloc_tests::can_path_join_truncates_slashes ... ok
[INFO] [stdout] test string::unix_str::tests::alloc_tests::find_parent_path_double_slash_invalid ... ok
[INFO] [stdout] test string::unix_str::tests::alloc_tests::find_parent_path_empty_no_parent ... ok
[INFO] [stdout] test string::unix_str::tests::alloc_tests::find_parent_path_short_no_parent ... ok
[INFO] [stdout] test string::unix_str::tests::alloc_tests::find_parent_path_happy ... ok
[INFO] [stdout] test string::unix_str::tests::alloc_tests::find_parent_path_short_has_parent ... ok
[INFO] [stdout] test string::unix_str::tests::can_check_ends_with ... ok
[INFO] [stdout] test string::unix_str::tests::can_cmp_unix_str_and_str ... ok
[INFO] [stdout] test string::unix_str::tests::can_create_unix_str ... ok
[INFO] [stdout] test string::unix_str::tests::can_create_unix_str_sad ... ok
[INFO] [stdout] test string::unix_str::tests::can_find_at_end ... ok
[INFO] [stdout] test time::clock_get_time::tests::get_clock_specified ... ok
[INFO] [stdout] test string::unix_str::tests::can_find_too_long ... ok
[INFO] [stdout] test string::unix_str::tests::can_check_ends_with_empty ... ok
[INFO] [stdout] test string::unix_str::tests::can_check_ends_with_no ... ok
[INFO] [stdout] test string::unix_str::tests::alloc_tests::can_path_join_with_leading_slash ... ok
[INFO] [stdout] test string::unix_str::tests::can_check_ends_with_no_too_long ... ok
[INFO] [stdout] test string::unix_str::tests::alloc_tests::can_path_join_with_trailing_slash ... ok
[INFO] [stdout] test string::unix_str::tests::can_match_up_to ... ok
[INFO] [stdout] test string::unix_str::tests::can_check_ends_with_self ... ok
[INFO] [stdout] test time::clock_get_time::tests::get_monotonic ... ok
[INFO] [stdout] test time::clock_get_time::tests::get_real ... ok
[INFO] [stdout] test unistd::get_dents::tests::try_read_dir ... FAILED
[INFO] [stdout] test unistd::mmap::tests::test_basic_alloc ... ok
[INFO] [stdout] test string::unix_str::tests::can_find_at_middle ... ok
[INFO] [stdout] test string::unix_str::tests::can_find_at_start ... ok
[INFO] [stdout] test string::unix_str::tests::can_find_finds_first ... ok
[INFO] [stdout] test string::unix_str::tests::can_find_no_match ... ok
[INFO] [stdout] test unistd::open::tests::try_open_temp ... FAILED
[INFO] [stdout] test unistd::pipe::tests::test_pipe ... ok
[INFO] [stdout] test unistd::test::no_read_on_wr_only ... FAILED
[INFO] [stdout] test unistd::stat::tests::stat_test ... FAILED
[INFO] [stdout] test unistd::uname::tests::test_uts_name ... ok
[INFO] [stdout] test unistd::test::no_write_on_read_only ... FAILED
[INFO] [stdout] test unistd::test::set_file_non_blocking ... FAILED
[INFO] [stdout] test network::test::test_tcp ... ok
[INFO] [stdout] test unistd::test::can_read_write ... FAILED
[INFO] [stdout] test unistd::test::can_read_writev ... FAILED
[INFO] [stdout] test unistd::test::close_closes ... FAILED
[INFO] [stdout] test unistd::dup::tests::can_dup_smoke ... ok
[INFO] [stdout] 
[INFO] [stdout] failures:
[INFO] [stdout] 
[INFO] [stdout] ---- io_uring::test::uring_setup_instance stdout ----
[INFO] [stdout] 
[INFO] [stdout] thread 'io_uring::test::uring_setup_instance' (243) panicked at src/io_uring/test.rs:86:13:
[INFO] [stdout] Error { msg: ``IO_URING_SETUP` syscall failed`, errno: [1]: EPERM: Operation not permitted }
[INFO] [stdout] stack backtrace:
[INFO] [stdout]    0:     0x570a52edfc81 - <<std[617be2ca0a6fd877]::sys::backtrace::BacktraceLock>::print::DisplayBacktrace as core[a373ad73a504971]::fmt::Display>::fmt
[INFO] [stdout]    1:     0x570a52ef429a - core[a373ad73a504971]::fmt::write
[INFO] [stdout]    2:     0x570a52ee3e9c - <alloc[2e1b2a31b91974c5]::vec::Vec<u8> as core[a373ad73a504971]::io::write::Write>::write_fmt
[INFO] [stdout]    3:     0x570a52ebc026 - std[617be2ca0a6fd877]::panicking::default_hook::{closure#0}
[INFO] [stdout]    4:     0x570a52ed8259 - std[617be2ca0a6fd877]::panicking::default_hook
[INFO] [stdout]    5:     0x570a52e74900 - test[aada8e7e76ba119b]::test_main_inner::{closure#0}
[INFO] [stdout]    6:     0x570a52ed8412 - std[617be2ca0a6fd877]::panicking::panic_with_hook
[INFO] [stdout]    7:     0x570a52ebc0d2 - std[617be2ca0a6fd877]::panicking::panic_handler::{closure#0}
[INFO] [stdout]    8:     0x570a52eb4de9 - std[617be2ca0a6fd877]::sys::backtrace::__rust_end_short_backtrace::<std[617be2ca0a6fd877]::panicking::panic_handler::{closure#0}, !>
[INFO] [stdout]    9:     0x570a52ebccdd - __rustc[ea4f61d10b84890b]::rust_begin_unwind
[INFO] [stdout]   10:     0x570a52ef49cc - core[a373ad73a504971]::panicking::panic_fmt
[INFO] [stdout]   11:     0x570a52e544df - <rusl[a1c34dec0c1b906c]::io_uring::test::uring_setup_instance::{closure#0} as core[a373ad73a504971]::ops::function::FnOnce<()>>::call_once
[INFO] [stdout]   12:     0x570a52e67d4b - test[aada8e7e76ba119b]::__rust_begin_short_backtrace::<core[a373ad73a504971]::result::Result<(), alloc[2e1b2a31b91974c5]::string::String>, fn() -> core[a373ad73a504971]::result::Result<(), alloc[2e1b2a31b91974c5]::string::String>>
[INFO] [stdout]   13:     0x570a52e74f25 - test[aada8e7e76ba119b]::run_test::{closure#0}
[INFO] [stdout]   14:     0x570a52e6e814 - std[617be2ca0a6fd877]::sys::backtrace::__rust_begin_short_backtrace::<test[aada8e7e76ba119b]::run_test::{closure#1}, ()>
[INFO] [stdout]   15:     0x570a52e77fb2 - <std[617be2ca0a6fd877]::thread::lifecycle::spawn_unchecked<test[aada8e7e76ba119b]::run_test::{closure#1}, ()>::{closure#1} as core[a373ad73a504971]::ops::function::FnOnce<()>>::call_once::{shim:vtable#0}
[INFO] [stdout]   16:     0x570a52edf4df - <std[617be2ca0a6fd877]::sys::thread::unix::Thread>::new::thread_start
[INFO] [stdout]   17:     0x7f4e77634dfa - <unknown>
[INFO] [stdout]   18:     0x7f4e776c83d4 - clone
[INFO] [stdout]   19:                0x0 - <unknown>
[INFO] [stdout] 
[INFO] [stdout] ---- io_uring::test::poll_add stdout ----
[INFO] [stdout] 
[INFO] [stdout] thread 'io_uring::test::poll_add' (235) panicked at src/io_uring/test.rs:86:13:
[INFO] [stdout] Error { msg: ``IO_URING_SETUP` syscall failed`, errno: [1]: EPERM: Operation not permitted }
[INFO] [stdout] stack backtrace:
[INFO] [stdout]    0:     0x570a52edfc81 - <<std[617be2ca0a6fd877]::sys::backtrace::BacktraceLock>::print::DisplayBacktrace as core[a373ad73a504971]::fmt::Display>::fmt
[INFO] [stdout]    1:     0x570a52ef429a - core[a373ad73a504971]::fmt::write
[INFO] [stdout]    2:     0x570a52ee3e9c - <alloc[2e1b2a31b91974c5]::vec::Vec<u8> as core[a373ad73a504971]::io::write::Write>::write_fmt
[INFO] [stdout]    3:     0x570a52ebc026 - std[617be2ca0a6fd877]::panicking::default_hook::{closure#0}
[INFO] [stdout]    4:     0x570a52ed8259 - std[617be2ca0a6fd877]::panicking::default_hook
[INFO] [stdout]    5:     0x570a52e74900 - test[aada8e7e76ba119b]::test_main_inner::{closure#0}
[INFO] [stdout]    6:     0x570a52ed8412 - std[617be2ca0a6fd877]::panicking::panic_with_hook
[INFO] [stdout]    7:     0x570a52ebc0d2 - std[617be2ca0a6fd877]::panicking::panic_handler::{closure#0}
[INFO] [stdout]    8:     0x570a52eb4de9 - std[617be2ca0a6fd877]::sys::backtrace::__rust_end_short_backtrace::<std[617be2ca0a6fd877]::panicking::panic_handler::{closure#0}, !>
[INFO] [stdout]    9:     0x570a52ebccdd - __rustc[ea4f61d10b84890b]::rust_begin_unwind
[INFO] [stdout]   10:     0x570a52ef49cc - core[a373ad73a504971]::panicking::panic_fmt
[INFO] [stdout]   11:     0x570a52e58edf - <rusl[a1c34dec0c1b906c]::io_uring::test::poll_add::{closure#0} as core[a373ad73a504971]::ops::function::FnOnce<()>>::call_once
[INFO] [stdout]   12:     0x570a52e67d4b - test[aada8e7e76ba119b]::__rust_begin_short_backtrace::<core[a373ad73a504971]::result::Result<(), alloc[2e1b2a31b91974c5]::string::String>, fn() -> core[a373ad73a504971]::result::Result<(), alloc[2e1b2a31b91974c5]::string::String>>
[INFO] [stdout]   13:     0x570a52e74f25 - test[aada8e7e76ba119b]::run_test::{closure#0}
[INFO] [stdout]   14:     0x570a52e6e814 - std[617be2ca0a6fd877]::sys::backtrace::__rust_begin_short_backtrace::<test[aada8e7e76ba119b]::run_test::{closure#1}, ()>
[INFO] [stdout]   15:     0x570a52e77fb2 - <std[617be2ca0a6fd877]::thread::lifecycle::spawn_unchecked<test[aada8e7e76ba119b]::run_test::{closure#1}, ()>::{closure#1} as core[a373ad73a504971]::ops::function::FnOnce<()>>::call_once::{shim:vtable#0}
[INFO] [stdout]   16:     0x570a52edf4df - <std[617be2ca0a6fd877]::sys::thread::unix::Thread>::new::thread_start
[INFO] [stdout]   17:     0x7f4e77634dfa - <unknown>
[INFO] [stdout]   18:     0x7f4e776c83d4 - clone
[INFO] [stdout]   19:                0x0 - <unknown>
[INFO] [stdout] 
[INFO] [stdout] ---- io_uring::test::uring_args_timeout stdout ----
[INFO] [stdout] 
[INFO] [stdout] thread 'io_uring::test::uring_args_timeout' (236) panicked at src/io_uring/test.rs:86:13:
[INFO] [stdout] Error { msg: ``IO_URING_SETUP` syscall failed`, errno: [1]: EPERM: Operation not permitted }
[INFO] [stdout] stack backtrace:
[INFO] [stdout]    0:     0x570a52edfc81 - <<std[617be2ca0a6fd877]::sys::backtrace::BacktraceLock>::print::DisplayBacktrace as core[a373ad73a504971]::fmt::Display>::fmt
[INFO] [stdout]    1:     0x570a52ef429a - core[a373ad73a504971]::fmt::write
[INFO] [stdout]    2:     0x570a52ee3e9c - <alloc[2e1b2a31b91974c5]::vec::Vec<u8> as core[a373ad73a504971]::io::write::Write>::write_fmt
[INFO] [stdout]    3:     0x570a52ebc026 - std[617be2ca0a6fd877]::panicking::default_hook::{closure#0}
[INFO] [stdout]    4:     0x570a52ed8259 - std[617be2ca0a6fd877]::panicking::default_hook
[INFO] [stdout]    5:     0x570a52e74900 - test[aada8e7e76ba119b]::test_main_inner::{closure#0}
[INFO] [stdout]    6:     0x570a52ed8412 - std[617be2ca0a6fd877]::panicking::panic_with_hook
[INFO] [stdout]    7:     0x570a52ebc0d2 - std[617be2ca0a6fd877]::panicking::panic_handler::{closure#0}
[INFO] [stdout]    8:     0x570a52eb4de9 - std[617be2ca0a6fd877]::sys::backtrace::__rust_end_short_backtrace::<std[617be2ca0a6fd877]::panicking::panic_handler::{closure#0}, !>
[INFO] [stdout]    9:     0x570a52ebccdd - __rustc[ea4f61d10b84890b]::rust_begin_unwind
[INFO] [stdout]   10:     0x570a52ef49cc - core[a373ad73a504971]::panicking::panic_fmt
[INFO] [stdout]   11:     0x570a52e5360e - <rusl[a1c34dec0c1b906c]::io_uring::test::uring_args_timeout::{closure#0} as core[a373ad73a504971]::ops::function::FnOnce<()>>::call_once
[INFO] [stdout]   12:     0x570a52e67d4b - test[aada8e7e76ba119b]::__rust_begin_short_backtrace::<core[a373ad73a504971]::result::Result<(), alloc[2e1b2a31b91974c5]::string::String>, fn() -> core[a373ad73a504971]::result::Result<(), alloc[2e1b2a31b91974c5]::string::String>>
[INFO] [stdout]   13:     0x570a52e74f25 - test[aada8e7e76ba119b]::run_test::{closure#0}
[INFO] [stdout]   14:     0x570a52e6e814 - std[617be2ca0a6fd877]::sys::backtrace::__rust_begin_short_backtrace::<test[aada8e7e76ba119b]::run_test::{closure#1}, ()>
[INFO] [stdout]   15:     0x570a52e77fb2 - <std[617be2ca0a6fd877]::thread::lifecycle::spawn_unchecked<test[aada8e7e76ba119b]::run_test::{closure#1}, ()>::{closure#1} as core[a373ad73a504971]::ops::function::FnOnce<()>>::call_once::{shim:vtable#0}
[INFO] [stdout]   16:     0x570a52edf4df - <std[617be2ca0a6fd877]::sys::thread::unix::Thread>::new::thread_start
[INFO] [stdout]   17:     0x7f4e77634dfa - <unknown>
[INFO] [stdout]   18:     0x7f4e776c83d4 - clone
[INFO] [stdout]   19:                0x0 - <unknown>
[INFO] [stdout] 
[INFO] [stdout] ---- io_uring::test::uring_single_write stdout ----
[INFO] [stdout] 
[INFO] [stdout] thread 'io_uring::test::uring_single_write' (253) panicked at src/io_uring/test.rs:86:13:
[INFO] [stdout] Error { msg: ``IO_URING_SETUP` syscall failed`, errno: [1]: EPERM: Operation not permitted }
[INFO] [stdout] stack backtrace:
[INFO] [stdout]    0:     0x570a52edfc81 - <<std[617be2ca0a6fd877]::sys::backtrace::BacktraceLock>::print::DisplayBacktrace as core[a373ad73a504971]::fmt::Display>::fmt
[INFO] [stdout]    1:     0x570a52ef429a - core[a373ad73a504971]::fmt::write
[INFO] [stdout]    2:     0x570a52ee3e9c - <alloc[2e1b2a31b91974c5]::vec::Vec<u8> as core[a373ad73a504971]::io::write::Write>::write_fmt
[INFO] [stdout]    3:     0x570a52ebc026 - std[617be2ca0a6fd877]::panicking::default_hook::{closure#0}
[INFO] [stdout]    4:     0x570a52ed8259 - std[617be2ca0a6fd877]::panicking::default_hook
[INFO] [stdout]    5:     0x570a52e74900 - test[aada8e7e76ba119b]::test_main_inner::{closure#0}
[INFO] [stdout]    6:     0x570a52ed8412 - std[617be2ca0a6fd877]::panicking::panic_with_hook
[INFO] [stdout]    7:     0x570a52ebc0d2 - std[617be2ca0a6fd877]::panicking::panic_handler::{closure#0}
[INFO] [stdout]    8:     0x570a52eb4de9 - std[617be2ca0a6fd877]::sys::backtrace::__rust_end_short_backtrace::<std[617be2ca0a6fd877]::panicking::panic_handler::{closure#0}, !>
[INFO] [stdout]    9:     0x570a52ebccdd - __rustc[ea4f61d10b84890b]::rust_begin_unwind
[INFO] [stdout]   10:     0x570a52ef49cc - core[a373ad73a504971]::panicking::panic_fmt
[INFO] [stdout]   11:     0x570a52e53ed0 - <rusl[a1c34dec0c1b906c]::io_uring::test::uring_single_write::{closure#0} as core[a373ad73a504971]::ops::function::FnOnce<()>>::call_once
[INFO] [stdout]   12:     0x570a52e67d4b - test[aada8e7e76ba119b]::__rust_begin_short_backtrace::<core[a373ad73a504971]::result::Result<(), alloc[2e1b2a31b91974c5]::string::String>, fn() -> core[a373ad73a504971]::result::Result<(), alloc[2e1b2a31b91974c5]::string::String>>
[INFO] [stdout]   13:     0x570a52e74f25 - test[aada8e7e76ba119b]::run_test::{closure#0}
[INFO] [stdout]   14:     0x570a52e6e814 - std[617be2ca0a6fd877]::sys::backtrace::__rust_begin_short_backtrace::<test[aada8e7e76ba119b]::run_test::{closure#1}, ()>
[INFO] [stdout]   15:     0x570a52e77fb2 - <std[617be2ca0a6fd877]::thread::lifecycle::spawn_unchecked<test[aada8e7e76ba119b]::run_test::{closure#1}, ()>::{closure#1} as core[a373ad73a504971]::ops::function::FnOnce<()>>::call_once::{shim:vtable#0}
[INFO] [stdout]   16:     0x570a52edf4df - <std[617be2ca0a6fd877]::sys::thread::unix::Thread>::new::thread_start
[INFO] [stdout]   17:     0x7f4e77634dfa - <unknown>
[INFO] [stdout]   18:     0x7f4e776c83d4 - clone
[INFO] [stdout]   19:                0x0 - <unknown>
[INFO] [stdout] 
[INFO] [stdout] ---- io_uring::test::uring_single_statx stdout ----
[INFO] [stdout] 
[INFO] [stdout] thread 'io_uring::test::uring_single_statx' (250) panicked at src/io_uring/test.rs:86:13:
[INFO] [stdout] Error { msg: ``IO_URING_SETUP` syscall failed`, errno: [1]: EPERM: Operation not permitted }
[INFO] [stdout] stack backtrace:
[INFO] [stdout]    0:     0x570a52edfc81 - <<std[617be2ca0a6fd877]::sys::backtrace::BacktraceLock>::print::DisplayBacktrace as core[a373ad73a504971]::fmt::Display>::fmt
[INFO] [stdout]    1:     0x570a52ef429a - core[a373ad73a504971]::fmt::write
[INFO] [stdout]    2:     0x570a52ee3e9c - <alloc[2e1b2a31b91974c5]::vec::Vec<u8> as core[a373ad73a504971]::io::write::Write>::write_fmt
[INFO] [stdout]    3:     0x570a52ebc026 - std[617be2ca0a6fd877]::panicking::default_hook::{closure#0}
[INFO] [stdout]    4:     0x570a52ed8259 - std[617be2ca0a6fd877]::panicking::default_hook
[INFO] [stdout]    5:     0x570a52e74900 - test[aada8e7e76ba119b]::test_main_inner::{closure#0}
[INFO] [stdout]    6:     0x570a52ed8412 - std[617be2ca0a6fd877]::panicking::panic_with_hook
[INFO] [stdout]    7:     0x570a52ebc0d2 - std[617be2ca0a6fd877]::panicking::panic_handler::{closure#0}
[INFO] [stdout]    8:     0x570a52eb4de9 - std[617be2ca0a6fd877]::sys::backtrace::__rust_end_short_backtrace::<std[617be2ca0a6fd877]::panicking::panic_handler::{closure#0}, !>
[INFO] [stdout]    9:     0x570a52ebccdd - __rustc[ea4f61d10b84890b]::rust_begin_unwind
[INFO] [stdout]   10:     0x570a52ef49cc - core[a373ad73a504971]::panicking::panic_fmt
[INFO] [stdout]   11:     0x570a52e53b70 - <rusl[a1c34dec0c1b906c]::io_uring::test::uring_single_statx::{closure#0} as core[a373ad73a504971]::ops::function::FnOnce<()>>::call_once
[INFO] [stdout]   12:     0x570a52e67d4b - test[aada8e7e76ba119b]::__rust_begin_short_backtrace::<core[a373ad73a504971]::result::Result<(), alloc[2e1b2a31b91974c5]::string::String>, fn() -> core[a373ad73a504971]::result::Result<(), alloc[2e1b2a31b91974c5]::string::String>>
[INFO] [stdout]   13:     0x570a52e74f25 - test[aada8e7e76ba119b]::run_test::{closure#0}
[INFO] [stdout]   14:     0x570a52e6e814 - std[617be2ca0a6fd877]::sys::backtrace::__rust_begin_short_backtrace::<test[aada8e7e76ba119b]::run_test::{closure#1}, ()>
[INFO] [stdout]   15:     0x570a52e77fb2 - <std[617be2ca0a6fd877]::thread::lifecycle::spawn_unchecked<test[aada8e7e76ba119b]::run_test::{closure#1}, ()>::{closure#1} as core[a373ad73a504971]::ops::function::FnOnce<()>>::call_once::{shim:vtable#0}
[INFO] [stdout]   16:     0x570a52edf4df - <std[617be2ca0a6fd877]::sys::thread::unix::Thread>::new::thread_start
[INFO] [stdout]   17:     0x7f4e77634dfa - <unknown>
[INFO] [stdout]   18:     0x7f4e776c83d4 - clone
[INFO] [stdout]   19:                0x0 - <unknown>
[INFO] [stdout] 
[INFO] [stdout] ---- io_uring::test::uring_read_registered_buffers_and_fds stdout ----
[INFO] [stdout] 
[INFO] [stdout] thread 'io_uring::test::uring_read_registered_buffers_and_fds' (238) panicked at src/io_uring/test.rs:86:13:
[INFO] [stdout] Error { msg: ``IO_URING_SETUP` syscall failed`, errno: [1]: EPERM: Operation not permitted }
[INFO] [stdout] stack backtrace:
[INFO] [stdout]    0:     0x570a52edfc81 - <<std[617be2ca0a6fd877]::sys::backtrace::BacktraceLock>::print::DisplayBacktrace as core[a373ad73a504971]::fmt::Display>::fmt
[INFO] [stdout]    1:     0x570a52ef429a - core[a373ad73a504971]::fmt::write
[INFO] [stdout]    2:     0x570a52ee3e9c - <alloc[2e1b2a31b91974c5]::vec::Vec<u8> as core[a373ad73a504971]::io::write::Write>::write_fmt
[INFO] [stdout]    3:     0x570a52ebc026 - std[617be2ca0a6fd877]::panicking::default_hook::{closure#0}
[INFO] [stdout]    4:     0x570a52ed8259 - std[617be2ca0a6fd877]::panicking::default_hook
[INFO] [stdout]    5:     0x570a52e74900 - test[aada8e7e76ba119b]::test_main_inner::{closure#0}
[INFO] [stdout]    6:     0x570a52ed8412 - std[617be2ca0a6fd877]::panicking::panic_with_hook
[INFO] [stdout]    7:     0x570a52ebc0d2 - std[617be2ca0a6fd877]::panicking::panic_handler::{closure#0}
[INFO] [stdout]    8:     0x570a52eb4de9 - std[617be2ca0a6fd877]::sys::backtrace::__rust_end_short_backtrace::<std[617be2ca0a6fd877]::panicking::panic_handler::{closure#0}, !>
[INFO] [stdout]    9:     0x570a52ebccdd - __rustc[ea4f61d10b84890b]::rust_begin_unwind
[INFO] [stdout]   10:     0x570a52ef49cc - core[a373ad73a504971]::panicking::panic_fmt
[INFO] [stdout]   11:     0x570a52e57b9d - <rusl[a1c34dec0c1b906c]::io_uring::test::uring_read_registered_buffers_and_fds::{closure#0} as core[a373ad73a504971]::ops::function::FnOnce<()>>::call_once
[INFO] [stdout]   12:     0x570a52e67d4b - test[aada8e7e76ba119b]::__rust_begin_short_backtrace::<core[a373ad73a504971]::result::Result<(), alloc[2e1b2a31b91974c5]::string::String>, fn() -> core[a373ad73a504971]::result::Result<(), alloc[2e1b2a31b91974c5]::string::String>>
[INFO] [stdout]   13:     0x570a52e74f25 - test[aada8e7e76ba119b]::run_test::{closure#0}
[INFO] [stdout]   14:     0x570a52e6e814 - std[617be2ca0a6fd877]::sys::backtrace::__rust_begin_short_backtrace::<test[aada8e7e76ba119b]::run_test::{closure#1}, ()>
[INFO] [stdout]   15:     0x570a52e77fb2 - <std[617be2ca0a6fd877]::thread::lifecycle::spawn_unchecked<test[aada8e7e76ba119b]::run_test::{closure#1}, ()>::{closure#1} as core[a373ad73a504971]::ops::function::FnOnce<()>>::call_once::{shim:vtable#0}
[INFO] [stdout]   16:     0x570a52edf4df - <std[617be2ca0a6fd877]::sys::thread::unix::Thread>::new::thread_start
[INFO] [stdout]   17:     0x7f4e77634dfa - <unknown>
[INFO] [stdout]   18:     0x7f4e776c83d4 - clone
[INFO] [stdout]   19:                0x0 - <unknown>
[INFO] [stdout] 
[INFO] [stdout] ---- io_uring::test::uring_single_unlinkat stdout ----
[INFO] [stdout] 
[INFO] [stdout] thread 'io_uring::test::uring_single_unlinkat' (252) panicked at src/io_uring/test.rs:86:13:
[INFO] [stdout] Error { msg: ``IO_URING_SETUP` syscall failed`, errno: [1]: EPERM: Operation not permitted }
[INFO] [stdout] stack backtrace:
[INFO] [stdout]    0:     0x570a52edfc81 - <<std[617be2ca0a6fd877]::sys::backtrace::BacktraceLock>::print::DisplayBacktrace as core[a373ad73a504971]::fmt::Display>::fmt
[INFO] [stdout]    1:     0x570a52ef429a - core[a373ad73a504971]::fmt::write
[INFO] [stdout]    2:     0x570a52ee3e9c - <alloc[2e1b2a31b91974c5]::vec::Vec<u8> as core[a373ad73a504971]::io::write::Write>::write_fmt
[INFO] [stdout]    3:     0x570a52ebc026 - std[617be2ca0a6fd877]::panicking::default_hook::{closure#0}
[INFO] [stdout]    4:     0x570a52ed8259 - std[617be2ca0a6fd877]::panicking::default_hook
[INFO] [stdout]    5:     0x570a52e74900 - test[aada8e7e76ba119b]::test_main_inner::{closure#0}
[INFO] [stdout]    6:     0x570a52ed8412 - std[617be2ca0a6fd877]::panicking::panic_with_hook
[INFO] [stdout]    7:     0x570a52ebc0d2 - std[617be2ca0a6fd877]::panicking::panic_handler::{closure#0}
[INFO] [stdout]    8:     0x570a52eb4de9 - std[617be2ca0a6fd877]::sys::backtrace::__rust_end_short_backtrace::<std[617be2ca0a6fd877]::panicking::panic_handler::{closure#0}, !>
[INFO] [stdout]    9:     0x570a52ebccdd - __rustc[ea4f61d10b84890b]::rust_begin_unwind
[INFO] [stdout]   10:     0x570a52ef49cc - core[a373ad73a504971]::panicking::panic_fmt
[INFO] [stdout]   11:     0x570a52e552b7 - <rusl[a1c34dec0c1b906c]::io_uring::test::uring_single_unlinkat::{closure#0} as core[a373ad73a504971]::ops::function::FnOnce<()>>::call_once
[INFO] [stdout]   12:     0x570a52e67d4b - test[aada8e7e76ba119b]::__rust_begin_short_backtrace::<core[a373ad73a504971]::result::Result<(), alloc[2e1b2a31b91974c5]::string::String>, fn() -> core[a373ad73a504971]::result::Result<(), alloc[2e1b2a31b91974c5]::string::String>>
[INFO] [stdout]   13:     0x570a52e74f25 - test[aada8e7e76ba119b]::run_test::{closure#0}
[INFO] [stdout]   14:     0x570a52e6e814 - std[617be2ca0a6fd877]::sys::backtrace::__rust_begin_short_backtrace::<test[aada8e7e76ba119b]::run_test::{closure#1}, ()>
[INFO] [stdout]   15:     0x570a52e77fb2 - <std[617be2ca0a6fd877]::thread::lifecycle::spawn_unchecked<test[aada8e7e76ba119b]::run_test::{closure#1}, ()>::{closure#1} as core[a373ad73a504971]::ops::function::FnOnce<()>>::call_once::{shim:vtable#0}
[INFO] [stdout]   16:     0x570a52edf4df - <std[617be2ca0a6fd877]::sys::thread::unix::Thread>::new::thread_start
[INFO] [stdout]   17:     0x7f4e77634dfa - <unknown>
[INFO] [stdout]   18:     0x7f4e776c83d4 - clone
[INFO] [stdout]   19:                0x0 - <unknown>
[INFO] [stdout] 
[INFO] [stdout] ---- io_uring::test::uring_unix_accept_send_recv stdout ----
[INFO] [stdout] 
[INFO] [stdout] thread 'io_uring::test::uring_unix_accept_send_recv' (255) panicked at src/io_uring/test.rs:86:13:
[INFO] [stdout] Error { msg: ``IO_URING_SETUP` syscall failed`, errno: [1]: EPERM: Operation not permitted }
[INFO] [stdout] stack backtrace:
[INFO] [stdout]    0:     0x570a52edfc81 - <<std[617be2ca0a6fd877]::sys::backtrace::BacktraceLock>::print::DisplayBacktrace as core[a373ad73a504971]::fmt::Display>::fmt
[INFO] [stdout]    1:     0x570a52ef429a - core[a373ad73a504971]::fmt::write
[INFO] [stdout]    2:     0x570a52ee3e9c - <alloc[2e1b2a31b91974c5]::vec::Vec<u8> as core[a373ad73a504971]::io::write::Write>::write_fmt
[INFO] [stdout]    3:     0x570a52ebc026 - std[617be2ca0a6fd877]::panicking::default_hook::{closure#0}
[INFO] [stdout]    4:     0x570a52ed8259 - std[617be2ca0a6fd877]::panicking::default_hook
[INFO] [stdout]    5:     0x570a52e74900 - test[aada8e7e76ba119b]::test_main_inner::{closure#0}
[INFO] [stdout]    6:     0x570a52ed8412 - std[617be2ca0a6fd877]::panicking::panic_with_hook
[INFO] [stdout]    7:     0x570a52ebc0d2 - std[617be2ca0a6fd877]::panicking::panic_handler::{closure#0}
[INFO] [stdout]    8:     0x570a52eb4de9 - std[617be2ca0a6fd877]::sys::backtrace::__rust_end_short_backtrace::<std[617be2ca0a6fd877]::panicking::panic_handler::{closure#0}, !>
[INFO] [stdout]    9:     0x570a52ebccdd - __rustc[ea4f61d10b84890b]::rust_begin_unwind
[INFO] [stdout]   10:     0x570a52ef49cc - core[a373ad73a504971]::panicking::panic_fmt
[INFO] [stdout]   11:     0x570a52e56cca - <rusl[a1c34dec0c1b906c]::io_uring::test::uring_unix_accept_send_recv::{closure#0} as core[a373ad73a504971]::ops::function::FnOnce<()>>::call_once
[INFO] [stdout]   12:     0x570a52e67d4b - test[aada8e7e76ba119b]::__rust_begin_short_backtrace::<core[a373ad73a504971]::result::Result<(), alloc[2e1b2a31b91974c5]::string::String>, fn() -> core[a373ad73a504971]::result::Result<(), alloc[2e1b2a31b91974c5]::string::String>>
[INFO] [stdout]   13:     0x570a52e74f25 - test[aada8e7e76ba119b]::run_test::{closure#0}
[INFO] [stdout]   14:     0x570a52e6e814 - std[617be2ca0a6fd877]::sys::backtrace::__rust_begin_short_backtrace::<test[aada8e7e76ba119b]::run_test::{closure#1}, ()>
[INFO] [stdout]   15:     0x570a52e77fb2 - <std[617be2ca0a6fd877]::thread::lifecycle::spawn_unchecked<test[aada8e7e76ba119b]::run_test::{closure#1}, ()>::{closure#1} as core[a373ad73a504971]::ops::function::FnOnce<()>>::call_once::{shim:vtable#0}
[INFO] [stdout]   16:     0x570a52edf4df - <std[617be2ca0a6fd877]::sys::thread::unix::Thread>::new::thread_start
[INFO] [stdout]   17:     0x7f4e77634dfa - <unknown>
[INFO] [stdout]   18:     0x7f4e776c83d4 - clone
[INFO] [stdout]   19:                0x0 - <unknown>
[INFO] [stdout] 
[INFO] [stdout] ---- io_uring::test::uring_tcp_accept stdout ----
[INFO] [stdout] 
[INFO] [stdout] thread 'io_uring::test::uring_tcp_accept' (254) panicked at src/io_uring/test.rs:86:13:
[INFO] [stdout] Error { msg: ``IO_URING_SETUP` syscall failed`, errno: [1]: EPERM: Operation not permitted }
[INFO] [stdout] stack backtrace:
[INFO] [stdout]    0:     0x570a52edfc81 - <<std[617be2ca0a6fd877]::sys::backtrace::BacktraceLock>::print::DisplayBacktrace as core[a373ad73a504971]::fmt::Display>::fmt
[INFO] [stdout]    1:     0x570a52ef429a - core[a373ad73a504971]::fmt::write
[INFO] [stdout]    2:     0x570a52ee3e9c - <alloc[2e1b2a31b91974c5]::vec::Vec<u8> as core[a373ad73a504971]::io::write::Write>::write_fmt
[INFO] [stdout]    3:     0x570a52ebc026 - std[617be2ca0a6fd877]::panicking::default_hook::{closure#0}
[INFO] [stdout]    4:     0x570a52ed8259 - std[617be2ca0a6fd877]::panicking::default_hook
[INFO] [stdout]    5:     0x570a52e74900 - test[aada8e7e76ba119b]::test_main_inner::{closure#0}
[INFO] [stdout]    6:     0x570a52ed8412 - std[617be2ca0a6fd877]::panicking::panic_with_hook
[INFO] [stdout]    7:     0x570a52ebc0d2 - std[617be2ca0a6fd877]::panicking::panic_handler::{closure#0}
[INFO] [stdout]    8:     0x570a52eb4de9 - std[617be2ca0a6fd877]::sys::backtrace::__rust_end_short_backtrace::<std[617be2ca0a6fd877]::panicking::panic_handler::{closure#0}, !>
[INFO] [stdout]    9:     0x570a52ebccdd - __rustc[ea4f61d10b84890b]::rust_begin_unwind
[INFO] [stdout]   10:     0x570a52ef49cc - core[a373ad73a504971]::panicking::panic_fmt
[INFO] [stdout]   11:     0x570a52e529f3 - <rusl[a1c34dec0c1b906c]::io_uring::test::uring_tcp_accept::{closure#0} as core[a373ad73a504971]::ops::function::FnOnce<()>>::call_once
[INFO] [stdout]   12:     0x570a52e67d4b - test[aada8e7e76ba119b]::__rust_begin_short_backtrace::<core[a373ad73a504971]::result::Result<(), alloc[2e1b2a31b91974c5]::string::String>, fn() -> core[a373ad73a504971]::result::Result<(), alloc[2e1b2a31b91974c5]::string::String>>
[INFO] [stdout]   13:     0x570a52e74f25 - test[aada8e7e76ba119b]::run_test::{closure#0}
[INFO] [stdout]   14:     0x570a52e6e814 - std[617be2ca0a6fd877]::sys::backtrace::__rust_begin_short_backtrace::<test[aada8e7e76ba119b]::run_test::{closure#1}, ()>
[INFO] [stdout]   15:     0x570a52e77fb2 - <std[617be2ca0a6fd877]::thread::lifecycle::spawn_unchecked<test[aada8e7e76ba119b]::run_test::{closure#1}, ()>::{closure#1} as core[a373ad73a504971]::ops::function::FnOnce<()>>::call_once::{shim:vtable#0}
[INFO] [stdout]   16:     0x570a52edf4df - <std[617be2ca0a6fd877]::sys::thread::unix::Thread>::new::thread_start
[INFO] [stdout]   17:     0x7f4e77634dfa - <unknown>
[INFO] [stdout]   18:     0x7f4e776c83d4 - clone
[INFO] [stdout]   19:                0x0 - <unknown>
[INFO] [stdout] 
[INFO] [stdout] ---- io_uring::test::uring_single_read stdout ----
[INFO] [stdout] 
[INFO] [stdout] thread 'io_uring::test::uring_single_read' (247) panicked at src/io_uring/test.rs:86:13:
[INFO] [stdout] Error { msg: ``IO_URING_SETUP` syscall failed`, errno: [1]: EPERM: Operation not permitted }
[INFO] [stdout] stack backtrace:
[INFO] [stdout]    0:     0x570a52edfc81 - <<std[617be2ca0a6fd877]::sys::backtrace::BacktraceLock>::print::DisplayBacktrace as core[a373ad73a504971]::fmt::Display>::fmt
[INFO] [stdout]    1:     0x570a52ef429a - core[a373ad73a504971]::fmt::write
[INFO] [stdout]    2:     0x570a52ee3e9c - <alloc[2e1b2a31b91974c5]::vec::Vec<u8> as core[a373ad73a504971]::io::write::Write>::write_fmt
[INFO] [stdout]    3:     0x570a52ebc026 - std[617be2ca0a6fd877]::panicking::default_hook::{closure#0}
[INFO] [stdout]    4:     0x570a52ed8259 - std[617be2ca0a6fd877]::panicking::default_hook
[INFO] [stdout]    5:     0x570a52e74900 - test[aada8e7e76ba119b]::test_main_inner::{closure#0}
[INFO] [stdout]    6:     0x570a52ed8412 - std[617be2ca0a6fd877]::panicking::panic_with_hook
[INFO] [stdout]    7:     0x570a52ebc0d2 - std[617be2ca0a6fd877]::panicking::panic_handler::{closure#0}
[INFO] [stdout]    8:     0x570a52eb4de9 - std[617be2ca0a6fd877]::sys::backtrace::__rust_end_short_backtrace::<std[617be2ca0a6fd877]::panicking::panic_handler::{closure#0}, !>
[INFO] [stdout]    9:     0x570a52ebccdd - __rustc[ea4f61d10b84890b]::rust_begin_unwind
[INFO] [stdout]   10:     0x570a52ef49cc - core[a373ad73a504971]::panicking::panic_fmt
[INFO] [stdout]   11:     0x570a52e53284 - <rusl[a1c34dec0c1b906c]::io_uring::test::uring_single_read::{closure#0} as core[a373ad73a504971]::ops::function::FnOnce<()>>::call_once
[INFO] [stdout]   12:     0x570a52e67d4b - test[aada8e7e76ba119b]::__rust_begin_short_backtrace::<core[a373ad73a504971]::result::Result<(), alloc[2e1b2a31b91974c5]::string::String>, fn() -> core[a373ad73a504971]::result::Result<(), alloc[2e1b2a31b91974c5]::string::String>>
[INFO] [stdout]   13:     0x570a52e74f25 - test[aada8e7e76ba119b]::run_test::{closure#0}
[INFO] [stdout]   14:     0x570a52e6e814 - std[617be2ca0a6fd877]::sys::backtrace::__rust_begin_short_backtrace::<test[aada8e7e76ba119b]::run_test::{closure#1}, ()>
[INFO] [stdout]   15:     0x570a52e77fb2 - <std[617be2ca0a6fd877]::thread::lifecycle::spawn_unchecked<test[aada8e7e76ba119b]::run_test::{closure#1}, ()>::{closure#1} as core[a373ad73a504971]::ops::function::FnOnce<()>>::call_once::{shim:vtable#0}
[INFO] [stdout]   16:     0x570a52edf4df - <std[617be2ca0a6fd877]::sys::thread::unix::Thread>::new::thread_start
[INFO] [stdout]   17:     0x7f4e77634dfa - <unknown>
[INFO] [stdout]   18:     0x7f4e776c83d4 - clone
[INFO] [stdout]   19:                0x0 - <unknown>
[INFO] [stdout] 
[INFO] [stdout] ---- io_uring::test::uring_single_mkdir_at stdout ----
[INFO] [stdout] 
[INFO] [stdout] thread 'io_uring::test::uring_single_mkdir_at' (245) panicked at src/io_uring/test.rs:86:13:
[INFO] [stdout] Error { msg: ``IO_URING_SETUP` syscall failed`, errno: [1]: EPERM: Operation not permitted }
[INFO] [stdout] stack backtrace:
[INFO] [stdout]    0:     0x570a52edfc81 - <<std[617be2ca0a6fd877]::sys::backtrace::BacktraceLock>::print::DisplayBacktrace as core[a373ad73a504971]::fmt::Display>::fmt
[INFO] [stdout]    1:     0x570a52ef429a - core[a373ad73a504971]::fmt::write
[INFO] [stdout]    2:     0x570a52ee3e9c - <alloc[2e1b2a31b91974c5]::vec::Vec<u8> as core[a373ad73a504971]::io::write::Write>::write_fmt
[INFO] [stdout]    3:     0x570a52ebc026 - std[617be2ca0a6fd877]::panicking::default_hook::{closure#0}
[INFO] [stdout]    4:     0x570a52ed8259 - std[617be2ca0a6fd877]::panicking::default_hook
[INFO] [stdout]    5:     0x570a52e74900 - test[aada8e7e76ba119b]::test_main_inner::{closure#0}
[INFO] [stdout]    6:     0x570a52ed8412 - std[617be2ca0a6fd877]::panicking::panic_with_hook
[INFO] [stdout]    7:     0x570a52ebc0d2 - std[617be2ca0a6fd877]::panicking::panic_handler::{closure#0}
[INFO] [stdout]    8:     0x570a52eb4de9 - std[617be2ca0a6fd877]::sys::backtrace::__rust_end_short_backtrace::<std[617be2ca0a6fd877]::panicking::panic_handler::{closure#0}, !>
[INFO] [stdout]    9:     0x570a52ebccdd - __rustc[ea4f61d10b84890b]::rust_begin_unwind
[INFO] [stdout]   10:     0x570a52ef49cc - core[a373ad73a504971]::panicking::panic_fmt
[INFO] [stdout]   11:     0x570a52e54eba - <rusl[a1c34dec0c1b906c]::io_uring::test::uring_single_mkdir_at::{closure#0} as core[a373ad73a504971]::ops::function::FnOnce<()>>::call_once
[INFO] [stdout]   12:     0x570a52e67d4b - test[aada8e7e76ba119b]::__rust_begin_short_backtrace::<core[a373ad73a504971]::result::Result<(), alloc[2e1b2a31b91974c5]::string::String>, fn() -> core[a373ad73a504971]::result::Result<(), alloc[2e1b2a31b91974c5]::string::String>>
[INFO] [stdout]   13:     0x570a52e74f25 - test[aada8e7e76ba119b]::run_test::{closure#0}
[INFO] [stdout]   14:     0x570a52e6e814 - std[617be2ca0a6fd877]::sys::backtrace::__rust_begin_short_backtrace::<test[aada8e7e76ba119b]::run_test::{closure#1}, ()>
[INFO] [stdout]   15:     0x570a52e77fb2 - <std[617be2ca0a6fd877]::thread::lifecycle::spawn_unchecked<test[aada8e7e76ba119b]::run_test::{closure#1}, ()>::{closure#1} as core[a373ad73a504971]::ops::function::FnOnce<()>>::call_once::{shim:vtable#0}
[INFO] [stdout]   16:     0x570a52edf4df - <std[617be2ca0a6fd877]::sys::thread::unix::Thread>::new::thread_start
[INFO] [stdout]   17:     0x7f4e77634dfa - <unknown>
[INFO] [stdout]   18:     0x7f4e776c83d4 - clone
[INFO] [stdout]   19:                0x0 - <unknown>
[INFO] [stdout] 
[INFO] [stdout] ---- io_uring::test::uring_single_rename_at stdout ----
[INFO] [stdout] 
[INFO] [stdout] thread 'io_uring::test::uring_single_rename_at' (248) panicked at src/io_uring/test.rs:86:13:
[INFO] [stdout] Error { msg: ``IO_URING_SETUP` syscall failed`, errno: [1]: EPERM: Operation not permitted }
[INFO] [stdout] stack backtrace:
[INFO] [stdout]    0:     0x570a52edfc81 - <<std[617be2ca0a6fd877]::sys::backtrace::BacktraceLock>::print::DisplayBacktrace as core[a373ad73a504971]::fmt::Display>::fmt
[INFO] [stdout]    1:     0x570a52ef429a - core[a373ad73a504971]::fmt::write
[INFO] [stdout]    2:     0x570a52ee3e9c - <alloc[2e1b2a31b91974c5]::vec::Vec<u8> as core[a373ad73a504971]::io::write::Write>::write_fmt
[INFO] [stdout]    3:     0x570a52ebc026 - std[617be2ca0a6fd877]::panicking::default_hook::{closure#0}
[INFO] [stdout]    4:     0x570a52ed8259 - std[617be2ca0a6fd877]::panicking::default_hook
[INFO] [stdout]    5:     0x570a52e74900 - test[aada8e7e76ba119b]::test_main_inner::{closure#0}
[INFO] [stdout]    6:     0x570a52ed8412 - std[617be2ca0a6fd877]::panicking::panic_with_hook
[INFO] [stdout]    7:     0x570a52ebc0d2 - std[617be2ca0a6fd877]::panicking::panic_handler::{closure#0}
[INFO] [stdout]    8:     0x570a52eb4de9 - std[617be2ca0a6fd877]::sys::backtrace::__rust_end_short_backtrace::<std[617be2ca0a6fd877]::panicking::panic_handler::{closure#0}, !>
[INFO] [stdout]    9:     0x570a52ebccdd - __rustc[ea4f61d10b84890b]::rust_begin_unwind
[INFO] [stdout]   10:     0x570a52ef49cc - core[a373ad73a504971]::panicking::panic_fmt
[INFO] [stdout]   11:     0x570a52e557a2 - <rusl[a1c34dec0c1b906c]::io_uring::test::uring_single_rename_at::{closure#0} as core[a373ad73a504971]::ops::function::FnOnce<()>>::call_once
[INFO] [stdout]   12:     0x570a52e67d4b - test[aada8e7e76ba119b]::__rust_begin_short_backtrace::<core[a373ad73a504971]::result::Result<(), alloc[2e1b2a31b91974c5]::string::String>, fn() -> core[a373ad73a504971]::result::Result<(), alloc[2e1b2a31b91974c5]::string::String>>
[INFO] [stdout]   13:     0x570a52e74f25 - test[aada8e7e76ba119b]::run_test::{closure#0}
[INFO] [stdout]   14:     0x570a52e6e814 - std[617be2ca0a6fd877]::sys::backtrace::__rust_begin_short_backtrace::<test[aada8e7e76ba119b]::run_test::{closure#1}, ()>
[INFO] [stdout]   15:     0x570a52e77fb2 - <std[617be2ca0a6fd877]::thread::lifecycle::spawn_unchecked<test[aada8e7e76ba119b]::run_test::{closure#1}, ()>::{closure#1} as core[a373ad73a504971]::ops::function::FnOnce<()>>::call_once::{shim:vtable#0}
[INFO] [stdout]   16:     0x570a52edf4df - <std[617be2ca0a6fd877]::sys::thread::unix::Thread>::new::thread_start
[INFO] [stdout]   17:     0x7f4e77634dfa - <unknown>
[INFO] [stdout]   18:     0x7f4e776c83d4 - clone
[INFO] [stdout]   19:                0x0 - <unknown>
[INFO] [stdout] 
[INFO] [stdout] ---- io_uring::test::uring_single_open stdout ----
[INFO] [stdout] 
[INFO] [stdout] thread 'io_uring::test::uring_single_open' (246) panicked at src/io_uring/test.rs:86:13:
[INFO] [stdout] Error { msg: ``IO_URING_SETUP` syscall failed`, errno: [1]: EPERM: Operation not permitted }
[INFO] [stdout] stack backtrace:
[INFO] [stdout]    0:     0x570a52edfc81 - <<std[617be2ca0a6fd877]::sys::backtrace::BacktraceLock>::print::DisplayBacktrace as core[a373ad73a504971]::fmt::Display>::fmt
[INFO] [stdout]    1:     0x570a52ef429a - core[a373ad73a504971]::fmt::write
[INFO] [stdout]    2:     0x570a52ee3e9c - <alloc[2e1b2a31b91974c5]::vec::Vec<u8> as core[a373ad73a504971]::io::write::Write>::write_fmt
[INFO] [stdout]    3:     0x570a52ebc026 - std[617be2ca0a6fd877]::panicking::default_hook::{closure#0}
[INFO] [stdout]    4:     0x570a52ed8259 - std[617be2ca0a6fd877]::panicking::default_hook
[INFO] [stdout]    5:     0x570a52e74900 - test[aada8e7e76ba119b]::test_main_inner::{closure#0}
[INFO] [stdout]    6:     0x570a52ed8412 - std[617be2ca0a6fd877]::panicking::panic_with_hook
[INFO] [stdout]    7:     0x570a52ebc0d2 - std[617be2ca0a6fd877]::panicking::panic_handler::{closure#0}
[INFO] [stdout]    8:     0x570a52eb4de9 - std[617be2ca0a6fd877]::sys::backtrace::__rust_end_short_backtrace::<std[617be2ca0a6fd877]::panicking::panic_handler::{closure#0}, !>
[INFO] [stdout]    9:     0x570a52ebccdd - __rustc[ea4f61d10b84890b]::rust_begin_unwind
[INFO] [stdout]   10:     0x570a52ef49cc - core[a373ad73a504971]::panicking::panic_fmt
[INFO] [stdout]   11:     0x570a52e52f1f - <rusl[a1c34dec0c1b906c]::io_uring::test::uring_single_open::{closure#0} as core[a373ad73a504971]::ops::function::FnOnce<()>>::call_once
[INFO] [stdout]   12:     0x570a52e67d4b - test[aada8e7e76ba119b]::__rust_begin_short_backtrace::<core[a373ad73a504971]::result::Result<(), alloc[2e1b2a31b91974c5]::string::String>, fn() -> core[a373ad73a504971]::result::Result<(), alloc[2e1b2a31b91974c5]::string::String>>
[INFO] [stdout]   13:     0x570a52e74f25 - test[aada8e7e76ba119b]::run_test::{closure#0}
[INFO] [stdout]   14:     0x570a52e6e814 - std[617be2ca0a6fd877]::sys::backtrace::__rust_begin_short_backtrace::<test[aada8e7e76ba119b]::run_test::{closure#1}, ()>
[INFO] [stdout]   15:     0x570a52e77fb2 - <std[617be2ca0a6fd877]::thread::lifecycle::spawn_unchecked<test[aada8e7e76ba119b]::run_test::{closure#1}, ()>::{closure#1} as core[a373ad73a504971]::ops::function::FnOnce<()>>::call_once::{shim:vtable#0}
[INFO] [stdout]   16:     0x570a52edf4df - <std[617be2ca0a6fd877]::sys::thread::unix::Thread>::new::thread_start
[INFO] [stdout]   17:     0x7f4e77634dfa - <unknown>
[INFO] [stdout]   18:     0x7f4e776c83d4 - clone
[INFO] [stdout]   19:                0x0 - <unknown>
[INFO] [stdout] 
[INFO] [stdout] ---- io_uring::test::uring_single_socket stdout ----
[INFO] [stdout] 
[INFO] [stdout] thread 'io_uring::test::uring_single_socket' (249) panicked at src/io_uring/test.rs:86:13:
[INFO] [stdout] Error { msg: ``IO_URING_SETUP` syscall failed`, errno: [1]: EPERM: Operation not permitted }
[INFO] [stdout] stack backtrace:
[INFO] [stdout]    0:     0x570a52edfc81 - <<std[617be2ca0a6fd877]::sys::backtrace::BacktraceLock>::print::DisplayBacktrace as core[a373ad73a504971]::fmt::Display>::fmt
[INFO] [stdout]    1:     0x570a52ef429a - core[a373ad73a504971]::fmt::write
[INFO] [stdout]    2:     0x570a52ee3e9c - <alloc[2e1b2a31b91974c5]::vec::Vec<u8> as core[a373ad73a504971]::io::write::Write>::write_fmt
[INFO] [stdout]    3:     0x570a52ebc026 - std[617be2ca0a6fd877]::panicking::default_hook::{closure#0}
[INFO] [stdout]    4:     0x570a52ed8259 - std[617be2ca0a6fd877]::panicking::default_hook
[INFO] [stdout]    5:     0x570a52e74900 - test[aada8e7e76ba119b]::test_main_inner::{closure#0}
[INFO] [stdout]    6:     0x570a52ed8412 - std[617be2ca0a6fd877]::panicking::panic_with_hook
[INFO] [stdout]    7:     0x570a52ebc0d2 - std[617be2ca0a6fd877]::panicking::panic_handler::{closure#0}
[INFO] [stdout]    8:     0x570a52eb4de9 - std[617be2ca0a6fd877]::sys::backtrace::__rust_end_short_backtrace::<std[617be2ca0a6fd877]::panicking::panic_handler::{closure#0}, !>
[INFO] [stdout]    9:     0x570a52ebccdd - __rustc[ea4f61d10b84890b]::rust_begin_unwind
[INFO] [stdout]   10:     0x570a52ef49cc - core[a373ad73a504971]::panicking::panic_fmt
[INFO] [stdout]   11:     0x570a52e541ad - <rusl[a1c34dec0c1b906c]::io_uring::test::uring_single_socket::{closure#0} as core[a373ad73a504971]::ops::function::FnOnce<()>>::call_once
[INFO] [stdout]   12:     0x570a52e67d4b - test[aada8e7e76ba119b]::__rust_begin_short_backtrace::<core[a373ad73a504971]::result::Result<(), alloc[2e1b2a31b91974c5]::string::String>, fn() -> core[a373ad73a504971]::result::Result<(), alloc[2e1b2a31b91974c5]::string::String>>
[INFO] [stdout]   13:     0x570a52e74f25 - test[aada8e7e76ba119b]::run_test::{closure#0}
[INFO] [stdout]   14:     0x570a52e6e814 - std[617be2ca0a6fd877]::sys::backtrace::__rust_begin_short_backtrace::<test[aada8e7e76ba119b]::run_test::{closure#1}, ()>
[INFO] [stdout]   15:     0x570a52e77fb2 - <std[617be2ca0a6fd877]::thread::lifecycle::spawn_unchecked<test[aada8e7e76ba119b]::run_test::{closure#1}, ()>::{closure#1} as core[a373ad73a504971]::ops::function::FnOnce<()>>::call_once::{shim:vtable#0}
[INFO] [stdout]   16:     0x570a52edf4df - <std[617be2ca0a6fd877]::sys::thread::unix::Thread>::new::thread_start
[INFO] [stdout]   17:     0x7f4e77634dfa - <unknown>
[INFO] [stdout]   18:     0x7f4e776c83d4 - clone
[INFO] [stdout]   19:                0x0 - <unknown>
[INFO] [stdout] 
[INFO] [stdout] ---- network::test::read_unix_sock_name stdout ----
[INFO] [stdout] 
[INFO] [stdout] thread 'network::test::read_unix_sock_name' (260) panicked at src/network/test.rs:39:39:
[INFO] [stdout] called `Result::unwrap()` on an `Err` value: Error { msg: "`BIND` syscall failed", code: Some(Errno(2)) }
[INFO] [stdout] stack backtrace:
[INFO] [stdout]    0:     0x570a52edfc81 - <<std[617be2ca0a6fd877]::sys::backtrace::BacktraceLock>::print::DisplayBacktrace as core[a373ad73a504971]::fmt::Display>::fmt
[INFO] [stdout]    1:     0x570a52ef429a - core[a373ad73a504971]::fmt::write
[INFO] [stdout]    2:     0x570a52ee3e9c - <alloc[2e1b2a31b91974c5]::vec::Vec<u8> as core[a373ad73a504971]::io::write::Write>::write_fmt
[INFO] [stdout]    3:     0x570a52ebc026 - std[617be2ca0a6fd877]::panicking::default_hook::{closure#0}
[INFO] [stdout]    4:     0x570a52ed8259 - std[617be2ca0a6fd877]::panicking::default_hook
[INFO] [stdout]    5:     0x570a52e74900 - test[aada8e7e76ba119b]::test_main_inner::{closure#0}
[INFO] [stdout]    6:     0x570a52ed8412 - std[617be2ca0a6fd877]::panicking::panic_with_hook
[INFO] [stdout]    7:     0x570a52ebc0d2 - std[617be2ca0a6fd877]::panicking::panic_handler::{closure#0}
[INFO] [stdout]    8:     0x570a52eb4de9 - std[617be2ca0a6fd877]::sys::backtrace::__rust_end_short_backtrace::<std[617be2ca0a6fd877]::panicking::panic_handler::{closure#0}, !>
[INFO] [stdout]    9:     0x570a52ebccdd - __rustc[ea4f61d10b84890b]::rust_begin_unwind
[INFO] [stdout]   10:     0x570a52ef49cc - core[a373ad73a504971]::panicking::panic_fmt
[INFO] [stdout]   11:     0x570a52ef47a2 - core[a373ad73a504971]::result::unwrap_failed
[INFO] [stdout]   12:     0x570a52e5c85a - <rusl[a1c34dec0c1b906c]::network::test::read_unix_sock_name::{closure#0} as core[a373ad73a504971]::ops::function::FnOnce<()>>::call_once
[INFO] [stdout]   13:     0x570a52e67d4b - test[aada8e7e76ba119b]::__rust_begin_short_backtrace::<core[a373ad73a504971]::result::Result<(), alloc[2e1b2a31b91974c5]::string::String>, fn() -> core[a373ad73a504971]::result::Result<(), alloc[2e1b2a31b91974c5]::string::String>>
[INFO] [stdout]   14:     0x570a52e74f25 - test[aada8e7e76ba119b]::run_test::{closure#0}
[INFO] [stdout]   15:     0x570a52e6e814 - std[617be2ca0a6fd877]::sys::backtrace::__rust_begin_short_backtrace::<test[aada8e7e76ba119b]::run_test::{closure#1}, ()>
[INFO] [stdout]   16:     0x570a52e77fb2 - <std[617be2ca0a6fd877]::thread::lifecycle::spawn_unchecked<test[aada8e7e76ba119b]::run_test::{closure#1}, ()>::{closure#1} as core[a373ad73a504971]::ops::function::FnOnce<()>>::call_once::{shim:vtable#0}
[INFO] [stdout]   17:     0x570a52edf4df - <std[617be2ca0a6fd877]::sys::thread::unix::Thread>::new::thread_start
[INFO] [stdout]   18:     0x7f4e77634dfa - <unknown>
[INFO] [stdout]   19:     0x7f4e776c83d4 - clone
[INFO] [stdout]   20:                0x0 - <unknown>
[INFO] [stdout] 
[INFO] [stdout] ---- network::test::send_recv_msg stdout ----
[INFO] [stdout] 
[INFO] [stdout] thread 'network::test::send_recv_msg' (261) panicked at src/network/test.rs:60:39:
[INFO] [stdout] called `Result::unwrap()` on an `Err` value: Error { msg: "`BIND` syscall failed", code: Some(Errno(2)) }
[INFO] [stdout] stack backtrace:
[INFO] [stdout]    0:     0x570a52edfc81 - <<std[617be2ca0a6fd877]::sys::backtrace::BacktraceLock>::print::DisplayBacktrace as core[a373ad73a504971]::fmt::Display>::fmt
[INFO] [stdout]    1:     0x570a52ef429a - core[a373ad73a504971]::fmt::write
[INFO] [stdout]    2:     0x570a52ee3e9c - <alloc[2e1b2a31b91974c5]::vec::Vec<u8> as core[a373ad73a504971]::io::write::Write>::write_fmt
[INFO] [stdout]    3:     0x570a52ebc026 - std[617be2ca0a6fd877]::panicking::default_hook::{closure#0}
[INFO] [stdout]    4:     0x570a52ed8259 - std[617be2ca0a6fd877]::panicking::default_hook
[INFO] [stdout]    5:     0x570a52e74900 - test[aada8e7e76ba119b]::test_main_inner::{closure#0}
[INFO] [stdout]    6:     0x570a52ed8412 - std[617be2ca0a6fd877]::panicking::panic_with_hook
[INFO] [stdout]    7:     0x570a52ebc0d2 - std[617be2ca0a6fd877]::panicking::panic_handler::{closure#0}
[INFO] [stdout]    8:     0x570a52eb4de9 - std[617be2ca0a6fd877]::sys::backtrace::__rust_end_short_backtrace::<std[617be2ca0a6fd877]::panicking::panic_handler::{closure#0}, !>
[INFO] [stdout]    9:     0x570a52ebccdd - __rustc[ea4f61d10b84890b]::rust_begin_unwind
[INFO] [stdout]   10:     0x570a52ef49cc - core[a373ad73a504971]::panicking::panic_fmt
[INFO] [stdout]   11:     0x570a52ef47a2 - core[a373ad73a504971]::result::unwrap_failed
[INFO] [stdout]   12:     0x570a52e5c3ac - <rusl[a1c34dec0c1b906c]::network::test::send_recv_msg::{closure#0} as core[a373ad73a504971]::ops::function::FnOnce<()>>::call_once
[INFO] [stdout]   13:     0x570a52e67d4b - test[aada8e7e76ba119b]::__rust_begin_short_backtrace::<core[a373ad73a504971]::result::Result<(), alloc[2e1b2a31b91974c5]::string::String>, fn() -> core[a373ad73a504971]::result::Result<(), alloc[2e1b2a31b91974c5]::string::String>>
[INFO] [stdout]   14:     0x570a52e74f25 - test[aada8e7e76ba119b]::run_test::{closure#0}
[INFO] [stdout]   15:     0x570a52e6e814 - std[617be2ca0a6fd877]::sys::backtrace::__rust_begin_short_backtrace::<test[aada8e7e76ba119b]::run_test::{closure#1}, ()>
[INFO] [stdout]   16:     0x570a52e77fb2 - <std[617be2ca0a6fd877]::thread::lifecycle::spawn_unchecked<test[aada8e7e76ba119b]::run_test::{closure#1}, ()>::{closure#1} as core[a373ad73a504971]::ops::function::FnOnce<()>>::call_once::{shim:vtable#0}
[INFO] [stdout]   17:     0x570a52edf4df - <std[617be2ca0a6fd877]::sys::thread::unix::Thread>::new::thread_start
[INFO] [stdout]   18:     0x7f4e77634dfa - <unknown>
[INFO] [stdout]   19:     0x7f4e776c83d4 - clone
[INFO] [stdout]   20:                0x0 - <unknown>
[INFO] [stdout] 
[INFO] [stdout] ---- io_uring::test::uring_single_close stdout ----
[INFO] [stdout] 
[INFO] [stdout] thread 'io_uring::test::uring_single_close' (244) panicked at src/io_uring/test.rs:86:13:
[INFO] [stdout] Error { msg: ``IO_URING_SETUP` syscall failed`, errno: [1]: EPERM: Operation not permitted }
[INFO] [stdout] stack backtrace:
[INFO] [stdout]    0:     0x570a52edfc81 - <<std[617be2ca0a6fd877]::sys::backtrace::BacktraceLock>::print::DisplayBacktrace as core[a373ad73a504971]::fmt::Display>::fmt
[INFO] [stdout]    1:     0x570a52ef429a - core[a373ad73a504971]::fmt::write
[INFO] [stdout]    2:     0x570a52ee3e9c - <alloc[2e1b2a31b91974c5]::vec::Vec<u8> as core[a373ad73a504971]::io::write::Write>::write_fmt
[INFO] [stdout]    3:     0x570a52ebc026 - std[617be2ca0a6fd877]::panicking::default_hook::{closure#0}
[INFO] [stdout]    4:     0x570a52ed8259 - std[617be2ca0a6fd877]::panicking::default_hook
[INFO] [stdout]    5:     0x570a52e74900 - test[aada8e7e76ba119b]::test_main_inner::{closure#0}
[INFO] [stdout]    6:     0x570a52ed8412 - std[617be2ca0a6fd877]::panicking::panic_with_hook
[INFO] [stdout]    7:     0x570a52ebc0d2 - std[617be2ca0a6fd877]::panicking::panic_handler::{closure#0}
[INFO] [stdout]    8:     0x570a52eb4de9 - std[617be2ca0a6fd877]::sys::backtrace::__rust_end_short_backtrace::<std[617be2ca0a6fd877]::panicking::panic_handler::{closure#0}, !>
[INFO] [stdout]    9:     0x570a52ebccdd - __rustc[ea4f61d10b84890b]::rust_begin_unwind
[INFO] [stdout]   10:     0x570a52ef49cc - core[a373ad73a504971]::panicking::panic_fmt
[INFO] [stdout]   11:     0x570a52e538de - <rusl[a1c34dec0c1b906c]::io_uring::test::uring_single_close::{closure#0} as core[a373ad73a504971]::ops::function::FnOnce<()>>::call_once
[INFO] [stdout]   12:     0x570a52e67d4b - test[aada8e7e76ba119b]::__rust_begin_short_backtrace::<core[a373ad73a504971]::result::Result<(), alloc[2e1b2a31b91974c5]::string::String>, fn() -> core[a373ad73a504971]::result::Result<(), alloc[2e1b2a31b91974c5]::string::String>>
[INFO] [stdout]   13:     0x570a52e74f25 - test[aada8e7e76ba119b]::run_test::{closure#0}
[INFO] [stdout]   14:     0x570a52e6e814 - std[617be2ca0a6fd877]::sys::backtrace::__rust_begin_short_backtrace::<test[aada8e7e76ba119b]::run_test::{closure#1}, ()>
[INFO] [stdout]   15:     0x570a52e77fb2 - <std[617be2ca0a6fd877]::thread::lifecycle::spawn_unchecked<test[aada8e7e76ba119b]::run_test::{closure#1}, ()>::{closure#1} as core[a373ad73a504971]::ops::function::FnOnce<()>>::call_once::{shim:vtable#0}
[INFO] [stdout]   16:     0x570a52edf4df - <std[617be2ca0a6fd877]::sys::thread::unix::Thread>::new::thread_start
[INFO] [stdout]   17:     0x7f4e77634dfa - <unknown>
[INFO] [stdout]   18:     0x7f4e776c83d4 - clone
[INFO] [stdout]   19:                0x0 - <unknown>
[INFO] [stdout] 
[INFO] [stdout] ---- io_uring::test::uring_single_timeout stdout ----
[INFO] [stdout] 
[INFO] [stdout] thread 'io_uring::test::uring_single_timeout' (251) panicked at src/io_uring/test.rs:86:13:
[INFO] [stdout] Error { msg: ``IO_URING_SETUP` syscall failed`, errno: [1]: EPERM: Operation not permitted }
[INFO] [stdout] stack backtrace:
[INFO] [stdout]    0:     0x570a52edfc81 - <<std[617be2ca0a6fd877]::sys::backtrace::BacktraceLock>::print::DisplayBacktrace as core[a373ad73a504971]::fmt::Display>::fmt
[INFO] [stdout]    1:     0x570a52ef429a - core[a373ad73a504971]::fmt::write
[INFO] [stdout]    2:     0x570a52ee3e9c - <alloc[2e1b2a31b91974c5]::vec::Vec<u8> as core[a373ad73a504971]::io::write::Write>::write_fmt
[INFO] [stdout]    3:     0x570a52ebc026 - std[617be2ca0a6fd877]::panicking::default_hook::{closure#0}
[INFO] [stdout]    4:     0x570a52ed8259 - std[617be2ca0a6fd877]::panicking::default_hook
[INFO] [stdout]    5:     0x570a52e74900 - test[aada8e7e76ba119b]::test_main_inner::{closure#0}
[INFO] [stdout]    6:     0x570a52ed8412 - std[617be2ca0a6fd877]::panicking::panic_with_hook
[INFO] [stdout]    7:     0x570a52ebc0d2 - std[617be2ca0a6fd877]::panicking::panic_handler::{closure#0}
[INFO] [stdout]    8:     0x570a52eb4de9 - std[617be2ca0a6fd877]::sys::backtrace::__rust_end_short_backtrace::<std[617be2ca0a6fd877]::panicking::panic_handler::{closure#0}, !>
[INFO] [stdout]    9:     0x570a52ebccdd - __rustc[ea4f61d10b84890b]::rust_begin_unwind
[INFO] [stdout]   10:     0x570a52ef49cc - core[a373ad73a504971]::panicking::panic_fmt
[INFO] [stdout]   11:     0x570a52e548de - <rusl[a1c34dec0c1b906c]::io_uring::test::uring_single_timeout::{closure#0} as core[a373ad73a504971]::ops::function::FnOnce<()>>::call_once
[INFO] [stdout]   12:     0x570a52e67d4b - test[aada8e7e76ba119b]::__rust_begin_short_backtrace::<core[a373ad73a504971]::result::Result<(), alloc[2e1b2a31b91974c5]::string::String>, fn() -> core[a373ad73a504971]::result::Result<(), alloc[2e1b2a31b91974c5]::string::String>>
[INFO] [stdout]   13:     0x570a52e74f25 - test[aada8e7e76ba119b]::run_test::{closure#0}
[INFO] [stdout]   14:     0x570a52e6e814 - std[617be2ca0a6fd877]::sys::backtrace::__rust_begin_short_backtrace::<test[aada8e7e76ba119b]::run_test::{closure#1}, ()>
[INFO] [stdout]   15:     0x570a52e77fb2 - <std[617be2ca0a6fd877]::thread::lifecycle::spawn_unchecked<test[aada8e7e76ba119b]::run_test::{closure#1}, ()>::{closure#1} as core[a373ad73a504971]::ops::function::FnOnce<()>>::call_once::{shim:vtable#0}
[INFO] [stdout]   16:     0x570a52edf4df - <std[617be2ca0a6fd877]::sys::thread::unix::Thread>::new::thread_start
[INFO] [stdout]   17:     0x7f4e77634dfa - <unknown>
[INFO] [stdout]   18:     0x7f4e776c83d4 - clone
[INFO] [stdout]   19:                0x0 - <unknown>
[INFO] [stdout] 
[INFO] [stdout] ---- network::test::send_recv_msg_with_control_multi stdout ----
[INFO] [stdout] 
[INFO] [stdout] thread 'network::test::send_recv_msg_with_control_multi' (262) panicked at src/network/test.rs:172:39:
[INFO] [stdout] called `Result::unwrap()` on an `Err` value: Error { msg: "`BIND` syscall failed", code: Some(Errno(2)) }
[INFO] [stdout] stack backtrace:
[INFO] [stdout]    0:     0x570a52edfc81 - <<std[617be2ca0a6fd877]::sys::backtrace::BacktraceLock>::print::DisplayBacktrace as core[a373ad73a504971]::fmt::Display>::fmt
[INFO] [stdout]    1:     0x570a52ef429a - core[a373ad73a504971]::fmt::write
[INFO] [stdout]    2:     0x570a52ee3e9c - <alloc[2e1b2a31b91974c5]::vec::Vec<u8> as core[a373ad73a504971]::io::write::Write>::write_fmt
[INFO] [stdout]    3:     0x570a52ebc026 - std[617be2ca0a6fd877]::panicking::default_hook::{closure#0}
[INFO] [stdout]    4:     0x570a52ed8259 - std[617be2ca0a6fd877]::panicking::default_hook
[INFO] [stdout]    5:     0x570a52e74900 - test[aada8e7e76ba119b]::test_main_inner::{closure#0}
[INFO] [stdout]    6:     0x570a52ed8412 - std[617be2ca0a6fd877]::panicking::panic_with_hook
[INFO] [stdout]    7:     0x570a52ebc0d2 - std[617be2ca0a6fd877]::panicking::panic_handler::{closure#0}
[INFO] [stdout]    8:     0x570a52eb4de9 - std[617be2ca0a6fd877]::sys::backtrace::__rust_end_short_backtrace::<std[617be2ca0a6fd877]::panicking::panic_handler::{closure#0}, !>
[INFO] [stdout]    9:     0x570a52ebccdd - __rustc[ea4f61d10b84890b]::rust_begin_unwind
[INFO] [stdout]   10:     0x570a52ef49cc - core[a373ad73a504971]::panicking::panic_fmt
[INFO] [stdout]   11:     0x570a52ef47a2 - core[a373ad73a504971]::result::unwrap_failed
[INFO] [stdout]   12:     0x570a52e5cf1c - <rusl[a1c34dec0c1b906c]::network::test::send_recv_msg_with_control_multi::{closure#0} as core[a373ad73a504971]::ops::function::FnOnce<()>>::call_once
[INFO] [stdout]   13:     0x570a52e67d4b - test[aada8e7e76ba119b]::__rust_begin_short_backtrace::<core[a373ad73a504971]::result::Result<(), alloc[2e1b2a31b91974c5]::string::String>, fn() -> core[a373ad73a504971]::result::Result<(), alloc[2e1b2a31b91974c5]::string::String>>
[INFO] [stdout]   14:     0x570a52e74f25 - test[aada8e7e76ba119b]::run_test::{closure#0}
[INFO] [stdout]   15:     0x570a52e6e814 - std[617be2ca0a6fd877]::sys::backtrace::__rust_begin_short_backtrace::<test[aada8e7e76ba119b]::run_test::{closure#1}, ()>
[INFO] [stdout]   16:     0x570a52e77fb2 - <std[617be2ca0a6fd877]::thread::lifecycle::spawn_unchecked<test[aada8e7e76ba119b]::run_test::{closure#1}, ()>::{closure#1} as core[a373ad73a504971]::ops::function::FnOnce<()>>::call_once::{shim:vtable#0}
[INFO] [stdout]   17:     0x570a52edf4df - <std[617be2ca0a6fd877]::sys::thread::unix::Thread>::new::thread_start
[INFO] [stdout]   18:     0x7f4e77634dfa - <unknown>
[INFO] [stdout]   19:     0x7f4e776c83d4 - clone
[INFO] [stdout]   20:                0x0 - <unknown>
[INFO] [stdout] 
[INFO] [stdout] ---- io_uring::test::uring_multi_linked_crud stdout ----
[INFO] [stdout] 
[INFO] [stdout] thread 'io_uring::test::uring_multi_linked_crud' (237) panicked at src/io_uring/test.rs:86:13:
[INFO] [stdout] Error { msg: ``IO_URING_SETUP` syscall failed`, errno: [1]: EPERM: Operation not permitted }
[INFO] [stdout] stack backtrace:
[INFO] [stdout]    0:     0x570a52edfc81 - <<std[617be2ca0a6fd877]::sys::backtrace::BacktraceLock>::print::DisplayBacktrace as core[a373ad73a504971]::fmt::Display>::fmt
[INFO] [stdout]    1:     0x570a52ef429a - core[a373ad73a504971]::fmt::write
[INFO] [stdout]    2:     0x570a52ee3e9c - <alloc[2e1b2a31b91974c5]::vec::Vec<u8> as core[a373ad73a504971]::io::write::Write>::write_fmt
[INFO] [stdout]    3:     0x570a52ebc026 - std[617be2ca0a6fd877]::panicking::default_hook::{closure#0}
[INFO] [stdout]    4:     0x570a52ed8259 - std[617be2ca0a6fd877]::panicking::default_hook
[INFO] [stdout]    5:     0x570a52e74900 - test[aada8e7e76ba119b]::test_main_inner::{closure#0}
[INFO] [stdout]    6:     0x570a52ed8412 - std[617be2ca0a6fd877]::panicking::panic_with_hook
[INFO] [stdout]    7:     0x570a52ebc0d2 - std[617be2ca0a6fd877]::panicking::panic_handler::{closure#0}
[INFO] [stdout]    8:     0x570a52eb4de9 - std[617be2ca0a6fd877]::sys::backtrace::__rust_end_short_backtrace::<std[617be2ca0a6fd877]::panicking::panic_handler::{closure#0}, !>
[INFO] [stdout]    9:     0x570a52ebccdd - __rustc[ea4f61d10b84890b]::rust_begin_unwind
[INFO] [stdout]   10:     0x570a52ef49cc - core[a373ad73a504971]::panicking::panic_fmt
[INFO] [stdout]   11:     0x570a52e55f6d - <rusl[a1c34dec0c1b906c]::io_uring::test::uring_multi_linked_crud::{closure#0} as core[a373ad73a504971]::ops::function::FnOnce<()>>::call_once
[INFO] [stdout]   12:     0x570a52e67d4b - test[aada8e7e76ba119b]::__rust_begin_short_backtrace::<core[a373ad73a504971]::result::Result<(), alloc[2e1b2a31b91974c5]::string::String>, fn() -> core[a373ad73a504971]::result::Result<(), alloc[2e1b2a31b91974c5]::string::String>>
[INFO] [stdout]   13:     0x570a52e74f25 - test[aada8e7e76ba119b]::run_test::{closure#0}
[INFO] [stdout]   14:     0x570a52e6e814 - std[617be2ca0a6fd877]::sys::backtrace::__rust_begin_short_backtrace::<test[aada8e7e76ba119b]::run_test::{closure#1}, ()>
[INFO] [stdout]   15:     0x570a52e77fb2 - <std[617be2ca0a6fd877]::thread::lifecycle::spawn_unchecked<test[aada8e7e76ba119b]::run_test::{closure#1}, ()>::{closure#1} as core[a373ad73a504971]::ops::function::FnOnce<()>>::call_once::{shim:vtable#0}
[INFO] [stdout]   16:     0x570a52edf4df - <std[617be2ca0a6fd877]::sys::thread::unix::Thread>::new::thread_start
[INFO] [stdout]   17:     0x7f4e77634dfa - <unknown>
[INFO] [stdout]   18:     0x7f4e776c83d4 - clone
[INFO] [stdout]   19:                0x0 - <unknown>
[INFO] [stdout] 
[INFO] [stdout] ---- io_uring::test::uring_write_registered_buffers_and_fds stdout ----
[INFO] [stdout] 
[INFO] [stdout] thread 'io_uring::test::uring_write_registered_buffers_and_fds' (257) panicked at src/io_uring/test.rs:86:13:
[INFO] [stdout] Error { msg: ``IO_URING_SETUP` syscall failed`, errno: [1]: EPERM: Operation not permitted }
[INFO] [stdout] stack backtrace:
[INFO] [stdout]    0:     0x570a52edfc81 - <<std[617be2ca0a6fd877]::sys::backtrace::BacktraceLock>::print::DisplayBacktrace as core[a373ad73a504971]::fmt::Display>::fmt
[INFO] [stdout]    1:     0x570a52ef429a - core[a373ad73a504971]::fmt::write
[INFO] [stdout]    2:     0x570a52ee3e9c - <alloc[2e1b2a31b91974c5]::vec::Vec<u8> as core[a373ad73a504971]::io::write::Write>::write_fmt
[INFO] [stdout]    3:     0x570a52ebc026 - std[617be2ca0a6fd877]::panicking::default_hook::{closure#0}
[INFO] [stdout]    4:     0x570a52ed8259 - std[617be2ca0a6fd877]::panicking::default_hook
[INFO] [stdout]    5:     0x570a52e74900 - test[aada8e7e76ba119b]::test_main_inner::{closure#0}
[INFO] [stdout]    6:     0x570a52ed8412 - std[617be2ca0a6fd877]::panicking::panic_with_hook
[INFO] [stdout]    7:     0x570a52ebc0d2 - std[617be2ca0a6fd877]::panicking::panic_handler::{closure#0}
[INFO] [stdout]    8:     0x570a52eb4de9 - std[617be2ca0a6fd877]::sys::backtrace::__rust_end_short_backtrace::<std[617be2ca0a6fd877]::panicking::panic_handler::{closure#0}, !>
[INFO] [stdout]    9:     0x570a52ebccdd - __rustc[ea4f61d10b84890b]::rust_begin_unwind
[INFO] [stdout]   10:     0x570a52ef49cc - core[a373ad73a504971]::panicking::panic_fmt
[INFO] [stdout]   11:     0x570a52e5898f - <rusl[a1c34dec0c1b906c]::io_uring::test::uring_write_registered_buffers_and_fds::{closure#0} as core[a373ad73a504971]::ops::function::FnOnce<()>>::call_once
[INFO] [stdout]   12:     0x570a52e67d4b - test[aada8e7e76ba119b]::__rust_begin_short_backtrace::<core[a373ad73a504971]::result::Result<(), alloc[2e1b2a31b91974c5]::string::String>, fn() -> core[a373ad73a504971]::result::Result<(), alloc[2e1b2a31b91974c5]::string::String>>
[INFO] [stdout]   13:     0x570a52e74f25 - test[aada8e7e76ba119b]::run_test::{closure#0}
[INFO] [stdout]   14:     0x570a52e6e814 - std[617be2ca0a6fd877]::sys::backtrace::__rust_begin_short_backtrace::<test[aada8e7e76ba119b]::run_test::{closure#1}, ()>
[INFO] [stdout]   15:     0x570a52e77fb2 - <std[617be2ca0a6fd877]::thread::lifecycle::spawn_unchecked<test[aada8e7e76ba119b]::run_test::{closure#1}, ()>::{closure#1} as core[a373ad73a504971]::ops::function::FnOnce<()>>::call_once::{shim:vtable#0}
[INFO] [stdout]   16:     0x570a52edf4df - <std[617be2ca0a6fd877]::sys::thread::unix::Thread>::new::thread_start
[INFO] [stdout]   17:     0x7f4e77634dfa - <unknown>
[INFO] [stdout]   18:     0x7f4e776c83d4 - clone
[INFO] [stdout]   19:                0x0 - <unknown>
[INFO] [stdout] 
[INFO] [stdout] ---- platform::compat::socket::tests::cmsg_macros_has_two_fd stdout ----
[INFO] [stdout] 
[INFO] [stdout] thread 'platform::compat::socket::tests::cmsg_macros_has_two_fd' (266) panicked at src/platform/compat/socket.rs:719:13:
[INFO] [stdout] assertion `left == right` failed
[INFO] [stdout]   left: 0
[INFO] [stdout]  right: 95702181957288
[INFO] [stdout] stack backtrace:
[INFO] [stdout]    0:     0x570a52edfc81 - <<std[617be2ca0a6fd877]::sys::backtrace::BacktraceLock>::print::DisplayBacktrace as core[a373ad73a504971]::fmt::Display>::fmt
[INFO] [stdout]    1:     0x570a52ef429a - core[a373ad73a504971]::fmt::write
[INFO] [stdout]    2:     0x570a52ee3e9c - <alloc[2e1b2a31b91974c5]::vec::Vec<u8> as core[a373ad73a504971]::io::write::Write>::write_fmt
[INFO] [stdout]    3:     0x570a52ebc026 - std[617be2ca0a6fd877]::panicking::default_hook::{closure#0}
[INFO] [stdout]    4:     0x570a52ed8259 - std[617be2ca0a6fd877]::panicking::default_hook
[INFO] [stdout]    5:     0x570a52e74900 - test[aada8e7e76ba119b]::test_main_inner::{closure#0}
[INFO] [stdout]    6:     0x570a52ed8412 - std[617be2ca0a6fd877]::panicking::panic_with_hook
[INFO] [stdout]    7:     0x570a52ebc0d2 - std[617be2ca0a6fd877]::panicking::panic_handler::{closure#0}
[INFO] [stdout]    8:     0x570a52eb4de9 - std[617be2ca0a6fd877]::sys::backtrace::__rust_end_short_backtrace::<std[617be2ca0a6fd877]::panicking::panic_handler::{closure#0}, !>
[INFO] [stdout]    9:     0x570a52ebccdd - __rustc[ea4f61d10b84890b]::rust_begin_unwind
[INFO] [stdout]   10:     0x570a52ef49cc - core[a373ad73a504971]::panicking::panic_fmt
[INFO] [stdout]   11:     0x570a52ef48e3 - core[a373ad73a504971]::panicking::assert_failed_inner
[INFO] [stdout]   12:     0x570a52ef0a78 - core[a373ad73a504971]::panicking::assert_failed::<usize, usize>
[INFO] [stdout]   13:     0x570a52e5bb1b - <rusl[a1c34dec0c1b906c]::platform::compat::socket::tests::cmsg_macros_has_two_fd::{closure#0} as core[a373ad73a504971]::ops::function::FnOnce<()>>::call_once
[INFO] [stdout]   14:     0x570a52e67d4b - test[aada8e7e76ba119b]::__rust_begin_short_backtrace::<core[a373ad73a504971]::result::Result<(), alloc[2e1b2a31b91974c5]::string::String>, fn() -> core[a373ad73a504971]::result::Result<(), alloc[2e1b2a31b91974c5]::string::String>>
[INFO] [stdout]   15:     0x570a52e74f25 - test[aada8e7e76ba119b]::run_test::{closure#0}
[INFO] [stdout]   16:     0x570a52e6e814 - std[617be2ca0a6fd877]::sys::backtrace::__rust_begin_short_backtrace::<test[aada8e7e76ba119b]::run_test::{closure#1}, ()>
[INFO] [stdout]   17:     0x570a52e77fb2 - <std[617be2ca0a6fd877]::thread::lifecycle::spawn_unchecked<test[aada8e7e76ba119b]::run_test::{closure#1}, ()>::{closure#1} as core[a373ad73a504971]::ops::function::FnOnce<()>>::call_once::{shim:vtable#0}
[INFO] [stdout]   18:     0x570a52edf4df - <std[617be2ca0a6fd877]::sys::thread::unix::Thread>::new::thread_start
[INFO] [stdout]   19:     0x7f4e77634dfa - <unknown>
[INFO] [stdout]   20:     0x7f4e776c83d4 - clone
[INFO] [stdout]   21:                0x0 - <unknown>
[INFO] [stdout] 
[INFO] [stdout] ---- network::test::send_recv_msg_with_control_single stdout ----
[INFO] [stdout] 
[INFO] [stdout] thread 'network::test::send_recv_msg_with_control_single' (263) panicked at src/network/test.rs:110:39:
[INFO] [stdout] called `Result::unwrap()` on an `Err` value: Error { msg: "`BIND` syscall failed", code: Some(Errno(2)) }
[INFO] [stdout] stack backtrace:
[INFO] [stdout]    0:     0x570a52edfc81 - <<std[617be2ca0a6fd877]::sys::backtrace::BacktraceLock>::print::DisplayBacktrace as core[a373ad73a504971]::fmt::Display>::fmt
[INFO] [stdout]    1:     0x570a52ef429a - core[a373ad73a504971]::fmt::write
[INFO] [stdout]    2:     0x570a52ee3e9c - <alloc[2e1b2a31b91974c5]::vec::Vec<u8> as core[a373ad73a504971]::io::write::Write>::write_fmt
[INFO] [stdout]    3:     0x570a52ebc026 - std[617be2ca0a6fd877]::panicking::default_hook::{closure#0}
[INFO] [stdout]    4:     0x570a52ed8259 - std[617be2ca0a6fd877]::panicking::default_hook
[INFO] [stdout]    5:     0x570a52e74900 - test[aada8e7e76ba119b]::test_main_inner::{closure#0}
[INFO] [stdout]    6:     0x570a52ed8412 - std[617be2ca0a6fd877]::panicking::panic_with_hook
[INFO] [stdout]    7:     0x570a52ebc0d2 - std[617be2ca0a6fd877]::panicking::panic_handler::{closure#0}
[INFO] [stdout]    8:     0x570a52eb4de9 - std[617be2ca0a6fd877]::sys::backtrace::__rust_end_short_backtrace::<std[617be2ca0a6fd877]::panicking::panic_handler::{closure#0}, !>
[INFO] [stdout]    9:     0x570a52ebccdd - __rustc[ea4f61d10b84890b]::rust_begin_unwind
[INFO] [stdout]   10:     0x570a52ef49cc - core[a373ad73a504971]::panicking::panic_fmt
[INFO] [stdout]   11:     0x570a52ef47a2 - core[a373ad73a504971]::result::unwrap_failed
[INFO] [stdout]   12:     0x570a52e5d5c6 - <rusl[a1c34dec0c1b906c]::network::test::send_recv_msg_with_control_single::{closure#0} as core[a373ad73a504971]::ops::function::FnOnce<()>>::call_once
[INFO] [stdout]   13:     0x570a52e67d4b - test[aada8e7e76ba119b]::__rust_begin_short_backtrace::<core[a373ad73a504971]::result::Result<(), alloc[2e1b2a31b91974c5]::string::String>, fn() -> core[a373ad73a504971]::result::Result<(), alloc[2e1b2a31b91974c5]::string::String>>
[INFO] [stdout]   14:     0x570a52e74f25 - test[aada8e7e76ba119b]::run_test::{closure#0}
[INFO] [stdout]   15:     0x570a52e6e814 - std[617be2ca0a6fd877]::sys::backtrace::__rust_begin_short_backtrace::<test[aada8e7e76ba119b]::run_test::{closure#1}, ()>
[INFO] [stdout]   16:     0x570a52e77fb2 - <std[617be2ca0a6fd877]::thread::lifecycle::spawn_unchecked<test[aada8e7e76ba119b]::run_test::{closure#1}, ()>::{closure#1} as core[a373ad73a504971]::ops::function::FnOnce<()>>::call_once::{shim:vtable#0}
[INFO] [stdout]   17:     0x570a52edf4df - <std[617be2ca0a6fd877]::sys::thread::unix::Thread>::new::thread_start
[INFO] [stdout]   18:     0x7f4e77634dfa - <unknown>
[INFO] [stdout]   19:     0x7f4e776c83d4 - clone
[INFO] [stdout]   20:                0x0 - <unknown>
[INFO] [stdout] 
[INFO] [stdout] ---- platform::compat::socket::tests::cmsg_macros_has_single_fd stdout ----
[INFO] [stdout] 
[INFO] [stdout] thread 'platform::compat::socket::tests::cmsg_macros_has_single_fd' (265) panicked at src/platform/compat/socket.rs:691:13:
[INFO] [stdout] assertion `left == right` failed
[INFO] [stdout]   left: 0
[INFO] [stdout]  right: 95702182009256
[INFO] [stdout] stack backtrace:
[INFO] [stdout]    0:     0x570a52edfc81 - <<std[617be2ca0a6fd877]::sys::backtrace::BacktraceLock>::print::DisplayBacktrace as core[a373ad73a504971]::fmt::Display>::fmt
[INFO] [stdout]    1:     0x570a52ef429a - core[a373ad73a504971]::fmt::write
[INFO] [stdout]    2:     0x570a52ee3e9c - <alloc[2e1b2a31b91974c5]::vec::Vec<u8> as core[a373ad73a504971]::io::write::Write>::write_fmt
[INFO] [stdout]    3:     0x570a52ebc026 - std[617be2ca0a6fd877]::panicking::default_hook::{closure#0}
[INFO] [stdout]    4:     0x570a52ed8259 - std[617be2ca0a6fd877]::panicking::default_hook
[INFO] [stdout]    5:     0x570a52e74900 - test[aada8e7e76ba119b]::test_main_inner::{closure#0}
[INFO] [stdout]    6:     0x570a52ed8412 - std[617be2ca0a6fd877]::panicking::panic_with_hook
[INFO] [stdout]    7:     0x570a52ebc0d2 - std[617be2ca0a6fd877]::panicking::panic_handler::{closure#0}
[INFO] [stdout]    8:     0x570a52eb4de9 - std[617be2ca0a6fd877]::sys::backtrace::__rust_end_short_backtrace::<std[617be2ca0a6fd877]::panicking::panic_handler::{closure#0}, !>
[INFO] [stdout]    9:     0x570a52ebccdd - __rustc[ea4f61d10b84890b]::rust_begin_unwind
[INFO] [stdout]   10:     0x570a52ef49cc - core[a373ad73a504971]::panicking::panic_fmt
[INFO] [stdout]   11:     0x570a52ef48e3 - core[a373ad73a504971]::panicking::assert_failed_inner
[INFO] [stdout]   12:     0x570a52ef0a78 - core[a373ad73a504971]::panicking::assert_failed::<usize, usize>
[INFO] [stderr] error: test failed, to rerun pass `--lib`
[INFO] [stdout]   13:     0x570a52e5bc8b - <rusl[a1c34dec0c1b906c]::platform::compat::socket::tests::cmsg_macros_has_single_fd::{closure#0} as core[a373ad73a504971]::ops::function::FnOnce<()>>::call_once
[INFO] [stdout]   14:     0x570a52e67d4b - test[aada8e7e76ba119b]::__rust_begin_short_backtrace::<core[a373ad73a504971]::result::Result<(), alloc[2e1b2a31b91974c5]::string::String>, fn() -> core[a373ad73a504971]::result::Result<(), alloc[2e1b2a31b91974c5]::string::String>>
[INFO] [stdout]   15:     0x570a52e74f25 - test[aada8e7e76ba119b]::run_test::{closure#0}
[INFO] [stdout]   16:     0x570a52e6e814 - std[617be2ca0a6fd877]::sys::backtrace::__rust_begin_short_backtrace::<test[aada8e7e76ba119b]::run_test::{closure#1}, ()>
[INFO] [stdout]   17:     0x570a52e77fb2 - <std[617be2ca0a6fd877]::thread::lifecycle::spawn_unchecked<test[aada8e7e76ba119b]::run_test::{closure#1}, ()>::{closure#1} as core[a373ad73a504971]::ops::function::FnOnce<()>>::call_once::{shim:vtable#0}
[INFO] [stdout]   18:     0x570a52edf4df - <std[617be2ca0a6fd877]::sys::thread::unix::Thread>::new::thread_start
[INFO] [stdout]   19:     0x7f4e77634dfa - <unknown>
[INFO] [stdout]   20:     0x7f4e776c83d4 - clone
[INFO] [stdout]   21:                0x0 - <unknown>
[INFO] [stdout] 
[INFO] [stdout] ---- unistd::get_dents::tests::try_read_dir stdout ----
[INFO] [stdout] 
[INFO] [stdout] thread 'unistd::get_dents::tests::try_read_dir' (317) panicked at src/unistd/get_dents.rs:51:10:
[INFO] [stdout] called `Result::unwrap()` on an `Err` value: Error { msg: "`OPENAT` syscall failed", code: Some(Errno(2)) }
[INFO] [stdout] stack backtrace:
[INFO] [stdout]    0:     0x570a52edfc81 - <<std[617be2ca0a6fd877]::sys::backtrace::BacktraceLock>::print::DisplayBacktrace as core[a373ad73a504971]::fmt::Display>::fmt
[INFO] [stdout]    1:     0x570a52ef429a - core[a373ad73a504971]::fmt::write
[INFO] [stdout]    2:     0x570a52ee3e9c - <alloc[2e1b2a31b91974c5]::vec::Vec<u8> as core[a373ad73a504971]::io::write::Write>::write_fmt
[INFO] [stdout]    3:     0x570a52ebc026 - std[617be2ca0a6fd877]::panicking::default_hook::{closure#0}
[INFO] [stdout]    4:     0x570a52ed8259 - std[617be2ca0a6fd877]::panicking::default_hook
[INFO] [stdout]    5:     0x570a52e74900 - test[aada8e7e76ba119b]::test_main_inner::{closure#0}
[INFO] [stdout]    6:     0x570a52ed8412 - std[617be2ca0a6fd877]::panicking::panic_with_hook
[INFO] [stdout]    7:     0x570a52ebc0d2 - std[617be2ca0a6fd877]::panicking::panic_handler::{closure#0}
[INFO] [stdout]    8:     0x570a52eb4de9 - std[617be2ca0a6fd877]::sys::backtrace::__rust_end_short_backtrace::<std[617be2ca0a6fd877]::panicking::panic_handler::{closure#0}, !>
[INFO] [stdout]    9:     0x570a52ebccdd - __rustc[ea4f61d10b84890b]::rust_begin_unwind
[INFO] [stdout]   10:     0x570a52ef49cc - core[a373ad73a504971]::panicking::panic_fmt
[INFO] [stdout]   11:     0x570a52ef47a2 - core[a373ad73a504971]::result::unwrap_failed
[INFO] [stdout]   12:     0x570a52e5eef7 - <rusl[a1c34dec0c1b906c]::unistd::get_dents::tests::try_read_dir::{closure#0} as core[a373ad73a504971]::ops::function::FnOnce<()>>::call_once
[INFO] [stdout]   13:     0x570a52e67d4b - test[aada8e7e76ba119b]::__rust_begin_short_backtrace::<core[a373ad73a504971]::result::Result<(), alloc[2e1b2a31b91974c5]::string::String>, fn() -> core[a373ad73a504971]::result::Result<(), alloc[2e1b2a31b91974c5]::string::String>>
[INFO] [stdout]   14:     0x570a52e74f25 - test[aada8e7e76ba119b]::run_test::{closure#0}
[INFO] [stdout]   15:     0x570a52e6e814 - std[617be2ca0a6fd877]::sys::backtrace::__rust_begin_short_backtrace::<test[aada8e7e76ba119b]::run_test::{closure#1}, ()>
[INFO] [stdout]   16:     0x570a52e77fb2 - <std[617be2ca0a6fd877]::thread::lifecycle::spawn_unchecked<test[aada8e7e76ba119b]::run_test::{closure#1}, ()>::{closure#1} as core[a373ad73a504971]::ops::function::FnOnce<()>>::call_once::{shim:vtable#0}
[INFO] [stdout]   17:     0x570a52edf4df - <std[617be2ca0a6fd877]::sys::thread::unix::Thread>::new::thread_start
[INFO] [stdout]   18:     0x7f4e77634dfa - <unknown>
[INFO] [stdout]   19:     0x7f4e776c83d4 - clone
[INFO] [stdout]   20:                0x0 - <unknown>
[INFO] [stdout] 
[INFO] [stdout] ---- unistd::open::tests::try_open_temp stdout ----
[INFO] [stdout] 
[INFO] [stdout] thread 'unistd::open::tests::try_open_temp' (319) panicked at src/unistd/open.rs:63:37:
[INFO] [stdout] called `Result::unwrap()` on an `Err` value: Error { msg: "`OPENAT` syscall failed", code: Some(Errno(2)) }
[INFO] [stdout] stack backtrace:
[INFO] [stdout]    0:     0x570a52edfc81 - <<std[617be2ca0a6fd877]::sys::backtrace::BacktraceLock>::print::DisplayBacktrace as core[a373ad73a504971]::fmt::Display>::fmt
[INFO] [stdout]    1:     0x570a52ef429a - core[a373ad73a504971]::fmt::write
[INFO] [stdout]    2:     0x570a52ee3e9c - <alloc[2e1b2a31b91974c5]::vec::Vec<u8> as core[a373ad73a504971]::io::write::Write>::write_fmt
[INFO] [stdout]    3:     0x570a52ebc026 - std[617be2ca0a6fd877]::panicking::default_hook::{closure#0}
[INFO] [stdout]    4:     0x570a52ed8259 - std[617be2ca0a6fd877]::panicking::default_hook
[INFO] [stdout]    5:     0x570a52e74900 - test[aada8e7e76ba119b]::test_main_inner::{closure#0}
[INFO] [stdout]    6:     0x570a52ed8412 - std[617be2ca0a6fd877]::panicking::panic_with_hook
[INFO] [stdout]    7:     0x570a52ebc0d2 - std[617be2ca0a6fd877]::panicking::panic_handler::{closure#0}
[INFO] [stdout]    8:     0x570a52eb4de9 - std[617be2ca0a6fd877]::sys::backtrace::__rust_end_short_backtrace::<std[617be2ca0a6fd877]::panicking::panic_handler::{closure#0}, !>
[INFO] [stdout]    9:     0x570a52ebccdd - __rustc[ea4f61d10b84890b]::rust_begin_unwind
[INFO] [stdout]   10:     0x570a52ef49cc - core[a373ad73a504971]::panicking::panic_fmt
[INFO] [stdout]   11:     0x570a52ef47a2 - core[a373ad73a504971]::result::unwrap_failed
[INFO] [stdout]   12:     0x570a52e5ba10 - <rusl[a1c34dec0c1b906c]::unistd::open::tests::try_open_temp::{closure#0} as core[a373ad73a504971]::ops::function::FnOnce<()>>::call_once
[INFO] [stdout]   13:     0x570a52e67d4b - test[aada8e7e76ba119b]::__rust_begin_short_backtrace::<core[a373ad73a504971]::result::Result<(), alloc[2e1b2a31b91974c5]::string::String>, fn() -> core[a373ad73a504971]::result::Result<(), alloc[2e1b2a31b91974c5]::string::String>>
[INFO] [stdout]   14:     0x570a52e74f25 - test[aada8e7e76ba119b]::run_test::{closure#0}
[INFO] [stdout]   15:     0x570a52e6e814 - std[617be2ca0a6fd877]::sys::backtrace::__rust_begin_short_backtrace::<test[aada8e7e76ba119b]::run_test::{closure#1}, ()>
[INFO] [stdout]   16:     0x570a52e77fb2 - <std[617be2ca0a6fd877]::thread::lifecycle::spawn_unchecked<test[aada8e7e76ba119b]::run_test::{closure#1}, ()>::{closure#1} as core[a373ad73a504971]::ops::function::FnOnce<()>>::call_once::{shim:vtable#0}
[INFO] [stdout]   17:     0x570a52edf4df - <std[617be2ca0a6fd877]::sys::thread::unix::Thread>::new::thread_start
[INFO] [stdout]   18:     0x7f4e77634dfa - <unknown>
[INFO] [stdout]   19:     0x7f4e776c83d4 - clone
[INFO] [stdout]   20:                0x0 - <unknown>
[INFO] [stdout] 
[INFO] [stdout] ---- unistd::test::no_read_on_wr_only stdout ----
[INFO] [stdout] 
[INFO] [stdout] thread 'unistd::test::no_read_on_wr_only' (325) panicked at src/unistd/test.rs:30:46:
[INFO] [stdout] called `Result::unwrap()` on an `Err` value: Error { msg: "`OPENAT` syscall failed", code: Some(Errno(2)) }
[INFO] [stdout] stack backtrace:
[INFO] [stdout]    0:     0x570a52edfc81 - <<std[617be2ca0a6fd877]::sys::backtrace::BacktraceLock>::print::DisplayBacktrace as core[a373ad73a504971]::fmt::Display>::fmt
[INFO] [stdout]    1:     0x570a52ef429a - core[a373ad73a504971]::fmt::write
[INFO] [stdout]    2:     0x570a52ee3e9c - <alloc[2e1b2a31b91974c5]::vec::Vec<u8> as core[a373ad73a504971]::io::write::Write>::write_fmt
[INFO] [stdout]    3:     0x570a52ebc026 - std[617be2ca0a6fd877]::panicking::default_hook::{closure#0}
[INFO] [stdout]    4:     0x570a52ed8259 - std[617be2ca0a6fd877]::panicking::default_hook
[INFO] [stdout]    5:     0x570a52e74900 - test[aada8e7e76ba119b]::test_main_inner::{closure#0}
[INFO] [stdout]    6:     0x570a52ed8412 - std[617be2ca0a6fd877]::panicking::panic_with_hook
[INFO] [stdout]    7:     0x570a52ebc0d2 - std[617be2ca0a6fd877]::panicking::panic_handler::{closure#0}
[INFO] [stdout]    8:     0x570a52eb4de9 - std[617be2ca0a6fd877]::sys::backtrace::__rust_end_short_backtrace::<std[617be2ca0a6fd877]::panicking::panic_handler::{closure#0}, !>
[INFO] [stdout]    9:     0x570a52ebccdd - __rustc[ea4f61d10b84890b]::rust_begin_unwind
[INFO] [stdout]   10:     0x570a52ef49cc - core[a373ad73a504971]::panicking::panic_fmt
[INFO] [stdout]   11:     0x570a52ef47a2 - core[a373ad73a504971]::result::unwrap_failed
[INFO] [stdout]   12:     0x570a52e63733 - <rusl[a1c34dec0c1b906c]::unistd::test::no_read_on_wr_only::{closure#0} as core[a373ad73a504971]::ops::function::FnOnce<()>>::call_once
[INFO] [stdout]   13:     0x570a52e67d4b - test[aada8e7e76ba119b]::__rust_begin_short_backtrace::<core[a373ad73a504971]::result::Result<(), alloc[2e1b2a31b91974c5]::string::String>, fn() -> core[a373ad73a504971]::result::Result<(), alloc[2e1b2a31b91974c5]::string::String>>
[INFO] [stdout]   14:     0x570a52e74f25 - test[aada8e7e76ba119b]::run_test::{closure#0}
[INFO] [stdout]   15:     0x570a52e6e814 - std[617be2ca0a6fd877]::sys::backtrace::__rust_begin_short_backtrace::<test[aada8e7e76ba119b]::run_test::{closure#1}, ()>
[INFO] [stdout]   16:     0x570a52e77fb2 - <std[617be2ca0a6fd877]::thread::lifecycle::spawn_unchecked<test[aada8e7e76ba119b]::run_test::{closure#1}, ()>::{closure#1} as core[a373ad73a504971]::ops::function::FnOnce<()>>::call_once::{shim:vtable#0}
[INFO] [stdout]   17:     0x570a52edf4df - <std[617be2ca0a6fd877]::sys::thread::unix::Thread>::new::thread_start
[INFO] [stdout]   18:     0x7f4e77634dfa - <unknown>
[INFO] [stdout]   19:     0x7f4e776c83d4 - clone
[INFO] [stdout]   20:                0x0 - <unknown>
[INFO] [stdout] 
[INFO] [stdout] ---- unistd::stat::tests::stat_test stdout ----
[INFO] [stdout] 
[INFO] [stdout] thread 'unistd::stat::tests::stat_test' (321) panicked at src/unistd/stat.rs:59:26:
[INFO] [stdout] called `Result::unwrap()` on an `Err` value: Error { msg: "`STAT` syscall failed", code: Some(Errno(2)) }
[INFO] [stdout] stack backtrace:
[INFO] [stdout]    0:     0x570a52edfc81 - <<std[617be2ca0a6fd877]::sys::backtrace::BacktraceLock>::print::DisplayBacktrace as core[a373ad73a504971]::fmt::Display>::fmt
[INFO] [stdout]    1:     0x570a52ef429a - core[a373ad73a504971]::fmt::write
[INFO] [stdout]    2:     0x570a52ee3e9c - <alloc[2e1b2a31b91974c5]::vec::Vec<u8> as core[a373ad73a504971]::io::write::Write>::write_fmt
[INFO] [stdout]    3:     0x570a52ebc026 - std[617be2ca0a6fd877]::panicking::default_hook::{closure#0}
[INFO] [stdout]    4:     0x570a52ed8259 - std[617be2ca0a6fd877]::panicking::default_hook
[INFO] [stdout]    5:     0x570a52e74900 - test[aada8e7e76ba119b]::test_main_inner::{closure#0}
[INFO] [stdout]    6:     0x570a52ed8412 - std[617be2ca0a6fd877]::panicking::panic_with_hook
[INFO] [stdout]    7:     0x570a52ebc0d2 - std[617be2ca0a6fd877]::panicking::panic_handler::{closure#0}
[INFO] [stdout]    8:     0x570a52eb4de9 - std[617be2ca0a6fd877]::sys::backtrace::__rust_end_short_backtrace::<std[617be2ca0a6fd877]::panicking::panic_handler::{closure#0}, !>
[INFO] [stdout]    9:     0x570a52ebccdd - __rustc[ea4f61d10b84890b]::rust_begin_unwind
[INFO] [stdout]   10:     0x570a52ef49cc - core[a373ad73a504971]::panicking::panic_fmt
[INFO] [stdout]   11:     0x570a52ef47a2 - core[a373ad73a504971]::result::unwrap_failed
[INFO] [stdout]   12:     0x570a52e5fe8d - <rusl[a1c34dec0c1b906c]::unistd::stat::tests::stat_test::{closure#0} as core[a373ad73a504971]::ops::function::FnOnce<()>>::call_once
[INFO] [stdout]   13:     0x570a52e67d4b - test[aada8e7e76ba119b]::__rust_begin_short_backtrace::<core[a373ad73a504971]::result::Result<(), alloc[2e1b2a31b91974c5]::string::String>, fn() -> core[a373ad73a504971]::result::Result<(), alloc[2e1b2a31b91974c5]::string::String>>
[INFO] [stdout]   14:     0x570a52e74f25 - test[aada8e7e76ba119b]::run_test::{closure#0}
[INFO] [stdout]   15:     0x570a52e6e814 - std[617be2ca0a6fd877]::sys::backtrace::__rust_begin_short_backtrace::<test[aada8e7e76ba119b]::run_test::{closure#1}, ()>
[INFO] [stdout]   16:     0x570a52e77fb2 - <std[617be2ca0a6fd877]::thread::lifecycle::spawn_unchecked<test[aada8e7e76ba119b]::run_test::{closure#1}, ()>::{closure#1} as core[a373ad73a504971]::ops::function::FnOnce<()>>::call_once::{shim:vtable#0}
[INFO] [stdout]   17:     0x570a52edf4df - <std[617be2ca0a6fd877]::sys::thread::unix::Thread>::new::thread_start
[INFO] [stdout]   18:     0x7f4e77634dfa - <unknown>
[INFO] [stdout]   19:     0x7f4e776c83d4 - clone
[INFO] [stdout]   20:                0x0 - <unknown>
[INFO] [stdout] 
[INFO] [stdout] ---- unistd::test::no_write_on_read_only stdout ----
[INFO] [stdout] 
[INFO] [stdout] thread 'unistd::test::no_write_on_read_only' (326) panicked at src/unistd/test.rs:16:6:
[INFO] [stdout] called `Result::unwrap()` on an `Err` value: Error { msg: "`OPENAT` syscall failed", code: Some(Errno(2)) }
[INFO] [stdout] stack backtrace:
[INFO] [stdout]    0:     0x570a52edfc81 - <<std[617be2ca0a6fd877]::sys::backtrace::BacktraceLock>::print::DisplayBacktrace as core[a373ad73a504971]::fmt::Display>::fmt
[INFO] [stdout]    1:     0x570a52ef429a - core[a373ad73a504971]::fmt::write
[INFO] [stdout]    2:     0x570a52ee3e9c - <alloc[2e1b2a31b91974c5]::vec::Vec<u8> as core[a373ad73a504971]::io::write::Write>::write_fmt
[INFO] [stdout]    3:     0x570a52ebc026 - std[617be2ca0a6fd877]::panicking::default_hook::{closure#0}
[INFO] [stdout]    4:     0x570a52ed8259 - std[617be2ca0a6fd877]::panicking::default_hook
[INFO] [stdout]    5:     0x570a52e74900 - test[aada8e7e76ba119b]::test_main_inner::{closure#0}
[INFO] [stdout]    6:     0x570a52ed8412 - std[617be2ca0a6fd877]::panicking::panic_with_hook
[INFO] [stdout]    7:     0x570a52ebc0d2 - std[617be2ca0a6fd877]::panicking::panic_handler::{closure#0}
[INFO] [stdout]    8:     0x570a52eb4de9 - std[617be2ca0a6fd877]::sys::backtrace::__rust_end_short_backtrace::<std[617be2ca0a6fd877]::panicking::panic_handler::{closure#0}, !>
[INFO] [stdout]    9:     0x570a52ebccdd - __rustc[ea4f61d10b84890b]::rust_begin_unwind
[INFO] [stdout]   10:     0x570a52ef49cc - core[a373ad73a504971]::panicking::panic_fmt
[INFO] [stdout]   11:     0x570a52ef47a2 - core[a373ad73a504971]::result::unwrap_failed
[INFO] [stdout]   12:     0x570a52e639a8 - <rusl[a1c34dec0c1b906c]::unistd::test::no_write_on_read_only::{closure#0} as core[a373ad73a504971]::ops::function::FnOnce<()>>::call_once
[INFO] [stdout]   13:     0x570a52e67d4b - test[aada8e7e76ba119b]::__rust_begin_short_backtrace::<core[a373ad73a504971]::result::Result<(), alloc[2e1b2a31b91974c5]::string::String>, fn() -> core[a373ad73a504971]::result::Result<(), alloc[2e1b2a31b91974c5]::string::String>>
[INFO] [stdout]   14:     0x570a52e74f25 - test[aada8e7e76ba119b]::run_test::{closure#0}
[INFO] [stdout]   15:     0x570a52e6e814 - std[617be2ca0a6fd877]::sys::backtrace::__rust_begin_short_backtrace::<test[aada8e7e76ba119b]::run_test::{closure#1}, ()>
[INFO] [stdout]   16:     0x570a52e77fb2 - <std[617be2ca0a6fd877]::thread::lifecycle::spawn_unchecked<test[aada8e7e76ba119b]::run_test::{closure#1}, ()>::{closure#1} as core[a373ad73a504971]::ops::function::FnOnce<()>>::call_once::{shim:vtable#0}
[INFO] [stdout]   17:     0x570a52edf4df - <std[617be2ca0a6fd877]::sys::thread::unix::Thread>::new::thread_start
[INFO] [stdout]   18:     0x7f4e77634dfa - <unknown>
[INFO] [stdout]   19:     0x7f4e776c83d4 - clone
[INFO] [stdout]   20:                0x0 - <unknown>
[INFO] [stdout] 
[INFO] [stdout] ---- unistd::test::set_file_non_blocking stdout ----
[INFO] [stdout] 
[INFO] [stdout] thread 'unistd::test::set_file_non_blocking' (327) panicked at src/unistd/test.rs:56:46:
[INFO] [stdout] called `Result::unwrap()` on an `Err` value: Error { msg: "`OPENAT` syscall failed", code: Some(Errno(2)) }
[INFO] [stdout] stack backtrace:
[INFO] [stdout]    0:     0x570a52edfc81 - <<std[617be2ca0a6fd877]::sys::backtrace::BacktraceLock>::print::DisplayBacktrace as core[a373ad73a504971]::fmt::Display>::fmt
[INFO] [stdout]    1:     0x570a52ef429a - core[a373ad73a504971]::fmt::write
[INFO] [stdout]    2:     0x570a52ee3e9c - <alloc[2e1b2a31b91974c5]::vec::Vec<u8> as core[a373ad73a504971]::io::write::Write>::write_fmt
[INFO] [stdout]    3:     0x570a52ebc026 - std[617be2ca0a6fd877]::panicking::default_hook::{closure#0}
[INFO] [stdout]    4:     0x570a52ed8259 - std[617be2ca0a6fd877]::panicking::default_hook
[INFO] [stdout]    5:     0x570a52e74900 - test[aada8e7e76ba119b]::test_main_inner::{closure#0}
[INFO] [stdout]    6:     0x570a52ed8412 - std[617be2ca0a6fd877]::panicking::panic_with_hook
[INFO] [stdout]    7:     0x570a52ebc0d2 - std[617be2ca0a6fd877]::panicking::panic_handler::{closure#0}
[INFO] [stdout]    8:     0x570a52eb4de9 - std[617be2ca0a6fd877]::sys::backtrace::__rust_end_short_backtrace::<std[617be2ca0a6fd877]::panicking::panic_handler::{closure#0}, !>
[INFO] [stdout]    9:     0x570a52ebccdd - __rustc[ea4f61d10b84890b]::rust_begin_unwind
[INFO] [stdout]   10:     0x570a52ef49cc - core[a373ad73a504971]::panicking::panic_fmt
[INFO] [stdout]   11:     0x570a52ef47a2 - core[a373ad73a504971]::result::unwrap_failed
[INFO] [stdout]   12:     0x570a52e63b65 - <rusl[a1c34dec0c1b906c]::unistd::test::set_file_non_blocking::{closure#0} as core[a373ad73a504971]::ops::function::FnOnce<()>>::call_once
[INFO] [stdout]   13:     0x570a52e67d4b - test[aada8e7e76ba119b]::__rust_begin_short_backtrace::<core[a373ad73a504971]::result::Result<(), alloc[2e1b2a31b91974c5]::string::String>, fn() -> core[a373ad73a504971]::result::Result<(), alloc[2e1b2a31b91974c5]::string::String>>
[INFO] [stdout]   14:     0x570a52e74f25 - test[aada8e7e76ba119b]::run_test::{closure#0}
[INFO] [stdout]   15:     0x570a52e6e814 - std[617be2ca0a6fd877]::sys::backtrace::__rust_begin_short_backtrace::<test[aada8e7e76ba119b]::run_test::{closure#1}, ()>
[INFO] [stdout]   16:     0x570a52e77fb2 - <std[617be2ca0a6fd877]::thread::lifecycle::spawn_unchecked<test[aada8e7e76ba119b]::run_test::{closure#1}, ()>::{closure#1} as core[a373ad73a504971]::ops::function::FnOnce<()>>::call_once::{shim:vtable#0}
[INFO] [stdout]   17:     0x570a52edf4df - <std[617be2ca0a6fd877]::sys::thread::unix::Thread>::new::thread_start
[INFO] [stdout]   18:     0x7f4e77634dfa - <unknown>
[INFO] [stdout]   19:     0x7f4e776c83d4 - clone
[INFO] [stdout]   20:                0x0 - <unknown>
[INFO] [stdout] 
[INFO] [stdout] ---- unistd::test::can_read_write stdout ----
[INFO] [stdout] 
[INFO] [stdout] thread 'unistd::test::can_read_write' (322) panicked at src/unistd/test.rs:74:6:
[INFO] [stdout] called `Result::unwrap()` on an `Err` value: Error { msg: "`OPENAT` syscall failed", code: Some(Errno(2)) }
[INFO] [stdout] stack backtrace:
[INFO] [stdout]    0:     0x570a52edfc81 - <<std[617be2ca0a6fd877]::sys::backtrace::BacktraceLock>::print::DisplayBacktrace as core[a373ad73a504971]::fmt::Display>::fmt
[INFO] [stdout]    1:     0x570a52ef429a - core[a373ad73a504971]::fmt::write
[INFO] [stdout]    2:     0x570a52ee3e9c - <alloc[2e1b2a31b91974c5]::vec::Vec<u8> as core[a373ad73a504971]::io::write::Write>::write_fmt
[INFO] [stdout]    3:     0x570a52ebc026 - std[617be2ca0a6fd877]::panicking::default_hook::{closure#0}
[INFO] [stdout]    4:     0x570a52ed8259 - std[617be2ca0a6fd877]::panicking::default_hook
[INFO] [stdout]    5:     0x570a52e74900 - test[aada8e7e76ba119b]::test_main_inner::{closure#0}
[INFO] [stdout]    6:     0x570a52ed8412 - std[617be2ca0a6fd877]::panicking::panic_with_hook
[INFO] [stdout]    7:     0x570a52ebc0d2 - std[617be2ca0a6fd877]::panicking::panic_handler::{closure#0}
[INFO] [stdout]    8:     0x570a52eb4de9 - std[617be2ca0a6fd877]::sys::backtrace::__rust_end_short_backtrace::<std[617be2ca0a6fd877]::panicking::panic_handler::{closure#0}, !>
[INFO] [stdout]    9:     0x570a52ebccdd - __rustc[ea4f61d10b84890b]::rust_begin_unwind
[INFO] [stdout]   10:     0x570a52ef49cc - core[a373ad73a504971]::panicking::panic_fmt
[INFO] [stdout]   11:     0x570a52ef47a2 - core[a373ad73a504971]::result::unwrap_failed
[INFO] [stdout]   12:     0x570a52e63065 - <rusl[a1c34dec0c1b906c]::unistd::test::can_read_write::{closure#0} as core[a373ad73a504971]::ops::function::FnOnce<()>>::call_once
[INFO] [stdout]   13:     0x570a52e67d4b - test[aada8e7e76ba119b]::__rust_begin_short_backtrace::<core[a373ad73a504971]::result::Result<(), alloc[2e1b2a31b91974c5]::string::String>, fn() -> core[a373ad73a504971]::result::Result<(), alloc[2e1b2a31b91974c5]::string::String>>
[INFO] [stdout]   14:     0x570a52e74f25 - test[aada8e7e76ba119b]::run_test::{closure#0}
[INFO] [stdout]   15:     0x570a52e6e814 - std[617be2ca0a6fd877]::sys::backtrace::__rust_begin_short_backtrace::<test[aada8e7e76ba119b]::run_test::{closure#1}, ()>
[INFO] [stdout]   16:     0x570a52e77fb2 - <std[617be2ca0a6fd877]::thread::lifecycle::spawn_unchecked<test[aada8e7e76ba119b]::run_test::{closure#1}, ()>::{closure#1} as core[a373ad73a504971]::ops::function::FnOnce<()>>::call_once::{shim:vtable#0}
[INFO] [stdout]   17:     0x570a52edf4df - <std[617be2ca0a6fd877]::sys::thread::unix::Thread>::new::thread_start
[INFO] [stdout]   18:     0x7f4e77634dfa - <unknown>
[INFO] [stdout]   19:     0x7f4e776c83d4 - clone
[INFO] [stdout]   20:                0x0 - <unknown>
[INFO] [stdout] 
[INFO] [stdout] ---- unistd::test::can_read_writev stdout ----
[INFO] [stdout] 
[INFO] [stdout] thread 'unistd::test::can_read_writev' (323) panicked at src/unistd/test.rs:98:6:
[INFO] [stdout] called `Result::unwrap()` on an `Err` value: Error { msg: "`OPENAT` syscall failed", code: Some(Errno(2)) }
[INFO] [stdout] stack backtrace:
[INFO] [stdout]    0:     0x570a52edfc81 - <<std[617be2ca0a6fd877]::sys::backtrace::BacktraceLock>::print::DisplayBacktrace as core[a373ad73a504971]::fmt::Display>::fmt
[INFO] [stdout]    1:     0x570a52ef429a - core[a373ad73a504971]::fmt::write
[INFO] [stdout]    2:     0x570a52ee3e9c - <alloc[2e1b2a31b91974c5]::vec::Vec<u8> as core[a373ad73a504971]::io::write::Write>::write_fmt
[INFO] [stdout]    3:     0x570a52ebc026 - std[617be2ca0a6fd877]::panicking::default_hook::{closure#0}
[INFO] [stdout]    4:     0x570a52ed8259 - std[617be2ca0a6fd877]::panicking::default_hook
[INFO] [stdout]    5:     0x570a52e74900 - test[aada8e7e76ba119b]::test_main_inner::{closure#0}
[INFO] [stdout]    6:     0x570a52ed8412 - std[617be2ca0a6fd877]::panicking::panic_with_hook
[INFO] [stdout]    7:     0x570a52ebc0d2 - std[617be2ca0a6fd877]::panicking::panic_handler::{closure#0}
[INFO] [stdout]    8:     0x570a52eb4de9 - std[617be2ca0a6fd877]::sys::backtrace::__rust_end_short_backtrace::<std[617be2ca0a6fd877]::panicking::panic_handler::{closure#0}, !>
[INFO] [stdout]    9:     0x570a52ebccdd - __rustc[ea4f61d10b84890b]::rust_begin_unwind
[INFO] [stdout]   10:     0x570a52ef49cc - core[a373ad73a504971]::panicking::panic_fmt
[INFO] [stdout]   11:     0x570a52ef47a2 - core[a373ad73a504971]::result::unwrap_failed
[INFO] [stdout]   12:     0x570a52e6340c - <rusl[a1c34dec0c1b906c]::unistd::test::can_read_writev::{closure#0} as core[a373ad73a504971]::ops::function::FnOnce<()>>::call_once
[INFO] [stdout]   13:     0x570a52e67d4b - test[aada8e7e76ba119b]::__rust_begin_short_backtrace::<core[a373ad73a504971]::result::Result<(), alloc[2e1b2a31b91974c5]::string::String>, fn() -> core[a373ad73a504971]::result::Result<(), alloc[2e1b2a31b91974c5]::string::String>>
[INFO] [stdout]   14:     0x570a52e74f25 - test[aada8e7e76ba119b]::run_test::{closure#0}
[INFO] [stdout]   15:     0x570a52e6e814 - std[617be2ca0a6fd877]::sys::backtrace::__rust_begin_short_backtrace::<test[aada8e7e76ba119b]::run_test::{closure#1}, ()>
[INFO] [stdout]   16:     0x570a52e77fb2 - <std[617be2ca0a6fd877]::thread::lifecycle::spawn_unchecked<test[aada8e7e76ba119b]::run_test::{closure#1}, ()>::{closure#1} as core[a373ad73a504971]::ops::function::FnOnce<()>>::call_once::{shim:vtable#0}
[INFO] [stdout]   17:     0x570a52edf4df - <std[617be2ca0a6fd877]::sys::thread::unix::Thread>::new::thread_start
[INFO] [stdout]   18:     0x7f4e77634dfa - <unknown>
[INFO] [stdout]   19:     0x7f4e776c83d4 - clone
[INFO] [stdout]   20:                0x0 - <unknown>
[INFO] [stdout] 
[INFO] [stdout] ---- unistd::test::close_closes stdout ----
[INFO] [stdout] 
[INFO] [stdout] thread 'unistd::test::close_closes' (324) panicked at src/unistd/test.rs:42:46:
[INFO] [stdout] called `Result::unwrap()` on an `Err` value: Error { msg: "`OPENAT` syscall failed", code: Some(Errno(2)) }
[INFO] [stdout] stack backtrace:
[INFO] [stdout]    0:     0x570a52edfc81 - <<std[617be2ca0a6fd877]::sys::backtrace::BacktraceLock>::print::DisplayBacktrace as core[a373ad73a504971]::fmt::Display>::fmt
[INFO] [stdout]    1:     0x570a52ef429a - core[a373ad73a504971]::fmt::write
[INFO] [stdout]    2:     0x570a52ee3e9c - <alloc[2e1b2a31b91974c5]::vec::Vec<u8> as core[a373ad73a504971]::io::write::Write>::write_fmt
[INFO] [stdout]    3:     0x570a52ebc026 - std[617be2ca0a6fd877]::panicking::default_hook::{closure#0}
[INFO] [stdout]    4:     0x570a52ed8259 - std[617be2ca0a6fd877]::panicking::default_hook
[INFO] [stdout]    5:     0x570a52e74900 - test[aada8e7e76ba119b]::test_main_inner::{closure#0}
[INFO] [stdout]    6:     0x570a52ed8412 - std[617be2ca0a6fd877]::panicking::panic_with_hook
[INFO] [stdout]    7:     0x570a52ebc0d2 - std[617be2ca0a6fd877]::panicking::panic_handler::{closure#0}
[INFO] [stdout]    8:     0x570a52eb4de9 - std[617be2ca0a6fd877]::sys::backtrace::__rust_end_short_backtrace::<std[617be2ca0a6fd877]::panicking::panic_handler::{closure#0}, !>
[INFO] [stdout]    9:     0x570a52ebccdd - __rustc[ea4f61d10b84890b]::rust_begin_unwind
[INFO] [stdout]   10:     0x570a52ef49cc - core[a373ad73a504971]::panicking::panic_fmt
[INFO] [stdout]   11:     0x570a52ef47a2 - core[a373ad73a504971]::result::unwrap_failed
[INFO] [stdout]   12:     0x570a52e62e67 - <rusl[a1c34dec0c1b906c]::unistd::test::close_closes::{closure#0} as core[a373ad73a504971]::ops::function::FnOnce<()>>::call_once
[INFO] [stdout]   13:     0x570a52e67d4b - test[aada8e7e76ba119b]::__rust_begin_short_backtrace::<core[a373ad73a504971]::result::Result<(), alloc[2e1b2a31b91974c5]::string::String>, fn() -> core[a373ad73a504971]::result::Result<(), alloc[2e1b2a31b91974c5]::string::String>>
[INFO] [stdout]   14:     0x570a52e74f25 - test[aada8e7e76ba119b]::run_test::{closure#0}
[INFO] [stdout]   15:     0x570a52e6e814 - std[617be2ca0a6fd877]::sys::backtrace::__rust_begin_short_backtrace::<test[aada8e7e76ba119b]::run_test::{closure#1}, ()>
[INFO] [stdout]   16:     0x570a52e77fb2 - <std[617be2ca0a6fd877]::thread::lifecycle::spawn_unchecked<test[aada8e7e76ba119b]::run_test::{closure#1}, ()>::{closure#1} as core[a373ad73a504971]::ops::function::FnOnce<()>>::call_once::{shim:vtable#0}
[INFO] [stdout]   17:     0x570a52edf4df - <std[617be2ca0a6fd877]::sys::thread::unix::Thread>::new::thread_start
[INFO] [stdout]   18:     0x7f4e77634dfa - <unknown>
[INFO] [stdout]   19:     0x7f4e776c83d4 - clone
[INFO] [stdout]   20:                0x0 - <unknown>
[INFO] [stdout] 
[INFO] [stdout] 
[INFO] [stdout] failures:
[INFO] [stdout]     io_uring::test::poll_add
[INFO] [stdout]     io_uring::test::uring_args_timeout
[INFO] [stdout]     io_uring::test::uring_multi_linked_crud
[INFO] [stdout]     io_uring::test::uring_read_registered_buffers_and_fds
[INFO] [stdout]     io_uring::test::uring_setup_instance
[INFO] [stdout]     io_uring::test::uring_single_close
[INFO] [stdout]     io_uring::test::uring_single_mkdir_at
[INFO] [stdout]     io_uring::test::uring_single_open
[INFO] [stdout]     io_uring::test::uring_single_read
[INFO] [stdout]     io_uring::test::uring_single_rename_at
[INFO] [stdout]     io_uring::test::uring_single_socket
[INFO] [stdout]     io_uring::test::uring_single_statx
[INFO] [stdout]     io_uring::test::uring_single_timeout
[INFO] [stdout]     io_uring::test::uring_single_unlinkat
[INFO] [stdout]     io_uring::test::uring_single_write
[INFO] [stdout]     io_uring::test::uring_tcp_accept
[INFO] [stdout]     io_uring::test::uring_unix_accept_send_recv
[INFO] [stdout]     io_uring::test::uring_write_registered_buffers_and_fds
[INFO] [stdout]     network::test::read_unix_sock_name
[INFO] [stdout]     network::test::send_recv_msg
[INFO] [stdout]     network::test::send_recv_msg_with_control_multi
[INFO] [stdout]     network::test::send_recv_msg_with_control_single
[INFO] [stdout]     platform::compat::socket::tests::cmsg_macros_has_single_fd
[INFO] [stdout]     platform::compat::socket::tests::cmsg_macros_has_two_fd
[INFO] [stdout]     unistd::get_dents::tests::try_read_dir
[INFO] [stdout]     unistd::open::tests::try_open_temp
[INFO] [stdout]     unistd::stat::tests::stat_test
[INFO] [stdout]     unistd::test::can_read_write
[INFO] [stdout]     unistd::test::can_read_writev
[INFO] [stdout]     unistd::test::close_closes
[INFO] [stdout]     unistd::test::no_read_on_wr_only
[INFO] [stdout]     unistd::test::no_write_on_read_only
[INFO] [stdout]     unistd::test::set_file_non_blocking
[INFO] [stdout] 
[INFO] [stdout] test result: FAILED. 58 passed; 33 failed; 0 ignored; 0 measured; 0 filtered out; finished in 0.03s
[INFO] [stdout] 
[INFO] running `Command { std: "docker" "inspect" "2de35445131fe808354f4afac8bb721de642fca42f3a13d431dfc9896988a913", kill_on_drop: false }`
[INFO] running `Command { std: "docker" "rm" "-f" "2de35445131fe808354f4afac8bb721de642fca42f3a13d431dfc9896988a913", kill_on_drop: false }`
[INFO] [stdout] 2de35445131fe808354f4afac8bb721de642fca42f3a13d431dfc9896988a913
