[INFO] fetching crate rusk-prover 1.7.0...
[INFO] testing rusk-prover-1.7.0 against 1.99.0-beta.8+cargoflags=--release for beta-release-1.100-2
[INFO] extracting crate rusk-prover 1.7.0 into /workspace/builds/worker-2-tc1/source
[INFO] started tweaking crates.io crate rusk-prover 1.7.0
[INFO] finished tweaking crates.io crate rusk-prover 1.7.0
[INFO] tweaked toml for crates.io crate rusk-prover 1.7.0 written to /workspace/builds/worker-2-tc1/source/Cargo.toml
[INFO] validating manifest of crates.io crate rusk-prover 1.7.0 on toolchain 1.99.0-beta.8
[INFO] running `Command { std: CARGO_HOME="/workspace/cargo-home" RUSTUP_HOME="/workspace/rustup-home" "/workspace/cargo-home/bin/cargo" "+1.99.0-beta.8" "metadata" "--manifest-path" "Cargo.toml" "--no-deps", kill_on_drop: false }`
[INFO] crate crates.io crate rusk-prover 1.7.0 already has a lockfile, it will not be regenerated
[INFO] running `Command { std: CARGO_HOME="/workspace/cargo-home" RUSTUP_HOME="/workspace/rustup-home" "/workspace/cargo-home/bin/cargo" "+1.99.0-beta.8" "fetch" "--manifest-path" "Cargo.toml", kill_on_drop: false }`
[INFO] [stderr]     Updating crates.io index
[INFO] [stderr]  Downloading crates ...
[INFO] [stderr]   Downloaded msgpacker v0.4.8
[INFO] [stderr]   Downloaded msgpacker-derive v0.3.2
[INFO] [stderr]   Downloaded derive-hex v0.1.2
[INFO] [stderr]   Downloaded dusk-bytes v0.1.7
[INFO] [stderr]   Downloaded poseidon-merkle v0.9.0-rc.0
[INFO] [stderr]   Downloaded dusk-merkle v0.5.3
[INFO] [stderr]   Downloaded phoenix-core v0.35.1
[INFO] [stderr]   Downloaded rusk-profile v1.7.0
[INFO] [stderr]   Downloaded dusk-safe v0.3.0
[INFO] [stderr]   Downloaded jubjub-elgamal v0.5.0
[INFO] [stderr]   Downloaded ark-snark v0.4.0
[INFO] [stderr]   Downloaded piecrust-uplink v0.21.0
[INFO] [stderr]   Downloaded jubjub-schnorr v0.7.0-rc.0
[INFO] [stderr]   Downloaded phoenix-circuits v0.8.1
[INFO] [stderr]   Downloaded ark-relations v0.4.0
[INFO] [stderr]   Downloaded ark-groth16 v0.4.0
[INFO] [stderr]   Downloaded dusk-jubjub v0.15.2
[INFO] [stderr]   Downloaded dusk-core v1.7.0
[INFO] [stderr]   Downloaded dusk-poseidon v0.42.0-rc.0
[INFO] [stderr]   Downloaded bls12_381-bls v0.6.0
[INFO] [stderr]   Downloaded ark-crypto-primitives v0.4.0
[INFO] [stderr]   Downloaded dusk-plonk v0.22.1
[INFO] [stderr]   Downloaded dusk-bls12_381 v0.14.2
[INFO] running `Command { std: "docker" "create" "-v" "/var/lib/crater-agent-workspace/builds/worker-2-tc1/source:/opt/rustwide/workdir:ro,Z" "-v" "/var/lib/crater-agent-workspace/builds/worker-2-tc1/target:/opt/rustwide/target:rw,Z" "-v" "/var/lib/crater-agent-workspace/cargo-home:/opt/rustwide/cargo-home:ro,Z" "-v" "/var/lib/crater-agent-workspace/rustup-home:/opt/rustwide/rustup-home:ro,Z" "-m" "1610612736" "--network" "none" "ghcr.io/rust-lang/crates-build-env/linux@sha256:77db811e55d90add9212f6832c23229e3de5f1c1f9905e8cb07319ea15df73ac" "sleep" "infinity", kill_on_drop: false }`
[INFO] [stdout] 2be136240081ed34559363b9cebd0dd8d40ea492ff13d48651e4fed0c7383641
[INFO] running `Command { std: "docker" "start" "2be136240081ed34559363b9cebd0dd8d40ea492ff13d48651e4fed0c7383641", kill_on_drop: false }`
[INFO] running `Command { std: "docker" "inspect" "2be136240081ed34559363b9cebd0dd8d40ea492ff13d48651e4fed0c7383641", kill_on_drop: false }`
[INFO] running `Command { std: "docker" "exec" "-e" "SOURCE_DIR=/opt/rustwide/workdir" "-e" "CARGO_HOME=/opt/rustwide/cargo-home" "-e" "RUSTUP_HOME=/opt/rustwide/rustup-home" "-e" "CARGO_TARGET_DIR=/opt/rustwide/target" "-w" "/opt/rustwide/workdir" "--user" "0:0" "2be136240081ed34559363b9cebd0dd8d40ea492ff13d48651e4fed0c7383641" "/opt/rustwide/cargo-home/bin/cargo" "+1.99.0-beta.8" "metadata" "--no-deps" "--format-version=1", kill_on_drop: false }`
[INFO] running `Command { std: "docker" "inspect" "2be136240081ed34559363b9cebd0dd8d40ea492ff13d48651e4fed0c7383641", kill_on_drop: false }`
[INFO] running `Command { std: "docker" "exec" "-e" "SOURCE_DIR=/opt/rustwide/workdir" "-e" "CARGO_HOME=/opt/rustwide/cargo-home" "-e" "RUSTUP_HOME=/opt/rustwide/rustup-home" "-e" "CARGO_TARGET_DIR=/opt/rustwide/target" "-e" "CARGO_INCREMENTAL=0" "-e" "RUST_BACKTRACE=full" "-e" "RUSTFLAGS=--cap-lints=warn" "-e" "RUSTDOCFLAGS=--cap-lints=warn" "-w" "/opt/rustwide/workdir" "--user" "0:0" "2be136240081ed34559363b9cebd0dd8d40ea492ff13d48651e4fed0c7383641" "/opt/rustwide/cargo-home/bin/cargo" "+1.99.0-beta.8" "build" "--frozen" "--message-format=json" "--release", kill_on_drop: false }`
[INFO] [stderr]    Compiling syn v1.0.109
[INFO] [stderr]    Compiling zerocopy v0.8.42
[INFO] [stderr]    Compiling bytecheck v0.6.12
[INFO] [stderr]    Compiling rend v0.4.2
[INFO] [stderr]    Compiling num-traits v0.2.19
[INFO] [stderr]    Compiling ahash v0.7.8
[INFO] [stderr]    Compiling rkyv v0.7.46
[INFO] [stderr]    Compiling arrayvec v0.7.6
[INFO] [stderr]    Compiling arrayref v0.3.9
[INFO] [stderr]    Compiling constant_time_eq v0.3.1
[INFO] [stderr]    Compiling getrandom v0.2.17
[INFO] [stderr]    Compiling syn v2.0.117
[INFO] [stderr]    Compiling digest v0.9.0
[INFO] [stderr]    Compiling itertools v0.10.5
[INFO] [stderr]    Compiling bitvec v1.0.1
[INFO] [stderr]    Compiling ahash v0.8.12
[INFO] [stderr]    Compiling ahash v0.4.8
[INFO] [stderr]    Compiling keccak v0.1.6
[INFO] [stderr]    Compiling miniz_oxide v0.7.4
[INFO] [stderr]    Compiling itertools v0.9.0
[INFO] [stderr]    Compiling inout v0.1.4
[INFO] [stderr]    Compiling blake3 v1.8.3
[INFO] [stderr]    Compiling rand_core v0.6.4
[INFO] [stderr]    Compiling blake2b_simd v1.0.3
[INFO] [stderr]    Compiling crypto-common v0.1.7
[INFO] [stderr]    Compiling ff v0.13.1
[INFO] [stderr]    Compiling digest v0.10.7
[INFO] [stderr]    Compiling hashbrown v0.9.1
[INFO] [stderr]    Compiling cipher v0.4.4
[INFO] [stderr]    Compiling group v0.13.0
[INFO] [stderr]    Compiling hashbrown v0.12.3
[INFO] [stderr]    Compiling sha2 v0.10.9
[INFO] [stderr]    Compiling pairing v0.23.0
[INFO] [stderr]    Compiling universal-hash v0.5.1
[INFO] [stderr]    Compiling ctr v0.9.2
[INFO] [stderr]    Compiling polyval v0.6.2
[INFO] [stderr]    Compiling ghash v0.5.1
[INFO] [stderr]    Compiling aes v0.8.4
[INFO] [stderr]    Compiling hmac v0.12.1
[INFO] [stderr]    Compiling aead v0.5.2
[INFO] [stderr]    Compiling hkdf v0.12.4
[INFO] [stderr]    Compiling blake2 v0.10.6
[INFO] [stderr]    Compiling block-buffer v0.9.0
[INFO] [stderr]    Compiling num-integer v0.1.46
[INFO] [stderr]    Compiling winnow v1.0.0
[INFO] [stderr]    Compiling num-bigint v0.4.6
[INFO] [stderr]    Compiling aes-gcm v0.10.3
[INFO] [stderr]    Compiling sha2 v0.9.9
[INFO] [stderr]    Compiling toml_datetime v1.1.0+spec-1.1.0
[INFO] [stderr]    Compiling toml_parser v1.1.0+spec-1.1.0
[INFO] [stderr]    Compiling serde_spanned v1.1.0
[INFO] [stderr]    Compiling terminal_size v0.1.17
[INFO] [stderr]    Compiling dirs-sys v0.3.7
[INFO] [stderr]    Compiling termios v0.3.3
[INFO] [stderr]    Compiling toml_writer v1.1.0+spec-1.1.0
[INFO] [stderr]    Compiling dirs v4.0.0
[INFO] [stderr]    Compiling console v0.12.0
[INFO] [stderr]    Compiling version_check v0.9.5
[INFO] [stderr]    Compiling toml v1.1.0+spec-1.1.0
[INFO] [stderr]    Compiling ptr_meta_derive v0.1.4
[INFO] [stderr]    Compiling bytecheck_derive v0.6.12
[INFO] [stderr]    Compiling rkyv_derive v0.7.46
[INFO] [stderr]    Compiling derive-hex v0.1.2
[INFO] [stderr]    Compiling ark-serialize-derive v0.4.2
[INFO] [stderr]    Compiling derivative v2.2.0
[INFO] [stderr]    Compiling ark-ff-asm v0.4.2
[INFO] [stderr]    Compiling ark-ff-macros v0.4.2
[INFO] [stderr]    Compiling zeroize_derive v1.4.3
[INFO] [stderr]    Compiling msgpacker-derive v0.3.2
[INFO] [stderr]    Compiling tracing-attributes v0.1.31
[INFO] [stderr]    Compiling serde_derive v1.0.228
[INFO] [stderr]    Compiling ptr_meta v0.1.4
[INFO] [stderr]    Compiling dusk-bytes v0.1.7
[INFO] [stderr]    Compiling msgpacker v0.4.8
[INFO] [stderr]    Compiling zeroize v1.8.2
[INFO] [stderr]    Compiling merlin v3.0.0
[INFO] [stderr]    Compiling dusk-safe v0.3.0
[INFO] [stderr]    Compiling tracing v0.1.44
[INFO] [stderr]    Compiling ppv-lite86 v0.2.21
[INFO] [stderr]    Compiling hashbrown v0.13.2
[INFO] [stderr]    Compiling rand_chacha v0.3.1
[INFO] [stderr]    Compiling rand v0.8.5
[INFO] [stderr]    Compiling serde v1.0.228
[INFO] [stderr]    Compiling ark-std v0.4.0
[INFO] [stderr]    Compiling ark-serialize v0.4.2
[INFO] [stderr]    Compiling ark-ff v0.4.2
[INFO] [stderr]    Compiling rusk-profile v1.7.0
[INFO] [stderr]    Compiling dusk-bls12_381 v0.14.2
[INFO] [stderr]    Compiling dusk-merkle v0.5.3
[INFO] [stderr]    Compiling piecrust-uplink v0.21.0
[INFO] [stderr]    Compiling dusk-jubjub v0.15.2
[INFO] [stderr]    Compiling bls12_381-bls v0.6.0
[INFO] [stderr]    Compiling dusk-plonk v0.22.1
[INFO] [stderr]    Compiling ark-poly v0.4.2
[INFO] [stderr]    Compiling ark-relations v0.4.0
[INFO] [stderr]    Compiling ark-snark v0.4.0
[INFO] [stderr]    Compiling ark-ec v0.4.2
[INFO] [stderr]    Compiling dusk-poseidon v0.42.0-rc.0
[INFO] [stderr]    Compiling jubjub-elgamal v0.5.0
[INFO] [stderr]    Compiling jubjub-schnorr v0.7.0-rc.0
[INFO] [stderr]    Compiling poseidon-merkle v0.9.0-rc.0
[INFO] [stderr]    Compiling phoenix-core v0.35.1
[INFO] [stderr]    Compiling phoenix-circuits v0.8.1
[INFO] [stderr]    Compiling ark-crypto-primitives v0.4.0
[INFO] [stderr]    Compiling ark-bn254 v0.4.0
[INFO] [stderr]    Compiling ark-groth16 v0.4.0
[INFO] [stderr]    Compiling dusk-core v1.7.0
[INFO] [stderr]    Compiling rusk-prover v1.7.0 (/opt/rustwide/workdir)
[INFO] [stderr]     Finished `release` profile [optimized] target(s) in 1m 06s
[INFO] running `Command { std: "docker" "inspect" "2be136240081ed34559363b9cebd0dd8d40ea492ff13d48651e4fed0c7383641", kill_on_drop: false }`
[INFO] running `Command { std: "docker" "exec" "-e" "SOURCE_DIR=/opt/rustwide/workdir" "-e" "CARGO_HOME=/opt/rustwide/cargo-home" "-e" "RUSTUP_HOME=/opt/rustwide/rustup-home" "-e" "CARGO_TARGET_DIR=/opt/rustwide/target" "-e" "CARGO_INCREMENTAL=0" "-e" "RUST_BACKTRACE=full" "-e" "RUSTFLAGS=--cap-lints=warn" "-e" "RUSTDOCFLAGS=--cap-lints=warn" "-w" "/opt/rustwide/workdir" "--user" "0:0" "2be136240081ed34559363b9cebd0dd8d40ea492ff13d48651e4fed0c7383641" "/opt/rustwide/cargo-home/bin/cargo" "+1.99.0-beta.8" "test" "--frozen" "--no-run" "--message-format=json" "--release", kill_on_drop: false }`
[INFO] [stderr]    Compiling rusk-prover v1.7.0 (/opt/rustwide/workdir)
[INFO] [stderr]     Finished `release` profile [optimized] target(s) in 1.88s
[INFO] running `Command { std: "docker" "inspect" "2be136240081ed34559363b9cebd0dd8d40ea492ff13d48651e4fed0c7383641", kill_on_drop: false }`
[INFO] running `Command { std: "docker" "exec" "-e" "SOURCE_DIR=/opt/rustwide/workdir" "-e" "CARGO_HOME=/opt/rustwide/cargo-home" "-e" "RUSTUP_HOME=/opt/rustwide/rustup-home" "-e" "CARGO_TARGET_DIR=/opt/rustwide/target" "-e" "CARGO_INCREMENTAL=0" "-e" "RUST_BACKTRACE=full" "-e" "RUSTFLAGS=--cap-lints=warn" "-e" "RUSTDOCFLAGS=--cap-lints=warn" "-w" "/opt/rustwide/workdir" "--user" "0:0" "2be136240081ed34559363b9cebd0dd8d40ea492ff13d48651e4fed0c7383641" "/opt/rustwide/cargo-home/bin/cargo" "+1.99.0-beta.8" "test" "--frozen" "--release", kill_on_drop: false }`
[INFO] [stderr]     Finished `release` profile [optimized] target(s) in 0.15s
[INFO] [stderr]      Running unittests src/lib.rs (/opt/rustwide/target/release/deps/rusk_prover-761bda61f28cf05a)
[INFO] [stdout] 
[INFO] [stdout] running 2 tests
[INFO] [stdout] test tests::prove_mode_mapping ... ok
[INFO] [stdout] test tests::test_prove_tx_circuit ... FAILED
[INFO] [stdout] 
[INFO] [stdout] failures:
[INFO] [stdout] 
[INFO] [stdout] ---- tests::test_prove_tx_circuit stdout ----
[INFO] [stdout] 
[INFO] [stdout] thread 'tests::test_prove_tx_circuit' (1929) panicked at src/lib.rs:115:13:
[INFO] [stdout] There should be tx-circuit data stored for TxCircuitFourTwo
[INFO] [stdout] stack backtrace:
[INFO] [stdout]    0:     0x6222a1376201 - <<std[70759c8f55707aa4]::sys::backtrace::BacktraceLock>::print::DisplayBacktrace as core[df12db4294e9bfd3]::fmt::Display>::fmt
[INFO] [stdout]    1:     0x6222a138be2a - core[df12db4294e9bfd3]::fmt::write
[INFO] [stdout]    2:     0x6222a137a9fc - <alloc[2182bb758b4b3781]::vec::Vec<u8> as core[df12db4294e9bfd3]::io::write::Write>::write_fmt
[INFO] [stdout]    3:     0x6222a1351436 - std[70759c8f55707aa4]::panicking::default_hook::{closure#0}
[INFO] [stdout]    4:     0x6222a136e2b9 - std[70759c8f55707aa4]::panicking::default_hook
[INFO] [stdout]    5:     0x6222a12a4350 - test[9d35eded1c95d3be]::test_main_inner::<test[9d35eded1c95d3be]::test_main_static::{closure#0}>::{closure#0}
[INFO] [stdout]    6:     0x6222a136e472 - std[70759c8f55707aa4]::panicking::panic_with_hook
[INFO] [stdout]    7:     0x6222a13514e2 - std[70759c8f55707aa4]::panicking::panic_handler::{closure#0}
[INFO] [stdout]    8:     0x6222a1349f19 - std[70759c8f55707aa4]::sys::backtrace::__rust_end_short_backtrace::<std[70759c8f55707aa4]::panicking::panic_handler::{closure#0}, !>
[INFO] [stdout]    9:     0x6222a13520dd - __rustc[8fa7c3cbc660c2b3]::rust_begin_unwind
[INFO] [stdout]   10:     0x6222a138c5cc - core[df12db4294e9bfd3]::panicking::panic_fmt
[INFO] [stdout]   11:     0x6222a126c69f - rusk_prover[229bdc63d5ccca9]::fetch_prover::{closure#0}
[INFO] [stdout]   12:     0x6222a126c9ab - rusk_prover[229bdc63d5ccca9]::fetch_prover
[INFO] [stdout]   13:     0x6222a126e7d5 - <rusk_prover[229bdc63d5ccca9]::TX_CIRCUIT_4_2_PROVER::{closure#0} as core[df12db4294e9bfd3]::ops::function::FnOnce<()>>::call_once
[INFO] [stdout]   14:     0x6222a126a59b - <once_cell[b4fe607934fa1ed1]::imp::OnceCell<dusk_plonk[7ff5f8cdbaddb206]::compiler::prover::Prover>>::initialize::<<once_cell[b4fe607934fa1ed1]::sync::OnceCell<dusk_plonk[7ff5f8cdbaddb206]::compiler::prover::Prover>>::get_or_init<<once_cell[b4fe607934fa1ed1]::sync::Lazy<dusk_plonk[7ff5f8cdbaddb206]::compiler::prover::Prover>>::force::{closure#0}>::{closure#0}, <once_cell[b4fe607934fa1ed1]::sync::OnceCell<_>>::get_or_init::Void>::{closure#0}
[INFO] [stdout]   15:     0x6222a133d17f - once_cell[b4fe607934fa1ed1]::imp::initialize_or_wait
[INFO] [stdout]   16:     0x6222a12687e5 - <once_cell[b4fe607934fa1ed1]::imp::OnceCell<dusk_plonk[7ff5f8cdbaddb206]::compiler::prover::Prover>>::initialize::<<once_cell[b4fe607934fa1ed1]::sync::OnceCell<dusk_plonk[7ff5f8cdbaddb206]::compiler::prover::Prover>>::get_or_init<<once_cell[b4fe607934fa1ed1]::sync::Lazy<dusk_plonk[7ff5f8cdbaddb206]::compiler::prover::Prover>>::force::{closure#0}>::{closure#0}, <once_cell[b4fe607934fa1ed1]::sync::OnceCell<_>>::get_or_init::Void>
[INFO] [stdout]   17:     0x6222a126db1f - <rusk_prover[229bdc63d5ccca9]::LocalProver as dusk_core[1c91835d82be7eec]::transfer::phoenix::Prove>::prove
[INFO] [stdout]   18:     0x6222a126b272 - rusk_prover[229bdc63d5ccca9]::tests::test_prove_tx_circuit
[INFO] [stdout]   19:     0x6222a126e7f9 - <rusk_prover[229bdc63d5ccca9]::tests::test_prove_tx_circuit::{closure#0} as core[df12db4294e9bfd3]::ops::function::FnOnce<()>>::call_once
[INFO] [stdout]   20:     0x6222a129763b - test[9d35eded1c95d3be]::__rust_begin_short_backtrace::<core[df12db4294e9bfd3]::result::Result<(), alloc[2182bb758b4b3781]::string::String>, fn() -> core[df12db4294e9bfd3]::result::Result<(), alloc[2182bb758b4b3781]::string::String>>
[INFO] [stdout]   21:     0x6222a12a4ca5 - test[9d35eded1c95d3be]::run_test::{closure#0}
[INFO] [stdout]   22:     0x6222a129e564 - std[70759c8f55707aa4]::sys::backtrace::__rust_begin_short_backtrace::<test[9d35eded1c95d3be]::run_test::{closure#1}, ()>
[INFO] [stdout]   23:     0x6222a12a7e02 - <std[70759c8f55707aa4]::thread::lifecycle::spawn_unchecked<test[9d35eded1c95d3be]::run_test::{closure#1}, ()>::{closure#1} as core[df12db4294e9bfd3]::ops::function::FnOnce<()>>::call_once::{shim:vtable#0}
[INFO] [stdout]   24:     0x6222a1375789 - <std[70759c8f55707aa4]::sys::thread::unix::Thread>::new::thread_start
[INFO] [stdout]   25:     0x7679e52d9dfa - <unknown>
[INFO] [stdout]   26:     0x7679e536d3d4 - clone
[INFO] [stdout]   27:                0x0 - <unknown>
[INFO] [stdout] 
[INFO] [stdout] 
[INFO] [stdout] failures:
[INFO] [stdout]     tests::test_prove_tx_circuit
[INFO] [stdout] 
[INFO] [stdout] test result: FAILED. 1 passed; 1 failed; 0 ignored; 0 measured; 0 filtered out; finished in 0.01s
[INFO] [stdout] 
[INFO] [stderr] error: test failed, to rerun pass `--lib`
[INFO] running `Command { std: "docker" "inspect" "2be136240081ed34559363b9cebd0dd8d40ea492ff13d48651e4fed0c7383641", kill_on_drop: false }`
[INFO] running `Command { std: "docker" "rm" "-f" "2be136240081ed34559363b9cebd0dd8d40ea492ff13d48651e4fed0c7383641", kill_on_drop: false }`
[INFO] [stdout] 2be136240081ed34559363b9cebd0dd8d40ea492ff13d48651e4fed0c7383641
