[INFO] fetching crate rusimg 0.1.2...
[INFO] testing rusimg-0.1.2 against 1.100.0-beta.1+cargoflags=--release for beta-release-1.100-2
[INFO] extracting crate rusimg 0.1.2 into /workspace/builds/worker-5-tc2/source
[INFO] started tweaking crates.io crate rusimg 0.1.2
[INFO] finished tweaking crates.io crate rusimg 0.1.2
[INFO] tweaked toml for crates.io crate rusimg 0.1.2 written to /workspace/builds/worker-5-tc2/source/Cargo.toml
[INFO] validating manifest of crates.io crate rusimg 0.1.2 on toolchain 1.100.0-beta.1
[INFO] running `Command { std: CARGO_HOME="/workspace/cargo-home" RUSTUP_HOME="/workspace/rustup-home" "/workspace/cargo-home/bin/cargo" "+1.100.0-beta.1" "metadata" "--manifest-path" "Cargo.toml" "--no-deps", kill_on_drop: false }`
[INFO] crate crates.io crate rusimg 0.1.2 already has a lockfile, it will not be regenerated
[INFO] running `Command { std: CARGO_HOME="/workspace/cargo-home" RUSTUP_HOME="/workspace/rustup-home" "/workspace/cargo-home/bin/cargo" "+1.100.0-beta.1" "fetch" "--manifest-path" "Cargo.toml", kill_on_drop: false }`
[INFO] running `Command { std: "docker" "create" "-v" "/var/lib/crater-agent-workspace/builds/worker-5-tc2/source:/opt/rustwide/workdir:ro,Z" "-v" "/var/lib/crater-agent-workspace/builds/worker-5-tc2/target:/opt/rustwide/target:rw,Z" "-v" "/var/lib/crater-agent-workspace/cargo-home:/opt/rustwide/cargo-home:ro,Z" "-v" "/var/lib/crater-agent-workspace/rustup-home:/opt/rustwide/rustup-home:ro,Z" "-m" "1610612736" "--network" "none" "ghcr.io/rust-lang/crates-build-env/linux@sha256:77db811e55d90add9212f6832c23229e3de5f1c1f9905e8cb07319ea15df73ac" "sleep" "infinity", kill_on_drop: false }`
[INFO] [stdout] d558688c31f4d5ff2e164a05557425b72db8849e8bc467030a8ed5bfac2a1477
[INFO] running `Command { std: "docker" "start" "d558688c31f4d5ff2e164a05557425b72db8849e8bc467030a8ed5bfac2a1477", kill_on_drop: false }`
[INFO] running `Command { std: "docker" "inspect" "d558688c31f4d5ff2e164a05557425b72db8849e8bc467030a8ed5bfac2a1477", kill_on_drop: false }`
[INFO] running `Command { std: "docker" "exec" "-e" "SOURCE_DIR=/opt/rustwide/workdir" "-e" "CARGO_HOME=/opt/rustwide/cargo-home" "-e" "RUSTUP_HOME=/opt/rustwide/rustup-home" "-e" "CARGO_TARGET_DIR=/opt/rustwide/target" "-w" "/opt/rustwide/workdir" "--user" "0:0" "d558688c31f4d5ff2e164a05557425b72db8849e8bc467030a8ed5bfac2a1477" "/opt/rustwide/cargo-home/bin/cargo" "+1.100.0-beta.1" "metadata" "--no-deps" "--format-version=1", kill_on_drop: false }`
[INFO] running `Command { std: "docker" "inspect" "d558688c31f4d5ff2e164a05557425b72db8849e8bc467030a8ed5bfac2a1477", kill_on_drop: false }`
[INFO] running `Command { std: "docker" "exec" "-e" "SOURCE_DIR=/opt/rustwide/workdir" "-e" "CARGO_HOME=/opt/rustwide/cargo-home" "-e" "RUSTUP_HOME=/opt/rustwide/rustup-home" "-e" "CARGO_TARGET_DIR=/opt/rustwide/target" "-e" "CARGO_INCREMENTAL=0" "-e" "RUST_BACKTRACE=full" "-e" "RUSTFLAGS=--cap-lints=warn" "-e" "RUSTDOCFLAGS=--cap-lints=warn" "-w" "/opt/rustwide/workdir" "--user" "0:0" "d558688c31f4d5ff2e164a05557425b72db8849e8bc467030a8ed5bfac2a1477" "/opt/rustwide/cargo-home/bin/cargo" "+1.100.0-beta.1" "build" "--frozen" "--message-format=json" "--release", kill_on_drop: false }`
[INFO] [stderr]    Compiling num-traits v0.2.19
[INFO] [stderr]    Compiling libc v0.2.172
[INFO] [stderr]    Compiling simd-adler32 v0.3.7
[INFO] [stderr]    Compiling syn v2.0.101
[INFO] [stderr]    Compiling log v0.4.27
[INFO] [stderr]    Compiling bitflags v2.9.0
[INFO] [stderr]    Compiling bytemuck v1.23.0
[INFO] [stderr]    Compiling rustix v1.0.7
[INFO] [stderr]    Compiling adler2 v2.0.0
[INFO] [stderr]    Compiling smallvec v1.15.0
[INFO] [stderr]    Compiling miniz_oxide v0.8.8
[INFO] [stderr]    Compiling minimal-lexical v0.2.1
[INFO] [stderr]    Compiling aligned-vec v0.5.0
[INFO] [stderr]    Compiling linux-raw-sys v0.9.4
[INFO] [stderr]    Compiling built v0.7.7
[INFO] [stderr]    Compiling rgb v0.8.50
[INFO] [stderr]    Compiling nom v7.1.3
[INFO] [stderr]    Compiling rav1e v0.7.1
[INFO] [stderr]    Compiling jobserver v0.1.33
[INFO] [stderr]    Compiling crc32fast v1.4.2
[INFO] [stderr]    Compiling maybe-rayon v0.1.1
[INFO] [stderr]    Compiling num-integer v0.1.46
[INFO] [stderr]    Compiling v_frame v0.3.8
[INFO] [stderr]    Compiling cc v1.2.21
[INFO] [stderr]    Compiling flate2 v1.1.1
[INFO] [stderr]    Compiling num-bigint v0.4.6
[INFO] [stderr]    Compiling simd_helpers v0.1.0
[INFO] [stderr]    Compiling itertools v0.12.1
[INFO] [stderr]    Compiling noop_proc_macro v0.3.0
[INFO] [stderr]    Compiling new_debug_unreachable v1.0.6
[INFO] [stderr]    Compiling bitstream-io v2.6.0
[INFO] [stderr]    Compiling quick-error v2.0.1
[INFO] [stderr]    Compiling imgref v1.11.0
[INFO] [stderr]    Compiling weezl v0.1.8
[INFO] [stderr]    Compiling loop9 v0.1.5
[INFO] [stderr]    Compiling avif-serialize v0.8.3
[INFO] [stderr]    Compiling libdeflate-sys v1.23.1
[INFO] [stderr]    Compiling fdeflate v0.3.7
[INFO] [stderr]    Compiling num-rational v0.4.2
[INFO] [stderr]    Compiling zune-inflate v0.2.54
[INFO] [stderr]    Compiling half v2.6.0
[INFO] [stderr]    Compiling av1-grain v0.2.3
[INFO] [stderr]    Compiling lebe v0.5.2
[INFO] [stderr]    Compiling zune-core v0.4.12
[INFO] [stderr]    Compiling byteorder-lite v0.1.0
[INFO] [stderr]    Compiling jpeg-decoder v0.3.1
[INFO] [stderr]    Compiling glob v0.3.2
[INFO] [stderr]    Compiling bit_field v0.10.2
[INFO] [stderr]    Compiling color_quant v1.1.0
[INFO] [stderr]    Compiling libwebp-sys v0.9.6
[INFO] [stderr]    Compiling gif v0.13.1
[INFO] [stderr]    Compiling exr v1.73.0
[INFO] [stderr]    Compiling image-webp v0.2.1
[INFO] [stderr]    Compiling tiff v0.9.1
[INFO] [stderr]    Compiling zune-jpeg v0.4.14
[INFO] [stderr]    Compiling profiling-procmacros v1.0.16
[INFO] [stderr]    Compiling thiserror-impl v1.0.69
[INFO] [stderr]    Compiling profiling v1.0.16
[INFO] [stderr]    Compiling arg_enum_proc_macro v0.3.4
[INFO] [stderr]    Compiling num-derive v0.4.2
[INFO] [stderr]    Compiling png v0.17.16
[INFO] [stderr]    Compiling terminal_size v0.4.2
[INFO] [stderr]    Compiling parking_lot_core v0.9.10
[INFO] [stderr]    Compiling thiserror v1.0.69
[INFO] [stderr]    Compiling qoi v0.4.1
[INFO] [stderr]    Compiling futures-sink v0.3.31
[INFO] [stderr]    Compiling futures-core v0.3.31
[INFO] [stderr]    Compiling getrandom v0.3.2
[INFO] [stderr]    Compiling clap_builder v4.5.37
[INFO] [stderr]    Compiling futures-channel v0.3.31
[INFO] [stderr]    Compiling parking_lot v0.12.3
[INFO] [stderr]    Compiling clap_derive v4.5.32
[INFO] [stderr]    Compiling futures-macro v0.3.31
[INFO] [stderr]    Compiling env_filter v0.1.3
[INFO] [stderr]    Compiling futures-task v0.3.31
[INFO] [stderr]    Compiling bumpalo v3.17.0
[INFO] [stderr]    Compiling futures-io v0.3.31
[INFO] [stderr]    Compiling rustix v0.38.44
[INFO] [stderr]    Compiling zopfli v0.8.2
[INFO] [stderr]    Compiling indexmap v2.9.0
[INFO] [stderr]    Compiling clap v4.5.37
[INFO] [stderr]    Compiling futures-util v0.3.31
[INFO] [stderr]    Compiling env_logger v0.11.8
[INFO] [stderr]    Compiling filetime v0.2.25
[INFO] [stderr]    Compiling rustc-hash v2.1.1
[INFO] [stderr]    Compiling fastrand v2.3.0
[INFO] [stderr]    Compiling crossterm v0.28.1
[INFO] [stderr]    Compiling tempfile v3.19.1
[INFO] [stderr]    Compiling tokio-macros v2.5.0
[INFO] [stderr]    Compiling ansi_colours v1.2.3
[INFO] [stderr]    Compiling console v0.15.11
[INFO] [stderr]    Compiling signal-hook-registry v1.4.5
[INFO] [stderr]    Compiling jpeg-encoder v0.6.1
[INFO] [stderr]    Compiling ravif v0.11.12
[INFO] [stderr]    Compiling tokio v1.44.2
[INFO] [stderr]    Compiling futures-executor v0.3.31
[INFO] [stderr]    Compiling image v0.25.6
[INFO] [stderr]    Compiling futures v0.3.31
[INFO] [stderr]    Compiling libdeflater v1.23.1
[INFO] [stderr]    Compiling oxipng v9.1.5
[INFO] [stderr]    Compiling viuer v0.9.1
[INFO] [stderr]    Compiling webp v0.3.0
[INFO] [stderr]    Compiling librusimg v0.1.1
[INFO] [stderr]    Compiling rusimg v0.1.2 (/opt/rustwide/workdir)
[INFO] [stderr]     Finished `release` profile [optimized] target(s) in 5m 00s
[INFO] running `Command { std: "docker" "inspect" "d558688c31f4d5ff2e164a05557425b72db8849e8bc467030a8ed5bfac2a1477", kill_on_drop: false }`
[INFO] running `Command { std: "docker" "exec" "-e" "SOURCE_DIR=/opt/rustwide/workdir" "-e" "CARGO_HOME=/opt/rustwide/cargo-home" "-e" "RUSTUP_HOME=/opt/rustwide/rustup-home" "-e" "CARGO_TARGET_DIR=/opt/rustwide/target" "-e" "CARGO_INCREMENTAL=0" "-e" "RUST_BACKTRACE=full" "-e" "RUSTFLAGS=--cap-lints=warn" "-e" "RUSTDOCFLAGS=--cap-lints=warn" "-w" "/opt/rustwide/workdir" "--user" "0:0" "d558688c31f4d5ff2e164a05557425b72db8849e8bc467030a8ed5bfac2a1477" "/opt/rustwide/cargo-home/bin/cargo" "+1.100.0-beta.1" "test" "--frozen" "--no-run" "--message-format=json" "--release", kill_on_drop: false }`
[INFO] [stderr]    Compiling rusimg v0.1.2 (/opt/rustwide/workdir)
[INFO] [stderr]     Finished `release` profile [optimized] target(s) in 4.26s
[INFO] running `Command { std: "docker" "inspect" "d558688c31f4d5ff2e164a05557425b72db8849e8bc467030a8ed5bfac2a1477", kill_on_drop: false }`
[INFO] running `Command { std: "docker" "exec" "-e" "SOURCE_DIR=/opt/rustwide/workdir" "-e" "CARGO_HOME=/opt/rustwide/cargo-home" "-e" "RUSTUP_HOME=/opt/rustwide/rustup-home" "-e" "CARGO_TARGET_DIR=/opt/rustwide/target" "-e" "CARGO_INCREMENTAL=0" "-e" "RUST_BACKTRACE=full" "-e" "RUSTFLAGS=--cap-lints=warn" "-e" "RUSTDOCFLAGS=--cap-lints=warn" "-w" "/opt/rustwide/workdir" "--user" "0:0" "d558688c31f4d5ff2e164a05557425b72db8849e8bc467030a8ed5bfac2a1477" "/opt/rustwide/cargo-home/bin/cargo" "+1.100.0-beta.1" "test" "--frozen" "--release", kill_on_drop: false }`
[INFO] [stderr]     Finished `release` profile [optimized] target(s) in 0.17s
[INFO] [stderr]      Running unittests src/bin/rusimg/main.rs (/opt/rustwide/target/release/build/rusimg/c9334d0943c178fc/out/rusimg-c9334d0943c178fc)
[INFO] [stdout] 
[INFO] [stdout] running 14 tests
[INFO] [stdout] test tests::run_test ... ignored
[INFO] [stdout] test tests::test_get_destination_extension ... ok
[INFO] [stdout] test tests::test_get_output_path ... FAILED
[INFO] [stdout] test tests::test_get_files_by_wildcard ... FAILED
[INFO] [stdout] test tests::test_get_files_in_dir ... FAILED
[INFO] [stdout] test tests::test_parser_default ... ok
[INFO] [stdout] test tests::test_resize_and_save ... FAILED
[INFO] [stdout] test tests::test_convert_str_to_extension ... ok
[INFO] [stdout] test tests::test_trim_and_save ... FAILED
[INFO] [stdout] test tests::test_get_extension ... ok
[INFO] [stdout] test tests::test_convert_and_save ... FAILED
[INFO] [stdout] test tests::test_check_file_exists ... FAILED
[INFO] [stdout] test tests::test_parser_error_cases ... ok
[INFO] [stdout] test tests::test_grayscale_and_save ... FAILED
[INFO] [stdout] 
[INFO] [stdout] failures:
[INFO] [stdout] 
[INFO] [stdout] ---- tests::test_get_output_path stdout ----
[INFO] [stdout] 
[INFO] [stdout] thread 'tests::test_get_output_path' (2236) panicked at src/bin/rusimg/main.rs:302:79:
[INFO] [stdout] called `Result::unwrap()` on an `Err` value: Os { code: 30, kind: ReadOnlyFilesystem, message: "Read-only file system" }
[INFO] [stdout] stack backtrace:
[INFO] [stdout]    0:     0x55ff4d02fe51 - <<std[617be2ca0a6fd877]::sys::backtrace::BacktraceLock>::print::DisplayBacktrace as core[a373ad73a504971]::fmt::Display>::fmt
[INFO] [stdout]    1:     0x55ff4d0480ea - core[a373ad73a504971]::fmt::write
[INFO] [stdout]    2:     0x55ff4d03513c - <alloc[2e1b2a31b91974c5]::vec::Vec<u8> as core[a373ad73a504971]::io::write::Write>::write_fmt
[INFO] [stdout]    3:     0x55ff4d009746 - std[617be2ca0a6fd877]::panicking::default_hook::{closure#0}
[INFO] [stdout]    4:     0x55ff4d0271c9 - std[617be2ca0a6fd877]::panicking::default_hook
[INFO] [stdout]    5:     0x55ff4c964b60 - test[aada8e7e76ba119b]::test_main_inner::{closure#0}
[INFO] [stdout]    6:     0x55ff4d0274f2 - std[617be2ca0a6fd877]::panicking::panic_with_hook
[INFO] [stdout]    7:     0x55ff4d0097f2 - std[617be2ca0a6fd877]::panicking::panic_handler::{closure#0}
[INFO] [stdout]    8:     0x55ff4d002299 - std[617be2ca0a6fd877]::sys::backtrace::__rust_end_short_backtrace::<std[617be2ca0a6fd877]::panicking::panic_handler::{closure#0}, !>
[INFO] [stdout]    9:     0x55ff4d00a47d - __rustc[ea4f61d10b84890b]::rust_begin_unwind
[INFO] [stdout]   10:     0x55ff4d0488cc - core[a373ad73a504971]::panicking::panic_fmt
[INFO] [stdout]   11:     0x55ff4d0486a2 - core[a373ad73a504971]::result::unwrap_failed
[INFO] [stdout]   12:     0x55ff4c956bc8 - rusimg[3125a6acdbbff58c]::get_output_path
[INFO] [stdout]   13:     0x55ff4c93bb59 - <rusimg[3125a6acdbbff58c]::tests::test_get_output_path::{closure#0} as core[a373ad73a504971]::ops::function::FnOnce<()>>::call_once
[INFO] [stdout]   14:     0x55ff4c957fab - test[aada8e7e76ba119b]::__rust_begin_short_backtrace::<core[a373ad73a504971]::result::Result<(), alloc[2e1b2a31b91974c5]::string::String>, fn() -> core[a373ad73a504971]::result::Result<(), alloc[2e1b2a31b91974c5]::string::String>>
[INFO] [stdout]   15:     0x55ff4c965185 - test[aada8e7e76ba119b]::run_test::{closure#0}
[INFO] [stdout]   16:     0x55ff4c95ea74 - std[617be2ca0a6fd877]::sys::backtrace::__rust_begin_short_backtrace::<test[aada8e7e76ba119b]::run_test::{closure#1}, ()>
[INFO] [stdout]   17:     0x55ff4c968212 - <std[617be2ca0a6fd877]::thread::lifecycle::spawn_unchecked<test[aada8e7e76ba119b]::run_test::{closure#1}, ()>::{closure#1} as core[a373ad73a504971]::ops::function::FnOnce<()>>::call_once::{shim:vtable#0}
[INFO] [stdout]   18:     0x55ff4d02f48f - <std[617be2ca0a6fd877]::sys::thread::unix::Thread>::new::thread_start
[INFO] [stdout]   19:     0x782ff6f3adfa - <unknown>
[INFO] [stdout]   20:     0x782ff6fce3d4 - clone
[INFO] [stdout]   21:                0x0 - <unknown>
[INFO] [stdout] 
[INFO] [stdout] ---- tests::test_get_files_by_wildcard stdout ----
[INFO] [stdout] 
[INFO] [stdout] thread 'tests::test_get_files_by_wildcard' (2234) panicked at src/bin/rusimg/main.rs:931:41:
[INFO] [stdout] called `Result::unwrap()` on an `Err` value: Os { code: 30, kind: ReadOnlyFilesystem, message: "Read-only file system" }
[INFO] [stdout] stack backtrace:
[INFO] [stdout]    0:     0x55ff4d02fe51 - <<std[617be2ca0a6fd877]::sys::backtrace::BacktraceLock>::print::DisplayBacktrace as core[a373ad73a504971]::fmt::Display>::fmt
[INFO] [stdout]    1:     0x55ff4d0480ea - core[a373ad73a504971]::fmt::write
[INFO] [stdout]    2:     0x55ff4d03513c - <alloc[2e1b2a31b91974c5]::vec::Vec<u8> as core[a373ad73a504971]::io::write::Write>::write_fmt
[INFO] [stdout]    3:     0x55ff4d009746 - std[617be2ca0a6fd877]::panicking::default_hook::{closure#0}
[INFO] [stdout]    4:     0x55ff4d0271c9 - std[617be2ca0a6fd877]::panicking::default_hook
[INFO] [stdout]    5:     0x55ff4c964b60 - test[aada8e7e76ba119b]::test_main_inner::{closure#0}
[INFO] [stdout]    6:     0x55ff4d0274f2 - std[617be2ca0a6fd877]::panicking::panic_with_hook
[INFO] [stdout]    7:     0x55ff4d0097f2 - std[617be2ca0a6fd877]::panicking::panic_handler::{closure#0}
[INFO] [stdout]    8:     0x55ff4d002299 - std[617be2ca0a6fd877]::sys::backtrace::__rust_end_short_backtrace::<std[617be2ca0a6fd877]::panicking::panic_handler::{closure#0}, !>
[INFO] [stdout]    9:     0x55ff4d00a47d - __rustc[ea4f61d10b84890b]::rust_begin_unwind
[INFO] [stdout]   10:     0x55ff4d0488cc - core[a373ad73a504971]::panicking::panic_fmt
[INFO] [stdout]   11:     0x55ff4d0486a2 - core[a373ad73a504971]::result::unwrap_failed
[INFO] [stdout]   12:     0x55ff4c93da2b - <rusimg[3125a6acdbbff58c]::tests::test_get_files_by_wildcard::{closure#0} as core[a373ad73a504971]::ops::function::FnOnce<()>>::call_once
[INFO] [stdout]   13:     0x55ff4c957fab - test[aada8e7e76ba119b]::__rust_begin_short_backtrace::<core[a373ad73a504971]::result::Result<(), alloc[2e1b2a31b91974c5]::string::String>, fn() -> core[a373ad73a504971]::result::Result<(), alloc[2e1b2a31b91974c5]::string::String>>
[INFO] [stdout]   14:     0x55ff4c965185 - test[aada8e7e76ba119b]::run_test::{closure#0}
[INFO] [stdout]   15:     0x55ff4c95ea74 - std[617be2ca0a6fd877]::sys::backtrace::__rust_begin_short_backtrace::<test[aada8e7e76ba119b]::run_test::{closure#1}, ()>
[INFO] [stdout]   16:     0x55ff4c968212 - <std[617be2ca0a6fd877]::thread::lifecycle::spawn_unchecked<test[aada8e7e76ba119b]::run_test::{closure#1}, ()>::{closure#1} as core[a373ad73a504971]::ops::function::FnOnce<()>>::call_once::{shim:vtable#0}
[INFO] [stdout]   17:     0x55ff4d02f48f - <std[617be2ca0a6fd877]::sys::thread::unix::Thread>::new::thread_start
[INFO] [stdout]   18:     0x782ff6f3adfa - <unknown>
[INFO] [stdout]   19:     0x782ff6fce3d4 - clone
[INFO] [stdout]   20:                0x0 - <unknown>
[INFO] [stdout] 
[INFO] [stdout] ---- tests::test_get_files_in_dir stdout ----
[INFO] [stdout] 
[INFO] [stdout] thread 'tests::test_get_files_in_dir' (2235) panicked at src/bin/rusimg/main.rs:914:39:
[INFO] [stdout] called `Result::unwrap()` on an `Err` value: Os { code: 30, kind: ReadOnlyFilesystem, message: "Read-only file system" }
[INFO] [stdout] stack backtrace:
[INFO] [stdout]    0:     0x55ff4d02fe51 - <<std[617be2ca0a6fd877]::sys::backtrace::BacktraceLock>::print::DisplayBacktrace as core[a373ad73a504971]::fmt::Display>::fmt
[INFO] [stdout]    1:     0x55ff4d0480ea - core[a373ad73a504971]::fmt::write
[INFO] [stdout]    2:     0x55ff4d03513c - <alloc[2e1b2a31b91974c5]::vec::Vec<u8> as core[a373ad73a504971]::io::write::Write>::write_fmt
[INFO] [stdout]    3:     0x55ff4d009746 - std[617be2ca0a6fd877]::panicking::default_hook::{closure#0}
[INFO] [stdout]    4:     0x55ff4d0271c9 - std[617be2ca0a6fd877]::panicking::default_hook
[INFO] [stdout]    5:     0x55ff4c964b60 - test[aada8e7e76ba119b]::test_main_inner::{closure#0}
[INFO] [stdout]    6:     0x55ff4d0274f2 - std[617be2ca0a6fd877]::panicking::panic_with_hook
[INFO] [stdout]    7:     0x55ff4d0097f2 - std[617be2ca0a6fd877]::panicking::panic_handler::{closure#0}
[INFO] [stdout]    8:     0x55ff4d002299 - std[617be2ca0a6fd877]::sys::backtrace::__rust_end_short_backtrace::<std[617be2ca0a6fd877]::panicking::panic_handler::{closure#0}, !>
[INFO] [stdout]    9:     0x55ff4d00a47d - __rustc[ea4f61d10b84890b]::rust_begin_unwind
[INFO] [stdout]   10:     0x55ff4d0488cc - core[a373ad73a504971]::panicking::panic_fmt
[INFO] [stdout]   11:     0x55ff4d0486a2 - core[a373ad73a504971]::result::unwrap_failed
[INFO] [stdout]   12:     0x55ff4c93cdc3 - <rusimg[3125a6acdbbff58c]::tests::test_get_files_in_dir::{closure#0} as core[a373ad73a504971]::ops::function::FnOnce<()>>::call_once
[INFO] [stdout]   13:     0x55ff4c957fab - test[aada8e7e76ba119b]::__rust_begin_short_backtrace::<core[a373ad73a504971]::result::Result<(), alloc[2e1b2a31b91974c5]::string::String>, fn() -> core[a373ad73a504971]::result::Result<(), alloc[2e1b2a31b91974c5]::string::String>>
[INFO] [stdout]   14:     0x55ff4c965185 - test[aada8e7e76ba119b]::run_test::{closure#0}
[INFO] [stdout]   15:     0x55ff4c95ea74 - std[617be2ca0a6fd877]::sys::backtrace::__rust_begin_short_backtrace::<test[aada8e7e76ba119b]::run_test::{closure#1}, ()>
[INFO] [stdout]   16:     0x55ff4c968212 - <std[617be2ca0a6fd877]::thread::lifecycle::spawn_unchecked<test[aada8e7e76ba119b]::run_test::{closure#1}, ()>::{closure#1} as core[a373ad73a504971]::ops::function::FnOnce<()>>::call_once::{shim:vtable#0}
[INFO] [stdout]   17:     0x55ff4d02f48f - <std[617be2ca0a6fd877]::sys::thread::unix::Thread>::new::thread_start
[INFO] [stdout]   18:     0x782ff6f3adfa - <unknown>
[INFO] [stdout]   19:     0x782ff6fce3d4 - clone
[INFO] [stdout]   20:                0x0 - <unknown>
[INFO] [stdout] 
[INFO] [stdout] ---- tests::test_resize_and_save stdout ----
[INFO] [stdout] 
[INFO] [stdout] thread 'tests::test_resize_and_save' (2240) panicked at src/bin/rusimg/main.rs:908:47:
[INFO] [stdout] called `Result::unwrap()` on an `Err` value: FailedToSaveImage("Read-only file system (os error 30)")
[INFO] [stdout] stack backtrace:
[INFO] [stdout]    0:     0x55ff4d02fe51 - <<std[617be2ca0a6fd877]::sys::backtrace::BacktraceLock>::print::DisplayBacktrace as core[a373ad73a504971]::fmt::Display>::fmt
[INFO] [stdout]    1:     0x55ff4d0480ea - core[a373ad73a504971]::fmt::write
[INFO] [stdout]    2:     0x55ff4d03513c - <alloc[2e1b2a31b91974c5]::vec::Vec<u8> as core[a373ad73a504971]::io::write::Write>::write_fmt
[INFO] [stdout]    3:     0x55ff4d009746 - std[617be2ca0a6fd877]::panicking::default_hook::{closure#0}
[INFO] [stdout]    4:     0x55ff4d0271c9 - std[617be2ca0a6fd877]::panicking::default_hook
[INFO] [stdout]    5:     0x55ff4c964b60 - test[aada8e7e76ba119b]::test_main_inner::{closure#0}
[INFO] [stdout]    6:     0x55ff4d0274f2 - std[617be2ca0a6fd877]::panicking::panic_with_hook
[INFO] [stdout]    7:     0x55ff4d0097f2 - std[617be2ca0a6fd877]::panicking::panic_handler::{closure#0}
[INFO] [stdout]    8:     0x55ff4d002299 - std[617be2ca0a6fd877]::sys::backtrace::__rust_end_short_backtrace::<std[617be2ca0a6fd877]::panicking::panic_handler::{closure#0}, !>
[INFO] [stdout]    9:     0x55ff4d00a47d - __rustc[ea4f61d10b84890b]::rust_begin_unwind
[INFO] [stdout]   10:     0x55ff4d0488cc - core[a373ad73a504971]::panicking::panic_fmt
[INFO] [stdout]   11:     0x55ff4d0486a2 - core[a373ad73a504971]::result::unwrap_failed
[INFO] [stdout]   12:     0x55ff4c93a5c4 - rusimg[3125a6acdbbff58c]::tests::generate_test_image
[INFO] [stdout]   13:     0x55ff4c93c037 - <rusimg[3125a6acdbbff58c]::tests::test_resize_and_save::{closure#0} as core[a373ad73a504971]::ops::function::FnOnce<()>>::call_once
[INFO] [stdout]   14:     0x55ff4c957fab - test[aada8e7e76ba119b]::__rust_begin_short_backtrace::<core[a373ad73a504971]::result::Result<(), alloc[2e1b2a31b91974c5]::string::String>, fn() -> core[a373ad73a504971]::result::Result<(), alloc[2e1b2a31b91974c5]::string::String>>
[INFO] [stdout]   15:     0x55ff4c965185 - test[aada8e7e76ba119b]::run_test::{closure#0}
[INFO] [stdout]   16:     0x55ff4c95ea74 - std[617be2ca0a6fd877]::sys::backtrace::__rust_begin_short_backtrace::<test[aada8e7e76ba119b]::run_test::{closure#1}, ()>
[INFO] [stdout]   17:     0x55ff4c968212 - <std[617be2ca0a6fd877]::thread::lifecycle::spawn_unchecked<test[aada8e7e76ba119b]::run_test::{closure#1}, ()>::{closure#1} as core[a373ad73a504971]::ops::function::FnOnce<()>>::call_once::{shim:vtable#0}
[INFO] [stdout]   18:     0x55ff4d02f48f - <std[617be2ca0a6fd877]::sys::thread::unix::Thread>::new::thread_start
[INFO] [stdout]   19:     0x782ff6f3adfa - <unknown>
[INFO] [stdout]   20:     0x782ff6fce3d4 - clone
[INFO] [stdout]   21:                0x0 - <unknown>
[INFO] [stdout] 
[INFO] [stdout] ---- tests::test_trim_and_save stdout ----
[INFO] [stdout] 
[INFO] [stdout] thread 'tests::test_trim_and_save' (2241) panicked at src/bin/rusimg/main.rs:908:47:
[INFO] [stdout] called `Result::unwrap()` on an `Err` value: FailedToSaveImage("Read-only file system (os error 30)")
[INFO] [stdout] stack backtrace:
[INFO] [stdout]    0:     0x55ff4d02fe51 - <<std[617be2ca0a6fd877]::sys::backtrace::BacktraceLock>::print::DisplayBacktrace as core[a373ad73a504971]::fmt::Display>::fmt
[INFO] [stdout]    1:     0x55ff4d0480ea - core[a373ad73a504971]::fmt::write
[INFO] [stdout]    2:     0x55ff4d03513c - <alloc[2e1b2a31b91974c5]::vec::Vec<u8> as core[a373ad73a504971]::io::write::Write>::write_fmt
[INFO] [stdout]    3:     0x55ff4d009746 - std[617be2ca0a6fd877]::panicking::default_hook::{closure#0}
[INFO] [stdout]    4:     0x55ff4d0271c9 - std[617be2ca0a6fd877]::panicking::default_hook
[INFO] [stdout]    5:     0x55ff4c964b60 - test[aada8e7e76ba119b]::test_main_inner::{closure#0}
[INFO] [stdout]    6:     0x55ff4d0274f2 - std[617be2ca0a6fd877]::panicking::panic_with_hook
[INFO] [stdout]    7:     0x55ff4d0097f2 - std[617be2ca0a6fd877]::panicking::panic_handler::{closure#0}
[INFO] [stdout]    8:     0x55ff4d002299 - std[617be2ca0a6fd877]::sys::backtrace::__rust_end_short_backtrace::<std[617be2ca0a6fd877]::panicking::panic_handler::{closure#0}, !>
[INFO] [stdout]    9:     0x55ff4d00a47d - __rustc[ea4f61d10b84890b]::rust_begin_unwind
[INFO] [stdout]   10:     0x55ff4d0488cc - core[a373ad73a504971]::panicking::panic_fmt
[INFO] [stdout]   11:     0x55ff4d0486a2 - core[a373ad73a504971]::result::unwrap_failed
[INFO] [stdout]   12:     0x55ff4c93a5c4 - rusimg[3125a6acdbbff58c]::tests::generate_test_image
[INFO] [stdout]   13:     0x55ff4c93b147 - <rusimg[3125a6acdbbff58c]::tests::test_trim_and_save::{closure#0} as core[a373ad73a504971]::ops::function::FnOnce<()>>::call_once
[INFO] [stdout]   14:     0x55ff4c957fab - test[aada8e7e76ba119b]::__rust_begin_short_backtrace::<core[a373ad73a504971]::result::Result<(), alloc[2e1b2a31b91974c5]::string::String>, fn() -> core[a373ad73a504971]::result::Result<(), alloc[2e1b2a31b91974c5]::string::String>>
[INFO] [stdout]   15:     0x55ff4c965185 - test[aada8e7e76ba119b]::run_test::{closure#0}
[INFO] [stdout]   16:     0x55ff4c95ea74 - std[617be2ca0a6fd877]::sys::backtrace::__rust_begin_short_backtrace::<test[aada8e7e76ba119b]::run_test::{closure#1}, ()>
[INFO] [stdout]   17:     0x55ff4c968212 - <std[617be2ca0a6fd877]::thread::lifecycle::spawn_unchecked<test[aada8e7e76ba119b]::run_test::{closure#1}, ()>::{closure#1} as core[a373ad73a504971]::ops::function::FnOnce<()>>::call_once::{shim:vtable#0}
[INFO] [stdout]   18:     0x55ff4d02f48f - <std[617be2ca0a6fd877]::sys::thread::unix::Thread>::new::thread_start
[INFO] [stdout]   19:     0x782ff6f3adfa - <unknown>
[INFO] [stdout]   20:     0x782ff6fce3d4 - clone
[INFO] [stdout]   21:                0x0 - <unknown>
[INFO] [stdout] 
[INFO] [stdout] ---- tests::test_convert_and_save stdout ----
[INFO] [stdout] 
[INFO] [stdout] thread 'tests::test_convert_and_save' (2230) panicked at src/bin/rusimg/main.rs:908:47:
[INFO] [stdout] called `Result::unwrap()` on an `Err` value: FailedToSaveImage("Read-only file system (os error 30)")
[INFO] [stdout] stack backtrace:
[INFO] [stdout]    0:     0x55ff4d02fe51 - <<std[617be2ca0a6fd877]::sys::backtrace::BacktraceLock>::print::DisplayBacktrace as core[a373ad73a504971]::fmt::Display>::fmt
[INFO] [stdout]    1:     0x55ff4d0480ea - core[a373ad73a504971]::fmt::write
[INFO] [stdout]    2:     0x55ff4d03513c - <alloc[2e1b2a31b91974c5]::vec::Vec<u8> as core[a373ad73a504971]::io::write::Write>::write_fmt
[INFO] [stdout]    3:     0x55ff4d009746 - std[617be2ca0a6fd877]::panicking::default_hook::{closure#0}
[INFO] [stdout]    4:     0x55ff4d0271c9 - std[617be2ca0a6fd877]::panicking::default_hook
[INFO] [stdout]    5:     0x55ff4c964b60 - test[aada8e7e76ba119b]::test_main_inner::{closure#0}
[INFO] [stdout]    6:     0x55ff4d0274f2 - std[617be2ca0a6fd877]::panicking::panic_with_hook
[INFO] [stdout]    7:     0x55ff4d0097f2 - std[617be2ca0a6fd877]::panicking::panic_handler::{closure#0}
[INFO] [stdout]    8:     0x55ff4d002299 - std[617be2ca0a6fd877]::sys::backtrace::__rust_end_short_backtrace::<std[617be2ca0a6fd877]::panicking::panic_handler::{closure#0}, !>
[INFO] [stdout]    9:     0x55ff4d00a47d - __rustc[ea4f61d10b84890b]::rust_begin_unwind
[INFO] [stdout]   10:     0x55ff4d0488cc - core[a373ad73a504971]::panicking::panic_fmt
[INFO] [stdout]   11:     0x55ff4d0486a2 - core[a373ad73a504971]::result::unwrap_failed
[INFO] [stdout]   12:     0x55ff4c93a5c4 - rusimg[3125a6acdbbff58c]::tests::generate_test_image
[INFO] [stdout]   13:     0x55ff4c93c6a7 - <rusimg[3125a6acdbbff58c]::tests::test_convert_and_save::{closure#0} as core[a373ad73a504971]::ops::function::FnOnce<()>>::call_once
[INFO] [stdout]   14:     0x55ff4c957fab - test[aada8e7e76ba119b]::__rust_begin_short_backtrace::<core[a373ad73a504971]::result::Result<(), alloc[2e1b2a31b91974c5]::string::String>, fn() -> core[a373ad73a504971]::result::Result<(), alloc[2e1b2a31b91974c5]::string::String>>
[INFO] [stdout]   15:     0x55ff4c965185 - test[aada8e7e76ba119b]::run_test::{closure#0}
[INFO] [stdout]   16:     0x55ff4c95ea74 - std[617be2ca0a6fd877]::sys::backtrace::__rust_begin_short_backtrace::<test[aada8e7e76ba119b]::run_test::{closure#1}, ()>
[INFO] [stdout]   17:     0x55ff4c968212 - <std[617be2ca0a6fd877]::thread::lifecycle::spawn_unchecked<test[aada8e7e76ba119b]::run_test::{closure#1}, ()>::{closure#1} as core[a373ad73a504971]::ops::function::FnOnce<()>>::call_once::{shim:vtable#0}
[INFO] [stdout]   18:     0x55ff4d02f48f - <std[617be2ca0a6fd877]::sys::thread::unix::Thread>::new::thread_start
[INFO] [stdout]   19:     0x782ff6f3adfa - <unknown>
[INFO] [stdout]   20:     0x782ff6fce3d4 - clone
[INFO] [stdout]   21:                0x0 - <unknown>
[INFO] [stdout] 
[INFO] [stdout] ---- tests::test_check_file_exists stdout ----
[INFO] [stdout] 
[INFO] [stdout] thread 'tests::test_check_file_exists' (2229) panicked at src/bin/rusimg/main.rs:1008:35:
[INFO] [stdout] called `Result::unwrap()` on an `Err` value: Os { code: 30, kind: ReadOnlyFilesystem, message: "Read-only file system" }
[INFO] [stdout] stack backtrace:
[INFO] [stdout]    0:     0x55ff4d02fe51 - <<std[617be2ca0a6fd877]::sys::backtrace::BacktraceLock>::print::DisplayBacktrace as core[a373ad73a504971]::fmt::Display>::fmt
[INFO] [stdout]    1:     0x55ff4d0480ea - core[a373ad73a504971]::fmt::write
[INFO] [stdout]    2:     0x55ff4d03513c - <alloc[2e1b2a31b91974c5]::vec::Vec<u8> as core[a373ad73a504971]::io::write::Write>::write_fmt
[INFO] [stdout]    3:     0x55ff4d009746 - std[617be2ca0a6fd877]::panicking::default_hook::{closure#0}
[INFO] [stdout]    4:     0x55ff4d0271c9 - std[617be2ca0a6fd877]::panicking::default_hook
[INFO] [stdout]    5:     0x55ff4c964b60 - test[aada8e7e76ba119b]::test_main_inner::{closure#0}
[INFO] [stdout]    6:     0x55ff4d0274f2 - std[617be2ca0a6fd877]::panicking::panic_with_hook
[INFO] [stdout]    7:     0x55ff4d0097f2 - std[617be2ca0a6fd877]::panicking::panic_handler::{closure#0}
[INFO] [stdout]    8:     0x55ff4d002299 - std[617be2ca0a6fd877]::sys::backtrace::__rust_end_short_backtrace::<std[617be2ca0a6fd877]::panicking::panic_handler::{closure#0}, !>
[INFO] [stdout]    9:     0x55ff4d00a47d - __rustc[ea4f61d10b84890b]::rust_begin_unwind
[INFO] [stdout]   10:     0x55ff4d0488cc - core[a373ad73a504971]::panicking::panic_fmt
[INFO] [stdout]   11:     0x55ff4d0486a2 - core[a373ad73a504971]::result::unwrap_failed
[INFO] [stdout]   12:     0x55ff4c93d0e5 - <rusimg[3125a6acdbbff58c]::tests::test_check_file_exists::{closure#0} as core[a373ad73a504971]::ops::function::FnOnce<()>>::call_once
[INFO] [stdout]   13:     0x55ff4c957fab - test[aada8e7e76ba119b]::__rust_begin_short_backtrace::<core[a373ad73a504971]::result::Result<(), alloc[2e1b2a31b91974c5]::string::String>, fn() -> core[a373ad73a504971]::result::Result<(), alloc[2e1b2a31b91974c5]::string::String>>
[INFO] [stdout]   14:     0x55ff4c965185 - test[aada8e7e76ba119b]::run_test::{closure#0}
[INFO] [stdout]   15:     0x55ff4c95ea74 - std[617be2ca0a6fd877]::sys::backtrace::__rust_begin_short_backtrace::<test[aada8e7e76ba119b]::run_test::{closure#1}, ()>
[INFO] [stdout]   16:     0x55ff4c968212 - <std[617be2ca0a6fd877]::thread::lifecycle::spawn_unchecked<test[aada8e7e76ba119b]::run_test::{closure#1}, ()>::{closure#1} as core[a373ad73a504971]::ops::function::FnOnce<()>>::call_once::{shim:vtable#0}
[INFO] [stdout]   17:     0x55ff4d02f48f - <std[617be2ca0a6fd877]::sys::thread::unix::Thread>::new::thread_start
[INFO] [stdout]   18:     0x782ff6f3adfa - <unknown>
[INFO] [stdout]   19:     0x782ff6fce3d4 - clone
[INFO] [stdout]   20:                0x0 - <unknown>
[INFO] [stdout] 
[INFO] [stdout] ---- tests::test_grayscale_and_save stdout ----
[INFO] [stdout] 
[INFO] [stdout] thread 'tests::test_grayscale_and_save' (2237) panicked at src/bin/rusimg/main.rs:908:47:
[INFO] [stdout] called `Result::unwrap()` on an `Err` value: FailedToSaveImage("Read-only file system (os error 30)")
[INFO] [stdout] stack backtrace:
[INFO] [stdout]    0:     0x55ff4d02fe51 - <<std[617be2ca0a6fd877]::sys::backtrace::BacktraceLock>::print::DisplayBacktrace as core[a373ad73a504971]::fmt::Display>::fmt
[INFO] [stdout]    1:     0x55ff4d0480ea - core[a373ad73a504971]::fmt::write
[INFO] [stdout]    2:     0x55ff4d03513c - <alloc[2e1b2a31b91974c5]::vec::Vec<u8> as core[a373ad73a504971]::io::write::Write>::write_fmt
[INFO] [stdout]    3:     0x55ff4d009746 - std[617be2ca0a6fd877]::panicking::default_hook::{closure#0}
[INFO] [stdout]    4:     0x55ff4d0271c9 - std[617be2ca0a6fd877]::panicking::default_hook
[INFO] [stdout]    5:     0x55ff4c964b60 - test[aada8e7e76ba119b]::test_main_inner::{closure#0}
[INFO] [stdout]    6:     0x55ff4d0274f2 - std[617be2ca0a6fd877]::panicking::panic_with_hook
[INFO] [stdout]    7:     0x55ff4d0097f2 - std[617be2ca0a6fd877]::panicking::panic_handler::{closure#0}
[INFO] [stdout]    8:     0x55ff4d002299 - std[617be2ca0a6fd877]::sys::backtrace::__rust_end_short_backtrace::<std[617be2ca0a6fd877]::panicking::panic_handler::{closure#0}, !>
[INFO] [stdout]    9:     0x55ff4d00a47d - __rustc[ea4f61d10b84890b]::rust_begin_unwind
[INFO] [stdout]   10:     0x55ff4d0488cc - core[a373ad73a504971]::panicking::panic_fmt
[INFO] [stdout]   11:     0x55ff4d0486a2 - core[a373ad73a504971]::result::unwrap_failed
[INFO] [stdout]   12:     0x55ff4c93a5c4 - rusimg[3125a6acdbbff58c]::tests::generate_test_image
[INFO] [stdout]   13:     0x55ff4c93d277 - <rusimg[3125a6acdbbff58c]::tests::test_grayscale_and_save::{closure#0} as core[a373ad73a504971]::ops::function::FnOnce<()>>::call_once
[INFO] [stdout]   14:     0x55ff4c957fab - test[aada8e7e76ba119b]::__rust_begin_short_backtrace::<core[a373ad73a504971]::result::Result<(), alloc[2e1b2a31b91974c5]::string::String>, fn() -> core[a373ad73a504971]::result::Result<(), alloc[2e1b2a31b91974c5]::string::String>>
[INFO] [stdout]   15:     0x55ff4c965185 - test[aada8e7e76ba119b]::run_test::{closure#0}
[INFO] [stdout]   16:     0x55ff4c95ea74 - std[617be2ca0a6fd877]::sys::backtrace::__rust_begin_short_backtrace::<test[aada8e7e76ba119b]::run_test::{closure#1}, ()>
[INFO] [stdout]   17:     0x55ff4c968212 - <std[617be2ca0a6fd877]::thread::lifecycle::spawn_unchecked<test[aada8e7e76ba119b]::run_test::{closure#1}, ()>::{closure#1} as core[a373ad73a504971]::ops::function::FnOnce<()>>::call_once::{shim:vtable#0}
[INFO] [stdout]   18:     0x55ff4d02f48f - <std[617be2ca0a6fd877]::sys::thread::unix::Thread>::new::thread_start
[INFO] [stdout]   19:     0x782ff6f3adfa - <unknown>
[INFO] [stdout]   20:     0x782ff6fce3d4 - clone
[INFO] [stdout]   21:                0x0 - <unknown>
[INFO] [stdout] 
[INFO] [stdout] 
[INFO] [stdout] failures:
[INFO] [stdout]     tests::test_check_file_exists
[INFO] [stdout]     tests::test_convert_and_save
[INFO] [stdout]     tests::test_get_files_by_wildcard
[INFO] [stdout]     tests::test_get_files_in_dir
[INFO] [stdout]     tests::test_get_output_path
[INFO] [stdout]     tests::test_grayscale_and_save
[INFO] [stdout]     tests::test_resize_and_save
[INFO] [stdout]     tests::test_trim_and_save
[INFO] [stdout] 
[INFO] [stdout] test result: FAILED. 5 passed; 8 failed; 1 ignored; 0 measured; 0 filtered out; finished in 0.01s
[INFO] [stdout] 
[INFO] [stderr] error: test failed, to rerun pass `--bin rusimg`
[INFO] running `Command { std: "docker" "inspect" "d558688c31f4d5ff2e164a05557425b72db8849e8bc467030a8ed5bfac2a1477", kill_on_drop: false }`
[INFO] running `Command { std: "docker" "rm" "-f" "d558688c31f4d5ff2e164a05557425b72db8849e8bc467030a8ed5bfac2a1477", kill_on_drop: false }`
[INFO] [stdout] d558688c31f4d5ff2e164a05557425b72db8849e8bc467030a8ed5bfac2a1477
