[INFO] fetching crate rushdown 0.18.0...
[INFO] testing rushdown-0.18.0 against 1.100.0-beta.1+cargoflags=--release for beta-release-1.100-2
[INFO] extracting crate rushdown 0.18.0 into /workspace/builds/worker-7-tc2/source
[INFO] started tweaking crates.io crate rushdown 0.18.0
[INFO] removed 0 missing tests
[INFO] finished tweaking crates.io crate rushdown 0.18.0
[INFO] tweaked toml for crates.io crate rushdown 0.18.0 written to /workspace/builds/worker-7-tc2/source/Cargo.toml
[INFO] validating manifest of crates.io crate rushdown 0.18.0 on toolchain 1.100.0-beta.1
[INFO] running `Command { std: CARGO_HOME="/workspace/cargo-home" RUSTUP_HOME="/workspace/rustup-home" "/workspace/cargo-home/bin/cargo" "+1.100.0-beta.1" "metadata" "--manifest-path" "Cargo.toml" "--no-deps", kill_on_drop: false }`
[INFO] crate crates.io crate rushdown 0.18.0 already has a lockfile, it will not be regenerated
[INFO] running `Command { std: CARGO_HOME="/workspace/cargo-home" RUSTUP_HOME="/workspace/rustup-home" "/workspace/cargo-home/bin/cargo" "+1.100.0-beta.1" "fetch" "--manifest-path" "Cargo.toml", kill_on_drop: false }`
[INFO] [stderr] warning: `package.homepage` is redundant with `package.repository`
[INFO] [stderr]   --> Cargo.toml:91:12
[INFO] [stderr]    |
[INFO] [stderr] 91 | homepage = "https://github.com/yuin/rushdown"
[INFO] [stderr]    |            ^^^^^^^^^^^^^^^^^^^^^^^^^^^^^^^^^^
[INFO] [stderr] ...
[INFO] [stderr] 96 | repository = "https://github.com/yuin/rushdown"
[INFO] [stderr]    |              ----------------------------------
[INFO] [stderr]    |
[INFO] [stderr]    = note: `cargo::redundant_homepage` is set to `warn` by default
[INFO] [stderr] help: consider removing `package.homepage`
[INFO] [stderr] warning: `rushdown` (manifest) generated 1 warning
[INFO] running `Command { std: "docker" "create" "-v" "/var/lib/crater-agent-workspace/builds/worker-7-tc2/source:/opt/rustwide/workdir:ro,Z" "-v" "/var/lib/crater-agent-workspace/builds/worker-7-tc2/target:/opt/rustwide/target:rw,Z" "-v" "/var/lib/crater-agent-workspace/cargo-home:/opt/rustwide/cargo-home:ro,Z" "-v" "/var/lib/crater-agent-workspace/rustup-home:/opt/rustwide/rustup-home:ro,Z" "-m" "1610612736" "--network" "none" "ghcr.io/rust-lang/crates-build-env/linux@sha256:77db811e55d90add9212f6832c23229e3de5f1c1f9905e8cb07319ea15df73ac" "sleep" "infinity", kill_on_drop: false }`
[INFO] [stdout] affc8ef4d3e80740493609ff20d4f50b383711277c4cfa3a5a7660fbaf0e496f
[INFO] running `Command { std: "docker" "start" "affc8ef4d3e80740493609ff20d4f50b383711277c4cfa3a5a7660fbaf0e496f", kill_on_drop: false }`
[INFO] running `Command { std: "docker" "inspect" "affc8ef4d3e80740493609ff20d4f50b383711277c4cfa3a5a7660fbaf0e496f", kill_on_drop: false }`
[INFO] running `Command { std: "docker" "exec" "-e" "SOURCE_DIR=/opt/rustwide/workdir" "-e" "CARGO_HOME=/opt/rustwide/cargo-home" "-e" "RUSTUP_HOME=/opt/rustwide/rustup-home" "-e" "CARGO_TARGET_DIR=/opt/rustwide/target" "-w" "/opt/rustwide/workdir" "--user" "0:0" "affc8ef4d3e80740493609ff20d4f50b383711277c4cfa3a5a7660fbaf0e496f" "/opt/rustwide/cargo-home/bin/cargo" "+1.100.0-beta.1" "metadata" "--no-deps" "--format-version=1", kill_on_drop: false }`
[INFO] running `Command { std: "docker" "inspect" "affc8ef4d3e80740493609ff20d4f50b383711277c4cfa3a5a7660fbaf0e496f", kill_on_drop: false }`
[INFO] running `Command { std: "docker" "exec" "-e" "SOURCE_DIR=/opt/rustwide/workdir" "-e" "CARGO_HOME=/opt/rustwide/cargo-home" "-e" "RUSTUP_HOME=/opt/rustwide/rustup-home" "-e" "CARGO_TARGET_DIR=/opt/rustwide/target" "-e" "CARGO_INCREMENTAL=0" "-e" "RUST_BACKTRACE=full" "-e" "RUSTFLAGS=--cap-lints=warn" "-e" "RUSTDOCFLAGS=--cap-lints=warn" "-w" "/opt/rustwide/workdir" "--user" "0:0" "affc8ef4d3e80740493609ff20d4f50b383711277c4cfa3a5a7660fbaf0e496f" "/opt/rustwide/cargo-home/bin/cargo" "+1.100.0-beta.1" "build" "--frozen" "--message-format=json" "--release", kill_on_drop: false }`
[INFO] [stderr] warning: `package.homepage` is redundant with `package.repository`
[INFO] [stderr]   --> Cargo.toml:91:12
[INFO] [stderr]    |
[INFO] [stderr] 91 | homepage = "https://github.com/yuin/rushdown"
[INFO] [stderr]    |            ^^^^^^^^^^^^^^^^^^^^^^^^^^^^^^^^^^
[INFO] [stderr] ...
[INFO] [stderr] 96 | repository = "https://github.com/yuin/rushdown"
[INFO] [stderr]    |              ----------------------------------
[INFO] [stderr]    |
[INFO] [stderr]    = note: `cargo::redundant_homepage` is set to `warn` by default
[INFO] [stderr] help: consider removing `package.homepage`
[INFO] [stderr] warning: `rushdown` (manifest) generated 1 warning
[INFO] [stderr]    Compiling siphasher v1.0.1
[INFO] [stderr]    Compiling fastrand v2.3.0
[INFO] [stderr]    Compiling bitflags v2.10.0
[INFO] [stderr]    Compiling memchr v2.7.6
[INFO] [stderr]    Compiling phf_shared v0.13.1
[INFO] [stderr]    Compiling phf_generator v0.13.1
[INFO] [stderr]    Compiling phf v0.13.1
[INFO] [stderr]    Compiling phf_codegen v0.13.1
[INFO] [stderr]    Compiling rushdown v0.18.0 (/opt/rustwide/workdir)
[INFO] [stderr] warning: unused dependency `phf`
[INFO] [stderr]   --> Cargo.toml:11:21
[INFO] [stderr]    |
[INFO] [stderr] 11 | [build-dependencies.phf]
[INFO] [stderr]    |                     ^^^^
[INFO] [stderr]    |
[INFO] [stderr]    = note: `cargo::unused_dependencies` is set to `warn` by default
[INFO] [stderr] help: consider removing the dependency on `phf`
[INFO] [stderr] warning: `rushdown` (manifest) generated 1 warning
[INFO] [stderr]     Finished `release` profile [optimized] target(s) in 10.63s
[INFO] running `Command { std: "docker" "inspect" "affc8ef4d3e80740493609ff20d4f50b383711277c4cfa3a5a7660fbaf0e496f", kill_on_drop: false }`
[INFO] running `Command { std: "docker" "exec" "-e" "SOURCE_DIR=/opt/rustwide/workdir" "-e" "CARGO_HOME=/opt/rustwide/cargo-home" "-e" "RUSTUP_HOME=/opt/rustwide/rustup-home" "-e" "CARGO_TARGET_DIR=/opt/rustwide/target" "-e" "CARGO_INCREMENTAL=0" "-e" "RUST_BACKTRACE=full" "-e" "RUSTFLAGS=--cap-lints=warn" "-e" "RUSTDOCFLAGS=--cap-lints=warn" "-w" "/opt/rustwide/workdir" "--user" "0:0" "affc8ef4d3e80740493609ff20d4f50b383711277c4cfa3a5a7660fbaf0e496f" "/opt/rustwide/cargo-home/bin/cargo" "+1.100.0-beta.1" "test" "--frozen" "--no-run" "--message-format=json" "--release", kill_on_drop: false }`
[INFO] [stderr] warning: `package.homepage` is redundant with `package.repository`
[INFO] [stderr]   --> Cargo.toml:91:12
[INFO] [stderr]    |
[INFO] [stderr] 91 | homepage = "https://github.com/yuin/rushdown"
[INFO] [stderr]    |            ^^^^^^^^^^^^^^^^^^^^^^^^^^^^^^^^^^
[INFO] [stderr] ...
[INFO] [stderr] 96 | repository = "https://github.com/yuin/rushdown"
[INFO] [stderr]    |              ----------------------------------
[INFO] [stderr]    |
[INFO] [stderr]    = note: `cargo::redundant_homepage` is set to `warn` by default
[INFO] [stderr] help: consider removing `package.homepage`
[INFO] [stderr] warning: `rushdown` (manifest) generated 1 warning
[INFO] [stderr]    Compiling proc-macro2 v1.0.106
[INFO] [stderr]    Compiling unicode-ident v1.0.22
[INFO] [stderr]    Compiling quote v1.0.44
[INFO] [stderr]    Compiling shlex v1.3.0
[INFO] [stderr]    Compiling find-msvc-tools v0.1.8
[INFO] [stderr]    Compiling bitflags v2.10.0
[INFO] [stderr]    Compiling serde_core v1.0.228
[INFO] [stderr]    Compiling serde v1.0.228
[INFO] [stderr]    Compiling cfg-if v1.0.4
[INFO] [stderr]    Compiling crossbeam-utils v0.8.21
[INFO] [stderr]    Compiling rustix v1.1.3
[INFO] [stderr]    Compiling pkg-config v0.3.32
[INFO] [stderr]    Compiling utf8parse v0.2.2
[INFO] [stderr]    Compiling strsim v0.11.1
[INFO] [stderr]    Compiling ident_case v1.0.1
[INFO] [stderr]    Compiling zerocopy v0.8.33
[INFO] [stderr]    Compiling linux-raw-sys v0.11.0
[INFO] [stderr]    Compiling anstyle-parse v0.2.7
[INFO] [stderr]    Compiling anstyle v1.0.13
[INFO] [stderr]    Compiling anstyle-query v1.1.5
[INFO] [stderr]    Compiling cc v1.2.54
[INFO] [stderr]    Compiling is_terminal_polyfill v1.70.2
[INFO] [stderr]    Compiling colorchoice v1.0.4
[INFO] [stderr]    Compiling prettyplease v0.2.37
[INFO] [stderr]    Compiling memchr v2.7.6
[INFO] [stderr]    Compiling autocfg v1.5.0
[INFO] [stderr]    Compiling crc32fast v1.5.0
[INFO] [stderr]    Compiling siphasher v1.0.1
[INFO] [stderr]    Compiling rustversion v1.0.22
[INFO] [stderr]    Compiling zmij v1.0.16
[INFO] [stderr]    Compiling regex-syntax v0.8.8
[INFO] [stderr]    Compiling phf_shared v0.13.1
[INFO] [stderr]    Compiling anstream v0.6.21
[INFO] [stderr]    Compiling clap_lex v0.7.7
[INFO] [stderr]    Compiling adler2 v2.0.1
[INFO] [stderr]    Compiling simd-adler32 v0.3.8
[INFO] [stderr]    Compiling serde_json v1.0.149
[INFO] [stderr]    Compiling num-traits v0.2.19
[INFO] [stderr]    Compiling heck v0.5.0
[INFO] [stderr]    Compiling thiserror v2.0.18
[INFO] [stderr]    Compiling same-file v1.0.6
[INFO] [stderr]    Compiling rayon-core v1.13.0
[INFO] [stderr]    Compiling crossbeam-epoch v0.9.18
[INFO] [stderr]    Compiling either v1.15.0
[INFO] [stderr]    Compiling libc v0.2.180
[INFO] [stderr]    Compiling tinyvec_macros v0.1.1
[INFO] [stderr]    Compiling tinyvec v1.10.0
[INFO] [stderr]    Compiling walkdir v2.5.0
[INFO] [stderr]    Compiling miniz_oxide v0.8.9
[INFO] [stderr]    Compiling syn v2.0.114
[INFO] [stderr]    Compiling phf v0.13.1
[INFO] [stderr]    Compiling crossbeam-deque v0.8.6
[INFO] [stderr]    Compiling entities v1.0.1
[INFO] [stderr]    Compiling plotters-backend v0.3.7
[INFO] [stderr]    Compiling itoa v1.0.17
[INFO] [stderr]    Compiling ciborium-io v0.2.2
[INFO] [stderr]    Compiling once_cell v1.21.3
[INFO] [stderr]    Compiling jetscii v0.5.3
[INFO] [stderr]    Compiling comrak v0.50.0
[INFO] [stderr]    Compiling plotters-svg v0.3.7
[INFO] [stderr]    Compiling unicode-normalization v0.1.25
[INFO] [stderr]    Compiling itertools v0.13.0
[INFO] [stderr]    Compiling unicode-width v0.2.2
[INFO] [stderr]    Compiling pulldown-cmark v0.13.0
[INFO] [stderr]    Compiling flate2 v1.1.8
[INFO] [stderr]    Compiling cast v0.3.0
[INFO] [stderr]    Compiling terminal_size v0.4.3
[INFO] [stderr]    Compiling fnv v1.0.7
[INFO] [stderr]    Compiling clap_builder v4.5.54
[INFO] [stderr]    Compiling emojis v0.8.0
[INFO] [stderr]    Compiling getopts v0.2.24
[INFO] [stderr]    Compiling oorandom v11.1.5
[INFO] [stderr]    Compiling fmt2io v1.0.0
[INFO] [stderr]    Compiling rustc-hash v2.1.1
[INFO] [stderr]    Compiling typed-arena v2.0.2
[INFO] [stderr]    Compiling caseless v0.2.2
[INFO] [stderr]    Compiling unicode_categories v0.1.1
[INFO] [stderr]    Compiling onig_sys v69.9.1
[INFO] [stderr]    Compiling alloca v0.4.0
[INFO] [stderr]    Compiling rayon v1.11.0
[INFO] [stderr]    Compiling pulldown-cmark-escape v0.11.0
[INFO] [stderr]    Compiling shell-words v1.1.1
[INFO] [stderr]    Compiling anes v0.1.6
[INFO] [stderr]    Compiling xdg v3.0.0
[INFO] [stderr]    Compiling unicase v2.9.0
[INFO] [stderr]    Compiling page_size v0.6.0
[INFO] [stderr]    Compiling unicode-id v0.3.6
[INFO] [stderr]    Compiling smallvec v1.15.1
[INFO] [stderr]    Compiling rushdown v0.18.0 (/opt/rustwide/workdir)
[INFO] [stderr]    Compiling plotters v0.3.7
[INFO] [stderr]    Compiling markdown v1.0.0
[INFO] [stderr]    Compiling regex-automata v0.4.13
[INFO] [stderr]    Compiling criterion-plot v0.8.1
[INFO] [stderr]    Compiling regex v1.12.2
[INFO] [stderr]    Compiling darling_core v0.23.0
[INFO] [stderr]    Compiling serde_derive v1.0.228
[INFO] [stderr]    Compiling zerocopy-derive v0.8.33
[INFO] [stderr]    Compiling clap_derive v4.5.49
[INFO] [stderr]    Compiling thiserror-impl v2.0.18
[INFO] [stderr]    Compiling clap v4.5.54
[INFO] [stderr]    Compiling bincode v1.3.3
[INFO] [stderr]    Compiling tinytemplate v1.2.1
[INFO] [stderr]    Compiling darling_macro v0.23.0
[INFO] [stderr]    Compiling darling v0.23.0
[INFO] [stderr]    Compiling bon-macros v3.8.2
[INFO] [stderr]    Compiling half v2.7.1
[INFO] [stderr]    Compiling ciborium-ll v0.2.2
[INFO] [stderr]    Compiling ciborium v0.2.2
[INFO] [stderr]    Compiling bon v3.8.2
[INFO] [stderr]    Compiling criterion v0.8.1
[INFO] [stderr]    Compiling onig v6.5.1
[INFO] [stderr]    Compiling syntect v5.3.0
[INFO] [stderr] warning: unused dependency `phf`
[INFO] [stderr]   --> Cargo.toml:11:21
[INFO] [stderr]    |
[INFO] [stderr] 11 | [build-dependencies.phf]
[INFO] [stderr]    |                     ^^^^
[INFO] [stderr]    |
[INFO] [stderr]    = note: `cargo::unused_dependencies` is set to `warn` by default
[INFO] [stderr] help: consider removing the dependency on `phf`
[INFO] [stderr] warning: `rushdown` (manifest) generated 1 warning
[INFO] [stderr]     Finished `release` profile [optimized] target(s) in 2m 18s
[INFO] running `Command { std: "docker" "inspect" "affc8ef4d3e80740493609ff20d4f50b383711277c4cfa3a5a7660fbaf0e496f", kill_on_drop: false }`
[INFO] running `Command { std: "docker" "exec" "-e" "SOURCE_DIR=/opt/rustwide/workdir" "-e" "CARGO_HOME=/opt/rustwide/cargo-home" "-e" "RUSTUP_HOME=/opt/rustwide/rustup-home" "-e" "CARGO_TARGET_DIR=/opt/rustwide/target" "-e" "CARGO_INCREMENTAL=0" "-e" "RUST_BACKTRACE=full" "-e" "RUSTFLAGS=--cap-lints=warn" "-e" "RUSTDOCFLAGS=--cap-lints=warn" "-w" "/opt/rustwide/workdir" "--user" "0:0" "affc8ef4d3e80740493609ff20d4f50b383711277c4cfa3a5a7660fbaf0e496f" "/opt/rustwide/cargo-home/bin/cargo" "+1.100.0-beta.1" "test" "--frozen" "--release", kill_on_drop: false }`
[INFO] [stderr] warning: `package.homepage` is redundant with `package.repository`
[INFO] [stderr]   --> Cargo.toml:91:12
[INFO] [stderr]    |
[INFO] [stderr] 91 | homepage = "https://github.com/yuin/rushdown"
[INFO] [stderr]    |            ^^^^^^^^^^^^^^^^^^^^^^^^^^^^^^^^^^
[INFO] [stderr] ...
[INFO] [stderr] 96 | repository = "https://github.com/yuin/rushdown"
[INFO] [stderr]    |              ----------------------------------
[INFO] [stderr]    |
[INFO] [stderr]    = note: `cargo::redundant_homepage` is set to `warn` by default
[INFO] [stderr] help: consider removing `package.homepage`
[INFO] [stderr] warning: `rushdown` (manifest) generated 1 warning
[INFO] [stderr] warning: unused dependency `phf`
[INFO] [stderr]   --> Cargo.toml:11:21
[INFO] [stderr]    |
[INFO] [stderr] 11 | [build-dependencies.phf]
[INFO] [stderr]    |                     ^^^^
[INFO] [stderr]    |
[INFO] [stderr]    = note: `cargo::unused_dependencies` is set to `warn` by default
[INFO] [stderr] help: consider removing the dependency on `phf`
[INFO] [stderr] warning: `rushdown` (manifest) generated 1 warning
[INFO] [stderr]     Finished `release` profile [optimized] target(s) in 0.34s
[INFO] [stderr]      Running unittests src/lib.rs (/opt/rustwide/target/release/build/rushdown/503ea0de49d7781a/out/rushdown-503ea0de49d7781a)
[INFO] [stdout] 
[INFO] [stdout] running 26 tests
[INFO] [stdout] test text::tests::test_raw ... ok
[INFO] [stdout] test text::tests::test_segment ... ok
[INFO] [stdout] test parser::attribute::tests::test_parse_attributes_multiline ... ok
[INFO] [stdout] test parser::attribute::tests::test_parse_attributes ... ok
[INFO] [stdout] test context::tests::test_context ... ok
[INFO] [stdout] test util::tests::test_fold_case_full ... ok
[INFO] [stdout] test text::tests::test_bytes_reader_empty ... ok
[INFO] [stdout] test util::tests::test_cow_byte_buffer ... ok
[INFO] [stdout] test parser::tests::test_context ... ok
[INFO] [stdout] test text::tests::test_bytes_reader ... ok
[INFO] [stdout] test text::tests::test_block_reader ... ok
[INFO] [stdout] test text::tests::test_block_reader_empty ... ok
[INFO] [stdout] test util::tests::test_prioritized ... ok
[INFO] [stdout] test util::tests::test_resolve_entity_references ... ok
[INFO] [stdout] test util::tests::test_resolve_numeric_references ... ok
[INFO] [stdout] test util::tests::test_string_map ... ok
[INFO] [stdout] test util::tests::test_trim_left ... ok
[INFO] [stdout] test util::tests::test_trim_left_length ... ok
[INFO] [stdout] test util::tests::test_trim_left_space_length ... ok
[INFO] [stdout] test util::tests::test_is_space ... ok
[INFO] [stdout] test util::tests::test_trim_left_space ... ok
[INFO] [stdout] test util::tests::test_trim_right ... ok
[INFO] [stdout] test util::tests::test_trim_right_length ... ok
[INFO] [stdout] test util::tests::test_trim_right_space_length ... ok
[INFO] [stdout] test util::tests::test_unescape_puncts ... ok
[INFO] [stdout] test util::tests::test_trim_right_space ... ok
[INFO] [stdout] 
[INFO] [stdout] test result: ok. 26 passed; 0 failed; 0 ignored; 0 measured; 0 filtered out; finished in 0.01s
[INFO] [stdout] 
[INFO] [stderr]      Running tests/ast.rs (/opt/rustwide/target/release/build/rushdown/e9ff1ff7e5937a84/out/ast-e9ff1ff7e5937a84)
[INFO] [stdout] 
[INFO] [stdout] running 2 tests
[INFO] [stdout] test test_inline_pos ... ok
[INFO] [stdout] test test_block_pos ... ok
[INFO] [stdout] 
[INFO] [stdout] test result: ok. 2 passed; 0 failed; 0 ignored; 0 measured; 0 filtered out; finished in 0.01s
[INFO] [stdout] 
[INFO] [stderr]      Running tests/commonmark_spec.rs (/opt/rustwide/target/release/build/rushdown/e1b25dce07527e27/out/commonmark_spec-e1b25dce07527e27)
[INFO] [stdout] 
[INFO] [stdout] running 1 test
[INFO] [stdout] test test_commonmark_spec ... ok
[INFO] [stdout] 
[INFO] [stdout] test result: ok. 1 passed; 0 failed; 0 ignored; 0 measured; 0 filtered out; finished in 0.01s
[INFO] [stdout] 
[INFO] [stderr]      Running tests/extension.rs (/opt/rustwide/target/release/build/rushdown/1fa88b47607022d0/out/extension-1fa88b47607022d0)
[INFO] [stdout] 
[INFO] [stdout] running 1 test
[INFO] [stdout] test test_extension ... ok
[INFO] [stdout] 
[INFO] [stdout] test result: ok. 1 passed; 0 failed; 0 ignored; 0 measured; 0 filtered out; finished in 0.00s
[INFO] [stdout] 
[INFO] [stderr]      Running tests/extra.rs (/opt/rustwide/target/release/build/rushdown/7e9569cd0b927750/out/extra-7e9569cd0b927750)
[INFO] [stdout] 
[INFO] [stdout] running 1 test
[INFO] [stdout] test test_extra ... ok
[INFO] [stdout] 
[INFO] [stdout] test result: ok. 1 passed; 0 failed; 0 ignored; 0 measured; 0 filtered out; finished in 0.00s
[INFO] [stdout] 
[INFO] [stderr]      Running tests/gfm.rs (/opt/rustwide/target/release/build/rushdown/a5001c1963bade62/out/gfm-a5001c1963bade62)
[INFO] [stdout] 
[INFO] [stdout] running 6 tests
[INFO] [stderr]      Running tests/options.rs (/opt/rustwide/target/release/build/rushdown/3e045ff3803b337b/out/options-3e045ff3803b337b)
[INFO] [stdout] test test_linkify ... ok
[INFO] [stdout] test test_task_list_item ... ok
[INFO] [stdout] test test_linkify_scanner ... ok
[INFO] [stdout] test test_table ... ok
[INFO] [stdout] test test_task_list_item_override ... ok
[INFO] [stdout] test test_strikethrough ... ok
[INFO] [stdout] 
[INFO] [stdout] test result: ok. 6 passed; 0 failed; 0 ignored; 0 measured; 0 filtered out; finished in 0.01s
[INFO] [stdout] 
[INFO] [stdout] 
[INFO] [stdout] running 2 tests
[INFO] [stdout] test test_options ... ok
[INFO] [stdout] test test_unsafe_url ... ok
[INFO] [stdout] 
[INFO] [stdout] test result: ok. 2 passed; 0 failed; 0 ignored; 0 measured; 0 filtered out; finished in 0.00s
[INFO] [stdout] 
[INFO] [stderr]      Running tests/override_renderer.rs (/opt/rustwide/target/release/build/rushdown/405e90ed91dbd124/out/override_renderer-405e90ed91dbd124)
[INFO] [stdout] 
[INFO] [stdout] running 1 test
[INFO] [stdout] test test_override_renderer ... ok
[INFO] [stdout] 
[INFO] [stdout] test result: ok. 1 passed; 0 failed; 0 ignored; 0 measured; 0 filtered out; finished in 0.00s
[INFO] [stdout] 
[INFO] [stderr]    Doc-tests rushdown
[INFO] [stdout] 
[INFO] [stdout] running 21 tests
[INFO] [stdout] test src/lib.rs - as_type_data (line 381) ... FAILED
[INFO] [stdout] test src/lib.rs - (line 126) ... FAILED
[INFO] [stdout] test src/context.rs - context (line 11) ... FAILED
[INFO] [stdout] test src/lib.rs - as_kind_data (line 312) ... FAILED
[INFO] [stdout] test src/lib.rs - markdown_to_html_string (line 120) ... FAILED
[INFO] [stdout] test src/lib.rs - as_extension_data (line 228) ... FAILED
[INFO] [stdout] test src/lib.rs - (line 155) ... FAILED
[INFO] [stdout] test src/lib.rs - (line 81) ... FAILED
[INFO] [stdout] test src/lib.rs - (line 97) ... FAILED
[INFO] [stdout] test src/ast.rs - ast (line 57) ... FAILED
[INFO] [stdout] test src/ast.rs - ast (line 69) ... FAILED
[INFO] [stdout] test src/lib.rs - (line 315) ... FAILED
[INFO] [stdout] test src/ast.rs - ast (line 21) ... ok
[INFO] [stdout] test src/lib.rs - matches_extension_kind (line 171) ... ok
[INFO] [stdout] test src/ast.rs - ast::walk (line 1440) ... ok
[INFO] [stdout] test src/lib.rs - (line 349) ... ok
[INFO] [stdout] test src/lib.rs - matches_kind (line 146) ... ok
[INFO] [stdout] test src/lib.rs - (line 249) ... ok
[INFO] [stdout] test src/lib.rs - md_ast (line 451) ... ok
[INFO] [stdout] test src/lib.rs - node_path (line 519) ... ok
[INFO] [stdout] test src/lib.rs - new_markdown_to_html (line 57) ... ok
[INFO] [stdout] 
[INFO] [stdout] failures:
[INFO] [stdout] 
[INFO] [stdout] ---- src/lib.rs - as_type_data (line 381) stdout ----
[INFO] [stdout] Couldn't compile the test.
[INFO] [stdout] ---- src/lib.rs - (line 126) stdout ----
[INFO] [stdout] Couldn't compile the test.
[INFO] [stdout] ---- src/context.rs - context (line 11) stdout ----
[INFO] [stdout] Couldn't compile the test.
[INFO] [stdout] ---- src/lib.rs - as_kind_data (line 312) stdout ----
[INFO] [stdout] Couldn't compile the test.
[INFO] [stdout] ---- src/lib.rs - markdown_to_html_string (line 120) stdout ----
[INFO] [stdout] Couldn't compile the test.
[INFO] [stdout] ---- src/lib.rs - as_extension_data (line 228) stdout ----
[INFO] [stdout] Couldn't compile the test.
[INFO] [stdout] ---- src/lib.rs - (line 155) stdout ----
[INFO] [stdout] Couldn't compile the test.
[INFO] [stdout] ---- src/lib.rs - (line 81) stdout ----
[INFO] [stdout] Couldn't compile the test.
[INFO] [stdout] ---- src/lib.rs - (line 97) stdout ----
[INFO] [stdout] Couldn't compile the test.
[INFO] [stdout] ---- src/ast.rs - ast (line 57) stdout ----
[INFO] [stdout] Couldn't compile the test.
[INFO] [stdout] ---- src/ast.rs - ast (line 69) stdout ----
[INFO] [stdout] Couldn't compile the test.
[INFO] [stdout] ---- src/lib.rs - (line 315) stdout ----
[INFO] [stdout] Couldn't compile the test.
[INFO] [stdout] 
[INFO] [stdout] failures:
[INFO] [stdout]     src/ast.rs - ast (line 57)
[INFO] [stdout]     src/ast.rs - ast (line 69)
[INFO] [stdout]     src/context.rs - context (line 11)
[INFO] [stdout]     src/lib.rs - (line 126)
[INFO] [stdout]     src/lib.rs - (line 155)
[INFO] [stdout]     src/lib.rs - (line 315)
[INFO] [stdout]     src/lib.rs - (line 81)
[INFO] [stdout]     src/lib.rs - (line 97)
[INFO] [stdout]     src/lib.rs - as_extension_data (line 228)
[INFO] [stdout]     src/lib.rs - as_kind_data (line 312)
[INFO] [stdout]     src/lib.rs - as_type_data (line 381)
[INFO] [stdout]     src/lib.rs - markdown_to_html_string (line 120)
[INFO] [stdout] 
[INFO] [stdout] test result: FAILED. 9 passed; 12 failed; 0 ignored; 0 measured; 0 filtered out; finished in 17.55s
[INFO] [stdout] 
[INFO] [stderr] error: doctest failed, to rerun pass `--doc`
[INFO] running `Command { std: "docker" "inspect" "affc8ef4d3e80740493609ff20d4f50b383711277c4cfa3a5a7660fbaf0e496f", kill_on_drop: false }`
[INFO] running `Command { std: "docker" "rm" "-f" "affc8ef4d3e80740493609ff20d4f50b383711277c4cfa3a5a7660fbaf0e496f", kill_on_drop: false }`
[INFO] [stdout] affc8ef4d3e80740493609ff20d4f50b383711277c4cfa3a5a7660fbaf0e496f
