[INFO] fetching crate rush_expr_engine 0.1.2...
[INFO] testing rush_expr_engine-0.1.2 against 1.99.0-beta.8+cargoflags=--release for beta-release-1.100-2
[INFO] extracting crate rush_expr_engine 0.1.2 into /workspace/builds/worker-6-tc1/source
[INFO] started tweaking crates.io crate rush_expr_engine 0.1.2
[INFO] finished tweaking crates.io crate rush_expr_engine 0.1.2
[INFO] tweaked toml for crates.io crate rush_expr_engine 0.1.2 written to /workspace/builds/worker-6-tc1/source/Cargo.toml
[INFO] validating manifest of crates.io crate rush_expr_engine 0.1.2 on toolchain 1.99.0-beta.8
[INFO] running `Command { std: CARGO_HOME="/workspace/cargo-home" RUSTUP_HOME="/workspace/rustup-home" "/workspace/cargo-home/bin/cargo" "+1.99.0-beta.8" "metadata" "--manifest-path" "Cargo.toml" "--no-deps", kill_on_drop: false }`
[INFO] running `Command { std: CARGO_HOME="/workspace/cargo-home" RUSTUP_HOME="/workspace/rustup-home" "/workspace/cargo-home/bin/cargo" "+1.99.0-beta.8" "generate-lockfile" "--manifest-path" "Cargo.toml", kill_on_drop: false }`
[INFO] [stderr]     Updating crates.io index
[INFO] [stderr]      Locking 35 packages to highest compatible versions
[INFO] [stderr]       Adding wd_tools v0.8.13 (available: v0.15.2)
[INFO] running `Command { std: CARGO_HOME="/workspace/cargo-home" RUSTUP_HOME="/workspace/rustup-home" "/workspace/cargo-home/bin/cargo" "+1.99.0-beta.8" "fetch" "--manifest-path" "Cargo.toml", kill_on_drop: false }`
[INFO] [stderr]  Downloading crates ...
[INFO] [stderr]   Downloaded rush_core v0.1.2
[INFO] [stderr]   Downloaded wd_tools v0.8.13
[INFO] running `Command { std: "docker" "create" "-v" "/var/lib/crater-agent-workspace/builds/worker-6-tc1/source:/opt/rustwide/workdir:ro,Z" "-v" "/var/lib/crater-agent-workspace/builds/worker-6-tc1/target:/opt/rustwide/target:rw,Z" "-v" "/var/lib/crater-agent-workspace/cargo-home:/opt/rustwide/cargo-home:ro,Z" "-v" "/var/lib/crater-agent-workspace/rustup-home:/opt/rustwide/rustup-home:ro,Z" "-m" "1610612736" "--network" "none" "ghcr.io/rust-lang/crates-build-env/linux@sha256:77db811e55d90add9212f6832c23229e3de5f1c1f9905e8cb07319ea15df73ac" "sleep" "infinity", kill_on_drop: false }`
[INFO] [stdout] d67ee574ca297274804191b74e0e427bd4bef769ab47d72f3bac650cbe9cc196
[INFO] running `Command { std: "docker" "start" "d67ee574ca297274804191b74e0e427bd4bef769ab47d72f3bac650cbe9cc196", kill_on_drop: false }`
[INFO] running `Command { std: "docker" "inspect" "d67ee574ca297274804191b74e0e427bd4bef769ab47d72f3bac650cbe9cc196", kill_on_drop: false }`
[INFO] running `Command { std: "docker" "exec" "-e" "SOURCE_DIR=/opt/rustwide/workdir" "-e" "CARGO_HOME=/opt/rustwide/cargo-home" "-e" "RUSTUP_HOME=/opt/rustwide/rustup-home" "-e" "CARGO_TARGET_DIR=/opt/rustwide/target" "-w" "/opt/rustwide/workdir" "--user" "0:0" "d67ee574ca297274804191b74e0e427bd4bef769ab47d72f3bac650cbe9cc196" "/opt/rustwide/cargo-home/bin/cargo" "+1.99.0-beta.8" "metadata" "--no-deps" "--format-version=1", kill_on_drop: false }`
[INFO] running `Command { std: "docker" "inspect" "d67ee574ca297274804191b74e0e427bd4bef769ab47d72f3bac650cbe9cc196", kill_on_drop: false }`
[INFO] running `Command { std: "docker" "exec" "-e" "SOURCE_DIR=/opt/rustwide/workdir" "-e" "CARGO_HOME=/opt/rustwide/cargo-home" "-e" "RUSTUP_HOME=/opt/rustwide/rustup-home" "-e" "CARGO_TARGET_DIR=/opt/rustwide/target" "-e" "CARGO_INCREMENTAL=0" "-e" "RUST_BACKTRACE=full" "-e" "RUSTFLAGS=--cap-lints=warn" "-e" "RUSTDOCFLAGS=--cap-lints=warn" "-w" "/opt/rustwide/workdir" "--user" "0:0" "d67ee574ca297274804191b74e0e427bd4bef769ab47d72f3bac650cbe9cc196" "/opt/rustwide/cargo-home/bin/cargo" "+1.99.0-beta.8" "build" "--frozen" "--message-format=json" "--release", kill_on_drop: false }`
[INFO] [stderr]    Compiling smallvec v1.16.3
[INFO] [stderr]    Compiling libc v0.2.191
[INFO] [stderr]    Compiling syn v3.0.9
[INFO] [stderr]    Compiling parking_lot_core v0.9.12
[INFO] [stderr]    Compiling errno v0.3.14
[INFO] [stderr]    Compiling mio v1.2.4
[INFO] [stderr]    Compiling socket2 v0.6.5
[INFO] [stderr]    Compiling signal-hook-registry v1.4.8
[INFO] [stderr]    Compiling parking_lot v0.12.5
[INFO] [stderr]    Compiling tokio-macros v2.7.2
[INFO] [stderr]    Compiling serde_derive v1.0.229
[INFO] [stderr]    Compiling async-trait v0.1.92
[INFO] [stderr]    Compiling tokio v1.53.3
[INFO] [stderr]    Compiling serde v1.0.229
[INFO] [stderr]    Compiling wd_tools v0.8.13
[INFO] [stderr]    Compiling rush_core v0.1.2
[INFO] [stderr]    Compiling rush_expr_engine v0.1.2 (/opt/rustwide/workdir)
[INFO] [stderr]     Finished `release` profile [optimized] target(s) in 19.63s
[INFO] running `Command { std: "docker" "inspect" "d67ee574ca297274804191b74e0e427bd4bef769ab47d72f3bac650cbe9cc196", kill_on_drop: false }`
[INFO] running `Command { std: "docker" "exec" "-e" "SOURCE_DIR=/opt/rustwide/workdir" "-e" "CARGO_HOME=/opt/rustwide/cargo-home" "-e" "RUSTUP_HOME=/opt/rustwide/rustup-home" "-e" "CARGO_TARGET_DIR=/opt/rustwide/target" "-e" "CARGO_INCREMENTAL=0" "-e" "RUST_BACKTRACE=full" "-e" "RUSTFLAGS=--cap-lints=warn" "-e" "RUSTDOCFLAGS=--cap-lints=warn" "-w" "/opt/rustwide/workdir" "--user" "0:0" "d67ee574ca297274804191b74e0e427bd4bef769ab47d72f3bac650cbe9cc196" "/opt/rustwide/cargo-home/bin/cargo" "+1.99.0-beta.8" "test" "--frozen" "--no-run" "--message-format=json" "--release", kill_on_drop: false }`
[INFO] [stderr]    Compiling rush_expr_engine v0.1.2 (/opt/rustwide/workdir)
[INFO] [stdout] warning: unnecessary parentheses around pattern
[INFO] [stdout]    --> src/rule_builder.rs:141:13
[INFO] [stdout]     |
[INFO] [stdout] 141 |         for ((name, cs, a)) in ee.rules {
[INFO] [stdout]     |             ^             ^
[INFO] [stdout]     |
[INFO] [stdout]     = note: `#[warn(unused_parens)]` (part of `#[warn(unused)]`) on by default
[INFO] [stdout] help: remove these parentheses
[INFO] [stdout]     |
[INFO] [stdout] 141 -         for ((name, cs, a)) in ee.rules {
[INFO] [stdout] 141 +         for (name, cs, a) in ee.rules {
[INFO] [stdout]     |
[INFO] [stdout] 
[INFO] [stdout] 
[INFO] [stderr]     Finished `release` profile [optimized] target(s) in 2.26s
[INFO] running `Command { std: "docker" "inspect" "d67ee574ca297274804191b74e0e427bd4bef769ab47d72f3bac650cbe9cc196", kill_on_drop: false }`
[INFO] running `Command { std: "docker" "exec" "-e" "SOURCE_DIR=/opt/rustwide/workdir" "-e" "CARGO_HOME=/opt/rustwide/cargo-home" "-e" "RUSTUP_HOME=/opt/rustwide/rustup-home" "-e" "CARGO_TARGET_DIR=/opt/rustwide/target" "-e" "CARGO_INCREMENTAL=0" "-e" "RUST_BACKTRACE=full" "-e" "RUSTFLAGS=--cap-lints=warn" "-e" "RUSTDOCFLAGS=--cap-lints=warn" "-w" "/opt/rustwide/workdir" "--user" "0:0" "d67ee574ca297274804191b74e0e427bd4bef769ab47d72f3bac650cbe9cc196" "/opt/rustwide/cargo-home/bin/cargo" "+1.99.0-beta.8" "test" "--frozen" "--release", kill_on_drop: false }`
[INFO] [stderr] warning: unnecessary parentheses around pattern
[INFO] [stderr]    --> src/rule_builder.rs:141:13
[INFO] [stderr]     |
[INFO] [stderr] 141 |         for ((name, cs, a)) in ee.rules {
[INFO] [stderr]     |             ^             ^
[INFO] [stderr]     |
[INFO] [stderr]     = note: `#[warn(unused_parens)]` (part of `#[warn(unused)]`) on by default
[INFO] [stderr] help: remove these parentheses
[INFO] [stderr]     |
[INFO] [stderr] 141 -         for ((name, cs, a)) in ee.rules {
[INFO] [stderr] 141 +         for (name, cs, a) in ee.rules {
[INFO] [stderr]     |
[INFO] [stderr] 
[INFO] [stderr] warning: `rush_expr_engine` (lib test) generated 1 warning (run `cargo fix --lib -p rush_expr_engine --tests` to apply 1 suggestion)
[INFO] [stderr]     Finished `release` profile [optimized] target(s) in 0.07s
[INFO] [stderr]      Running unittests src/lib.rs (/opt/rustwide/target/release/deps/rush_expr_engine-a2c982776f1a4787)
[INFO] [stdout] 
[INFO] [stdout] running 11 tests
[INFO] [stdout] test calc::test::test_calc_simple ... FAILED
[INFO] [stdout] test calc::test::test_calc_bit_operation ... ok
[INFO] [stdout] test calc_parse::test::test_expression_parse ... FAILED
[INFO] [stdout] test calc_parse::test::test_full_parse ... FAILED
[INFO] [stdout] test assign::test::test_assign_new ... ok
[INFO] [stdout] test calc_parse::test::test_parse_remove_annotation ... ok
[INFO] [stdout] test rule_builder::test::test_expr_engine_from ... ok
[INFO] [stdout] test calc::test::test_calc_parse ... ok
[INFO] [stdout] test calc_parse::test::test_parse_split ... FAILED
[INFO] [stdout] test calc_parse::test::test_parse_remove_annotation_error - should panic ... ok
[INFO] [stdout] test calc::test::test_calc_show ... ok
[INFO] [stdout] 
[INFO] [stdout] failures:
[INFO] [stdout] 
[INFO] [stdout] ---- calc::test::test_calc_simple stdout ----
[INFO] [stdout] 
[INFO] [stdout] thread 'calc::test::test_calc_simple' (461) panicked at src/calc.rs:515:39:
[INFO] [stdout] called `Result::unwrap()` on an `Err` value: unknown char(")
[INFO] [stdout] 
[INFO] [stdout] Stack backtrace:
[INFO] [stdout]    0: <anyhow::Error>::msg::<alloc::string::String>
[INFO] [stdout]    1: anyhow::__private::format_err
[INFO] [stdout]    2: <rush_expr_engine::calc::Calc>::expression_split
[INFO] [stdout]    3: <rush_expr_engine::calc_builder::CalcBuilder>::build
[INFO] [stdout]    4: rush_expr_engine::calc::test::test_calc_simple
[INFO] [stdout]    5: <rush_expr_engine::calc::test::test_calc_simple::{closure#0} as core::ops::function::FnOnce<()>>::call_once
[INFO] [stdout]    6: test::__rust_begin_short_backtrace::<core::result::Result<(), alloc::string::String>, fn() -> core::result::Result<(), alloc::string::String>>
[INFO] [stdout]    7: test::run_test::{closure#0}
[INFO] [stdout]    8: std::sys::backtrace::__rust_begin_short_backtrace::<test::run_test::{closure#1}, ()>
[INFO] [stdout]    9: <std::thread::lifecycle::spawn_unchecked<test::run_test::{closure#1}, ()>::{closure#1} as core::ops::function::FnOnce<()>>::call_once::{shim:vtable#0}
[INFO] [stdout]   10: <std::sys::thread::unix::Thread>::new::thread_start
[INFO] [stdout]   11: <unknown>
[INFO] [stdout]   12: clone
[INFO] [stdout] stack backtrace:
[INFO] [stdout]    0:     0x633bfdac0191 - <<std[70759c8f55707aa4]::sys::backtrace::BacktraceLock>::print::DisplayBacktrace as core[df12db4294e9bfd3]::fmt::Display>::fmt
[INFO] [stdout]    1:     0x633bfdad630a - core[df12db4294e9bfd3]::fmt::write
[INFO] [stdout]    2:     0x633bfdac4b2c - <alloc[2182bb758b4b3781]::vec::Vec<u8> as core[df12db4294e9bfd3]::io::write::Write>::write_fmt
[INFO] [stdout]    3:     0x633bfda9c206 - std[70759c8f55707aa4]::panicking::default_hook::{closure#0}
[INFO] [stdout]    4:     0x633bfdab88d9 - std[70759c8f55707aa4]::panicking::default_hook
[INFO] [stdout]    5:     0x633bfda4f790 - test[9d35eded1c95d3be]::test_main_inner::<test[9d35eded1c95d3be]::test_main_static::{closure#0}>::{closure#0}
[INFO] [stdout]    6:     0x633bfdab8a92 - std[70759c8f55707aa4]::panicking::panic_with_hook
[INFO] [stdout]    7:     0x633bfda9c2b2 - std[70759c8f55707aa4]::panicking::panic_handler::{closure#0}
[INFO] [stdout]    8:     0x633bfda94aa9 - std[70759c8f55707aa4]::sys::backtrace::__rust_end_short_backtrace::<std[70759c8f55707aa4]::panicking::panic_handler::{closure#0}, !>
[INFO] [stdout]    9:     0x633bfda9cfbd - __rustc[8fa7c3cbc660c2b3]::rust_begin_unwind
[INFO] [stdout]   10:     0x633bfdad6a3c - core[df12db4294e9bfd3]::panicking::panic_fmt
[INFO] [stdout]   11:     0x633bfdad6812 - core[df12db4294e9bfd3]::result::unwrap_failed
[INFO] [stdout]   12:     0x633bfda3ebbe - rush_expr_engine[697dca66bfd816f2]::calc::test::test_calc_simple
[INFO] [stdout]   13:     0x633bfda40f69 - <rush_expr_engine[697dca66bfd816f2]::calc::test::test_calc_simple::{closure#0} as core[df12db4294e9bfd3]::ops::function::FnOnce<()>>::call_once
[INFO] [stdout]   14:     0x633bfda42a7b - test[9d35eded1c95d3be]::__rust_begin_short_backtrace::<core[df12db4294e9bfd3]::result::Result<(), alloc[2182bb758b4b3781]::string::String>, fn() -> core[df12db4294e9bfd3]::result::Result<(), alloc[2182bb758b4b3781]::string::String>>
[INFO] [stdout]   15:     0x633bfda500e5 - test[9d35eded1c95d3be]::run_test::{closure#0}
[INFO] [stdout]   16:     0x633bfda499a4 - std[70759c8f55707aa4]::sys::backtrace::__rust_begin_short_backtrace::<test[9d35eded1c95d3be]::run_test::{closure#1}, ()>
[INFO] [stdout]   17:     0x633bfda53242 - <std[70759c8f55707aa4]::thread::lifecycle::spawn_unchecked<test[9d35eded1c95d3be]::run_test::{closure#1}, ()>::{closure#1} as core[df12db4294e9bfd3]::ops::function::FnOnce<()>>::call_once::{shim:vtable#0}
[INFO] [stdout]   18:     0x633bfdabfa69 - <std[70759c8f55707aa4]::sys::thread::unix::Thread>::new::thread_start
[INFO] [stdout]   19:     0x70b06dd13dfa - <unknown>
[INFO] [stdout]   20:     0x70b06dda73d4 - clone
[INFO] [stdout]   21:                0x0 - <unknown>
[INFO] [stdout] 
[INFO] [stdout] ---- calc_parse::test::test_expression_parse stdout ----
[INFO] [stdout] 
[INFO] [stdout] thread 'calc_parse::test::test_expression_parse' (462) panicked at src/calc_parse.rs:586:56:
[INFO] [stdout] called `Result::unwrap()` on an `Err` value: unknown char(")
[INFO] [stdout] 
[INFO] [stdout] Stack backtrace:
[INFO] [stdout]    0: <anyhow::Error>::msg::<alloc::string::String>
[INFO] [stdout]    1: anyhow::__private::format_err
[INFO] [stdout]    2: <rush_expr_engine::calc::Calc>::expression_split
[INFO] [stdout]    3: <rush_expr_engine::calc::Calc>::expression_parse
[INFO] [stdout]    4: rush_expr_engine::calc_parse::test::test_expression_parse
[INFO] [stdout]    5: <rush_expr_engine::calc_parse::test::test_expression_parse::{closure#0} as core::ops::function::FnOnce<()>>::call_once
[INFO] [stdout]    6: test::__rust_begin_short_backtrace::<core::result::Result<(), alloc::string::String>, fn() -> core::result::Result<(), alloc::string::String>>
[INFO] [stdout]    7: test::run_test::{closure#0}
[INFO] [stdout]    8: std::sys::backtrace::__rust_begin_short_backtrace::<test::run_test::{closure#1}, ()>
[INFO] [stdout]    9: <std::thread::lifecycle::spawn_unchecked<test::run_test::{closure#1}, ()>::{closure#1} as core::ops::function::FnOnce<()>>::call_once::{shim:vtable#0}
[INFO] [stdout]   10: <std::sys::thread::unix::Thread>::new::thread_start
[INFO] [stdout]   11: <unknown>
[INFO] [stdout]   12: clone
[INFO] [stdout] stack backtrace:
[INFO] [stdout]    0:     0x633bfdac0191 - <<std[70759c8f55707aa4]::sys::backtrace::BacktraceLock>::print::DisplayBacktrace as core[df12db4294e9bfd3]::fmt::Display>::fmt
[INFO] [stdout]    1:     0x633bfdad630a - core[df12db4294e9bfd3]::fmt::write
[INFO] [stdout]    2:     0x633bfdac4b2c - <alloc[2182bb758b4b3781]::vec::Vec<u8> as core[df12db4294e9bfd3]::io::write::Write>::write_fmt
[INFO] [stdout]    3:     0x633bfda9c206 - std[70759c8f55707aa4]::panicking::default_hook::{closure#0}
[INFO] [stdout]    4:     0x633bfdab88d9 - std[70759c8f55707aa4]::panicking::default_hook
[INFO] [stdout]    5:     0x633bfda4f790 - test[9d35eded1c95d3be]::test_main_inner::<test[9d35eded1c95d3be]::test_main_static::{closure#0}>::{closure#0}
[INFO] [stdout]    6:     0x633bfdab8a92 - std[70759c8f55707aa4]::panicking::panic_with_hook
[INFO] [stdout]    7:     0x633bfda9c2b2 - std[70759c8f55707aa4]::panicking::panic_handler::{closure#0}
[INFO] [stdout]    8:     0x633bfda94aa9 - std[70759c8f55707aa4]::sys::backtrace::__rust_end_short_backtrace::<std[70759c8f55707aa4]::panicking::panic_handler::{closure#0}, !>
[INFO] [stdout]    9:     0x633bfda9cfbd - __rustc[8fa7c3cbc660c2b3]::rust_begin_unwind
[INFO] [stdout]   10:     0x633bfdad6a3c - core[df12db4294e9bfd3]::panicking::panic_fmt
[INFO] [stdout]   11:     0x633bfdad6812 - core[df12db4294e9bfd3]::result::unwrap_failed
[INFO] [stdout]   12:     0x633bfda38696 - rush_expr_engine[697dca66bfd816f2]::calc_parse::test::test_expression_parse
[INFO] [stdout]   13:     0x633bfda40ea9 - <rush_expr_engine[697dca66bfd816f2]::calc_parse::test::test_expression_parse::{closure#0} as core[df12db4294e9bfd3]::ops::function::FnOnce<()>>::call_once
[INFO] [stdout]   14:     0x633bfda42a7b - test[9d35eded1c95d3be]::__rust_begin_short_backtrace::<core[df12db4294e9bfd3]::result::Result<(), alloc[2182bb758b4b3781]::string::String>, fn() -> core[df12db4294e9bfd3]::result::Result<(), alloc[2182bb758b4b3781]::string::String>>
[INFO] [stdout]   15:     0x633bfda500e5 - test[9d35eded1c95d3be]::run_test::{closure#0}
[INFO] [stdout]   16:     0x633bfda499a4 - std[70759c8f55707aa4]::sys::backtrace::__rust_begin_short_backtrace::<test[9d35eded1c95d3be]::run_test::{closure#1}, ()>
[INFO] [stdout]   17:     0x633bfda53242 - <std[70759c8f55707aa4]::thread::lifecycle::spawn_unchecked<test[9d35eded1c95d3be]::run_test::{closure#1}, ()>::{closure#1} as core[df12db4294e9bfd3]::ops::function::FnOnce<()>>::call_once::{shim:vtable#0}
[INFO] [stdout]   18:     0x633bfdabfa69 - <std[70759c8f55707aa4]::sys::thread::unix::Thread>::new::thread_start
[INFO] [stdout]   19:     0x70b06dd13dfa - <unknown>
[INFO] [stdout]   20:     0x70b06dda73d4 - clone
[INFO] [stdout]   21:                0x0 - <unknown>
[INFO] [stdout] 
[INFO] [stdout] ---- calc_parse::test::test_full_parse stdout ----
[INFO] [stdout] 
[INFO] [stdout] thread 'calc_parse::test::test_full_parse' (463) panicked at src/calc_parse.rs:597:56:
[INFO] [stdout] called `Result::unwrap()` on an `Err` value: unknown char(")
[INFO] [stdout] 
[INFO] [stdout] Stack backtrace:
[INFO] [stdout]    0: <anyhow::Error>::msg::<alloc::string::String>
[INFO] [stdout]    1: anyhow::__private::format_err
[INFO] [stdout]    2: <rush_expr_engine::calc::Calc>::expression_split
[INFO] [stdout]    3: <rush_expr_engine::calc::Calc>::expression_parse
[INFO] [stdout]    4: rush_expr_engine::calc_parse::test::test_full_parse
[INFO] [stdout]    5: <rush_expr_engine::calc_parse::test::test_full_parse::{closure#0} as core::ops::function::FnOnce<()>>::call_once
[INFO] [stdout]    6: test::__rust_begin_short_backtrace::<core::result::Result<(), alloc::string::String>, fn() -> core::result::Result<(), alloc::string::String>>
[INFO] [stdout]    7: test::run_test::{closure#0}
[INFO] [stdout]    8: std::sys::backtrace::__rust_begin_short_backtrace::<test::run_test::{closure#1}, ()>
[INFO] [stdout]    9: <std::thread::lifecycle::spawn_unchecked<test::run_test::{closure#1}, ()>::{closure#1} as core::ops::function::FnOnce<()>>::call_once::{shim:vtable#0}
[INFO] [stdout]   10: <std::sys::thread::unix::Thread>::new::thread_start
[INFO] [stdout]   11: <unknown>
[INFO] [stdout]   12: clone
[INFO] [stdout] stack backtrace:
[INFO] [stdout]    0:     0x633bfdac0191 - <<std[70759c8f55707aa4]::sys::backtrace::BacktraceLock>::print::DisplayBacktrace as core[df12db4294e9bfd3]::fmt::Display>::fmt
[INFO] [stdout]    1:     0x633bfdad630a - core[df12db4294e9bfd3]::fmt::write
[INFO] [stdout]    2:     0x633bfdac4b2c - <alloc[2182bb758b4b3781]::vec::Vec<u8> as core[df12db4294e9bfd3]::io::write::Write>::write_fmt
[INFO] [stdout]    3:     0x633bfda9c206 - std[70759c8f55707aa4]::panicking::default_hook::{closure#0}
[INFO] [stdout]    4:     0x633bfdab88d9 - std[70759c8f55707aa4]::panicking::default_hook
[INFO] [stdout]    5:     0x633bfda4f790 - test[9d35eded1c95d3be]::test_main_inner::<test[9d35eded1c95d3be]::test_main_static::{closure#0}>::{closure#0}
[INFO] [stdout]    6:     0x633bfdab8a92 - std[70759c8f55707aa4]::panicking::panic_with_hook
[INFO] [stdout]    7:     0x633bfda9c2b2 - std[70759c8f55707aa4]::panicking::panic_handler::{closure#0}
[INFO] [stdout]    8:     0x633bfda94aa9 - std[70759c8f55707aa4]::sys::backtrace::__rust_end_short_backtrace::<std[70759c8f55707aa4]::panicking::panic_handler::{closure#0}, !>
[INFO] [stdout]    9:     0x633bfda9cfbd - __rustc[8fa7c3cbc660c2b3]::rust_begin_unwind
[INFO] [stdout]   10:     0x633bfdad6a3c - core[df12db4294e9bfd3]::panicking::panic_fmt
[INFO] [stdout]   11:     0x633bfdad6812 - core[df12db4294e9bfd3]::result::unwrap_failed
[INFO] [stdout]   12:     0x633bfda381fb - rush_expr_engine[697dca66bfd816f2]::calc_parse::test::test_full_parse
[INFO] [stdout]   13:     0x633bfda40e69 - <rush_expr_engine[697dca66bfd816f2]::calc_parse::test::test_full_parse::{closure#0} as core[df12db4294e9bfd3]::ops::function::FnOnce<()>>::call_once
[INFO] [stdout]   14:     0x633bfda42a7b - test[9d35eded1c95d3be]::__rust_begin_short_backtrace::<core[df12db4294e9bfd3]::result::Result<(), alloc[2182bb758b4b3781]::string::String>, fn() -> core[df12db4294e9bfd3]::result::Result<(), alloc[2182bb758b4b3781]::string::String>>
[INFO] [stdout]   15:     0x633bfda500e5 - test[9d35eded1c95d3be]::run_test::{closure#0}
[INFO] [stdout]   16:     0x633bfda499a4 - std[70759c8f55707aa4]::sys::backtrace::__rust_begin_short_backtrace::<test[9d35eded1c95d3be]::run_test::{closure#1}, ()>
[INFO] [stdout]   17:     0x633bfda53242 - <std[70759c8f55707aa4]::thread::lifecycle::spawn_unchecked<test[9d35eded1c95d3be]::run_test::{closure#1}, ()>::{closure#1} as core[df12db4294e9bfd3]::ops::function::FnOnce<()>>::call_once::{shim:vtable#0}
[INFO] [stdout]   18:     0x633bfdabfa69 - <std[70759c8f55707aa4]::sys::thread::unix::Thread>::new::thread_start
[INFO] [stdout]   19:     0x70b06dd13dfa - <unknown>
[INFO] [stdout]   20:     0x70b06dda73d4 - clone
[INFO] [stdout]   21:                0x0 - <unknown>
[INFO] [stdout] 
[INFO] [stdout] ---- calc_parse::test::test_parse_split stdout ----
[INFO] [stdout] 
[INFO] [stdout] thread 'calc_parse::test::test_parse_split' (466) panicked at src/calc_parse.rs:573:60:
[INFO] [stdout] called `Result::unwrap()` on an `Err` value: unknown char(")
[INFO] [stdout] 
[INFO] [stdout] Stack backtrace:
[INFO] [stdout]    0: <anyhow::Error>::msg::<alloc::string::String>
[INFO] [stdout]    1: anyhow::__private::format_err
[INFO] [stdout]    2: <rush_expr_engine::calc::Calc>::expression_split
[INFO] [stdout]    3: rush_expr_engine::calc_parse::test::test_parse_split
[INFO] [stdout]    4: <rush_expr_engine::calc_parse::test::test_parse_split::{closure#0} as core::ops::function::FnOnce<()>>::call_once
[INFO] [stdout]    5: test::__rust_begin_short_backtrace::<core::result::Result<(), alloc::string::String>, fn() -> core::result::Result<(), alloc::string::String>>
[INFO] [stdout]    6: test::run_test::{closure#0}
[INFO] [stdout]    7: std::sys::backtrace::__rust_begin_short_backtrace::<test::run_test::{closure#1}, ()>
[INFO] [stdout]    8: <std::thread::lifecycle::spawn_unchecked<test::run_test::{closure#1}, ()>::{closure#1} as core::ops::function::FnOnce<()>>::call_once::{shim:vtable#0}
[INFO] [stdout]    9: <std::sys::thread::unix::Thread>::new::thread_start
[INFO] [stdout]   10: <unknown>
[INFO] [stdout]   11: clone
[INFO] [stdout] stack backtrace:
[INFO] [stdout]    0:     0x633bfdac0191 - <<std[70759c8f55707aa4]::sys::backtrace::BacktraceLock>::print::DisplayBacktrace as core[df12db4294e9bfd3]::fmt::Display>::fmt
[INFO] [stdout]    1:     0x633bfdad630a - core[df12db4294e9bfd3]::fmt::write
[INFO] [stdout]    2:     0x633bfdac4b2c - <alloc[2182bb758b4b3781]::vec::Vec<u8> as core[df12db4294e9bfd3]::io::write::Write>::write_fmt
[INFO] [stdout]    3:     0x633bfda9c206 - std[70759c8f55707aa4]::panicking::default_hook::{closure#0}
[INFO] [stdout]    4:     0x633bfdab88d9 - std[70759c8f55707aa4]::panicking::default_hook
[INFO] [stdout]    5:     0x633bfda4f790 - test[9d35eded1c95d3be]::test_main_inner::<test[9d35eded1c95d3be]::test_main_static::{closure#0}>::{closure#0}
[INFO] [stdout]    6:     0x633bfdab8a92 - std[70759c8f55707aa4]::panicking::panic_with_hook
[INFO] [stdout]    7:     0x633bfda9c2b2 - std[70759c8f55707aa4]::panicking::panic_handler::{closure#0}
[INFO] [stdout]    8:     0x633bfda94aa9 - std[70759c8f55707aa4]::sys::backtrace::__rust_end_short_backtrace::<std[70759c8f55707aa4]::panicking::panic_handler::{closure#0}, !>
[INFO] [stdout]    9:     0x633bfda9cfbd - __rustc[8fa7c3cbc660c2b3]::rust_begin_unwind
[INFO] [stdout]   10:     0x633bfdad6a3c - core[df12db4294e9bfd3]::panicking::panic_fmt
[INFO] [stdout]   11:     0x633bfdad6812 - core[df12db4294e9bfd3]::result::unwrap_failed
[INFO] [stdout]   12:     0x633bfda384b2 - rush_expr_engine[697dca66bfd816f2]::calc_parse::test::test_parse_split
[INFO] [stdout]   13:     0x633bfda40e89 - <rush_expr_engine[697dca66bfd816f2]::calc_parse::test::test_parse_split::{closure#0} as core[df12db4294e9bfd3]::ops::function::FnOnce<()>>::call_once
[INFO] [stdout]   14:     0x633bfda42a7b - test[9d35eded1c95d3be]::__rust_begin_short_backtrace::<core[df12db4294e9bfd3]::result::Result<(), alloc[2182bb758b4b3781]::string::String>, fn() -> core[df12db4294e9bfd3]::result::Result<(), alloc[2182bb758b4b3781]::string::String>>
[INFO] [stdout]   15:     0x633bfda500e5 - test[9d35eded1c95d3be]::run_test::{closure#0}
[INFO] [stdout]   16:     0x633bfda499a4 - std[70759c8f55707aa4]::sys::backtrace::__rust_begin_short_backtrace::<test[9d35eded1c95d3be]::run_test::{closure#1}, ()>
[INFO] [stdout]   17:     0x633bfda53242 - <std[70759c8f55707aa4]::thread::lifecycle::spawn_unchecked<test[9d35eded1c95d3be]::run_test::{closure#1}, ()>::{closure#1} as core[df12db4294e9bfd3]::ops::function::FnOnce<()>>::call_once::{shim:vtable#0}
[INFO] [stdout]   18:     0x633bfdabfa69 - <std[70759c8f55707aa4]::sys::thread::unix::Thread>::new::thread_start
[INFO] [stdout]   19:     0x70b06dd13dfa - <unknown>
[INFO] [stdout]   20:     0x70b06dda73d4 - clone
[INFO] [stdout]   21:                0x0 - <unknown>
[INFO] [stdout] 
[INFO] [stdout] 
[INFO] [stdout] failures:
[INFO] [stdout]     calc::test::test_calc_simple
[INFO] [stdout]     calc_parse::test::test_expression_parse
[INFO] [stdout]     calc_parse::test::test_full_parse
[INFO] [stdout]     calc_parse::test::test_parse_split
[INFO] [stdout] 
[INFO] [stdout] test result: FAILED. 7 passed; 4 failed; 0 ignored; 0 measured; 0 filtered out; finished in 0.01s
[INFO] [stdout] 
[INFO] [stderr] error: test failed, to rerun pass `--lib`
[INFO] running `Command { std: "docker" "inspect" "d67ee574ca297274804191b74e0e427bd4bef769ab47d72f3bac650cbe9cc196", kill_on_drop: false }`
[INFO] running `Command { std: "docker" "rm" "-f" "d67ee574ca297274804191b74e0e427bd4bef769ab47d72f3bac650cbe9cc196", kill_on_drop: false }`
[INFO] [stdout] d67ee574ca297274804191b74e0e427bd4bef769ab47d72f3bac650cbe9cc196
