[INFO] fetching crate ruprizzle-parser 1.6.0...
[INFO] testing ruprizzle-parser-1.6.0 against 1.100.0-beta.1+cargoflags=--release for beta-release-1.100-2
[INFO] extracting crate ruprizzle-parser 1.6.0 into /workspace/builds/worker-0-tc2/source
[INFO] started tweaking crates.io crate ruprizzle-parser 1.6.0
[INFO] removed 0 missing tests
[INFO] finished tweaking crates.io crate ruprizzle-parser 1.6.0
[INFO] tweaked toml for crates.io crate ruprizzle-parser 1.6.0 written to /workspace/builds/worker-0-tc2/source/Cargo.toml
[INFO] validating manifest of crates.io crate ruprizzle-parser 1.6.0 on toolchain 1.100.0-beta.1
[INFO] running `Command { std: CARGO_HOME="/workspace/cargo-home" RUSTUP_HOME="/workspace/rustup-home" "/workspace/cargo-home/bin/cargo" "+1.100.0-beta.1" "metadata" "--manifest-path" "Cargo.toml" "--no-deps", kill_on_drop: false }`
[INFO] crate crates.io crate ruprizzle-parser 1.6.0 already has a lockfile, it will not be regenerated
[INFO] running `Command { std: CARGO_HOME="/workspace/cargo-home" RUSTUP_HOME="/workspace/rustup-home" "/workspace/cargo-home/bin/cargo" "+1.100.0-beta.1" "fetch" "--manifest-path" "Cargo.toml", kill_on_drop: false }`
[INFO] running `Command { std: "docker" "create" "-v" "/var/lib/crater-agent-workspace/builds/worker-0-tc2/source:/opt/rustwide/workdir:ro,Z" "-v" "/var/lib/crater-agent-workspace/builds/worker-0-tc2/target:/opt/rustwide/target:rw,Z" "-v" "/var/lib/crater-agent-workspace/cargo-home:/opt/rustwide/cargo-home:ro,Z" "-v" "/var/lib/crater-agent-workspace/rustup-home:/opt/rustwide/rustup-home:ro,Z" "-m" "1610612736" "--network" "none" "ghcr.io/rust-lang/crates-build-env/linux@sha256:77db811e55d90add9212f6832c23229e3de5f1c1f9905e8cb07319ea15df73ac" "sleep" "infinity", kill_on_drop: false }`
[INFO] [stdout] 8589208a302012a5bd8fd2a734bbc3c6b467017e1c541c5f675ef0500809285f
[INFO] running `Command { std: "docker" "start" "8589208a302012a5bd8fd2a734bbc3c6b467017e1c541c5f675ef0500809285f", kill_on_drop: false }`
[INFO] running `Command { std: "docker" "inspect" "8589208a302012a5bd8fd2a734bbc3c6b467017e1c541c5f675ef0500809285f", kill_on_drop: false }`
[INFO] running `Command { std: "docker" "exec" "-e" "SOURCE_DIR=/opt/rustwide/workdir" "-e" "CARGO_HOME=/opt/rustwide/cargo-home" "-e" "RUSTUP_HOME=/opt/rustwide/rustup-home" "-e" "CARGO_TARGET_DIR=/opt/rustwide/target" "-w" "/opt/rustwide/workdir" "--user" "0:0" "8589208a302012a5bd8fd2a734bbc3c6b467017e1c541c5f675ef0500809285f" "/opt/rustwide/cargo-home/bin/cargo" "+1.100.0-beta.1" "metadata" "--no-deps" "--format-version=1", kill_on_drop: false }`
[INFO] running `Command { std: "docker" "inspect" "8589208a302012a5bd8fd2a734bbc3c6b467017e1c541c5f675ef0500809285f", kill_on_drop: false }`
[INFO] running `Command { std: "docker" "exec" "-e" "SOURCE_DIR=/opt/rustwide/workdir" "-e" "CARGO_HOME=/opt/rustwide/cargo-home" "-e" "RUSTUP_HOME=/opt/rustwide/rustup-home" "-e" "CARGO_TARGET_DIR=/opt/rustwide/target" "-e" "CARGO_INCREMENTAL=0" "-e" "RUST_BACKTRACE=full" "-e" "RUSTFLAGS=--cap-lints=warn" "-e" "RUSTDOCFLAGS=--cap-lints=warn" "-w" "/opt/rustwide/workdir" "--user" "0:0" "8589208a302012a5bd8fd2a734bbc3c6b467017e1c541c5f675ef0500809285f" "/opt/rustwide/cargo-home/bin/cargo" "+1.100.0-beta.1" "build" "--frozen" "--message-format=json" "--release", kill_on_drop: false }`
[INFO] [stderr]    Compiling pest v2.9.0
[INFO] [stderr]    Compiling indexmap v2.14.0
[INFO] [stderr]    Compiling serde_json v1.0.151
[INFO] [stderr]    Compiling miette-derive v7.6.0
[INFO] [stderr]    Compiling miette v7.6.0
[INFO] [stderr]    Compiling ruprizzle-core v1.6.0
[INFO] [stderr]    Compiling pest_meta v2.9.0
[INFO] [stderr]    Compiling pest_generator v2.9.0
[INFO] [stderr]    Compiling pest_derive v2.9.0
[INFO] [stderr]    Compiling ruprizzle-parser v1.6.0 (/opt/rustwide/workdir)
[INFO] [stderr]     Finished `release` profile [optimized] target(s) in 13.51s
[INFO] running `Command { std: "docker" "inspect" "8589208a302012a5bd8fd2a734bbc3c6b467017e1c541c5f675ef0500809285f", kill_on_drop: false }`
[INFO] running `Command { std: "docker" "exec" "-e" "SOURCE_DIR=/opt/rustwide/workdir" "-e" "CARGO_HOME=/opt/rustwide/cargo-home" "-e" "RUSTUP_HOME=/opt/rustwide/rustup-home" "-e" "CARGO_TARGET_DIR=/opt/rustwide/target" "-e" "CARGO_INCREMENTAL=0" "-e" "RUST_BACKTRACE=full" "-e" "RUSTFLAGS=--cap-lints=warn" "-e" "RUSTDOCFLAGS=--cap-lints=warn" "-w" "/opt/rustwide/workdir" "--user" "0:0" "8589208a302012a5bd8fd2a734bbc3c6b467017e1c541c5f675ef0500809285f" "/opt/rustwide/cargo-home/bin/cargo" "+1.100.0-beta.1" "test" "--frozen" "--no-run" "--message-format=json" "--release", kill_on_drop: false }`
[INFO] [stderr]    Compiling rustix v1.1.4
[INFO] [stderr]    Compiling owo-colors v4.3.0
[INFO] [stderr]    Compiling unicode-linebreak v0.1.5
[INFO] [stderr]    Compiling is_ci v1.2.0
[INFO] [stderr]    Compiling backtrace v0.3.76
[INFO] [stderr]    Compiling supports-hyperlinks v3.2.0
[INFO] [stderr]    Compiling supports-unicode v3.0.0
[INFO] [stderr]    Compiling console v0.16.4
[INFO] [stderr]    Compiling supports-color v3.0.2
[INFO] [stderr]    Compiling textwrap v0.16.2
[INFO] [stderr]    Compiling backtrace-ext v0.2.1
[INFO] [stderr]    Compiling terminal_size v0.4.4
[INFO] [stderr]    Compiling tempfile v3.27.0
[INFO] [stderr]    Compiling miette v7.6.0
[INFO] [stderr]    Compiling insta v1.48.0
[INFO] [stderr]    Compiling ruprizzle-core v1.6.0
[INFO] [stderr]    Compiling ruprizzle-parser v1.6.0 (/opt/rustwide/workdir)
[INFO] [stderr]     Finished `release` profile [optimized] target(s) in 27.92s
[INFO] running `Command { std: "docker" "inspect" "8589208a302012a5bd8fd2a734bbc3c6b467017e1c541c5f675ef0500809285f", kill_on_drop: false }`
[INFO] running `Command { std: "docker" "exec" "-e" "SOURCE_DIR=/opt/rustwide/workdir" "-e" "CARGO_HOME=/opt/rustwide/cargo-home" "-e" "RUSTUP_HOME=/opt/rustwide/rustup-home" "-e" "CARGO_TARGET_DIR=/opt/rustwide/target" "-e" "CARGO_INCREMENTAL=0" "-e" "RUST_BACKTRACE=full" "-e" "RUSTFLAGS=--cap-lints=warn" "-e" "RUSTDOCFLAGS=--cap-lints=warn" "-w" "/opt/rustwide/workdir" "--user" "0:0" "8589208a302012a5bd8fd2a734bbc3c6b467017e1c541c5f675ef0500809285f" "/opt/rustwide/cargo-home/bin/cargo" "+1.100.0-beta.1" "test" "--frozen" "--release", kill_on_drop: false }`
[INFO] [stderr]     Finished `release` profile [optimized] target(s) in 0.08s
[INFO] [stderr]      Running unittests src/lib.rs (/opt/rustwide/target/release/build/ruprizzle-parser/365efc1914b85003/out/ruprizzle_parser-365efc1914b85003)
[INFO] [stdout] 
[INFO] [stdout] running 6 tests
[INFO] [stdout] test errors::tests::syntax_errors_carry_help_and_a_span ... ok
[INFO] [stdout] test errors::tests::common_mistakes_get_tailored_messages ... ok
[INFO] [stdout] test naming::tests::keyword_detection_covers_reserved_words ... ok
[INFO] [stdout] test naming::tests::pluralize_follows_the_documented_rules ... ok
[INFO] [stdout] test naming::tests::table_and_column_names ... ok
[INFO] [stdout] test naming::tests::snake_case_handles_the_shapes_we_actually_see ... ok
[INFO] [stdout] 
[INFO] [stdout] test result: ok. 6 passed; 0 failed; 0 ignored; 0 measured; 0 filtered out; finished in 0.00s
[INFO] [stderr]      Running tests/examples.rs (/opt/rustwide/target/release/build/ruprizzle-parser/700b87156ca70a9b/out/examples-700b87156ca70a9b)
[INFO] [stdout] 
[INFO] [stdout] 
[INFO] [stdout] running 8 tests
[INFO] [stdout] test many_to_many_through_is_resolved ... ok
[INFO] [stdout] test every_example_lowers_to_the_expected_ir ... FAILED
[INFO] [stdout] test composite_keys_and_named_relations_survive_lowering ... FAILED
[INFO] [stdout] test the_fingerprint_is_stable_across_runs ... FAILED
[INFO] [stdout] test scalar_types_and_docs_reach_the_ir ... FAILED
[INFO] [stdout] test relations_are_canonical_and_both_sides_agree ... FAILED
[INFO] [stdout] test the_fingerprint_ignores_line_endings_and_offsets ... FAILED
[INFO] [stderr] error: test failed, to rerun pass `--test examples`
[INFO] [stdout] test naming_conventions_are_applied_once_during_lowering ... FAILED
[INFO] [stdout] 
[INFO] [stdout] failures:
[INFO] [stdout] 
[INFO] [stdout] ---- every_example_lowers_to_the_expected_ir stdout ----
[INFO] [stdout] 
[INFO] [stdout] thread 'every_example_lowers_to_the_expected_ir' (861) panicked at tests/examples.rs:20:29:
[INFO] [stdout] cannot read example `blog` at /opt/rustwide/workdir/../../examples/blog/schema.ruprizzle: No such file or directory (os error 2)
[INFO] [stdout] stack backtrace:
[INFO] [stdout]    0:     0x5b889c445291 - <<std[617be2ca0a6fd877]::sys::backtrace::BacktraceLock>::print::DisplayBacktrace as core[a373ad73a504971]::fmt::Display>::fmt
[INFO] [stdout]    1:     0x5b889c45ce8a - core[a373ad73a504971]::fmt::write
[INFO] [stdout]    2:     0x5b889c449a1c - <alloc[2e1b2a31b91974c5]::vec::Vec<u8> as core[a373ad73a504971]::io::write::Write>::write_fmt
[INFO] [stdout]    3:     0x5b889c41e4a6 - std[617be2ca0a6fd877]::panicking::default_hook::{closure#0}
[INFO] [stdout]    4:     0x5b889c43c399 - std[617be2ca0a6fd877]::panicking::default_hook
[INFO] [stdout]    5:     0x5b889c3434f0 - test[aada8e7e76ba119b]::test_main_inner::{closure#0}
[INFO] [stdout]    6:     0x5b889c43c552 - std[617be2ca0a6fd877]::panicking::panic_with_hook
[INFO] [stdout]    7:     0x5b889c41e552 - std[617be2ca0a6fd877]::panicking::panic_handler::{closure#0}
[INFO] [stdout]    8:     0x5b889c416d09 - std[617be2ca0a6fd877]::sys::backtrace::__rust_end_short_backtrace::<std[617be2ca0a6fd877]::panicking::panic_handler::{closure#0}, !>
[INFO] [stdout]    9:     0x5b889c41f27d - __rustc[ea4f61d10b84890b]::rust_begin_unwind
[INFO] [stdout]   10:     0x5b889c45d5ec - core[a373ad73a504971]::panicking::panic_fmt
[INFO] [stdout]   11:     0x5b889c2b1d6b - examples[f6a80ea1b7063d4a]::read::{closure#0}
[INFO] [stdout]   12:     0x5b889c2b1ff1 - examples[f6a80ea1b7063d4a]::read
[INFO] [stdout]   13:     0x5b889c2b30df - <examples[f6a80ea1b7063d4a]::every_example_lowers_to_the_expected_ir::{closure#0} as core[a373ad73a504971]::ops::function::FnOnce<()>>::call_once
[INFO] [stdout]   14:     0x5b889c33693b - test[aada8e7e76ba119b]::__rust_begin_short_backtrace::<core[a373ad73a504971]::result::Result<(), alloc[2e1b2a31b91974c5]::string::String>, fn() -> core[a373ad73a504971]::result::Result<(), alloc[2e1b2a31b91974c5]::string::String>>
[INFO] [stdout]   15:     0x5b889c343b15 - test[aada8e7e76ba119b]::run_test::{closure#0}
[INFO] [stdout]   16:     0x5b889c33d404 - std[617be2ca0a6fd877]::sys::backtrace::__rust_begin_short_backtrace::<test[aada8e7e76ba119b]::run_test::{closure#1}, ()>
[INFO] [stdout]   17:     0x5b889c346ba2 - <std[617be2ca0a6fd877]::thread::lifecycle::spawn_unchecked<test[aada8e7e76ba119b]::run_test::{closure#1}, ()>::{closure#1} as core[a373ad73a504971]::ops::function::FnOnce<()>>::call_once::{shim:vtable#0}
[INFO] [stdout]   18:     0x5b889c44426f - <std[617be2ca0a6fd877]::sys::thread::unix::Thread>::new::thread_start
[INFO] [stdout]   19:     0x7cc27aa6cdfa - <unknown>
[INFO] [stdout]   20:     0x7cc27ab003d4 - clone
[INFO] [stdout]   21:                0x0 - <unknown>
[INFO] [stdout] 
[INFO] [stdout] ---- composite_keys_and_named_relations_survive_lowering stdout ----
[INFO] [stdout] 
[INFO] [stdout] thread 'composite_keys_and_named_relations_survive_lowering' (860) panicked at tests/examples.rs:20:29:
[INFO] [stdout] cannot read example `ecommerce` at /opt/rustwide/workdir/../../examples/ecommerce/schema.ruprizzle: No such file or directory (os error 2)
[INFO] [stdout] stack backtrace:
[INFO] [stdout]    0:     0x5b889c445291 - <<std[617be2ca0a6fd877]::sys::backtrace::BacktraceLock>::print::DisplayBacktrace as core[a373ad73a504971]::fmt::Display>::fmt
[INFO] [stdout]    1:     0x5b889c45ce8a - core[a373ad73a504971]::fmt::write
[INFO] [stdout]    2:     0x5b889c449a1c - <alloc[2e1b2a31b91974c5]::vec::Vec<u8> as core[a373ad73a504971]::io::write::Write>::write_fmt
[INFO] [stdout]    3:     0x5b889c41e4a6 - std[617be2ca0a6fd877]::panicking::default_hook::{closure#0}
[INFO] [stdout]    4:     0x5b889c43c399 - std[617be2ca0a6fd877]::panicking::default_hook
[INFO] [stdout]    5:     0x5b889c3434f0 - test[aada8e7e76ba119b]::test_main_inner::{closure#0}
[INFO] [stdout]    6:     0x5b889c43c552 - std[617be2ca0a6fd877]::panicking::panic_with_hook
[INFO] [stdout]    7:     0x5b889c41e552 - std[617be2ca0a6fd877]::panicking::panic_handler::{closure#0}
[INFO] [stdout]    8:     0x5b889c416d09 - std[617be2ca0a6fd877]::sys::backtrace::__rust_end_short_backtrace::<std[617be2ca0a6fd877]::panicking::panic_handler::{closure#0}, !>
[INFO] [stdout]    9:     0x5b889c41f27d - __rustc[ea4f61d10b84890b]::rust_begin_unwind
[INFO] [stdout]   10:     0x5b889c45d5ec - core[a373ad73a504971]::panicking::panic_fmt
[INFO] [stdout]   11:     0x5b889c2b1d6b - examples[f6a80ea1b7063d4a]::read::{closure#0}
[INFO] [stdout]   12:     0x5b889c2b1ff1 - examples[f6a80ea1b7063d4a]::read
[INFO] [stdout]   13:     0x5b889c2b4f3a - <examples[f6a80ea1b7063d4a]::composite_keys_and_named_relations_survive_lowering::{closure#0} as core[a373ad73a504971]::ops::function::FnOnce<()>>::call_once
[INFO] [stdout]   14:     0x5b889c33693b - test[aada8e7e76ba119b]::__rust_begin_short_backtrace::<core[a373ad73a504971]::result::Result<(), alloc[2e1b2a31b91974c5]::string::String>, fn() -> core[a373ad73a504971]::result::Result<(), alloc[2e1b2a31b91974c5]::string::String>>
[INFO] [stdout]   15:     0x5b889c343b15 - test[aada8e7e76ba119b]::run_test::{closure#0}
[INFO] [stdout]   16:     0x5b889c33d404 - std[617be2ca0a6fd877]::sys::backtrace::__rust_begin_short_backtrace::<test[aada8e7e76ba119b]::run_test::{closure#1}, ()>
[INFO] [stdout]   17:     0x5b889c346ba2 - <std[617be2ca0a6fd877]::thread::lifecycle::spawn_unchecked<test[aada8e7e76ba119b]::run_test::{closure#1}, ()>::{closure#1} as core[a373ad73a504971]::ops::function::FnOnce<()>>::call_once::{shim:vtable#0}
[INFO] [stdout]   18:     0x5b889c44426f - <std[617be2ca0a6fd877]::sys::thread::unix::Thread>::new::thread_start
[INFO] [stdout]   19:     0x7cc27aa6cdfa - <unknown>
[INFO] [stdout]   20:     0x7cc27ab003d4 - clone
[INFO] [stdout]   21:                0x0 - <unknown>
[INFO] [stdout] 
[INFO] [stdout] ---- the_fingerprint_is_stable_across_runs stdout ----
[INFO] [stdout] 
[INFO] [stdout] thread 'the_fingerprint_is_stable_across_runs' (867) panicked at tests/examples.rs:20:29:
[INFO] [stdout] cannot read example `blog` at /opt/rustwide/workdir/../../examples/blog/schema.ruprizzle: No such file or directory (os error 2)
[INFO] [stdout] stack backtrace:
[INFO] [stdout]    0:     0x5b889c445291 - <<std[617be2ca0a6fd877]::sys::backtrace::BacktraceLock>::print::DisplayBacktrace as core[a373ad73a504971]::fmt::Display>::fmt
[INFO] [stdout]    1:     0x5b889c45ce8a - core[a373ad73a504971]::fmt::write
[INFO] [stdout]    2:     0x5b889c449a1c - <alloc[2e1b2a31b91974c5]::vec::Vec<u8> as core[a373ad73a504971]::io::write::Write>::write_fmt
[INFO] [stdout]    3:     0x5b889c41e4a6 - std[617be2ca0a6fd877]::panicking::default_hook::{closure#0}
[INFO] [stdout]    4:     0x5b889c43c399 - std[617be2ca0a6fd877]::panicking::default_hook
[INFO] [stdout]    5:     0x5b889c3434f0 - test[aada8e7e76ba119b]::test_main_inner::{closure#0}
[INFO] [stdout]    6:     0x5b889c43c552 - std[617be2ca0a6fd877]::panicking::panic_with_hook
[INFO] [stdout]    7:     0x5b889c41e552 - std[617be2ca0a6fd877]::panicking::panic_handler::{closure#0}
[INFO] [stdout]    8:     0x5b889c416d09 - std[617be2ca0a6fd877]::sys::backtrace::__rust_end_short_backtrace::<std[617be2ca0a6fd877]::panicking::panic_handler::{closure#0}, !>
[INFO] [stdout]    9:     0x5b889c41f27d - __rustc[ea4f61d10b84890b]::rust_begin_unwind
[INFO] [stdout]   10:     0x5b889c45d5ec - core[a373ad73a504971]::panicking::panic_fmt
[INFO] [stdout]   11:     0x5b889c2b1d6b - examples[f6a80ea1b7063d4a]::read::{closure#0}
[INFO] [stdout]   12:     0x5b889c2b1ff1 - examples[f6a80ea1b7063d4a]::read
[INFO] [stdout]   13:     0x5b889c2b2d8a - <examples[f6a80ea1b7063d4a]::the_fingerprint_is_stable_across_runs::{closure#0} as core[a373ad73a504971]::ops::function::FnOnce<()>>::call_once
[INFO] [stdout]   14:     0x5b889c33693b - test[aada8e7e76ba119b]::__rust_begin_short_backtrace::<core[a373ad73a504971]::result::Result<(), alloc[2e1b2a31b91974c5]::string::String>, fn() -> core[a373ad73a504971]::result::Result<(), alloc[2e1b2a31b91974c5]::string::String>>
[INFO] [stdout]   15:     0x5b889c343b15 - test[aada8e7e76ba119b]::run_test::{closure#0}
[INFO] [stdout]   16:     0x5b889c33d404 - std[617be2ca0a6fd877]::sys::backtrace::__rust_begin_short_backtrace::<test[aada8e7e76ba119b]::run_test::{closure#1}, ()>
[INFO] [stdout]   17:     0x5b889c346ba2 - <std[617be2ca0a6fd877]::thread::lifecycle::spawn_unchecked<test[aada8e7e76ba119b]::run_test::{closure#1}, ()>::{closure#1} as core[a373ad73a504971]::ops::function::FnOnce<()>>::call_once::{shim:vtable#0}
[INFO] [stdout]   18:     0x5b889c44426f - <std[617be2ca0a6fd877]::sys::thread::unix::Thread>::new::thread_start
[INFO] [stdout]   19:     0x7cc27aa6cdfa - <unknown>
[INFO] [stdout]   20:     0x7cc27ab003d4 - clone
[INFO] [stdout]   21:                0x0 - <unknown>
[INFO] [stdout] 
[INFO] [stdout] ---- scalar_types_and_docs_reach_the_ir stdout ----
[INFO] [stdout] 
[INFO] [stdout] thread 'scalar_types_and_docs_reach_the_ir' (865) panicked at tests/examples.rs:20:29:
[INFO] [stdout] cannot read example `ecommerce` at /opt/rustwide/workdir/../../examples/ecommerce/schema.ruprizzle: No such file or directory (os error 2)
[INFO] [stdout] stack backtrace:
[INFO] [stdout]    0:     0x5b889c445291 - <<std[617be2ca0a6fd877]::sys::backtrace::BacktraceLock>::print::DisplayBacktrace as core[a373ad73a504971]::fmt::Display>::fmt
[INFO] [stdout]    1:     0x5b889c45ce8a - core[a373ad73a504971]::fmt::write
[INFO] [stdout]    2:     0x5b889c449a1c - <alloc[2e1b2a31b91974c5]::vec::Vec<u8> as core[a373ad73a504971]::io::write::Write>::write_fmt
[INFO] [stdout]    3:     0x5b889c41e4a6 - std[617be2ca0a6fd877]::panicking::default_hook::{closure#0}
[INFO] [stdout]    4:     0x5b889c43c399 - std[617be2ca0a6fd877]::panicking::default_hook
[INFO] [stdout]    5:     0x5b889c3434f0 - test[aada8e7e76ba119b]::test_main_inner::{closure#0}
[INFO] [stdout]    6:     0x5b889c43c552 - std[617be2ca0a6fd877]::panicking::panic_with_hook
[INFO] [stdout]    7:     0x5b889c41e552 - std[617be2ca0a6fd877]::panicking::panic_handler::{closure#0}
[INFO] [stdout]    8:     0x5b889c416d09 - std[617be2ca0a6fd877]::sys::backtrace::__rust_end_short_backtrace::<std[617be2ca0a6fd877]::panicking::panic_handler::{closure#0}, !>
[INFO] [stdout]    9:     0x5b889c41f27d - __rustc[ea4f61d10b84890b]::rust_begin_unwind
[INFO] [stdout]   10:     0x5b889c45d5ec - core[a373ad73a504971]::panicking::panic_fmt
[INFO] [stdout]   11:     0x5b889c2b1d6b - examples[f6a80ea1b7063d4a]::read::{closure#0}
[INFO] [stdout]   12:     0x5b889c2b1ff1 - examples[f6a80ea1b7063d4a]::read
[INFO] [stdout]   13:     0x5b889c2b291a - <examples[f6a80ea1b7063d4a]::scalar_types_and_docs_reach_the_ir::{closure#0} as core[a373ad73a504971]::ops::function::FnOnce<()>>::call_once
[INFO] [stdout]   14:     0x5b889c33693b - test[aada8e7e76ba119b]::__rust_begin_short_backtrace::<core[a373ad73a504971]::result::Result<(), alloc[2e1b2a31b91974c5]::string::String>, fn() -> core[a373ad73a504971]::result::Result<(), alloc[2e1b2a31b91974c5]::string::String>>
[INFO] [stdout]   15:     0x5b889c343b15 - test[aada8e7e76ba119b]::run_test::{closure#0}
[INFO] [stdout]   16:     0x5b889c33d404 - std[617be2ca0a6fd877]::sys::backtrace::__rust_begin_short_backtrace::<test[aada8e7e76ba119b]::run_test::{closure#1}, ()>
[INFO] [stdout]   17:     0x5b889c346ba2 - <std[617be2ca0a6fd877]::thread::lifecycle::spawn_unchecked<test[aada8e7e76ba119b]::run_test::{closure#1}, ()>::{closure#1} as core[a373ad73a504971]::ops::function::FnOnce<()>>::call_once::{shim:vtable#0}
[INFO] [stdout]   18:     0x5b889c44426f - <std[617be2ca0a6fd877]::sys::thread::unix::Thread>::new::thread_start
[INFO] [stdout]   19:     0x7cc27aa6cdfa - <unknown>
[INFO] [stdout]   20:     0x7cc27ab003d4 - clone
[INFO] [stdout]   21:                0x0 - <unknown>
[INFO] [stdout] 
[INFO] [stdout] ---- relations_are_canonical_and_both_sides_agree stdout ----
[INFO] [stdout] 
[INFO] [stdout] thread 'relations_are_canonical_and_both_sides_agree' (864) panicked at tests/examples.rs:20:29:
[INFO] [stdout] cannot read example `blog` at /opt/rustwide/workdir/../../examples/blog/schema.ruprizzle: No such file or directory (os error 2)
[INFO] [stdout] stack backtrace:
[INFO] [stdout]    0:     0x5b889c445291 - <<std[617be2ca0a6fd877]::sys::backtrace::BacktraceLock>::print::DisplayBacktrace as core[a373ad73a504971]::fmt::Display>::fmt
[INFO] [stdout]    1:     0x5b889c45ce8a - core[a373ad73a504971]::fmt::write
[INFO] [stdout]    2:     0x5b889c449a1c - <alloc[2e1b2a31b91974c5]::vec::Vec<u8> as core[a373ad73a504971]::io::write::Write>::write_fmt
[INFO] [stdout]    3:     0x5b889c41e4a6 - std[617be2ca0a6fd877]::panicking::default_hook::{closure#0}
[INFO] [stdout]    4:     0x5b889c43c399 - std[617be2ca0a6fd877]::panicking::default_hook
[INFO] [stdout]    5:     0x5b889c3434f0 - test[aada8e7e76ba119b]::test_main_inner::{closure#0}
[INFO] [stdout]    6:     0x5b889c43c552 - std[617be2ca0a6fd877]::panicking::panic_with_hook
[INFO] [stdout]    7:     0x5b889c41e552 - std[617be2ca0a6fd877]::panicking::panic_handler::{closure#0}
[INFO] [stdout]    8:     0x5b889c416d09 - std[617be2ca0a6fd877]::sys::backtrace::__rust_end_short_backtrace::<std[617be2ca0a6fd877]::panicking::panic_handler::{closure#0}, !>
[INFO] [stdout]    9:     0x5b889c41f27d - __rustc[ea4f61d10b84890b]::rust_begin_unwind
[INFO] [stdout]   10:     0x5b889c45d5ec - core[a373ad73a504971]::panicking::panic_fmt
[INFO] [stdout]   11:     0x5b889c2b1d6b - examples[f6a80ea1b7063d4a]::read::{closure#0}
[INFO] [stdout]   12:     0x5b889c2b1ff1 - examples[f6a80ea1b7063d4a]::read
[INFO] [stdout]   13:     0x5b889c2b365c - <examples[f6a80ea1b7063d4a]::relations_are_canonical_and_both_sides_agree::{closure#0} as core[a373ad73a504971]::ops::function::FnOnce<()>>::call_once
[INFO] [stdout]   14:     0x5b889c33693b - test[aada8e7e76ba119b]::__rust_begin_short_backtrace::<core[a373ad73a504971]::result::Result<(), alloc[2e1b2a31b91974c5]::string::String>, fn() -> core[a373ad73a504971]::result::Result<(), alloc[2e1b2a31b91974c5]::string::String>>
[INFO] [stdout]   15:     0x5b889c343b15 - test[aada8e7e76ba119b]::run_test::{closure#0}
[INFO] [stdout]   16:     0x5b889c33d404 - std[617be2ca0a6fd877]::sys::backtrace::__rust_begin_short_backtrace::<test[aada8e7e76ba119b]::run_test::{closure#1}, ()>
[INFO] [stdout]   17:     0x5b889c346ba2 - <std[617be2ca0a6fd877]::thread::lifecycle::spawn_unchecked<test[aada8e7e76ba119b]::run_test::{closure#1}, ()>::{closure#1} as core[a373ad73a504971]::ops::function::FnOnce<()>>::call_once::{shim:vtable#0}
[INFO] [stdout]   18:     0x5b889c44426f - <std[617be2ca0a6fd877]::sys::thread::unix::Thread>::new::thread_start
[INFO] [stdout]   19:     0x7cc27aa6cdfa - <unknown>
[INFO] [stdout]   20:     0x7cc27ab003d4 - clone
[INFO] [stdout]   21:                0x0 - <unknown>
[INFO] [stdout] 
[INFO] [stdout] ---- the_fingerprint_ignores_line_endings_and_offsets stdout ----
[INFO] [stdout] 
[INFO] [stdout] thread 'the_fingerprint_ignores_line_endings_and_offsets' (866) panicked at tests/examples.rs:20:29:
[INFO] [stdout] cannot read example `blog` at /opt/rustwide/workdir/../../examples/blog/schema.ruprizzle: No such file or directory (os error 2)
[INFO] [stdout] stack backtrace:
[INFO] [stdout]    0:     0x5b889c445291 - <<std[617be2ca0a6fd877]::sys::backtrace::BacktraceLock>::print::DisplayBacktrace as core[a373ad73a504971]::fmt::Display>::fmt
[INFO] [stdout]    1:     0x5b889c45ce8a - core[a373ad73a504971]::fmt::write
[INFO] [stdout]    2:     0x5b889c449a1c - <alloc[2e1b2a31b91974c5]::vec::Vec<u8> as core[a373ad73a504971]::io::write::Write>::write_fmt
[INFO] [stdout]    3:     0x5b889c41e4a6 - std[617be2ca0a6fd877]::panicking::default_hook::{closure#0}
[INFO] [stdout]    4:     0x5b889c43c399 - std[617be2ca0a6fd877]::panicking::default_hook
[INFO] [stdout]    5:     0x5b889c3434f0 - test[aada8e7e76ba119b]::test_main_inner::{closure#0}
[INFO] [stdout]    6:     0x5b889c43c552 - std[617be2ca0a6fd877]::panicking::panic_with_hook
[INFO] [stdout]    7:     0x5b889c41e552 - std[617be2ca0a6fd877]::panicking::panic_handler::{closure#0}
[INFO] [stdout]    8:     0x5b889c416d09 - std[617be2ca0a6fd877]::sys::backtrace::__rust_end_short_backtrace::<std[617be2ca0a6fd877]::panicking::panic_handler::{closure#0}, !>
[INFO] [stdout]    9:     0x5b889c41f27d - __rustc[ea4f61d10b84890b]::rust_begin_unwind
[INFO] [stdout]   10:     0x5b889c45d5ec - core[a373ad73a504971]::panicking::panic_fmt
[INFO] [stdout]   11:     0x5b889c2b1d6b - examples[f6a80ea1b7063d4a]::read::{closure#0}
[INFO] [stdout]   12:     0x5b889c2b1ff1 - examples[f6a80ea1b7063d4a]::read
[INFO] [stdout]   13:     0x5b889c2b417f - <examples[f6a80ea1b7063d4a]::the_fingerprint_ignores_line_endings_and_offsets::{closure#0} as core[a373ad73a504971]::ops::function::FnOnce<()>>::call_once
[INFO] [stdout]   14:     0x5b889c33693b - test[aada8e7e76ba119b]::__rust_begin_short_backtrace::<core[a373ad73a504971]::result::Result<(), alloc[2e1b2a31b91974c5]::string::String>, fn() -> core[a373ad73a504971]::result::Result<(), alloc[2e1b2a31b91974c5]::string::String>>
[INFO] [stdout]   15:     0x5b889c343b15 - test[aada8e7e76ba119b]::run_test::{closure#0}
[INFO] [stdout]   16:     0x5b889c33d404 - std[617be2ca0a6fd877]::sys::backtrace::__rust_begin_short_backtrace::<test[aada8e7e76ba119b]::run_test::{closure#1}, ()>
[INFO] [stdout]   17:     0x5b889c346ba2 - <std[617be2ca0a6fd877]::thread::lifecycle::spawn_unchecked<test[aada8e7e76ba119b]::run_test::{closure#1}, ()>::{closure#1} as core[a373ad73a504971]::ops::function::FnOnce<()>>::call_once::{shim:vtable#0}
[INFO] [stdout]   18:     0x5b889c44426f - <std[617be2ca0a6fd877]::sys::thread::unix::Thread>::new::thread_start
[INFO] [stdout]   19:     0x7cc27aa6cdfa - <unknown>
[INFO] [stdout]   20:     0x7cc27ab003d4 - clone
[INFO] [stdout]   21:                0x0 - <unknown>
[INFO] [stdout] 
[INFO] [stdout] ---- naming_conventions_are_applied_once_during_lowering stdout ----
[INFO] [stdout] 
[INFO] [stdout] thread 'naming_conventions_are_applied_once_during_lowering' (863) panicked at tests/examples.rs:20:29:
[INFO] [stdout] cannot read example `blog` at /opt/rustwide/workdir/../../examples/blog/schema.ruprizzle: No such file or directory (os error 2)
[INFO] [stdout] stack backtrace:
[INFO] [stdout]    0:     0x5b889c445291 - <<std[617be2ca0a6fd877]::sys::backtrace::BacktraceLock>::print::DisplayBacktrace as core[a373ad73a504971]::fmt::Display>::fmt
[INFO] [stdout]    1:     0x5b889c45ce8a - core[a373ad73a504971]::fmt::write
[INFO] [stdout]    2:     0x5b889c449a1c - <alloc[2e1b2a31b91974c5]::vec::Vec<u8> as core[a373ad73a504971]::io::write::Write>::write_fmt
[INFO] [stdout]    3:     0x5b889c41e4a6 - std[617be2ca0a6fd877]::panicking::default_hook::{closure#0}
[INFO] [stdout]    4:     0x5b889c43c399 - std[617be2ca0a6fd877]::panicking::default_hook
[INFO] [stdout]    5:     0x5b889c3434f0 - test[aada8e7e76ba119b]::test_main_inner::{closure#0}
[INFO] [stdout]    6:     0x5b889c43c552 - std[617be2ca0a6fd877]::panicking::panic_with_hook
[INFO] [stdout]    7:     0x5b889c41e552 - std[617be2ca0a6fd877]::panicking::panic_handler::{closure#0}
[INFO] [stdout]    8:     0x5b889c416d09 - std[617be2ca0a6fd877]::sys::backtrace::__rust_end_short_backtrace::<std[617be2ca0a6fd877]::panicking::panic_handler::{closure#0}, !>
[INFO] [stdout]    9:     0x5b889c41f27d - __rustc[ea4f61d10b84890b]::rust_begin_unwind
[INFO] [stdout]   10:     0x5b889c45d5ec - core[a373ad73a504971]::panicking::panic_fmt
[INFO] [stdout]   11:     0x5b889c2b1d6b - examples[f6a80ea1b7063d4a]::read::{closure#0}
[INFO] [stdout]   12:     0x5b889c2b1ff1 - examples[f6a80ea1b7063d4a]::read
[INFO] [stdout]   13:     0x5b889c2b56fa - <examples[f6a80ea1b7063d4a]::naming_conventions_are_applied_once_during_lowering::{closure#0} as core[a373ad73a504971]::ops::function::FnOnce<()>>::call_once
[INFO] [stdout]   14:     0x5b889c33693b - test[aada8e7e76ba119b]::__rust_begin_short_backtrace::<core[a373ad73a504971]::result::Result<(), alloc[2e1b2a31b91974c5]::string::String>, fn() -> core[a373ad73a504971]::result::Result<(), alloc[2e1b2a31b91974c5]::string::String>>
[INFO] [stdout]   15:     0x5b889c343b15 - test[aada8e7e76ba119b]::run_test::{closure#0}
[INFO] [stdout]   16:     0x5b889c33d404 - std[617be2ca0a6fd877]::sys::backtrace::__rust_begin_short_backtrace::<test[aada8e7e76ba119b]::run_test::{closure#1}, ()>
[INFO] [stdout]   17:     0x5b889c346ba2 - <std[617be2ca0a6fd877]::thread::lifecycle::spawn_unchecked<test[aada8e7e76ba119b]::run_test::{closure#1}, ()>::{closure#1} as core[a373ad73a504971]::ops::function::FnOnce<()>>::call_once::{shim:vtable#0}
[INFO] [stdout]   18:     0x5b889c44426f - <std[617be2ca0a6fd877]::sys::thread::unix::Thread>::new::thread_start
[INFO] [stdout]   19:     0x7cc27aa6cdfa - <unknown>
[INFO] [stdout]   20:     0x7cc27ab003d4 - clone
[INFO] [stdout]   21:                0x0 - <unknown>
[INFO] [stdout] 
[INFO] [stdout] 
[INFO] [stdout] failures:
[INFO] [stdout]     composite_keys_and_named_relations_survive_lowering
[INFO] [stdout]     every_example_lowers_to_the_expected_ir
[INFO] [stdout]     naming_conventions_are_applied_once_during_lowering
[INFO] [stdout]     relations_are_canonical_and_both_sides_agree
[INFO] [stdout]     scalar_types_and_docs_reach_the_ir
[INFO] [stdout]     the_fingerprint_ignores_line_endings_and_offsets
[INFO] [stdout]     the_fingerprint_is_stable_across_runs
[INFO] [stdout] 
[INFO] [stdout] test result: FAILED. 1 passed; 7 failed; 0 ignored; 0 measured; 0 filtered out; finished in 0.00s
[INFO] [stdout] 
[INFO] running `Command { std: "docker" "inspect" "8589208a302012a5bd8fd2a734bbc3c6b467017e1c541c5f675ef0500809285f", kill_on_drop: false }`
[INFO] running `Command { std: "docker" "rm" "-f" "8589208a302012a5bd8fd2a734bbc3c6b467017e1c541c5f675ef0500809285f", kill_on_drop: false }`
[INFO] [stdout] 8589208a302012a5bd8fd2a734bbc3c6b467017e1c541c5f675ef0500809285f
