[INFO] fetching crate runproclike 0.2.1...
[INFO] testing runproclike-0.2.1 against 1.100.0-beta.1+cargoflags=--release for beta-release-1.100-2
[INFO] extracting crate runproclike 0.2.1 into /workspace/builds/worker-5-tc2/source
[INFO] started tweaking crates.io crate runproclike 0.2.1
[INFO] finished tweaking crates.io crate runproclike 0.2.1
[INFO] tweaked toml for crates.io crate runproclike 0.2.1 written to /workspace/builds/worker-5-tc2/source/Cargo.toml
[INFO] validating manifest of crates.io crate runproclike 0.2.1 on toolchain 1.100.0-beta.1
[INFO] running `Command { std: CARGO_HOME="/workspace/cargo-home" RUSTUP_HOME="/workspace/rustup-home" "/workspace/cargo-home/bin/cargo" "+1.100.0-beta.1" "metadata" "--manifest-path" "Cargo.toml" "--no-deps", kill_on_drop: false }`
[INFO] crate crates.io crate runproclike 0.2.1 already has a lockfile, it will not be regenerated
[INFO] running `Command { std: CARGO_HOME="/workspace/cargo-home" RUSTUP_HOME="/workspace/rustup-home" "/workspace/cargo-home/bin/cargo" "+1.100.0-beta.1" "fetch" "--manifest-path" "Cargo.toml", kill_on_drop: false }`
[INFO] running `Command { std: "docker" "create" "-v" "/var/lib/crater-agent-workspace/builds/worker-5-tc2/source:/opt/rustwide/workdir:ro,Z" "-v" "/var/lib/crater-agent-workspace/builds/worker-5-tc2/target:/opt/rustwide/target:rw,Z" "-v" "/var/lib/crater-agent-workspace/cargo-home:/opt/rustwide/cargo-home:ro,Z" "-v" "/var/lib/crater-agent-workspace/rustup-home:/opt/rustwide/rustup-home:ro,Z" "-m" "1610612736" "--network" "none" "ghcr.io/rust-lang/crates-build-env/linux@sha256:77db811e55d90add9212f6832c23229e3de5f1c1f9905e8cb07319ea15df73ac" "sleep" "infinity", kill_on_drop: false }`
[INFO] [stdout] fc09194041184a4b4eddae0846b6ffa4a8c6abbb74cfb8ea7e5170a5cd242c2a
[INFO] running `Command { std: "docker" "start" "fc09194041184a4b4eddae0846b6ffa4a8c6abbb74cfb8ea7e5170a5cd242c2a", kill_on_drop: false }`
[INFO] running `Command { std: "docker" "inspect" "fc09194041184a4b4eddae0846b6ffa4a8c6abbb74cfb8ea7e5170a5cd242c2a", kill_on_drop: false }`
[INFO] running `Command { std: "docker" "exec" "-e" "SOURCE_DIR=/opt/rustwide/workdir" "-e" "CARGO_HOME=/opt/rustwide/cargo-home" "-e" "RUSTUP_HOME=/opt/rustwide/rustup-home" "-e" "CARGO_TARGET_DIR=/opt/rustwide/target" "-w" "/opt/rustwide/workdir" "--user" "0:0" "fc09194041184a4b4eddae0846b6ffa4a8c6abbb74cfb8ea7e5170a5cd242c2a" "/opt/rustwide/cargo-home/bin/cargo" "+1.100.0-beta.1" "metadata" "--no-deps" "--format-version=1", kill_on_drop: false }`
[INFO] running `Command { std: "docker" "inspect" "fc09194041184a4b4eddae0846b6ffa4a8c6abbb74cfb8ea7e5170a5cd242c2a", kill_on_drop: false }`
[INFO] running `Command { std: "docker" "exec" "-e" "SOURCE_DIR=/opt/rustwide/workdir" "-e" "CARGO_HOME=/opt/rustwide/cargo-home" "-e" "RUSTUP_HOME=/opt/rustwide/rustup-home" "-e" "CARGO_TARGET_DIR=/opt/rustwide/target" "-e" "CARGO_INCREMENTAL=0" "-e" "RUST_BACKTRACE=full" "-e" "RUSTFLAGS=--cap-lints=warn" "-e" "RUSTDOCFLAGS=--cap-lints=warn" "-w" "/opt/rustwide/workdir" "--user" "0:0" "fc09194041184a4b4eddae0846b6ffa4a8c6abbb74cfb8ea7e5170a5cd242c2a" "/opt/rustwide/cargo-home/bin/cargo" "+1.100.0-beta.1" "build" "--frozen" "--message-format=json" "--release", kill_on_drop: false }`
[INFO] [stderr]    Compiling proc-macro2 v1.0.101
[INFO] [stderr]    Compiling cfg-if v1.0.3
[INFO] [stderr]    Compiling iana-time-zone v0.1.63
[INFO] [stderr]    Compiling rustix v1.0.8
[INFO] [stderr]    Compiling bitflags v2.9.4
[INFO] [stderr]    Compiling anstyle-query v1.1.4
[INFO] [stderr]    Compiling procfs v0.18.0
[INFO] [stderr]    Compiling miniz_oxide v0.8.9
[INFO] [stderr]    Compiling linux-raw-sys v0.9.4
[INFO] [stderr]    Compiling anyhow v1.0.99
[INFO] [stderr]    Compiling clap_lex v0.7.5
[INFO] [stderr]    Compiling crc32fast v1.5.0
[INFO] [stderr]    Compiling anstream v0.6.20
[INFO] [stderr]    Compiling chrono v0.4.41
[INFO] [stderr]    Compiling clap_builder v4.5.47
[INFO] [stderr]    Compiling quote v1.0.40
[INFO] [stderr]    Compiling flate2 v1.1.2
[INFO] [stderr]    Compiling syn v2.0.106
[INFO] [stderr]    Compiling procfs-core v0.18.0
[INFO] [stderr]    Compiling clap_derive v4.5.47
[INFO] [stderr]    Compiling clap v4.5.47
[INFO] [stderr]    Compiling runproclike v0.2.1 (/opt/rustwide/workdir)
[INFO] [stdout] warning: unused import: `crate::cli::CliArgs`
[INFO] [stdout]  --> src/executable_linux.rs:2:5
[INFO] [stdout]   |
[INFO] [stdout] 2 | use crate::cli::CliArgs;
[INFO] [stdout]   |     ^^^^^^^^^^^^^^^^^^^
[INFO] [stdout]   |
[INFO] [stdout]   = note: `#[warn(unused_imports)]` (part of `#[warn(unused)]`) on by default
[INFO] [stdout] 
[INFO] [stdout] 
[INFO] [stderr]     Finished `release` profile [optimized] target(s) in 28.96s
[INFO] running `Command { std: "docker" "inspect" "fc09194041184a4b4eddae0846b6ffa4a8c6abbb74cfb8ea7e5170a5cd242c2a", kill_on_drop: false }`
[INFO] running `Command { std: "docker" "exec" "-e" "SOURCE_DIR=/opt/rustwide/workdir" "-e" "CARGO_HOME=/opt/rustwide/cargo-home" "-e" "RUSTUP_HOME=/opt/rustwide/rustup-home" "-e" "CARGO_TARGET_DIR=/opt/rustwide/target" "-e" "CARGO_INCREMENTAL=0" "-e" "RUST_BACKTRACE=full" "-e" "RUSTFLAGS=--cap-lints=warn" "-e" "RUSTDOCFLAGS=--cap-lints=warn" "-w" "/opt/rustwide/workdir" "--user" "0:0" "fc09194041184a4b4eddae0846b6ffa4a8c6abbb74cfb8ea7e5170a5cd242c2a" "/opt/rustwide/cargo-home/bin/cargo" "+1.100.0-beta.1" "test" "--frozen" "--no-run" "--message-format=json" "--release", kill_on_drop: false }`
[INFO] [stderr]    Compiling runproclike v0.2.1 (/opt/rustwide/workdir)
[INFO] [stderr]     Finished `release` profile [optimized] target(s) in 1.06s
[INFO] running `Command { std: "docker" "inspect" "fc09194041184a4b4eddae0846b6ffa4a8c6abbb74cfb8ea7e5170a5cd242c2a", kill_on_drop: false }`
[INFO] running `Command { std: "docker" "exec" "-e" "SOURCE_DIR=/opt/rustwide/workdir" "-e" "CARGO_HOME=/opt/rustwide/cargo-home" "-e" "RUSTUP_HOME=/opt/rustwide/rustup-home" "-e" "CARGO_TARGET_DIR=/opt/rustwide/target" "-e" "CARGO_INCREMENTAL=0" "-e" "RUST_BACKTRACE=full" "-e" "RUSTFLAGS=--cap-lints=warn" "-e" "RUSTDOCFLAGS=--cap-lints=warn" "-w" "/opt/rustwide/workdir" "--user" "0:0" "fc09194041184a4b4eddae0846b6ffa4a8c6abbb74cfb8ea7e5170a5cd242c2a" "/opt/rustwide/cargo-home/bin/cargo" "+1.100.0-beta.1" "test" "--frozen" "--release", kill_on_drop: false }`
[INFO] [stderr]     Finished `release` profile [optimized] target(s) in 0.08s
[INFO] [stderr]      Running unittests src/main.rs (/opt/rustwide/target/release/build/runproclike/db540eafa7abdf08/out/runproclike-db540eafa7abdf08)
[INFO] [stdout] 
[INFO] [stdout] running 6 tests
[INFO] [stdout] test cli::tests::test_validate_invalid_pid_fail ... ok
[INFO] [stdout] test executable_linux::tests::test_extract_cmdline ... ok
[INFO] [stdout] test executable_linux::tests::test_extract_env_vars ... ok
[INFO] [stdout] test executable_linux::tests::test_extract_cwd ... ok
[INFO] [stdout] test cli::tests::test_validate_valid_pid_success ... ok
[INFO] [stdout] test cli::tests::test_validate_different_pid_fail ... FAILED
[INFO] [stdout] 
[INFO] [stdout] failures:
[INFO] [stdout] 
[INFO] [stdout] ---- cli::tests::test_validate_different_pid_fail stdout ----
[INFO] [stdout] 
[INFO] [stdout] thread 'cli::tests::test_validate_different_pid_fail' (671) panicked at src/cli.rs:54:38:
[INFO] [stdout] called `Result::unwrap_err()` on an `Ok` value: ()
[INFO] [stdout] stack backtrace:
[INFO] [stdout]    0:     0x58add6c66e51 - <<std[617be2ca0a6fd877]::sys::backtrace::BacktraceLock>::print::DisplayBacktrace as core[a373ad73a504971]::fmt::Display>::fmt
[INFO] [stdout]    1:     0x58add6c7b4fa - core[a373ad73a504971]::fmt::write
[INFO] [stdout]    2:     0x58add6c6b5ac - <alloc[2e1b2a31b91974c5]::vec::Vec<u8> as core[a373ad73a504971]::io::write::Write>::write_fmt
[INFO] [stdout]    3:     0x58add6c42796 - std[617be2ca0a6fd877]::panicking::default_hook::{closure#0}
[INFO] [stdout]    4:     0x58add6c5f169 - std[617be2ca0a6fd877]::panicking::default_hook
[INFO] [stdout]    5:     0x58add6be6a50 - test[aada8e7e76ba119b]::test_main_inner::{closure#0}
[INFO] [stdout]    6:     0x58add6c5f322 - std[617be2ca0a6fd877]::panicking::panic_with_hook
[INFO] [stdout]    7:     0x58add6c42842 - std[617be2ca0a6fd877]::panicking::panic_handler::{closure#0}
[INFO] [stdout]    8:     0x58add6c3ae39 - std[617be2ca0a6fd877]::sys::backtrace::__rust_end_short_backtrace::<std[617be2ca0a6fd877]::panicking::panic_handler::{closure#0}, !>
[INFO] [stdout]    9:     0x58add6c4355d - __rustc[ea4f61d10b84890b]::rust_begin_unwind
[INFO] [stdout]   10:     0x58add6c7bc6c - core[a373ad73a504971]::panicking::panic_fmt
[INFO] [stdout]   11:     0x58add6c7ba42 - core[a373ad73a504971]::result::unwrap_failed
[INFO] [stdout]   12:     0x58add6bd9df4 - <runproclike[53f740948daa843d]::cli::tests::test_validate_different_pid_fail::{closure#0} as core[a373ad73a504971]::ops::function::FnOnce<()>>::call_once
[INFO] [stdout]   13:     0x58add6bd9e9b - test[aada8e7e76ba119b]::__rust_begin_short_backtrace::<core[a373ad73a504971]::result::Result<(), alloc[2e1b2a31b91974c5]::string::String>, fn() -> core[a373ad73a504971]::result::Result<(), alloc[2e1b2a31b91974c5]::string::String>>
[INFO] [stdout]   14:     0x58add6be7075 - test[aada8e7e76ba119b]::run_test::{closure#0}
[INFO] [stdout]   15:     0x58add6be0964 - std[617be2ca0a6fd877]::sys::backtrace::__rust_begin_short_backtrace::<test[aada8e7e76ba119b]::run_test::{closure#1}, ()>
[INFO] [stdout]   16:     0x58add6bea102 - <std[617be2ca0a6fd877]::thread::lifecycle::spawn_unchecked<test[aada8e7e76ba119b]::run_test::{closure#1}, ()>::{closure#1} as core[a373ad73a504971]::ops::function::FnOnce<()>>::call_once::{shim:vtable#0}
[INFO] [stdout]   17:     0x58add6c6634f - <std[617be2ca0a6fd877]::sys::thread::unix::Thread>::new::thread_start
[INFO] [stdout]   18:     0x7747e29e1dfa - <unknown>
[INFO] [stdout]   19:     0x7747e2a753d4 - clone
[INFO] [stdout]   20:                0x0 - <unknown>
[INFO] [stdout] 
[INFO] [stdout] 
[INFO] [stdout] failures:
[INFO] [stdout]     cli::tests::test_validate_different_pid_fail
[INFO] [stdout] 
[INFO] [stdout] test result: FAILED. 5 passed; 1 failed; 0 ignored; 0 measured; 0 filtered out; finished in 0.00s
[INFO] [stdout] 
[INFO] [stderr] error: test failed, to rerun pass `--bin runproclike`
[INFO] running `Command { std: "docker" "inspect" "fc09194041184a4b4eddae0846b6ffa4a8c6abbb74cfb8ea7e5170a5cd242c2a", kill_on_drop: false }`
[INFO] running `Command { std: "docker" "rm" "-f" "fc09194041184a4b4eddae0846b6ffa4a8c6abbb74cfb8ea7e5170a5cd242c2a", kill_on_drop: false }`
[INFO] [stdout] fc09194041184a4b4eddae0846b6ffa4a8c6abbb74cfb8ea7e5170a5cd242c2a
