[INFO] fetching crate runkernel-cli 0.1.3...
[INFO] testing runkernel-cli-0.1.3 against 1.100.0-beta.1+cargoflags=--release for beta-release-1.100-2
[INFO] extracting crate runkernel-cli 0.1.3 into /workspace/builds/worker-0-tc2/source
[INFO] started tweaking crates.io crate runkernel-cli 0.1.3
[INFO] removed 0 missing tests
[INFO] finished tweaking crates.io crate runkernel-cli 0.1.3
[INFO] tweaked toml for crates.io crate runkernel-cli 0.1.3 written to /workspace/builds/worker-0-tc2/source/Cargo.toml
[INFO] validating manifest of crates.io crate runkernel-cli 0.1.3 on toolchain 1.100.0-beta.1
[INFO] running `Command { std: CARGO_HOME="/workspace/cargo-home" RUSTUP_HOME="/workspace/rustup-home" "/workspace/cargo-home/bin/cargo" "+1.100.0-beta.1" "metadata" "--manifest-path" "Cargo.toml" "--no-deps", kill_on_drop: false }`
[INFO] crate crates.io crate runkernel-cli 0.1.3 already has a lockfile, it will not be regenerated
[INFO] running `Command { std: CARGO_HOME="/workspace/cargo-home" RUSTUP_HOME="/workspace/rustup-home" "/workspace/cargo-home/bin/cargo" "+1.100.0-beta.1" "fetch" "--manifest-path" "Cargo.toml", kill_on_drop: false }`
[INFO] running `Command { std: "docker" "create" "-v" "/var/lib/crater-agent-workspace/builds/worker-0-tc2/source:/opt/rustwide/workdir:ro,Z" "-v" "/var/lib/crater-agent-workspace/builds/worker-0-tc2/target:/opt/rustwide/target:rw,Z" "-v" "/var/lib/crater-agent-workspace/cargo-home:/opt/rustwide/cargo-home:ro,Z" "-v" "/var/lib/crater-agent-workspace/rustup-home:/opt/rustwide/rustup-home:ro,Z" "-m" "1610612736" "--network" "none" "ghcr.io/rust-lang/crates-build-env/linux@sha256:77db811e55d90add9212f6832c23229e3de5f1c1f9905e8cb07319ea15df73ac" "sleep" "infinity", kill_on_drop: false }`
[INFO] [stdout] c893cf30e0ae7508611df5917faead0c0dc3a08d86a2db97fd04455b96d7e89e
[INFO] running `Command { std: "docker" "start" "c893cf30e0ae7508611df5917faead0c0dc3a08d86a2db97fd04455b96d7e89e", kill_on_drop: false }`
[INFO] running `Command { std: "docker" "inspect" "c893cf30e0ae7508611df5917faead0c0dc3a08d86a2db97fd04455b96d7e89e", kill_on_drop: false }`
[INFO] running `Command { std: "docker" "exec" "-e" "SOURCE_DIR=/opt/rustwide/workdir" "-e" "CARGO_HOME=/opt/rustwide/cargo-home" "-e" "RUSTUP_HOME=/opt/rustwide/rustup-home" "-e" "CARGO_TARGET_DIR=/opt/rustwide/target" "-w" "/opt/rustwide/workdir" "--user" "0:0" "c893cf30e0ae7508611df5917faead0c0dc3a08d86a2db97fd04455b96d7e89e" "/opt/rustwide/cargo-home/bin/cargo" "+1.100.0-beta.1" "metadata" "--no-deps" "--format-version=1", kill_on_drop: false }`
[INFO] running `Command { std: "docker" "inspect" "c893cf30e0ae7508611df5917faead0c0dc3a08d86a2db97fd04455b96d7e89e", kill_on_drop: false }`
[INFO] running `Command { std: "docker" "exec" "-e" "SOURCE_DIR=/opt/rustwide/workdir" "-e" "CARGO_HOME=/opt/rustwide/cargo-home" "-e" "RUSTUP_HOME=/opt/rustwide/rustup-home" "-e" "CARGO_TARGET_DIR=/opt/rustwide/target" "-e" "CARGO_INCREMENTAL=0" "-e" "RUST_BACKTRACE=full" "-e" "RUSTFLAGS=--cap-lints=warn" "-e" "RUSTDOCFLAGS=--cap-lints=warn" "-w" "/opt/rustwide/workdir" "--user" "0:0" "c893cf30e0ae7508611df5917faead0c0dc3a08d86a2db97fd04455b96d7e89e" "/opt/rustwide/cargo-home/bin/cargo" "+1.100.0-beta.1" "build" "--frozen" "--message-format=json" "--release", kill_on_drop: false }`
[INFO] [stderr]    Compiling serde_derive v1.0.228
[INFO] [stderr]    Compiling futures-macro v0.3.32
[INFO] [stderr]    Compiling tokio-macros v2.7.0
[INFO] [stderr]    Compiling sha2 v0.10.9
[INFO] [stderr]    Compiling futures-util v0.3.32
[INFO] [stderr]    Compiling tokio v1.52.3
[INFO] [stderr]    Compiling serde v1.0.228
[INFO] [stderr]    Compiling futures-executor v0.3.32
[INFO] [stderr]    Compiling toml_datetime v0.6.11
[INFO] [stderr]    Compiling envy v0.4.2
[INFO] [stderr]    Compiling serde_spanned v0.6.9
[INFO] [stderr]    Compiling futures v0.3.32
[INFO] [stderr]    Compiling toml_edit v0.22.27
[INFO] [stderr]    Compiling runkernel v0.1.3
[INFO] [stderr]    Compiling toml v0.8.23
[INFO] [stderr]    Compiling runkernel-cli-support v0.1.3
[INFO] [stderr]    Compiling runkernel-cli v0.1.3 (/opt/rustwide/workdir)
[INFO] [stderr]     Finished `release` profile [optimized] target(s) in 25.63s
[INFO] running `Command { std: "docker" "inspect" "c893cf30e0ae7508611df5917faead0c0dc3a08d86a2db97fd04455b96d7e89e", kill_on_drop: false }`
[INFO] running `Command { std: "docker" "exec" "-e" "SOURCE_DIR=/opt/rustwide/workdir" "-e" "CARGO_HOME=/opt/rustwide/cargo-home" "-e" "RUSTUP_HOME=/opt/rustwide/rustup-home" "-e" "CARGO_TARGET_DIR=/opt/rustwide/target" "-e" "CARGO_INCREMENTAL=0" "-e" "RUST_BACKTRACE=full" "-e" "RUSTFLAGS=--cap-lints=warn" "-e" "RUSTDOCFLAGS=--cap-lints=warn" "-w" "/opt/rustwide/workdir" "--user" "0:0" "c893cf30e0ae7508611df5917faead0c0dc3a08d86a2db97fd04455b96d7e89e" "/opt/rustwide/cargo-home/bin/cargo" "+1.100.0-beta.1" "test" "--frozen" "--no-run" "--message-format=json" "--release", kill_on_drop: false }`
[INFO] [stderr]    Compiling runkernel-cli v0.1.3 (/opt/rustwide/workdir)
[INFO] [stderr]     Finished `release` profile [optimized] target(s) in 3.91s
[INFO] running `Command { std: "docker" "inspect" "c893cf30e0ae7508611df5917faead0c0dc3a08d86a2db97fd04455b96d7e89e", kill_on_drop: false }`
[INFO] running `Command { std: "docker" "exec" "-e" "SOURCE_DIR=/opt/rustwide/workdir" "-e" "CARGO_HOME=/opt/rustwide/cargo-home" "-e" "RUSTUP_HOME=/opt/rustwide/rustup-home" "-e" "CARGO_TARGET_DIR=/opt/rustwide/target" "-e" "CARGO_INCREMENTAL=0" "-e" "RUST_BACKTRACE=full" "-e" "RUSTFLAGS=--cap-lints=warn" "-e" "RUSTDOCFLAGS=--cap-lints=warn" "-w" "/opt/rustwide/workdir" "--user" "0:0" "c893cf30e0ae7508611df5917faead0c0dc3a08d86a2db97fd04455b96d7e89e" "/opt/rustwide/cargo-home/bin/cargo" "+1.100.0-beta.1" "test" "--frozen" "--release", kill_on_drop: false }`
[INFO] [stderr]     Finished `release` profile [optimized] target(s) in 0.10s
[INFO] [stderr]      Running unittests src/lib.rs (/opt/rustwide/target/release/build/runkernel-cli/0d9410124ce67095/out/runkernel_cli-0d9410124ce67095)
[INFO] [stdout] 
[INFO] [stdout] running 13 tests
[INFO] [stdout] test tests::test_build_cargo_command_ordering ... ok
[INFO] [stdout] test tests::test_format_graph_variants ... ok
[INFO] [stdout] test tests::test_format_list ... ok
[INFO] [stdout] test tests::test_parse_run_command_with_forwarded_args ... ok
[INFO] [stderr]      Running unittests src/main.rs (/opt/rustwide/target/release/build/runkernel-cli/d2b1210d9b036669/out/runkernel-d2b1210d9b036669)
[INFO] [stdout] test tests::test_validate_metadata_rejects_unsupported_protocol_version ... ok
[INFO] [stdout] test tests::test_discover_manifest_from_nested_directory ... ok
[INFO] [stdout] test tests::test_init_refuses_overwrite ... ok
[INFO] [stdout] test tests::test_format_graph_includes_isolated_nodes ... ok
[INFO] [stdout] test tests::test_unknown_workflow_lists_available ... ok
[INFO] [stdout] test tests::test_validate_metadata_rejects_missing_capability ... ok
[INFO] [stdout] test tests::test_select_default_workflow ... ok
[INFO] [stdout] test tests::test_graph_dot_escapes_quotes_and_backslashes ... ok
[INFO] [stdout] test tests::test_format_explain ... ok
[INFO] [stdout] 
[INFO] [stdout] test result: ok. 13 passed; 0 failed; 0 ignored; 0 measured; 0 filtered out; finished in 0.02s
[INFO] [stdout] 
[INFO] [stdout] 
[INFO] [stdout] running 0 tests
[INFO] [stdout] 
[INFO] [stdout] test result: ok. 0 passed; 0 failed; 0 ignored; 0 measured; 0 filtered out; finished in 0.00s
[INFO] [stdout] 
[INFO] [stderr]      Running tests/integration_cli.rs (/opt/rustwide/target/release/build/runkernel-cli/289fb22456bdfc77/out/integration_cli-289fb22456bdfc77)
[INFO] [stdout] 
[INFO] [stdout] running 3 tests
[INFO] [stdout] test test_cli_success_paths_against_fixture_workflow ... FAILED
[INFO] [stdout] test test_cli_protocol_and_execution_failures ... FAILED
[INFO] [stderr] error: test failed, to rerun pass `--test integration_cli`
[INFO] [stdout] test test_cli_manifest_and_selection_failures ... FAILED
[INFO] [stdout] 
[INFO] [stdout] failures:
[INFO] [stdout] 
[INFO] [stdout] ---- test_cli_success_paths_against_fixture_workflow stdout ----
[INFO] [stdout] 
[INFO] [stdout] thread 'test_cli_success_paths_against_fixture_workflow' (627) panicked at tests/integration_cli.rs:89:69:
[INFO] [stdout] called `Result::unwrap()` on an `Err` value: Os { code: 2, kind: NotFound, message: "No such file or directory" }
[INFO] [stdout] stack backtrace:
[INFO] [stdout]    0:     0x5c6ea9b09941 - <<std[617be2ca0a6fd877]::sys::backtrace::BacktraceLock>::print::DisplayBacktrace as core[a373ad73a504971]::fmt::Display>::fmt
[INFO] [stdout]    1:     0x5c6ea9b1dc8a - core[a373ad73a504971]::fmt::write
[INFO] [stdout]    2:     0x5c6ea9b0db7c - <alloc[2e1b2a31b91974c5]::vec::Vec<u8> as core[a373ad73a504971]::io::write::Write>::write_fmt
[INFO] [stdout]    3:     0x5c6ea9ae4106 - std[617be2ca0a6fd877]::panicking::default_hook::{closure#0}
[INFO] [stdout]    4:     0x5c6ea9b01129 - std[617be2ca0a6fd877]::panicking::default_hook
[INFO] [stdout]    5:     0x5c6ea9a9c8c0 - test[aada8e7e76ba119b]::test_main_inner::{closure#0}
[INFO] [stdout]    6:     0x5c6ea9b012e2 - std[617be2ca0a6fd877]::panicking::panic_with_hook
[INFO] [stdout]    7:     0x5c6ea9ae41b2 - std[617be2ca0a6fd877]::panicking::panic_handler::{closure#0}
[INFO] [stdout]    8:     0x5c6ea9adcda9 - std[617be2ca0a6fd877]::sys::backtrace::__rust_end_short_backtrace::<std[617be2ca0a6fd877]::panicking::panic_handler::{closure#0}, !>
[INFO] [stdout]    9:     0x5c6ea9ae4dbd - __rustc[ea4f61d10b84890b]::rust_begin_unwind
[INFO] [stdout]   10:     0x5c6ea9b1e3bc - core[a373ad73a504971]::panicking::panic_fmt
[INFO] [stdout]   11:     0x5c6ea9b1e192 - core[a373ad73a504971]::result::unwrap_failed
[INFO] [stdout]   12:     0x5c6ea9a8c59a - integration_cli[17118fcdab165b09]::write_cargo_toml
[INFO] [stdout]   13:     0x5c6ea9a8c70d - integration_cli[17118fcdab165b09]::write_normal_workflow
[INFO] [stdout]   14:     0x5c6ea9a8ec59 - <integration_cli[17118fcdab165b09]::test_cli_success_paths_against_fixture_workflow::{closure#0} as core[a373ad73a504971]::ops::function::FnOnce<()>>::call_once
[INFO] [stdout]   15:     0x5c6ea9a8fd0b - test[aada8e7e76ba119b]::__rust_begin_short_backtrace::<core[a373ad73a504971]::result::Result<(), alloc[2e1b2a31b91974c5]::string::String>, fn() -> core[a373ad73a504971]::result::Result<(), alloc[2e1b2a31b91974c5]::string::String>>
[INFO] [stdout]   16:     0x5c6ea9a9cee5 - test[aada8e7e76ba119b]::run_test::{closure#0}
[INFO] [stdout]   17:     0x5c6ea9a967d4 - std[617be2ca0a6fd877]::sys::backtrace::__rust_begin_short_backtrace::<test[aada8e7e76ba119b]::run_test::{closure#1}, ()>
[INFO] [stdout]   18:     0x5c6ea9a9ff72 - <std[617be2ca0a6fd877]::thread::lifecycle::spawn_unchecked<test[aada8e7e76ba119b]::run_test::{closure#1}, ()>::{closure#1} as core[a373ad73a504971]::ops::function::FnOnce<()>>::call_once::{shim:vtable#0}
[INFO] [stdout]   19:     0x5c6ea9b08eff - <std[617be2ca0a6fd877]::sys::thread::unix::Thread>::new::thread_start
[INFO] [stdout]   20:     0x7d6aefa0edfa - <unknown>
[INFO] [stdout]   21:     0x7d6aefaa23d4 - clone
[INFO] [stdout]   22:                0x0 - <unknown>
[INFO] [stdout] 
[INFO] [stdout] ---- test_cli_protocol_and_execution_failures stdout ----
[INFO] [stdout] 
[INFO] [stdout] thread 'test_cli_protocol_and_execution_failures' (626) panicked at tests/integration_cli.rs:89:69:
[INFO] [stdout] called `Result::unwrap()` on an `Err` value: Os { code: 2, kind: NotFound, message: "No such file or directory" }
[INFO] [stdout] stack backtrace:
[INFO] [stdout]    0:     0x5c6ea9b09941 - <<std[617be2ca0a6fd877]::sys::backtrace::BacktraceLock>::print::DisplayBacktrace as core[a373ad73a504971]::fmt::Display>::fmt
[INFO] [stdout]    1:     0x5c6ea9b1dc8a - core[a373ad73a504971]::fmt::write
[INFO] [stdout]    2:     0x5c6ea9b0db7c - <alloc[2e1b2a31b91974c5]::vec::Vec<u8> as core[a373ad73a504971]::io::write::Write>::write_fmt
[INFO] [stdout]    3:     0x5c6ea9ae4106 - std[617be2ca0a6fd877]::panicking::default_hook::{closure#0}
[INFO] [stdout]    4:     0x5c6ea9b01129 - std[617be2ca0a6fd877]::panicking::default_hook
[INFO] [stdout]    5:     0x5c6ea9a9c8c0 - test[aada8e7e76ba119b]::test_main_inner::{closure#0}
[INFO] [stdout]    6:     0x5c6ea9b012e2 - std[617be2ca0a6fd877]::panicking::panic_with_hook
[INFO] [stdout]    7:     0x5c6ea9ae41b2 - std[617be2ca0a6fd877]::panicking::panic_handler::{closure#0}
[INFO] [stdout]    8:     0x5c6ea9adcda9 - std[617be2ca0a6fd877]::sys::backtrace::__rust_end_short_backtrace::<std[617be2ca0a6fd877]::panicking::panic_handler::{closure#0}, !>
[INFO] [stdout]    9:     0x5c6ea9ae4dbd - __rustc[ea4f61d10b84890b]::rust_begin_unwind
[INFO] [stdout]   10:     0x5c6ea9b1e3bc - core[a373ad73a504971]::panicking::panic_fmt
[INFO] [stdout]   11:     0x5c6ea9b1e192 - core[a373ad73a504971]::result::unwrap_failed
[INFO] [stdout]   12:     0x5c6ea9a8c59a - integration_cli[17118fcdab165b09]::write_cargo_toml
[INFO] [stdout]   13:     0x5c6ea9a8c70d - integration_cli[17118fcdab165b09]::write_normal_workflow
[INFO] [stdout]   14:     0x5c6ea9a8de74 - <integration_cli[17118fcdab165b09]::test_cli_protocol_and_execution_failures::{closure#0} as core[a373ad73a504971]::ops::function::FnOnce<()>>::call_once
[INFO] [stdout]   15:     0x5c6ea9a8fd0b - test[aada8e7e76ba119b]::__rust_begin_short_backtrace::<core[a373ad73a504971]::result::Result<(), alloc[2e1b2a31b91974c5]::string::String>, fn() -> core[a373ad73a504971]::result::Result<(), alloc[2e1b2a31b91974c5]::string::String>>
[INFO] [stdout]   16:     0x5c6ea9a9cee5 - test[aada8e7e76ba119b]::run_test::{closure#0}
[INFO] [stdout]   17:     0x5c6ea9a967d4 - std[617be2ca0a6fd877]::sys::backtrace::__rust_begin_short_backtrace::<test[aada8e7e76ba119b]::run_test::{closure#1}, ()>
[INFO] [stdout]   18:     0x5c6ea9a9ff72 - <std[617be2ca0a6fd877]::thread::lifecycle::spawn_unchecked<test[aada8e7e76ba119b]::run_test::{closure#1}, ()>::{closure#1} as core[a373ad73a504971]::ops::function::FnOnce<()>>::call_once::{shim:vtable#0}
[INFO] [stdout]   19:     0x5c6ea9b08eff - <std[617be2ca0a6fd877]::sys::thread::unix::Thread>::new::thread_start
[INFO] [stdout]   20:     0x7d6aefa0edfa - <unknown>
[INFO] [stdout]   21:     0x7d6aefaa23d4 - clone
[INFO] [stdout]   22:                0x0 - <unknown>
[INFO] [stdout] 
[INFO] [stdout] ---- test_cli_manifest_and_selection_failures stdout ----
[INFO] [stdout] 
[INFO] [stdout] thread 'test_cli_manifest_and_selection_failures' (625) panicked at tests/integration_cli.rs:89:69:
[INFO] [stdout] called `Result::unwrap()` on an `Err` value: Os { code: 2, kind: NotFound, message: "No such file or directory" }
[INFO] [stdout] stack backtrace:
[INFO] [stdout]    0:     0x5c6ea9b09941 - <<std[617be2ca0a6fd877]::sys::backtrace::BacktraceLock>::print::DisplayBacktrace as core[a373ad73a504971]::fmt::Display>::fmt
[INFO] [stdout]    1:     0x5c6ea9b1dc8a - core[a373ad73a504971]::fmt::write
[INFO] [stdout]    2:     0x5c6ea9b0db7c - <alloc[2e1b2a31b91974c5]::vec::Vec<u8> as core[a373ad73a504971]::io::write::Write>::write_fmt
[INFO] [stdout]    3:     0x5c6ea9ae4106 - std[617be2ca0a6fd877]::panicking::default_hook::{closure#0}
[INFO] [stdout]    4:     0x5c6ea9b01129 - std[617be2ca0a6fd877]::panicking::default_hook
[INFO] [stdout]    5:     0x5c6ea9a9c8c0 - test[aada8e7e76ba119b]::test_main_inner::{closure#0}
[INFO] [stdout]    6:     0x5c6ea9b012e2 - std[617be2ca0a6fd877]::panicking::panic_with_hook
[INFO] [stdout]    7:     0x5c6ea9ae41b2 - std[617be2ca0a6fd877]::panicking::panic_handler::{closure#0}
[INFO] [stdout]    8:     0x5c6ea9adcda9 - std[617be2ca0a6fd877]::sys::backtrace::__rust_end_short_backtrace::<std[617be2ca0a6fd877]::panicking::panic_handler::{closure#0}, !>
[INFO] [stdout]    9:     0x5c6ea9ae4dbd - __rustc[ea4f61d10b84890b]::rust_begin_unwind
[INFO] [stdout]   10:     0x5c6ea9b1e3bc - core[a373ad73a504971]::panicking::panic_fmt
[INFO] [stdout]   11:     0x5c6ea9b1e192 - core[a373ad73a504971]::result::unwrap_failed
[INFO] [stdout]   12:     0x5c6ea9a8c59a - integration_cli[17118fcdab165b09]::write_cargo_toml
[INFO] [stdout]   13:     0x5c6ea9a8c70d - integration_cli[17118fcdab165b09]::write_normal_workflow
[INFO] [stdout]   14:     0x5c6ea9a8da7c - <integration_cli[17118fcdab165b09]::test_cli_manifest_and_selection_failures::{closure#0} as core[a373ad73a504971]::ops::function::FnOnce<()>>::call_once
[INFO] [stdout]   15:     0x5c6ea9a8fd0b - test[aada8e7e76ba119b]::__rust_begin_short_backtrace::<core[a373ad73a504971]::result::Result<(), alloc[2e1b2a31b91974c5]::string::String>, fn() -> core[a373ad73a504971]::result::Result<(), alloc[2e1b2a31b91974c5]::string::String>>
[INFO] [stdout]   16:     0x5c6ea9a9cee5 - test[aada8e7e76ba119b]::run_test::{closure#0}
[INFO] [stdout]   17:     0x5c6ea9a967d4 - std[617be2ca0a6fd877]::sys::backtrace::__rust_begin_short_backtrace::<test[aada8e7e76ba119b]::run_test::{closure#1}, ()>
[INFO] [stdout]   18:     0x5c6ea9a9ff72 - <std[617be2ca0a6fd877]::thread::lifecycle::spawn_unchecked<test[aada8e7e76ba119b]::run_test::{closure#1}, ()>::{closure#1} as core[a373ad73a504971]::ops::function::FnOnce<()>>::call_once::{shim:vtable#0}
[INFO] [stdout]   19:     0x5c6ea9b08eff - <std[617be2ca0a6fd877]::sys::thread::unix::Thread>::new::thread_start
[INFO] [stdout]   20:     0x7d6aefa0edfa - <unknown>
[INFO] [stdout]   21:     0x7d6aefaa23d4 - clone
[INFO] [stdout]   22:                0x0 - <unknown>
[INFO] [stdout] 
[INFO] [stdout] 
[INFO] [stdout] failures:
[INFO] [stdout]     test_cli_manifest_and_selection_failures
[INFO] [stdout]     test_cli_protocol_and_execution_failures
[INFO] [stdout]     test_cli_success_paths_against_fixture_workflow
[INFO] [stdout] 
[INFO] [stdout] test result: FAILED. 0 passed; 3 failed; 0 ignored; 0 measured; 0 filtered out; finished in 0.01s
[INFO] [stdout] 
[INFO] running `Command { std: "docker" "inspect" "c893cf30e0ae7508611df5917faead0c0dc3a08d86a2db97fd04455b96d7e89e", kill_on_drop: false }`
[INFO] running `Command { std: "docker" "rm" "-f" "c893cf30e0ae7508611df5917faead0c0dc3a08d86a2db97fd04455b96d7e89e", kill_on_drop: false }`
[INFO] [stdout] c893cf30e0ae7508611df5917faead0c0dc3a08d86a2db97fd04455b96d7e89e
