[INFO] fetching crate runiter-wot 0.8.0-a0.7...
[INFO] testing runiter-wot-0.8.0-a0.7 against 1.100.0-beta.1+cargoflags=--release for beta-release-1.100-2
[INFO] extracting crate runiter-wot 0.8.0-a0.7 into /workspace/builds/worker-3-tc2/source
[INFO] started tweaking crates.io crate runiter-wot 0.8.0-a0.7
[INFO] finished tweaking crates.io crate runiter-wot 0.8.0-a0.7
[INFO] tweaked toml for crates.io crate runiter-wot 0.8.0-a0.7 written to /workspace/builds/worker-3-tc2/source/Cargo.toml
[INFO] validating manifest of crates.io crate runiter-wot 0.8.0-a0.7 on toolchain 1.100.0-beta.1
[INFO] running `Command { std: CARGO_HOME="/workspace/cargo-home" RUSTUP_HOME="/workspace/rustup-home" "/workspace/cargo-home/bin/cargo" "+1.100.0-beta.1" "metadata" "--manifest-path" "Cargo.toml" "--no-deps", kill_on_drop: false }`
[INFO] running `Command { std: CARGO_HOME="/workspace/cargo-home" RUSTUP_HOME="/workspace/rustup-home" "/workspace/cargo-home/bin/cargo" "+1.100.0-beta.1" "generate-lockfile" "--manifest-path" "Cargo.toml", kill_on_drop: false }`
[INFO] [stderr]     Updating crates.io index
[INFO] [stderr]      Locking 24 packages to highest compatible versions
[INFO] [stderr]       Adding bincode v1.0.1 (available: v1.3.3)
[INFO] [stderr]       Adding byteorder v1.2.7 (available: v1.5.0)
[INFO] [stderr]       Adding rayon v1.0.3 (available: v1.12.0)
[INFO] running `Command { std: CARGO_HOME="/workspace/cargo-home" RUSTUP_HOME="/workspace/rustup-home" "/workspace/cargo-home/bin/cargo" "+1.100.0-beta.1" "fetch" "--manifest-path" "Cargo.toml", kill_on_drop: false }`
[INFO] [stderr] warning: Cargo.toml: `package.edition` is unspecified, defaulting to `2015` while the latest is `2024`
[INFO] [stderr] warning: `runiter-wot` (manifest) generated 1 warning
[INFO] running `Command { std: "docker" "create" "-v" "/var/lib/crater-agent-workspace/builds/worker-3-tc2/source:/opt/rustwide/workdir:ro,Z" "-v" "/var/lib/crater-agent-workspace/builds/worker-3-tc2/target:/opt/rustwide/target:rw,Z" "-v" "/var/lib/crater-agent-workspace/cargo-home:/opt/rustwide/cargo-home:ro,Z" "-v" "/var/lib/crater-agent-workspace/rustup-home:/opt/rustwide/rustup-home:ro,Z" "-m" "1610612736" "--network" "none" "ghcr.io/rust-lang/crates-build-env/linux@sha256:77db811e55d90add9212f6832c23229e3de5f1c1f9905e8cb07319ea15df73ac" "sleep" "infinity", kill_on_drop: false }`
[INFO] [stdout] beec7faf2dfb6246bf626dc0bf28c7666ad8b5892cad5883b83359d2d9ceb74c
[INFO] running `Command { std: "docker" "start" "beec7faf2dfb6246bf626dc0bf28c7666ad8b5892cad5883b83359d2d9ceb74c", kill_on_drop: false }`
[INFO] running `Command { std: "docker" "inspect" "beec7faf2dfb6246bf626dc0bf28c7666ad8b5892cad5883b83359d2d9ceb74c", kill_on_drop: false }`
[INFO] running `Command { std: "docker" "exec" "-e" "SOURCE_DIR=/opt/rustwide/workdir" "-e" "CARGO_HOME=/opt/rustwide/cargo-home" "-e" "RUSTUP_HOME=/opt/rustwide/rustup-home" "-e" "CARGO_TARGET_DIR=/opt/rustwide/target" "-w" "/opt/rustwide/workdir" "--user" "0:0" "beec7faf2dfb6246bf626dc0bf28c7666ad8b5892cad5883b83359d2d9ceb74c" "/opt/rustwide/cargo-home/bin/cargo" "+1.100.0-beta.1" "metadata" "--no-deps" "--format-version=1", kill_on_drop: false }`
[INFO] running `Command { std: "docker" "inspect" "beec7faf2dfb6246bf626dc0bf28c7666ad8b5892cad5883b83359d2d9ceb74c", kill_on_drop: false }`
[INFO] running `Command { std: "docker" "exec" "-e" "SOURCE_DIR=/opt/rustwide/workdir" "-e" "CARGO_HOME=/opt/rustwide/cargo-home" "-e" "RUSTUP_HOME=/opt/rustwide/rustup-home" "-e" "CARGO_TARGET_DIR=/opt/rustwide/target" "-e" "CARGO_INCREMENTAL=0" "-e" "RUST_BACKTRACE=full" "-e" "RUSTFLAGS=--cap-lints=warn" "-e" "RUSTDOCFLAGS=--cap-lints=warn" "-w" "/opt/rustwide/workdir" "--user" "0:0" "beec7faf2dfb6246bf626dc0bf28c7666ad8b5892cad5883b83359d2d9ceb74c" "/opt/rustwide/cargo-home/bin/cargo" "+1.100.0-beta.1" "build" "--frozen" "--message-format=json" "--release", kill_on_drop: false }`
[INFO] [stderr] warning: Cargo.toml: `package.edition` is unspecified, defaulting to `2015` while the latest is `2024`
[INFO] [stderr] warning: `runiter-wot` (manifest) generated 1 warning
[INFO] [stderr]    Compiling arrayvec v0.4.12
[INFO] [stderr]    Compiling nodrop v0.1.14
[INFO] [stderr]    Compiling cfg-if v0.1.10
[INFO] [stderr]    Compiling memoffset v0.2.1
[INFO] [stderr]    Compiling scopeguard v0.3.3
[INFO] [stderr]    Compiling rayon v1.0.3
[INFO] [stderr]    Compiling byteorder v1.2.7
[INFO] [stderr]    Compiling crossbeam-utils v0.2.2
[INFO] [stderr]    Compiling crossbeam-epoch v0.3.1
[INFO] [stderr]    Compiling bincode v1.0.1
[INFO] [stderr]    Compiling crossbeam-deque v0.2.0
[INFO] [stderr]    Compiling runiter-wot v0.8.0-a0.7 (/opt/rustwide/workdir)
[INFO] [stdout] warning: use of deprecated module `std::usize`: all constants in this module replaced by associated constants on the type
[INFO] [stdout]   --> data/mod.rs:66:18
[INFO] [stdout]    |
[INFO] [stdout] 66 |         use std::usize;
[INFO] [stdout]    |                  ^^^^^
[INFO] [stdout]    |
[INFO] [stdout]    = note: `#[warn(deprecated)]` on by default
[INFO] [stdout] 
[INFO] [stdout] 
[INFO] [stdout] warning: use of deprecated constant `std::usize::MIN`: replaced by the `MIN` associated constant on this type
[INFO] [stdout]   --> data/mod.rs:67:28
[INFO] [stdout]    |
[INFO] [stdout] 67 |         if value >= usize::MIN as u64 && value <= usize::MAX as u64 {
[INFO] [stdout]    |                            ^^^
[INFO] [stdout] 
[INFO] [stdout] 
[INFO] [stdout] warning: use of deprecated constant `std::usize::MAX`: replaced by the `MAX` associated constant on this type
[INFO] [stdout]   --> data/mod.rs:67:58
[INFO] [stdout]    |
[INFO] [stdout] 67 |         if value >= usize::MIN as u64 && value <= usize::MAX as u64 {
[INFO] [stdout]    |                                                          ^^^
[INFO] [stdout] 
[INFO] [stdout] 
[INFO] [stderr]     Finished `release` profile [optimized] target(s) in 5.99s
[INFO] running `Command { std: "docker" "inspect" "beec7faf2dfb6246bf626dc0bf28c7666ad8b5892cad5883b83359d2d9ceb74c", kill_on_drop: false }`
[INFO] running `Command { std: "docker" "exec" "-e" "SOURCE_DIR=/opt/rustwide/workdir" "-e" "CARGO_HOME=/opt/rustwide/cargo-home" "-e" "RUSTUP_HOME=/opt/rustwide/rustup-home" "-e" "CARGO_TARGET_DIR=/opt/rustwide/target" "-e" "CARGO_INCREMENTAL=0" "-e" "RUST_BACKTRACE=full" "-e" "RUSTFLAGS=--cap-lints=warn" "-e" "RUSTDOCFLAGS=--cap-lints=warn" "-w" "/opt/rustwide/workdir" "--user" "0:0" "beec7faf2dfb6246bf626dc0bf28c7666ad8b5892cad5883b83359d2d9ceb74c" "/opt/rustwide/cargo-home/bin/cargo" "+1.100.0-beta.1" "test" "--frozen" "--no-run" "--message-format=json" "--release", kill_on_drop: false }`
[INFO] [stderr] warning: Cargo.toml: `package.edition` is unspecified, defaulting to `2015` while the latest is `2024`
[INFO] [stderr] warning: `runiter-wot` (manifest) generated 1 warning
[INFO] [stdout] warning: use of deprecated module `std::usize`: all constants in this module replaced by associated constants on the type
[INFO] [stdout]   --> data/mod.rs:66:18
[INFO] [stdout]    |
[INFO] [stdout] 66 |         use std::usize;
[INFO] [stdout]    |                  ^^^^^
[INFO] [stdout]    |
[INFO] [stdout]    = note: `#[warn(deprecated)]` on by default
[INFO] [stdout] 
[INFO] [stdout] 
[INFO] [stdout] warning: use of deprecated constant `std::usize::MIN`: replaced by the `MIN` associated constant on this type
[INFO] [stdout]   --> data/mod.rs:67:28
[INFO] [stdout]    |
[INFO] [stdout] 67 |         if value >= usize::MIN as u64 && value <= usize::MAX as u64 {
[INFO] [stdout]    |                            ^^^
[INFO] [stdout] 
[INFO] [stdout] 
[INFO] [stdout] warning: use of deprecated constant `std::usize::MAX`: replaced by the `MAX` associated constant on this type
[INFO] [stdout]   --> data/mod.rs:67:58
[INFO] [stdout]    |
[INFO] [stdout] 67 |         if value >= usize::MIN as u64 && value <= usize::MAX as u64 {
[INFO] [stdout]    |                                                          ^^^
[INFO] [stdout] 
[INFO] [stdout] 
[INFO] [stderr]    Compiling runiter-wot v0.8.0-a0.7 (/opt/rustwide/workdir)
[INFO] [stdout] warning: use of deprecated module `std::usize`: all constants in this module replaced by associated constants on the type
[INFO] [stdout]   --> data/mod.rs:66:18
[INFO] [stdout]    |
[INFO] [stdout] 66 |         use std::usize;
[INFO] [stdout]    |                  ^^^^^
[INFO] [stdout]    |
[INFO] [stdout]    = note: `#[warn(deprecated)]` on by default
[INFO] [stdout] 
[INFO] [stdout] 
[INFO] [stdout] warning: use of deprecated constant `std::usize::MIN`: replaced by the `MIN` associated constant on this type
[INFO] [stdout]   --> data/mod.rs:67:28
[INFO] [stdout]    |
[INFO] [stdout] 67 |         if value >= usize::MIN as u64 && value <= usize::MAX as u64 {
[INFO] [stdout]    |                            ^^^
[INFO] [stdout] 
[INFO] [stdout] 
[INFO] [stdout] warning: use of deprecated constant `std::usize::MAX`: replaced by the `MAX` associated constant on this type
[INFO] [stdout]   --> data/mod.rs:67:58
[INFO] [stdout]    |
[INFO] [stdout] 67 |         if value >= usize::MIN as u64 && value <= usize::MAX as u64 {
[INFO] [stdout]    |                                                          ^^^
[INFO] [stdout] 
[INFO] [stdout] 
[INFO] [stderr]     Finished `release` profile [optimized] target(s) in 4.54s
[INFO] running `Command { std: "docker" "inspect" "beec7faf2dfb6246bf626dc0bf28c7666ad8b5892cad5883b83359d2d9ceb74c", kill_on_drop: false }`
[INFO] running `Command { std: "docker" "exec" "-e" "SOURCE_DIR=/opt/rustwide/workdir" "-e" "CARGO_HOME=/opt/rustwide/cargo-home" "-e" "RUSTUP_HOME=/opt/rustwide/rustup-home" "-e" "CARGO_TARGET_DIR=/opt/rustwide/target" "-e" "CARGO_INCREMENTAL=0" "-e" "RUST_BACKTRACE=full" "-e" "RUSTFLAGS=--cap-lints=warn" "-e" "RUSTDOCFLAGS=--cap-lints=warn" "-w" "/opt/rustwide/workdir" "--user" "0:0" "beec7faf2dfb6246bf626dc0bf28c7666ad8b5892cad5883b83359d2d9ceb74c" "/opt/rustwide/cargo-home/bin/cargo" "+1.100.0-beta.1" "test" "--frozen" "--release", kill_on_drop: false }`
[INFO] [stderr] warning: Cargo.toml: `package.edition` is unspecified, defaulting to `2015` while the latest is `2024`
[INFO] [stderr] warning: `runiter-wot` (manifest) generated 1 warning
[INFO] [stderr] warning: use of deprecated module `std::usize`: all constants in this module replaced by associated constants on the type
[INFO] [stderr]   --> data/mod.rs:66:18
[INFO] [stderr]    |
[INFO] [stderr] 66 |         use std::usize;
[INFO] [stderr]    |                  ^^^^^
[INFO] [stderr]    |
[INFO] [stderr]    = note: `#[warn(deprecated)]` on by default
[INFO] [stderr] 
[INFO] [stderr] warning: use of deprecated constant `std::usize::MIN`: replaced by the `MIN` associated constant on this type
[INFO] [stderr]   --> data/mod.rs:67:28
[INFO] [stderr]    |
[INFO] [stderr] 67 |         if value >= usize::MIN as u64 && value <= usize::MAX as u64 {
[INFO] [stderr]    |                            ^^^
[INFO] [stderr] 
[INFO] [stderr] warning: use of deprecated constant `std::usize::MAX`: replaced by the `MAX` associated constant on this type
[INFO] [stderr]   --> data/mod.rs:67:58
[INFO] [stderr]    |
[INFO] [stderr] 67 |         if value >= usize::MIN as u64 && value <= usize::MAX as u64 {
[INFO] [stderr]    |                                                          ^^^
[INFO] [stderr] 
[INFO] [stderr] warning: `runiter-wot` (lib) generated 3 warnings
[INFO] [stderr] warning: `runiter-wot` (lib test) generated 3 warnings (3 duplicates)
[INFO] [stderr]     Finished `release` profile [optimized] target(s) in 0.07s
[INFO] [stderr]      Running unittests lib.rs (/opt/rustwide/target/release/build/runiter-wot/b321d0eeaa80ff67/out/runiter_wot-b321d0eeaa80ff67)
[INFO] [stdout] 
[INFO] [stdout] running 1 test
[INFO] [stdout] test data::rusty::tests::wot_tests ... FAILED
[INFO] [stdout] 
[INFO] [stdout] failures:
[INFO] [stdout] 
[INFO] [stdout] ---- data::rusty::tests::wot_tests stdout ----
[INFO] [stdout] 
[INFO] [stdout] thread 'data::rusty::tests::wot_tests' (317) panicked at lib.rs:500:19:
[INFO] [stdout] called `Result::unwrap()` on an `Err` value: FailToCreateFile(Os { code: 30, kind: ReadOnlyFilesystem, message: "Read-only file system" })
[INFO] [stdout] stack backtrace:
[INFO] [stdout]    0:     0x560fbd2c3c11 - <<std[617be2ca0a6fd877]::sys::backtrace::BacktraceLock>::print::DisplayBacktrace as core[a373ad73a504971]::fmt::Display>::fmt
[INFO] [stdout]    1:     0x560fbd2d7d7a - core[a373ad73a504971]::fmt::write
[INFO] [stdout]    2:     0x560fbd2c7f2c - <alloc[2e1b2a31b91974c5]::vec::Vec<u8> as core[a373ad73a504971]::io::write::Write>::write_fmt
[INFO] [stdout]    3:     0x560fbd29fdc6 - std[617be2ca0a6fd877]::panicking::default_hook::{closure#0}
[INFO] [stdout]    4:     0x560fbd2bc129 - std[617be2ca0a6fd877]::panicking::default_hook
[INFO] [stdout]    5:     0x560fbd24ff60 - test[aada8e7e76ba119b]::test_main_inner::{closure#0}
[INFO] [stdout]    6:     0x560fbd2bc452 - std[617be2ca0a6fd877]::panicking::panic_with_hook
[INFO] [stdout]    7:     0x560fbd29fe72 - std[617be2ca0a6fd877]::panicking::panic_handler::{closure#0}
[INFO] [stdout]    8:     0x560fbd298b59 - std[617be2ca0a6fd877]::sys::backtrace::__rust_end_short_backtrace::<std[617be2ca0a6fd877]::panicking::panic_handler::{closure#0}, !>
[INFO] [stdout]    9:     0x560fbd2a0a7d - __rustc[ea4f61d10b84890b]::rust_begin_unwind
[INFO] [stdout]   10:     0x560fbd2d84ac - core[a373ad73a504971]::panicking::panic_fmt
[INFO] [stdout]   11:     0x560fbd2d8282 - core[a373ad73a504971]::result::unwrap_failed
[INFO] [stdout]   12:     0x560fbd242875 - runiter_wot[cc37dced7556cee4]::tests::generic_wot_test::<runiter_wot[cc37dced7556cee4]::data::rusty::RustyWebOfTrust>
[INFO] [stdout]   13:     0x560fbd237029 - <runiter_wot[cc37dced7556cee4]::data::rusty::tests::wot_tests::{closure#0} as core[a373ad73a504971]::ops::function::FnOnce<()>>::call_once
[INFO] [stdout]   14:     0x560fbd2433ab - test[aada8e7e76ba119b]::__rust_begin_short_backtrace::<core[a373ad73a504971]::result::Result<(), alloc[2e1b2a31b91974c5]::string::String>, fn() -> core[a373ad73a504971]::result::Result<(), alloc[2e1b2a31b91974c5]::string::String>>
[INFO] [stdout]   15:     0x560fbd250585 - test[aada8e7e76ba119b]::run_test::{closure#0}
[INFO] [stdout]   16:     0x560fbd249e74 - std[617be2ca0a6fd877]::sys::backtrace::__rust_begin_short_backtrace::<test[aada8e7e76ba119b]::run_test::{closure#1}, ()>
[INFO] [stdout]   17:     0x560fbd253612 - <std[617be2ca0a6fd877]::thread::lifecycle::spawn_unchecked<test[aada8e7e76ba119b]::run_test::{closure#1}, ()>::{closure#1} as core[a373ad73a504971]::ops::function::FnOnce<()>>::call_once::{shim:vtable#0}
[INFO] [stdout]   18:     0x560fbd2c345f - <std[617be2ca0a6fd877]::sys::thread::unix::Thread>::new::thread_start
[INFO] [stdout]   19:     0x7d5e36c66dfa - <unknown>
[INFO] [stdout]   20:     0x7d5e36cfa3d4 - clone
[INFO] [stdout]   21:                0x0 - <unknown>
[INFO] [stdout] 
[INFO] [stdout] 
[INFO] [stdout] failures:
[INFO] [stdout]     data::rusty::tests::wot_tests
[INFO] [stdout] 
[INFO] [stdout] test result: FAILED. 0 passed; 1 failed; 0 ignored; 0 measured; 0 filtered out; finished in 0.01s
[INFO] [stdout] 
[INFO] [stderr] error: test failed, to rerun pass `--lib`
[INFO] running `Command { std: "docker" "inspect" "beec7faf2dfb6246bf626dc0bf28c7666ad8b5892cad5883b83359d2d9ceb74c", kill_on_drop: false }`
[INFO] running `Command { std: "docker" "rm" "-f" "beec7faf2dfb6246bf626dc0bf28c7666ad8b5892cad5883b83359d2d9ceb74c", kill_on_drop: false }`
[INFO] [stdout] beec7faf2dfb6246bf626dc0bf28c7666ad8b5892cad5883b83359d2d9ceb74c
