[INFO] fetching crate runeforge 25.8.0...
[INFO] testing runeforge-25.8.0 against 1.99.0-beta.8+cargoflags=--release for beta-release-1.100-2
[INFO] extracting crate runeforge 25.8.0 into /workspace/builds/worker-1-tc1/source
[INFO] removed /workspace/builds/worker-1-tc1/source/rust-toolchain.toml
[INFO] started tweaking crates.io crate runeforge 25.8.0
[INFO] removed 0 missing tests
[INFO] finished tweaking crates.io crate runeforge 25.8.0
[INFO] tweaked toml for crates.io crate runeforge 25.8.0 written to /workspace/builds/worker-1-tc1/source/Cargo.toml
[INFO] validating manifest of crates.io crate runeforge 25.8.0 on toolchain 1.99.0-beta.8
[INFO] running `Command { std: CARGO_HOME="/workspace/cargo-home" RUSTUP_HOME="/workspace/rustup-home" "/workspace/cargo-home/bin/cargo" "+1.99.0-beta.8" "metadata" "--manifest-path" "Cargo.toml" "--no-deps", kill_on_drop: false }`
[INFO] crate crates.io crate runeforge 25.8.0 already has a lockfile, it will not be regenerated
[INFO] running `Command { std: CARGO_HOME="/workspace/cargo-home" RUSTUP_HOME="/workspace/rustup-home" "/workspace/cargo-home/bin/cargo" "+1.99.0-beta.8" "fetch" "--manifest-path" "Cargo.toml", kill_on_drop: false }`
[INFO] [stderr]     Updating crates.io index
[INFO] [stderr]  Downloading crates ...
[INFO] [stderr]   Downloaded serde_json v1.0.142
[INFO] [stderr]   Downloaded jsonschema v0.18.3
[INFO] [stderr]   Downloaded iso8601 v0.6.3
[INFO] [stderr]   Downloaded clap v4.5.42
[INFO] [stderr]   Downloaded clap_builder v4.5.42
[INFO] running `Command { std: "docker" "create" "-v" "/var/lib/crater-agent-workspace/builds/worker-1-tc1/source:/opt/rustwide/workdir:ro,Z" "-v" "/var/lib/crater-agent-workspace/builds/worker-1-tc1/target:/opt/rustwide/target:rw,Z" "-v" "/var/lib/crater-agent-workspace/cargo-home:/opt/rustwide/cargo-home:ro,Z" "-v" "/var/lib/crater-agent-workspace/rustup-home:/opt/rustwide/rustup-home:ro,Z" "-m" "1610612736" "--network" "none" "ghcr.io/rust-lang/crates-build-env/linux@sha256:77db811e55d90add9212f6832c23229e3de5f1c1f9905e8cb07319ea15df73ac" "sleep" "infinity", kill_on_drop: false }`
[INFO] [stdout] f6e0b986ca777d4a53bfc105d9a59a5db5c04833a6959eb9aafde4f3cb3f3905
[INFO] running `Command { std: "docker" "start" "f6e0b986ca777d4a53bfc105d9a59a5db5c04833a6959eb9aafde4f3cb3f3905", kill_on_drop: false }`
[INFO] running `Command { std: "docker" "inspect" "f6e0b986ca777d4a53bfc105d9a59a5db5c04833a6959eb9aafde4f3cb3f3905", kill_on_drop: false }`
[INFO] running `Command { std: "docker" "exec" "-e" "SOURCE_DIR=/opt/rustwide/workdir" "-e" "CARGO_HOME=/opt/rustwide/cargo-home" "-e" "RUSTUP_HOME=/opt/rustwide/rustup-home" "-e" "CARGO_TARGET_DIR=/opt/rustwide/target" "-w" "/opt/rustwide/workdir" "--user" "0:0" "f6e0b986ca777d4a53bfc105d9a59a5db5c04833a6959eb9aafde4f3cb3f3905" "/opt/rustwide/cargo-home/bin/cargo" "+1.99.0-beta.8" "metadata" "--no-deps" "--format-version=1", kill_on_drop: false }`
[INFO] running `Command { std: "docker" "inspect" "f6e0b986ca777d4a53bfc105d9a59a5db5c04833a6959eb9aafde4f3cb3f3905", kill_on_drop: false }`
[INFO] running `Command { std: "docker" "exec" "-e" "SOURCE_DIR=/opt/rustwide/workdir" "-e" "CARGO_HOME=/opt/rustwide/cargo-home" "-e" "RUSTUP_HOME=/opt/rustwide/rustup-home" "-e" "CARGO_TARGET_DIR=/opt/rustwide/target" "-e" "CARGO_INCREMENTAL=0" "-e" "RUST_BACKTRACE=full" "-e" "RUSTFLAGS=--cap-lints=warn" "-e" "RUSTDOCFLAGS=--cap-lints=warn" "-w" "/opt/rustwide/workdir" "--user" "0:0" "f6e0b986ca777d4a53bfc105d9a59a5db5c04833a6959eb9aafde4f3cb3f3905" "/opt/rustwide/cargo-home/bin/cargo" "+1.99.0-beta.8" "build" "--frozen" "--message-format=json" "--release", kill_on_drop: false }`
[INFO] [stderr]    Compiling proc-macro2 v1.0.95
[INFO] [stderr]    Compiling unicode-ident v1.0.18
[INFO] [stderr]    Compiling libc v0.2.174
[INFO] [stderr]    Compiling autocfg v1.5.0
[INFO] [stderr]    Compiling stable_deref_trait v1.2.0
[INFO] [stderr]    Compiling memchr v2.7.5
[INFO] [stderr]    Compiling itoa v1.0.15
[INFO] [stderr]    Compiling pin-project-lite v0.2.16
[INFO] [stderr]    Compiling futures-core v0.3.31
[INFO] [stderr]    Compiling smallvec v1.15.1
[INFO] [stderr]    Compiling cfg-if v1.0.1
[INFO] [stderr]    Compiling writeable v0.6.1
[INFO] [stderr]    Compiling serde v1.0.219
[INFO] [stderr]    Compiling litemap v0.8.0
[INFO] [stderr]    Compiling fnv v1.0.7
[INFO] [stderr]    Compiling bytes v1.10.1
[INFO] [stderr]    Compiling icu_normalizer_data v2.0.0
[INFO] [stderr]    Compiling num-traits v0.2.19
[INFO] [stderr]    Compiling futures-sink v0.3.31
[INFO] [stderr]    Compiling icu_properties_data v2.0.1
[INFO] [stderr]    Compiling typenum v1.18.0
[INFO] [stderr]    Compiling pin-utils v0.1.0
[INFO] [stderr]    Compiling slab v0.4.10
[INFO] [stderr]    Compiling zerocopy v0.8.26
[INFO] [stderr]    Compiling quote v1.0.40
[INFO] [stderr]    Compiling futures-io v0.3.31
[INFO] [stderr]    Compiling futures-task v0.3.31
[INFO] [stderr]    Compiling futures-util v0.3.31
[INFO] [stderr]    Compiling syn v2.0.104
[INFO] [stderr]    Compiling http v1.3.1
[INFO] [stderr]    Compiling generic-array v0.14.7
[INFO] [stderr]    Compiling socket2 v0.6.0
[INFO] [stderr]    Compiling mio v1.0.4
[INFO] [stderr]    Compiling percent-encoding v2.3.1
[INFO] [stderr]    Compiling ryu v1.0.20
[INFO] [stderr]    Compiling httparse v1.10.1
[INFO] [stderr]    Compiling once_cell v1.21.3
[INFO] [stderr]    Compiling num-integer v0.1.46
[INFO] [stderr]    Compiling tokio v1.47.1
[INFO] [stderr]    Compiling utf8parse v0.2.2
[INFO] [stderr]    Compiling try-lock v0.2.5
[INFO] [stderr]    Compiling tower-service v0.3.3
[INFO] [stderr]    Compiling serde_json v1.0.142
[INFO] [stderr]    Compiling want v0.3.1
[INFO] [stderr]    Compiling num-bigint v0.4.6
[INFO] [stderr]    Compiling anstyle-parse v0.2.7
[INFO] [stderr]    Compiling http-body v1.0.1
[INFO] [stderr]    Compiling tracing-core v0.1.34
[INFO] [stderr]    Compiling form_urlencoded v1.2.1
[INFO] [stderr]    Compiling aho-corasick v1.1.3
[INFO] [stderr]    Compiling futures-channel v0.3.31
[INFO] [stderr]    Compiling lock_api v0.4.13
[INFO] [stderr]    Compiling sync_wrapper v1.0.2
[INFO] [stderr]    Compiling regex-syntax v0.8.5
[INFO] [stderr]    Compiling getrandom v0.3.3
[INFO] [stderr]    Compiling is_terminal_polyfill v1.70.1
[INFO] [stderr]    Compiling colorchoice v1.0.4
[INFO] [stderr]    Compiling anstyle v1.0.11
[INFO] [stderr]    Compiling parking_lot_core v0.9.11
[INFO] [stderr]    Compiling tower-layer v0.3.3
[INFO] [stderr]    Compiling utf8_iter v1.0.4
[INFO] [stderr]    Compiling anstyle-query v1.1.4
[INFO] [stderr]    Compiling anstream v0.6.20
[INFO] [stderr]    Compiling num-rational v0.4.2
[INFO] [stderr]    Compiling tracing v0.1.41
[INFO] [stderr]    Compiling num-iter v0.1.45
[INFO] [stderr]    Compiling num-complex v0.4.6
[INFO] [stderr]    Compiling getrandom v0.2.16
[INFO] [stderr]    Compiling ahash v0.8.12
[INFO] [stderr]    Compiling ipnet v2.11.0
[INFO] [stderr]    Compiling scopeguard v1.2.0
[INFO] [stderr]    Compiling bitflags v2.9.1
[INFO] [stderr]    Compiling bit-vec v0.6.3
[INFO] [stderr]    Compiling powerfmt v0.2.0
[INFO] [stderr]    Compiling num-conv v0.1.0
[INFO] [stderr]    Compiling strsim v0.11.1
[INFO] [stderr]    Compiling tower v0.5.2
[INFO] [stderr]    Compiling hyper v1.6.0
[INFO] [stderr]    Compiling synstructure v0.13.2
[INFO] [stderr]    Compiling regex-automata v0.4.9
[INFO] [stderr]    Compiling clap_lex v0.7.5
[INFO] [stderr]    Compiling anyhow v1.0.98
[INFO] [stderr]    Compiling base64 v0.22.1
[INFO] [stderr]    Compiling iri-string v0.7.8
[INFO] [stderr]    Compiling time-core v0.1.4
[INFO] [stderr]    Compiling time-macros v0.2.22
[INFO] [stderr]    Compiling hyper-util v0.1.16
[INFO] [stderr]    Compiling zerofrom-derive v0.1.6
[INFO] [stderr]    Compiling yoke-derive v0.8.0
[INFO] [stderr]    Compiling zerovec-derive v0.11.1
[INFO] [stderr]    Compiling displaydoc v0.2.5
[INFO] [stderr]    Compiling serde_derive v1.0.219
[INFO] [stderr]    Compiling tower-http v0.6.6
[INFO] [stderr]    Compiling clap_derive v4.5.41
[INFO] [stderr]    Compiling zerofrom v0.1.6
[INFO] [stderr]    Compiling clap_builder v4.5.42
[INFO] [stderr]    Compiling serde_derive_internals v0.29.1
[INFO] [stderr]    Compiling yoke v0.8.0
[INFO] [stderr]    Compiling deranged v0.4.0
[INFO] [stderr]    Compiling zerovec v0.11.4
[INFO] [stderr]    Compiling zerotrie v0.2.2
[INFO] [stderr]    Compiling bit-set v0.5.3
[INFO] [stderr]    Compiling num v0.4.3
[INFO] [stderr]    Compiling rand_core v0.6.4
[INFO] [stderr]    Compiling ppv-lite86 v0.2.21
[INFO] [stderr]    Compiling block-buffer v0.10.4
[INFO] [stderr]    Compiling tinystr v0.8.1
[INFO] [stderr]    Compiling potential_utf v0.1.2
[INFO] [stderr]    Compiling crypto-common v0.1.6
[INFO] [stderr]    Compiling http-body-util v0.1.3
[INFO] [stderr]    Compiling icu_collections v2.0.0
[INFO] [stderr]    Compiling icu_locale_core v2.0.0
[INFO] [stderr]    Compiling nom v8.0.0
[INFO] [stderr]    Compiling lazy_static v1.5.0
[INFO] [stderr]    Compiling schemars v0.8.22
[INFO] [stderr]    Compiling hashbrown v0.15.4
[INFO] [stderr]    Compiling equivalent v1.0.2
[INFO] [stderr]    Compiling log v0.4.27
[INFO] [stderr]    Compiling time v0.3.41
[INFO] [stderr]    Compiling fraction v0.15.3
[INFO] [stderr]    Compiling icu_provider v2.0.0
[INFO] [stderr]    Compiling icu_normalizer v2.0.0
[INFO] [stderr]    Compiling icu_properties v2.0.1
[INFO] [stderr]    Compiling clap v4.5.42
[INFO] [stderr]    Compiling indexmap v2.10.0
[INFO] [stderr]    Compiling rand_chacha v0.3.1
[INFO] [stderr]    Compiling idna_adapter v1.2.1
[INFO] [stderr]    Compiling idna v1.0.3
[INFO] [stderr]    Compiling fancy-regex v0.13.0
[INFO] [stderr]    Compiling regex v1.11.1
[INFO] [stderr]    Compiling url v2.5.4
[INFO] [stderr]    Compiling iso8601 v0.6.3
[INFO] [stderr]    Compiling digest v0.10.7
[INFO] [stderr]    Compiling serde_urlencoded v0.7.1
[INFO] [stderr]    Compiling parking_lot v0.12.4
[INFO] [stderr]    Compiling schemars_derive v0.8.22
[INFO] [stderr]    Compiling uuid v1.17.0
[INFO] [stderr]    Compiling cpufeatures v0.2.17
[INFO] [stderr]    Compiling unsafe-libyaml v0.2.11
[INFO] [stderr]    Compiling dyn-clone v1.0.20
[INFO] [stderr]    Compiling num-cmp v0.1.0
[INFO] [stderr]    Compiling bytecount v0.6.9
[INFO] [stderr]    Compiling sha2 v0.10.9
[INFO] [stderr]    Compiling reqwest v0.12.22
[INFO] [stderr]    Compiling rand v0.8.5
[INFO] [stderr]    Compiling hex v0.4.3
[INFO] [stderr]    Compiling serde_yaml v0.9.34+deprecated
[INFO] [stderr]    Compiling jsonschema v0.18.3
[INFO] [stderr]    Compiling runeforge v25.8.0 (/opt/rustwide/workdir)
[INFO] [stdout] warning: field `tie_breakers` is never read
[INFO] [stdout]   --> src/selector.rs:11:9
[INFO] [stdout]    |
[INFO] [stdout]  8 | pub struct Rules {
[INFO] [stdout]    |            ----- field in this struct
[INFO] [stdout] ...
[INFO] [stdout] 11 |     pub tie_breakers: Vec<String>,
[INFO] [stdout]    |         ^^^^^^^^^^^^
[INFO] [stdout]    |
[INFO] [stdout]    = note: `Rules` has derived impls for the traits `Clone` and `Debug`, but these are intentionally ignored during dead code analysis
[INFO] [stdout]    = note: `#[warn(dead_code)]` (part of `#[warn(unused)]`) on by default
[INFO] [stdout] 
[INFO] [stdout] 
[INFO] [stdout] warning: field `tie_breaker` is never read
[INFO] [stdout]   --> src/selector.rs:41:9
[INFO] [stdout]    |
[INFO] [stdout] 30 | pub struct Candidate {
[INFO] [stdout]    |            --------- field in this struct
[INFO] [stdout] ...
[INFO] [stdout] 41 |     pub tie_breaker: Option<u32>,
[INFO] [stdout]    |         ^^^^^^^^^^^
[INFO] [stdout]    |
[INFO] [stdout]    = note: `Candidate` has derived impls for the traits `Clone` and `Debug`, but these are intentionally ignored during dead code analysis
[INFO] [stdout] 
[INFO] [stdout] 
[INFO] [stdout] warning: struct `PlanHasher` is never constructed
[INFO] [stdout]  --> src/util.rs:5:12
[INFO] [stdout]   |
[INFO] [stdout] 5 | pub struct PlanHasher;
[INFO] [stdout]   |            ^^^^^^^^^^
[INFO] [stdout] 
[INFO] [stdout] 
[INFO] [stdout] warning: associated functions `hash_plan` and `hash_plan_short` are never used
[INFO] [stdout]   --> src/util.rs:9:12
[INFO] [stdout]    |
[INFO] [stdout]  7 | impl PlanHasher {
[INFO] [stdout]    | --------------- associated functions in this implementation
[INFO] [stdout]  8 |     /// Generate a deterministic hash for a plan given the same input and seed
[INFO] [stdout]  9 |     pub fn hash_plan<T: Serialize>(plan: &T, seed: u64) -> Result<String> {
[INFO] [stdout]    |            ^^^^^^^^^
[INFO] [stdout] ...
[INFO] [stdout] 22 |     pub fn hash_plan_short<T: Serialize>(plan: &T, seed: u64) -> Result<String> {
[INFO] [stdout]    |            ^^^^^^^^^^^^^^^
[INFO] [stdout] 
[INFO] [stdout] 
[INFO] [stdout] warning: function `create_rng` is never used
[INFO] [stdout]   --> src/util.rs:32:12
[INFO] [stdout]    |
[INFO] [stdout] 32 |     pub fn create_rng(seed: u64) -> StdRng {
[INFO] [stdout]    |            ^^^^^^^^^^
[INFO] [stdout] 
[INFO] [stdout] 
[INFO] [stdout] warning: function `weighted_choice` is never used
[INFO] [stdout]   --> src/util.rs:36:12
[INFO] [stdout]    |
[INFO] [stdout] 36 |     pub fn weighted_choice<'a, T>(items: &'a [T], weights: &[f64], rng: &mut StdRng) -> Option<&'a T> {
[INFO] [stdout]    |            ^^^^^^^^^^^^^^^
[INFO] [stdout] 
[INFO] [stdout] 
[INFO] [stdout] warning: function `calculate_monthly_cost` is never used
[INFO] [stdout]   --> src/util.rs:64:12
[INFO] [stdout]    |
[INFO] [stdout] 64 |     pub fn calculate_monthly_cost(base_cost: f64, rps: f64, multiplier: f64) -> f64 {
[INFO] [stdout]    |            ^^^^^^^^^^^^^^^^^^^^^^
[INFO] [stdout] 
[INFO] [stdout] 
[INFO] [stdout] warning: function `apply_regional_pricing` is never used
[INFO] [stdout]   --> src/util.rs:69:12
[INFO] [stdout]    |
[INFO] [stdout] 69 |     pub fn apply_regional_pricing(base_cost: f64, region: &str) -> f64 {
[INFO] [stdout]    |            ^^^^^^^^^^^^^^^^^^^^^^
[INFO] [stdout] 
[INFO] [stdout] 
[INFO] [stdout] warning: function `composite_availability` is never used
[INFO] [stdout]   --> src/util.rs:83:12
[INFO] [stdout]    |
[INFO] [stdout] 83 |     pub fn composite_availability(availabilities: &[f64]) -> f64 {
[INFO] [stdout]    |            ^^^^^^^^^^^^^^^^^^^^^^
[INFO] [stdout] 
[INFO] [stdout] 
[INFO] [stdout] warning: function `composite_p95_latency` is never used
[INFO] [stdout]   --> src/util.rs:88:12
[INFO] [stdout]    |
[INFO] [stdout] 88 |     pub fn composite_p95_latency(latencies: &[f64]) -> f64 {
[INFO] [stdout]    |            ^^^^^^^^^^^^^^^^^^^^^
[INFO] [stdout] 
[INFO] [stdout] 
[INFO] [stdout] warning: function `parallel_p95_latency` is never used
[INFO] [stdout]   --> src/util.rs:94:12
[INFO] [stdout]    |
[INFO] [stdout] 94 |     pub fn parallel_p95_latency(latencies: &[f64]) -> f64 {
[INFO] [stdout]    |            ^^^^^^^^^^^^^^^^^^^^
[INFO] [stdout] 
[INFO] [stdout] 
[INFO] [stdout] warning: function `file_exists_and_readable` is never used
[INFO] [stdout]    --> src/util.rs:104:12
[INFO] [stdout]     |
[INFO] [stdout] 104 |     pub fn file_exists_and_readable(path: &Path) -> bool {
[INFO] [stdout]     |            ^^^^^^^^^^^^^^^^^^^^^^^^
[INFO] [stdout] 
[INFO] [stdout] 
[INFO] [stdout] warning: function `get_file_extension` is never used
[INFO] [stdout]    --> src/util.rs:109:12
[INFO] [stdout]     |
[INFO] [stdout] 109 |     pub fn get_file_extension(path: &Path) -> Option<String> {
[INFO] [stdout]     |            ^^^^^^^^^^^^^^^^^^
[INFO] [stdout] 
[INFO] [stdout] 
[INFO] [stdout] warning: function `is_supported_format` is never used
[INFO] [stdout]    --> src/util.rs:116:12
[INFO] [stdout]     |
[INFO] [stdout] 116 |     pub fn is_supported_format(path: &Path) -> bool {
[INFO] [stdout]     |            ^^^^^^^^^^^^^^^^^^^
[INFO] [stdout] 
[INFO] [stdout] 
[INFO] [stderr]     Finished `release` profile [optimized] target(s) in 3m 13s
[INFO] running `Command { std: "docker" "inspect" "f6e0b986ca777d4a53bfc105d9a59a5db5c04833a6959eb9aafde4f3cb3f3905", kill_on_drop: false }`
[INFO] running `Command { std: "docker" "exec" "-e" "SOURCE_DIR=/opt/rustwide/workdir" "-e" "CARGO_HOME=/opt/rustwide/cargo-home" "-e" "RUSTUP_HOME=/opt/rustwide/rustup-home" "-e" "CARGO_TARGET_DIR=/opt/rustwide/target" "-e" "CARGO_INCREMENTAL=0" "-e" "RUST_BACKTRACE=full" "-e" "RUSTFLAGS=--cap-lints=warn" "-e" "RUSTDOCFLAGS=--cap-lints=warn" "-w" "/opt/rustwide/workdir" "--user" "0:0" "f6e0b986ca777d4a53bfc105d9a59a5db5c04833a6959eb9aafde4f3cb3f3905" "/opt/rustwide/cargo-home/bin/cargo" "+1.99.0-beta.8" "test" "--frozen" "--no-run" "--message-format=json" "--release", kill_on_drop: false }`
[INFO] [stderr]    Compiling bitflags v2.9.1
[INFO] [stderr]    Compiling predicates-core v1.0.9
[INFO] [stderr]    Compiling rustix v1.0.8
[INFO] [stderr]    Compiling doc-comment v0.3.3
[INFO] [stderr]    Compiling float-cmp v0.10.0
[INFO] [stderr]    Compiling assert_cmd v2.0.17
[INFO] [stderr]    Compiling difflib v0.4.0
[INFO] [stderr]    Compiling normalize-line-endings v0.3.0
[INFO] [stderr]    Compiling linux-raw-sys v0.9.4
[INFO] [stderr]    Compiling termtree v0.5.1
[INFO] [stderr]    Compiling bstr v1.12.0
[INFO] [stderr]    Compiling wait-timeout v0.2.1
[INFO] [stderr]    Compiling tower-http v0.6.6
[INFO] [stderr]    Compiling predicates-tree v1.0.12
[INFO] [stderr]    Compiling fastrand v2.3.0
[INFO] [stderr]    Compiling predicates v3.1.3
[INFO] [stderr]    Compiling reqwest v0.12.22
[INFO] [stderr]    Compiling jsonschema v0.18.3
[INFO] [stderr]    Compiling tempfile v3.20.0
[INFO] [stderr]    Compiling runeforge v25.8.0 (/opt/rustwide/workdir)
[INFO] [stdout] warning: field `tie_breakers` is never read
[INFO] [stdout]   --> src/selector.rs:11:9
[INFO] [stdout]    |
[INFO] [stdout]  8 | pub struct Rules {
[INFO] [stdout]    |            ----- field in this struct
[INFO] [stdout] ...
[INFO] [stdout] 11 |     pub tie_breakers: Vec<String>,
[INFO] [stdout]    |         ^^^^^^^^^^^^
[INFO] [stdout]    |
[INFO] [stdout]    = note: `Rules` has derived impls for the traits `Clone` and `Debug`, but these are intentionally ignored during dead code analysis
[INFO] [stdout]    = note: `#[warn(dead_code)]` (part of `#[warn(unused)]`) on by default
[INFO] [stdout] 
[INFO] [stdout] 
[INFO] [stdout] warning: field `tie_breaker` is never read
[INFO] [stdout]   --> src/selector.rs:41:9
[INFO] [stdout]    |
[INFO] [stdout] 30 | pub struct Candidate {
[INFO] [stdout]    |            --------- field in this struct
[INFO] [stdout] ...
[INFO] [stdout] 41 |     pub tie_breaker: Option<u32>,
[INFO] [stdout]    |         ^^^^^^^^^^^
[INFO] [stdout]    |
[INFO] [stdout]    = note: `Candidate` has derived impls for the traits `Clone` and `Debug`, but these are intentionally ignored during dead code analysis
[INFO] [stdout] 
[INFO] [stdout] 
[INFO] [stdout] warning: function `apply_regional_pricing` is never used
[INFO] [stdout]   --> src/util.rs:69:12
[INFO] [stdout]    |
[INFO] [stdout] 69 |     pub fn apply_regional_pricing(base_cost: f64, region: &str) -> f64 {
[INFO] [stdout]    |            ^^^^^^^^^^^^^^^^^^^^^^
[INFO] [stdout] 
[INFO] [stdout] 
[INFO] [stdout] warning: function `composite_p95_latency` is never used
[INFO] [stdout]   --> src/util.rs:88:12
[INFO] [stdout]    |
[INFO] [stdout] 88 |     pub fn composite_p95_latency(latencies: &[f64]) -> f64 {
[INFO] [stdout]    |            ^^^^^^^^^^^^^^^^^^^^^
[INFO] [stdout] 
[INFO] [stdout] 
[INFO] [stdout] warning: function `parallel_p95_latency` is never used
[INFO] [stdout]   --> src/util.rs:94:12
[INFO] [stdout]    |
[INFO] [stdout] 94 |     pub fn parallel_p95_latency(latencies: &[f64]) -> f64 {
[INFO] [stdout]    |            ^^^^^^^^^^^^^^^^^^^^
[INFO] [stdout] 
[INFO] [stdout] 
[INFO] [stdout] warning: function `file_exists_and_readable` is never used
[INFO] [stdout]    --> src/util.rs:104:12
[INFO] [stdout]     |
[INFO] [stdout] 104 |     pub fn file_exists_and_readable(path: &Path) -> bool {
[INFO] [stdout]     |            ^^^^^^^^^^^^^^^^^^^^^^^^
[INFO] [stdout] 
[INFO] [stdout] 
[INFO] [stdout] warning: field `tie_breakers` is never read
[INFO] [stdout]   --> src/selector.rs:11:9
[INFO] [stdout]    |
[INFO] [stdout]  8 | pub struct Rules {
[INFO] [stdout]    |            ----- field in this struct
[INFO] [stdout] ...
[INFO] [stdout] 11 |     pub tie_breakers: Vec<String>,
[INFO] [stdout]    |         ^^^^^^^^^^^^
[INFO] [stdout]    |
[INFO] [stdout]    = note: `Rules` has derived impls for the traits `Clone` and `Debug`, but these are intentionally ignored during dead code analysis
[INFO] [stdout]    = note: `#[warn(dead_code)]` (part of `#[warn(unused)]`) on by default
[INFO] [stdout] 
[INFO] [stdout] 
[INFO] [stdout] warning: field `tie_breaker` is never read
[INFO] [stdout]   --> src/selector.rs:41:9
[INFO] [stdout]    |
[INFO] [stdout] 30 | pub struct Candidate {
[INFO] [stdout]    |            --------- field in this struct
[INFO] [stdout] ...
[INFO] [stdout] 41 |     pub tie_breaker: Option<u32>,
[INFO] [stdout]    |         ^^^^^^^^^^^
[INFO] [stdout]    |
[INFO] [stdout]    = note: `Candidate` has derived impls for the traits `Clone` and `Debug`, but these are intentionally ignored during dead code analysis
[INFO] [stdout] 
[INFO] [stdout] 
[INFO] [stdout] warning: struct `PlanHasher` is never constructed
[INFO] [stdout]  --> src/util.rs:5:12
[INFO] [stdout]   |
[INFO] [stdout] 5 | pub struct PlanHasher;
[INFO] [stdout]   |            ^^^^^^^^^^
[INFO] [stdout] 
[INFO] [stdout] 
[INFO] [stdout] warning: associated functions `hash_plan` and `hash_plan_short` are never used
[INFO] [stdout]   --> src/util.rs:9:12
[INFO] [stdout]    |
[INFO] [stdout]  7 | impl PlanHasher {
[INFO] [stdout]    | --------------- associated functions in this implementation
[INFO] [stdout]  8 |     /// Generate a deterministic hash for a plan given the same input and seed
[INFO] [stdout]  9 |     pub fn hash_plan<T: Serialize>(plan: &T, seed: u64) -> Result<String> {
[INFO] [stdout]    |            ^^^^^^^^^
[INFO] [stdout] ...
[INFO] [stdout] 22 |     pub fn hash_plan_short<T: Serialize>(plan: &T, seed: u64) -> Result<String> {
[INFO] [stdout]    |            ^^^^^^^^^^^^^^^
[INFO] [stdout] 
[INFO] [stdout] 
[INFO] [stdout] warning: function `create_rng` is never used
[INFO] [stdout]   --> src/util.rs:32:12
[INFO] [stdout]    |
[INFO] [stdout] 32 |     pub fn create_rng(seed: u64) -> StdRng {
[INFO] [stdout]    |            ^^^^^^^^^^
[INFO] [stdout] 
[INFO] [stdout] 
[INFO] [stdout] warning: function `weighted_choice` is never used
[INFO] [stdout]   --> src/util.rs:36:12
[INFO] [stdout]    |
[INFO] [stdout] 36 |     pub fn weighted_choice<'a, T>(items: &'a [T], weights: &[f64], rng: &mut StdRng) -> Option<&'a T> {
[INFO] [stdout]    |            ^^^^^^^^^^^^^^^
[INFO] [stdout] 
[INFO] [stdout] 
[INFO] [stdout] warning: function `calculate_monthly_cost` is never used
[INFO] [stdout]   --> src/util.rs:64:12
[INFO] [stdout]    |
[INFO] [stdout] 64 |     pub fn calculate_monthly_cost(base_cost: f64, rps: f64, multiplier: f64) -> f64 {
[INFO] [stdout]    |            ^^^^^^^^^^^^^^^^^^^^^^
[INFO] [stdout] 
[INFO] [stdout] 
[INFO] [stdout] warning: function `apply_regional_pricing` is never used
[INFO] [stdout]   --> src/util.rs:69:12
[INFO] [stdout]    |
[INFO] [stdout] 69 |     pub fn apply_regional_pricing(base_cost: f64, region: &str) -> f64 {
[INFO] [stdout]    |            ^^^^^^^^^^^^^^^^^^^^^^
[INFO] [stdout] 
[INFO] [stdout] 
[INFO] [stdout] warning: function `composite_availability` is never used
[INFO] [stdout]   --> src/util.rs:83:12
[INFO] [stdout]    |
[INFO] [stdout] 83 |     pub fn composite_availability(availabilities: &[f64]) -> f64 {
[INFO] [stdout]    |            ^^^^^^^^^^^^^^^^^^^^^^
[INFO] [stdout] 
[INFO] [stdout] 
[INFO] [stdout] warning: function `composite_p95_latency` is never used
[INFO] [stdout]   --> src/util.rs:88:12
[INFO] [stdout]    |
[INFO] [stdout] 88 |     pub fn composite_p95_latency(latencies: &[f64]) -> f64 {
[INFO] [stdout]    |            ^^^^^^^^^^^^^^^^^^^^^
[INFO] [stdout] 
[INFO] [stdout] 
[INFO] [stdout] warning: function `parallel_p95_latency` is never used
[INFO] [stdout]   --> src/util.rs:94:12
[INFO] [stdout]    |
[INFO] [stdout] 94 |     pub fn parallel_p95_latency(latencies: &[f64]) -> f64 {
[INFO] [stdout]    |            ^^^^^^^^^^^^^^^^^^^^
[INFO] [stdout] 
[INFO] [stdout] 
[INFO] [stdout] warning: function `file_exists_and_readable` is never used
[INFO] [stdout]    --> src/util.rs:104:12
[INFO] [stdout]     |
[INFO] [stdout] 104 |     pub fn file_exists_and_readable(path: &Path) -> bool {
[INFO] [stdout]     |            ^^^^^^^^^^^^^^^^^^^^^^^^
[INFO] [stdout] 
[INFO] [stdout] 
[INFO] [stdout] warning: function `get_file_extension` is never used
[INFO] [stdout]    --> src/util.rs:109:12
[INFO] [stdout]     |
[INFO] [stdout] 109 |     pub fn get_file_extension(path: &Path) -> Option<String> {
[INFO] [stdout]     |            ^^^^^^^^^^^^^^^^^^
[INFO] [stdout] 
[INFO] [stdout] 
[INFO] [stdout] warning: function `is_supported_format` is never used
[INFO] [stdout]    --> src/util.rs:116:12
[INFO] [stdout]     |
[INFO] [stdout] 116 |     pub fn is_supported_format(path: &Path) -> bool {
[INFO] [stdout]     |            ^^^^^^^^^^^^^^^^^^^
[INFO] [stdout] 
[INFO] [stdout] 
[INFO] [stderr]     Finished `release` profile [optimized] target(s) in 1m 31s
[INFO] running `Command { std: "docker" "inspect" "f6e0b986ca777d4a53bfc105d9a59a5db5c04833a6959eb9aafde4f3cb3f3905", kill_on_drop: false }`
[INFO] running `Command { std: "docker" "exec" "-e" "SOURCE_DIR=/opt/rustwide/workdir" "-e" "CARGO_HOME=/opt/rustwide/cargo-home" "-e" "RUSTUP_HOME=/opt/rustwide/rustup-home" "-e" "CARGO_TARGET_DIR=/opt/rustwide/target" "-e" "CARGO_INCREMENTAL=0" "-e" "RUST_BACKTRACE=full" "-e" "RUSTFLAGS=--cap-lints=warn" "-e" "RUSTDOCFLAGS=--cap-lints=warn" "-w" "/opt/rustwide/workdir" "--user" "0:0" "f6e0b986ca777d4a53bfc105d9a59a5db5c04833a6959eb9aafde4f3cb3f3905" "/opt/rustwide/cargo-home/bin/cargo" "+1.99.0-beta.8" "test" "--frozen" "--release", kill_on_drop: false }`
[INFO] [stderr] warning: field `tie_breakers` is never read
[INFO] [stderr]   --> src/selector.rs:11:9
[INFO] [stderr]    |
[INFO] [stderr]  8 | pub struct Rules {
[INFO] [stderr]    |            ----- field in this struct
[INFO] [stderr] ...
[INFO] [stderr] 11 |     pub tie_breakers: Vec<String>,
[INFO] [stderr]    |         ^^^^^^^^^^^^
[INFO] [stderr]    |
[INFO] [stderr]    = note: `Rules` has derived impls for the traits `Clone` and `Debug`, but these are intentionally ignored during dead code analysis
[INFO] [stderr]    = note: `#[warn(dead_code)]` (part of `#[warn(unused)]`) on by default
[INFO] [stderr] 
[INFO] [stderr] warning: field `tie_breaker` is never read
[INFO] [stderr]   --> src/selector.rs:41:9
[INFO] [stderr]    |
[INFO] [stderr] 30 | pub struct Candidate {
[INFO] [stderr]    |            --------- field in this struct
[INFO] [stderr] ...
[INFO] [stderr] 41 |     pub tie_breaker: Option<u32>,
[INFO] [stderr]    |         ^^^^^^^^^^^
[INFO] [stderr]    |
[INFO] [stderr]    = note: `Candidate` has derived impls for the traits `Clone` and `Debug`, but these are intentionally ignored during dead code analysis
[INFO] [stderr] 
[INFO] [stderr] warning: struct `PlanHasher` is never constructed
[INFO] [stderr]  --> src/util.rs:5:12
[INFO] [stderr]   |
[INFO] [stderr] 5 | pub struct PlanHasher;
[INFO] [stderr]   |            ^^^^^^^^^^
[INFO] [stderr] 
[INFO] [stderr] warning: associated functions `hash_plan` and `hash_plan_short` are never used
[INFO] [stderr]   --> src/util.rs:9:12
[INFO] [stderr]    |
[INFO] [stderr]  7 | impl PlanHasher {
[INFO] [stderr]    | --------------- associated functions in this implementation
[INFO] [stderr]  8 |     /// Generate a deterministic hash for a plan given the same input and seed
[INFO] [stderr]  9 |     pub fn hash_plan<T: Serialize>(plan: &T, seed: u64) -> Result<String> {
[INFO] [stderr]    |            ^^^^^^^^^
[INFO] [stderr] ...
[INFO] [stderr] 22 |     pub fn hash_plan_short<T: Serialize>(plan: &T, seed: u64) -> Result<String> {
[INFO] [stderr]    |            ^^^^^^^^^^^^^^^
[INFO] [stderr] 
[INFO] [stderr] warning: function `create_rng` is never used
[INFO] [stderr]   --> src/util.rs:32:12
[INFO] [stderr]    |
[INFO] [stderr] 32 |     pub fn create_rng(seed: u64) -> StdRng {
[INFO] [stderr]    |            ^^^^^^^^^^
[INFO] [stderr] 
[INFO] [stderr] warning: function `weighted_choice` is never used
[INFO] [stderr]   --> src/util.rs:36:12
[INFO] [stderr]    |
[INFO] [stderr] 36 |     pub fn weighted_choice<'a, T>(items: &'a [T], weights: &[f64], rng: &mut StdRng) -> Option<&'a T> {
[INFO] [stderr]    |            ^^^^^^^^^^^^^^^
[INFO] [stderr] 
[INFO] [stderr] warning: function `calculate_monthly_cost` is never used
[INFO] [stderr]   --> src/util.rs:64:12
[INFO] [stderr]    |
[INFO] [stderr] 64 |     pub fn calculate_monthly_cost(base_cost: f64, rps: f64, multiplier: f64) -> f64 {
[INFO] [stderr]    |            ^^^^^^^^^^^^^^^^^^^^^^
[INFO] [stderr] 
[INFO] [stderr] warning: function `apply_regional_pricing` is never used
[INFO] [stderr]   --> src/util.rs:69:12
[INFO] [stderr]    |
[INFO] [stderr] 69 |     pub fn apply_regional_pricing(base_cost: f64, region: &str) -> f64 {
[INFO] [stderr]    |            ^^^^^^^^^^^^^^^^^^^^^^
[INFO] [stderr] 
[INFO] [stderr] warning: function `composite_availability` is never used
[INFO] [stderr]   --> src/util.rs:83:12
[INFO] [stderr]    |
[INFO] [stderr] 83 |     pub fn composite_availability(availabilities: &[f64]) -> f64 {
[INFO] [stderr]    |            ^^^^^^^^^^^^^^^^^^^^^^
[INFO] [stderr] 
[INFO] [stderr] warning: function `composite_p95_latency` is never used
[INFO] [stderr]   --> src/util.rs:88:12
[INFO] [stderr]    |
[INFO] [stderr] 88 |     pub fn composite_p95_latency(latencies: &[f64]) -> f64 {
[INFO] [stderr]    |            ^^^^^^^^^^^^^^^^^^^^^
[INFO] [stderr] 
[INFO] [stderr] warning: function `parallel_p95_latency` is never used
[INFO] [stderr]   --> src/util.rs:94:12
[INFO] [stderr]    |
[INFO] [stderr] 94 |     pub fn parallel_p95_latency(latencies: &[f64]) -> f64 {
[INFO] [stderr]    |            ^^^^^^^^^^^^^^^^^^^^
[INFO] [stderr] 
[INFO] [stderr] warning: function `file_exists_and_readable` is never used
[INFO] [stderr]    --> src/util.rs:104:12
[INFO] [stderr]     |
[INFO] [stderr] 104 |     pub fn file_exists_and_readable(path: &Path) -> bool {
[INFO] [stderr]     |            ^^^^^^^^^^^^^^^^^^^^^^^^
[INFO] [stderr] 
[INFO] [stderr] warning: function `get_file_extension` is never used
[INFO] [stderr]    --> src/util.rs:109:12
[INFO] [stderr]     |
[INFO] [stderr] 109 |     pub fn get_file_extension(path: &Path) -> Option<String> {
[INFO] [stderr]     |            ^^^^^^^^^^^^^^^^^^
[INFO] [stderr] 
[INFO] [stderr] warning: function `is_supported_format` is never used
[INFO] [stderr]    --> src/util.rs:116:12
[INFO] [stderr]     |
[INFO] [stderr] 116 |     pub fn is_supported_format(path: &Path) -> bool {
[INFO] [stderr]     |            ^^^^^^^^^^^^^^^^^^^
[INFO] [stderr] 
[INFO] [stderr] warning: `runeforge` (bin "runeforge") generated 14 warnings
[INFO] [stderr] warning: `runeforge` (bin "runeforge" test) generated 6 warnings (6 duplicates)
[INFO] [stderr]     Finished `release` profile [optimized] target(s) in 0.21s
[INFO] [stderr]      Running unittests src/main.rs (/opt/rustwide/target/release/deps/runeforge-1582643269d3aa6c)
[INFO] [stdout] 
[INFO] [stdout] running 9 tests
[INFO] [stdout] test schema::tests::test_blueprint_deserialization ... ok
[INFO] [stdout] test util::tests::test_weighted_choice ... ok
[INFO] [stdout] test util::tests::test_plan_hash_different_seeds ... ok
[INFO] [stdout] test util::tests::test_file_extension ... ok
[INFO] [stdout] test util::tests::test_plan_hash_deterministic ... ok
[INFO] [stdout] test util::tests::test_composite_availability ... ok
[INFO] [stdout] test util::tests::test_cost_calculation ... ok
[INFO] [stdout] test util::tests::test_short_hash ... ok
[INFO] [stdout] test schema::tests::test_stack_serialization ... ok
[INFO] [stderr]      Running tests/integration_tests.rs (/opt/rustwide/target/release/deps/integration_tests-dc7ae1c872e5dc9b)
[INFO] [stdout] 
[INFO] [stdout] test result: ok. 9 passed; 0 failed; 0 ignored; 0 measured; 0 filtered out; finished in 0.13s
[INFO] [stdout] 
[INFO] [stdout] 
[INFO] [stdout] running 9 tests
[INFO] [stdout] test test_plan_command_with_nonexistent_file ... ok
[INFO] [stdout] test test_plan_command_with_output_file ... FAILED
[INFO] [stdout] test test_plan_command_with_json_input ... ok
[INFO] [stdout] test test_plan_command_with_compliance_example ... FAILED
[INFO] [stdout] test test_plan_command_with_baseline_example ... FAILED
[INFO] [stdout] test test_plan_command_with_latency_example ... FAILED
[INFO] [stdout] test test_schema_validation_requirements ... FAILED
[INFO] [stdout] test test_plan_different_with_different_seed ... FAILED
[INFO] [stdout] test test_plan_deterministic_with_same_seed ... ok
[INFO] [stdout] 
[INFO] [stdout] failures:
[INFO] [stdout] 
[INFO] [stdout] ---- test_plan_command_with_output_file stdout ----
[INFO] [stdout] 
[INFO] [stdout] thread 'test_plan_command_with_output_file' (2031) panicked at /rustc/dfb0accb7f508ae8be965d8629557221c889dd98/library/core/src/ops/function.rs:250:5:
[INFO] [stdout] Unexpected failure.
[INFO] [stdout] code=1
[INFO] [stdout] stderr=``````
[INFO] [stdout] Error: No candidates match the constraints
[INFO] [stdout] 
[INFO] [stdout] Stack backtrace:
[INFO] [stdout]    0: <unknown>
[INFO] [stdout]    1: <unknown>
[INFO] [stdout]    2: <unknown>
[INFO] [stdout]    3: <unknown>
[INFO] [stdout]    4: <unknown>
[INFO] [stdout]    5: <unknown>
[INFO] [stdout]    6: <unknown>
[INFO] [stdout]    7: __libc_start_main
[INFO] [stdout]    8: <unknown>
[INFO] [stdout] ```
[INFO] [stdout] ```
[INFO] [stdout] command=`"/opt/rustwide/target/release/runeforge" "plan" "-f" "examples/baseline.yaml" "--seed" "42" "--out" "/tmp/.tmpxBqENk/output.json"`
[INFO] [stdout] code=1
[INFO] [stdout] stdout=""
[INFO] [stdout] stderr=```
[INFO] [stdout] Error: No candidates match the constraints
[INFO] [stdout] 
[INFO] [stdout] Stack backtrace:
[INFO] [stdout]    0: <unknown>
[INFO] [stdout]    1: <unknown>
[INFO] [stdout]    2: <unknown>
[INFO] [stdout]    3: <unknown>
[INFO] [stdout]    4: <unknown>
[INFO] [stdout]    5: <unknown>
[INFO] [stdout]    6: <unknown>
[INFO] [stdout]    7: __libc_start_main
[INFO] [stdout]    8: <unknown>
[INFO] [stdout] ```
[INFO] [stdout] 
[INFO] [stdout] 
[INFO] [stdout] stack backtrace:
[INFO] [stdout]    0:     0x653224a0a0c5 - <unknown>
[INFO] [stdout]    1:     0x6532249ec29a - <unknown>
[INFO] [stdout]    2:     0x653224a0975b - <unknown>
[INFO] [stdout]    3:     0x653224a0923f - <unknown>
[INFO] [stdout]    4:     0x653224a08e6a - <unknown>
[INFO] [stdout]    5:     0x653224a089a2 - <unknown>
[INFO] [stdout]    6:     0x653224a2f851 - <unknown>
[INFO] [stdout]    7:     0x653224a2f809 - <unknown>
[INFO] [stdout]    8:     0x653224a2fd1c - <unknown>
[INFO] [stdout]    9:     0x6532249ec12b - <unknown>
[INFO] [stdout]   10:     0x6532249e92b3 - <unknown>
[INFO] [stdout]   11:     0x6532249def4f - <unknown>
[INFO] [stdout]   12:     0x653224a4ccab - <unknown>
[INFO] [stdout]   13:     0x653224a4890c - <unknown>
[INFO] [stdout]   14:     0x653224a4803c - <unknown>
[INFO] [stdout]   15:     0x653224a6494c - <unknown>
[INFO] [stdout]   16:     0x653224a31532 - <unknown>
[INFO] [stdout]   17:     0x741a0e290dfa - <unknown>
[INFO] [stdout]   18:     0x741a0e3243d4 - clone
[INFO] [stdout]   19:                0x0 - <unknown>
[INFO] [stdout] 
[INFO] [stdout] ---- test_plan_command_with_compliance_example stdout ----
[INFO] [stdout] 
[INFO] [stdout] thread 'test_plan_command_with_compliance_example' (2027) panicked at /rustc/dfb0accb7f508ae8be965d8629557221c889dd98/library/core/src/ops/function.rs:250:5:
[INFO] [stdout] Unexpected failure.
[INFO] [stdout] code=1
[INFO] [stdout] stderr=``````
[INFO] [stdout] Error: No candidates match the constraints
[INFO] [stdout] 
[INFO] [stdout] Stack backtrace:
[INFO] [stdout]    0: <unknown>
[INFO] [stdout]    1: <unknown>
[INFO] [stdout]    2: <unknown>
[INFO] [stdout]    3: <unknown>
[INFO] [stdout]    4: <unknown>
[INFO] [stdout]    5: <unknown>
[INFO] [stdout]    6: <unknown>
[INFO] [stdout]    7: __libc_start_main
[INFO] [stdout]    8: <unknown>
[INFO] [stdout] ```
[INFO] [stdout] ```
[INFO] [stdout] command=`"/opt/rustwide/target/release/runeforge" "plan" "-f" "examples/compliance.yaml" "--seed" "42"`
[INFO] [stdout] code=1
[INFO] [stdout] stdout=""
[INFO] [stdout] stderr=```
[INFO] [stdout] Error: No candidates match the constraints
[INFO] [stdout] 
[INFO] [stdout] Stack backtrace:
[INFO] [stdout]    0: <unknown>
[INFO] [stdout]    1: <unknown>
[INFO] [stdout]    2: <unknown>
[INFO] [stdout]    3: <unknown>
[INFO] [stdout]    4: <unknown>
[INFO] [stdout]    5: <unknown>
[INFO] [stdout]    6: <unknown>
[INFO] [stdout]    7: __libc_start_main
[INFO] [stdout]    8: <unknown>
[INFO] [stdout] ```
[INFO] [stdout] 
[INFO] [stdout] 
[INFO] [stdout] stack backtrace:
[INFO] [stdout]    0:     0x653224a0a0c5 - <unknown>
[INFO] [stdout]    1:     0x6532249ec29a - <unknown>
[INFO] [stdout]    2:     0x653224a0975b - <unknown>
[INFO] [stdout]    3:     0x653224a0923f - <unknown>
[INFO] [stdout]    4:     0x653224a08e6a - <unknown>
[INFO] [stdout]    5:     0x653224a089a2 - <unknown>
[INFO] [stdout]    6:     0x653224a2f851 - <unknown>
[INFO] [stdout]    7:     0x653224a2f809 - <unknown>
[INFO] [stdout]    8:     0x653224a2fd1c - <unknown>
[INFO] [stdout]    9:     0x6532249ec12b - <unknown>
[INFO] [stdout]   10:     0x6532249e92b3 - <unknown>
[INFO] [stdout]   11:     0x6532249e1efb - <unknown>
[INFO] [stdout]   12:     0x653224a4ccab - <unknown>
[INFO] [stdout]   13:     0x653224a4890c - <unknown>
[INFO] [stdout]   14:     0x653224a4803c - <unknown>
[INFO] [stdout]   15:     0x653224a6494c - <unknown>
[INFO] [stdout]   16:     0x653224a31532 - <unknown>
[INFO] [stdout]   17:     0x741a0e290dfa - <unknown>
[INFO] [stdout]   18:     0x741a0e3243d4 - clone
[INFO] [stdout]   19:                0x0 - <unknown>
[INFO] [stdout] 
[INFO] [stdout] ---- test_plan_command_with_baseline_example stdout ----
[INFO] [stdout] 
[INFO] [stdout] thread 'test_plan_command_with_baseline_example' (2026) panicked at /rustc/dfb0accb7f508ae8be965d8629557221c889dd98/library/core/src/ops/function.rs:250:5:
[INFO] [stdout] Unexpected failure.
[INFO] [stdout] code=1
[INFO] [stdout] stderr=``````
[INFO] [stdout] Error: No candidates match the constraints
[INFO] [stdout] 
[INFO] [stdout] Stack backtrace:
[INFO] [stdout]    0: <unknown>
[INFO] [stdout]    1: <unknown>
[INFO] [stdout]    2: <unknown>
[INFO] [stdout]    3: <unknown>
[INFO] [stdout]    4: <unknown>
[INFO] [stdout]    5: <unknown>
[INFO] [stdout]    6: <unknown>
[INFO] [stdout]    7: __libc_start_main
[INFO] [stdout]    8: <unknown>
[INFO] [stdout] ```
[INFO] [stdout] ```
[INFO] [stdout] command=`"/opt/rustwide/target/release/runeforge" "plan" "-f" "examples/baseline.yaml" "--seed" "42" "--strict"`
[INFO] [stdout] code=1
[INFO] [stdout] stdout=""
[INFO] [stdout] stderr=```
[INFO] [stdout] Error: No candidates match the constraints
[INFO] [stdout] 
[INFO] [stdout] Stack backtrace:
[INFO] [stdout]    0: <unknown>
[INFO] [stdout]    1: <unknown>
[INFO] [stdout]    2: <unknown>
[INFO] [stdout]    3: <unknown>
[INFO] [stdout]    4: <unknown>
[INFO] [stdout]    5: <unknown>
[INFO] [stdout]    6: <unknown>
[INFO] [stdout]    7: __libc_start_main
[INFO] [stdout]    8: <unknown>
[INFO] [stdout] ```
[INFO] [stdout] 
[INFO] [stdout] 
[INFO] [stdout] stack backtrace:
[INFO] [stdout]    0:     0x653224a0a0c5 - <unknown>
[INFO] [stdout]    1:     0x6532249ec29a - <unknown>
[INFO] [stdout]    2:     0x653224a0975b - <unknown>
[INFO] [stdout]    3:     0x653224a0923f - <unknown>
[INFO] [stdout]    4:     0x653224a08e6a - <unknown>
[INFO] [stdout]    5:     0x653224a089a2 - <unknown>
[INFO] [stdout]    6:     0x653224a2f851 - <unknown>
[INFO] [stdout]    7:     0x653224a2f809 - <unknown>
[INFO] [stdout]    8:     0x653224a2fd1c - <unknown>
[INFO] [stdout]    9:     0x6532249ec12b - <unknown>
[INFO] [stdout]   10:     0x6532249e92b3 - <unknown>
[INFO] [stdout]   11:     0x6532249e1415 - <unknown>
[INFO] [stdout]   12:     0x653224a4ccab - <unknown>
[INFO] [stdout]   13:     0x653224a4890c - <unknown>
[INFO] [stdout]   14:     0x653224a4803c - <unknown>
[INFO] [stdout]   15:     0x653224a6494c - <unknown>
[INFO] [stdout]   16:     0x653224a31532 - <unknown>
[INFO] [stdout]   17:     0x741a0e290dfa - <unknown>
[INFO] [stdout]   18:     0x741a0e3243d4 - clone
[INFO] [stdout]   19:                0x0 - <unknown>
[INFO] [stdout] 
[INFO] [stdout] ---- test_plan_command_with_latency_example stdout ----
[INFO] [stdout] 
[INFO] [stdout] thread 'test_plan_command_with_latency_example' (2029) panicked at /rustc/dfb0accb7f508ae8be965d8629557221c889dd98/library/core/src/ops/function.rs:250:5:
[INFO] [stdout] Unexpected failure.
[INFO] [stdout] code=1
[INFO] [stdout] stderr=``````
[INFO] [stdout] Error: No candidates match the constraints
[INFO] [stdout] 
[INFO] [stdout] Stack backtrace:
[INFO] [stdout]    0: <unknown>
[INFO] [stdout]    1: <unknown>
[INFO] [stdout]    2: <unknown>
[INFO] [stdout]    3: <unknown>
[INFO] [stdout]    4: <unknown>
[INFO] [stdout]    5: <unknown>
[INFO] [stdout]    6: <unknown>
[INFO] [stdout]    7: __libc_start_main
[INFO] [stdout]    8: <unknown>
[INFO] [stdout] ```
[INFO] [stdout] ```
[INFO] [stdout] command=`"/opt/rustwide/target/release/runeforge" "plan" "-f" "examples/latency.yaml" "--seed" "42"`
[INFO] [stdout] code=1
[INFO] [stdout] stdout=""
[INFO] [stdout] stderr=```
[INFO] [stdout] Error: No candidates match the constraints
[INFO] [stdout] 
[INFO] [stdout] Stack backtrace:
[INFO] [stdout]    0: <unknown>
[INFO] [stdout]    1: <unknown>
[INFO] [stdout]    2: <unknown>
[INFO] [stdout]    3: <unknown>
[INFO] [stdout]    4: <unknown>
[INFO] [stdout]    5: <unknown>
[INFO] [stdout]    6: <unknown>
[INFO] [stdout]    7: __libc_start_main
[INFO] [stdout]    8: <unknown>
[INFO] [stdout] ```
[INFO] [stdout] 
[INFO] [stdout] 
[INFO] [stdout] stack backtrace:
[INFO] [stdout]    0:     0x653224a0a0c5 - <unknown>
[INFO] [stdout]    1:     0x6532249ec29a - <unknown>
[INFO] [stdout]    2:     0x653224a0975b - <unknown>
[INFO] [stdout]    3:     0x653224a0923f - <unknown>
[INFO] [stdout]    4:     0x653224a08e6a - <unknown>
[INFO] [stdout]    5:     0x653224a089a2 - <unknown>
[INFO] [stdout]    6:     0x653224a2f851 - <unknown>
[INFO] [stdout]    7:     0x653224a2f809 - <unknown>
[INFO] [stdout]    8:     0x653224a2fd1c - <unknown>
[INFO] [stdout]    9:     0x6532249ec12b - <unknown>
[INFO] [stdout]   10:     0x6532249e92b3 - <unknown>
[INFO] [stdout]   11:     0x6532249e09ba - <unknown>
[INFO] [stdout]   12:     0x653224a4ccab - <unknown>
[INFO] [stdout]   13:     0x653224a4890c - <unknown>
[INFO] [stdout]   14:     0x653224a4803c - <unknown>
[INFO] [stdout]   15:     0x653224a6494c - <unknown>
[INFO] [stdout]   16:     0x653224a31532 - <unknown>
[INFO] [stdout]   17:     0x741a0e290dfa - <unknown>
[INFO] [stdout]   18:     0x741a0e3243d4 - clone
[INFO] [stdout]   19:                0x0 - <unknown>
[INFO] [stdout] 
[INFO] [stdout] ---- test_schema_validation_requirements stdout ----
[INFO] [stdout] 
[INFO] [stdout] thread 'test_schema_validation_requirements' (2054) panicked at tests/integration_tests.rs:137:5:
[INFO] [stdout] assertion failed: output.status.success()
[INFO] [stdout] stack backtrace:
[INFO] [stdout]    0:     0x653224a0a0c5 - <unknown>
[INFO] [stdout]    1:     0x6532249ec29a - <unknown>
[INFO] [stdout]    2:     0x653224a0975b - <unknown>
[INFO] [stdout]    3:     0x653224a0923f - <unknown>
[INFO] [stdout]    4:     0x653224a08e6a - <unknown>
[INFO] [stdout]    5:     0x653224a089a2 - <unknown>
[INFO] [stdout]    6:     0x653224a2f882 - <unknown>
[INFO] [stdout]    7:     0x653224a2f809 - <unknown>
[INFO] [stdout]    8:     0x653224a2fd1c - <unknown>
[INFO] [stdout]    9:     0x6532249ec12b - <unknown>
[INFO] [stdout]   10:     0x6532249edf81 - <unknown>
[INFO] [stdout]   11:     0x6532249e048c - <unknown>
[INFO] [stdout]   12:     0x653224a4ccab - <unknown>
[INFO] [stdout]   13:     0x653224a4890c - <unknown>
[INFO] [stdout]   14:     0x653224a4803c - <unknown>
[INFO] [stdout]   15:     0x653224a6494c - <unknown>
[INFO] [stdout]   16:     0x653224a31532 - <unknown>
[INFO] [stdout]   17:     0x741a0e290dfa - <unknown>
[INFO] [stdout]   18:     0x741a0e3243d4 - clone
[INFO] [stdout]   19:                0x0 - <unknown>
[INFO] [stdout] 
[INFO] [stdout] ---- test_plan_different_with_different_seed stdout ----
[INFO] [stdout] 
[INFO] [stdout] thread 'test_plan_different_with_different_seed' (2039) panicked at tests/integration_tests.rs:91:5:
[INFO] [stdout] assertion failed: output1.status.success()
[INFO] [stdout] stack backtrace:
[INFO] [stdout]    0:     0x653224a0a0c5 - <unknown>
[INFO] [stdout]    1:     0x6532249ec29a - <unknown>
[INFO] [stdout]    2:     0x653224a0975b - <unknown>
[INFO] [stdout]    3:     0x653224a0923f - <unknown>
[INFO] [stdout]    4:     0x653224a08e6a - <unknown>
[INFO] [stdout]    5:     0x653224a089a2 - <unknown>
[INFO] [stdout]    6:     0x653224a2f882 - <unknown>
[INFO] [stdout]    7:     0x653224a2f809 - <unknown>
[INFO] [stdout]    8:     0x653224a2fd1c - <unknown>
[INFO] [stdout]    9:     0x6532249ec12b - <unknown>
[INFO] [stdout]   10:     0x6532249edf81 - <unknown>
[INFO] [stdout]   11:     0x6532249e1bbb - <unknown>
[INFO] [stdout]   12:     0x653224a4ccab - <unknown>
[INFO] [stdout]   13:     0x653224a4890c - <unknown>
[INFO] [stdout]   14:     0x653224a4803c - <unknown>
[INFO] [stdout]   15:     0x653224a6494c - <unknown>
[INFO] [stdout]   16:     0x653224a31532 - <unknown>
[INFO] [stdout]   17:     0x741a0e290dfa - <unknown>
[INFO] [stdout]   18:     0x741a0e3243d4 - clone
[INFO] [stdout]   19:                0x0 - <unknown>
[INFO] [stdout] 
[INFO] [stdout] 
[INFO] [stdout] failures:
[INFO] [stdout]     test_plan_command_with_baseline_example
[INFO] [stdout]     test_plan_command_with_compliance_example
[INFO] [stdout]     test_plan_command_with_latency_example
[INFO] [stdout]     test_plan_command_with_output_file
[INFO] [stdout]     test_plan_different_with_different_seed
[INFO] [stdout]     test_schema_validation_requirements
[INFO] [stdout] 
[INFO] [stdout] test result: FAILED. 3 passed; 6 failed; 0 ignored; 0 measured; 0 filtered out; finished in 0.02s
[INFO] [stdout] 
[INFO] [stderr] error: test failed, to rerun pass `--test integration_tests`
[INFO] running `Command { std: "docker" "inspect" "f6e0b986ca777d4a53bfc105d9a59a5db5c04833a6959eb9aafde4f3cb3f3905", kill_on_drop: false }`
[INFO] running `Command { std: "docker" "rm" "-f" "f6e0b986ca777d4a53bfc105d9a59a5db5c04833a6959eb9aafde4f3cb3f3905", kill_on_drop: false }`
[INFO] [stdout] f6e0b986ca777d4a53bfc105d9a59a5db5c04833a6959eb9aafde4f3cb3f3905
