[INFO] fetching crate runat 0.2.2...
[INFO] testing runat-0.2.2 against 1.100.0-beta.1+cargoflags=--release for beta-release-1.100-2
[INFO] extracting crate runat 0.2.2 into /workspace/builds/worker-3-tc2/source
[INFO] started tweaking crates.io crate runat 0.2.2
[INFO] removed 0 missing tests
[INFO] finished tweaking crates.io crate runat 0.2.2
[INFO] tweaked toml for crates.io crate runat 0.2.2 written to /workspace/builds/worker-3-tc2/source/Cargo.toml
[INFO] validating manifest of crates.io crate runat 0.2.2 on toolchain 1.100.0-beta.1
[INFO] running `Command { std: CARGO_HOME="/workspace/cargo-home" RUSTUP_HOME="/workspace/rustup-home" "/workspace/cargo-home/bin/cargo" "+1.100.0-beta.1" "metadata" "--manifest-path" "Cargo.toml" "--no-deps", kill_on_drop: false }`
[INFO] crate crates.io crate runat 0.2.2 already has a lockfile, it will not be regenerated
[INFO] running `Command { std: CARGO_HOME="/workspace/cargo-home" RUSTUP_HOME="/workspace/rustup-home" "/workspace/cargo-home/bin/cargo" "+1.100.0-beta.1" "fetch" "--manifest-path" "Cargo.toml", kill_on_drop: false }`
[INFO] running `Command { std: "docker" "create" "-v" "/var/lib/crater-agent-workspace/builds/worker-3-tc2/source:/opt/rustwide/workdir:ro,Z" "-v" "/var/lib/crater-agent-workspace/builds/worker-3-tc2/target:/opt/rustwide/target:rw,Z" "-v" "/var/lib/crater-agent-workspace/cargo-home:/opt/rustwide/cargo-home:ro,Z" "-v" "/var/lib/crater-agent-workspace/rustup-home:/opt/rustwide/rustup-home:ro,Z" "-m" "1610612736" "--network" "none" "ghcr.io/rust-lang/crates-build-env/linux@sha256:77db811e55d90add9212f6832c23229e3de5f1c1f9905e8cb07319ea15df73ac" "sleep" "infinity", kill_on_drop: false }`
[INFO] [stdout] 61761beb1b6a7bd3dadcb80bf1aba1b611d015aae7d01fffd79addf63b0757e7
[INFO] running `Command { std: "docker" "start" "61761beb1b6a7bd3dadcb80bf1aba1b611d015aae7d01fffd79addf63b0757e7", kill_on_drop: false }`
[INFO] running `Command { std: "docker" "inspect" "61761beb1b6a7bd3dadcb80bf1aba1b611d015aae7d01fffd79addf63b0757e7", kill_on_drop: false }`
[INFO] running `Command { std: "docker" "exec" "-e" "SOURCE_DIR=/opt/rustwide/workdir" "-e" "CARGO_HOME=/opt/rustwide/cargo-home" "-e" "RUSTUP_HOME=/opt/rustwide/rustup-home" "-e" "CARGO_TARGET_DIR=/opt/rustwide/target" "-w" "/opt/rustwide/workdir" "--user" "0:0" "61761beb1b6a7bd3dadcb80bf1aba1b611d015aae7d01fffd79addf63b0757e7" "/opt/rustwide/cargo-home/bin/cargo" "+1.100.0-beta.1" "metadata" "--no-deps" "--format-version=1", kill_on_drop: false }`
[INFO] running `Command { std: "docker" "inspect" "61761beb1b6a7bd3dadcb80bf1aba1b611d015aae7d01fffd79addf63b0757e7", kill_on_drop: false }`
[INFO] running `Command { std: "docker" "exec" "-e" "SOURCE_DIR=/opt/rustwide/workdir" "-e" "CARGO_HOME=/opt/rustwide/cargo-home" "-e" "RUSTUP_HOME=/opt/rustwide/rustup-home" "-e" "CARGO_TARGET_DIR=/opt/rustwide/target" "-e" "CARGO_INCREMENTAL=0" "-e" "RUST_BACKTRACE=full" "-e" "RUSTFLAGS=--cap-lints=warn" "-e" "RUSTDOCFLAGS=--cap-lints=warn" "-w" "/opt/rustwide/workdir" "--user" "0:0" "61761beb1b6a7bd3dadcb80bf1aba1b611d015aae7d01fffd79addf63b0757e7" "/opt/rustwide/cargo-home/bin/cargo" "+1.100.0-beta.1" "build" "--frozen" "--message-format=json" "--release", kill_on_drop: false }`
[INFO] [stderr]    Compiling proc-macro2 v1.0.103
[INFO] [stderr]    Compiling unicode-ident v1.0.22
[INFO] [stderr]    Compiling quote v1.0.42
[INFO] [stderr]    Compiling libc v0.2.178
[INFO] [stderr]    Compiling icu_normalizer_data v2.1.1
[INFO] [stderr]    Compiling icu_properties_data v2.1.2
[INFO] [stderr]    Compiling zerocopy v0.8.31
[INFO] [stderr]    Compiling serde_core v1.0.228
[INFO] [stderr]    Compiling writeable v0.6.2
[INFO] [stderr]    Compiling litemap v0.8.1
[INFO] [stderr]    Compiling serde_json v1.0.145
[INFO] [stderr]    Compiling thiserror v2.0.17
[INFO] [stderr]    Compiling pin-project-lite v0.2.16
[INFO] [stderr]    Compiling futures-core v0.3.31
[INFO] [stderr]    Compiling crypto-common v0.1.7
[INFO] [stderr]    Compiling once_cell v1.21.3
[INFO] [stderr]    Compiling digest v0.10.7
[INFO] [stderr]    Compiling futures-sink v0.3.31
[INFO] [stderr]    Compiling memchr v2.7.6
[INFO] [stderr]    Compiling bytes v1.11.0
[INFO] [stderr]    Compiling tracing-core v0.1.35
[INFO] [stderr]    Compiling futures-task v0.3.31
[INFO] [stderr]    Compiling iana-time-zone v0.1.64
[INFO] [stderr]    Compiling slab v0.4.11
[INFO] [stderr]    Compiling getrandom v0.3.4
[INFO] [stderr]    Compiling itoa v1.0.15
[INFO] [stderr]    Compiling pin-utils v0.1.0
[INFO] [stderr]    Compiling ryu v1.0.20
[INFO] [stderr]    Compiling futures-io v0.3.31
[INFO] [stderr]    Compiling chrono v0.4.42
[INFO] [stderr]    Compiling event-listener v5.4.1
[INFO] [stderr]    Compiling indexmap v2.12.1
[INFO] [stderr]    Compiling unicode-normalization v0.1.25
[INFO] [stderr]    Compiling crossbeam-queue v0.3.12
[INFO] [stderr]    Compiling futures-util v0.3.31
[INFO] [stderr]    Compiling hmac v0.12.1
[INFO] [stderr]    Compiling base64 v0.22.1
[INFO] [stderr]    Compiling foldhash v0.1.5
[INFO] [stderr]    Compiling uuid v1.19.0
[INFO] [stderr]    Compiling unicode-properties v0.1.4
[INFO] [stderr]    Compiling unicode-bidi v0.3.18
[INFO] [stderr]    Compiling hashbrown v0.15.5
[INFO] [stderr]    Compiling mio v1.1.1
[INFO] [stderr]    Compiling syn v2.0.111
[INFO] [stderr]    Compiling getrandom v0.2.16
[INFO] [stderr]    Compiling signal-hook-registry v1.4.7
[INFO] [stderr]    Compiling socket2 v0.6.1
[INFO] [stderr]    Compiling rand_core v0.6.4
[INFO] [stderr]    Compiling stringprep v0.1.5
[INFO] [stderr]    Compiling hkdf v0.12.4
[INFO] [stderr]    Compiling futures-channel v0.3.31
[INFO] [stderr]    Compiling concurrent-queue v2.5.0
[INFO] [stderr]    Compiling atoi v2.0.0
[INFO] [stderr]    Compiling md-5 v0.10.6
[INFO] [stderr]    Compiling byteorder v1.5.0
[INFO] [stderr]    Compiling home v0.5.12
[INFO] [stderr]    Compiling tokio v1.48.0
[INFO] [stderr]    Compiling dotenvy v0.15.7
[INFO] [stderr]    Compiling bitflags v2.10.0
[INFO] [stderr]    Compiling crc-catalog v2.4.0
[INFO] [stderr]    Compiling whoami v1.6.1
[INFO] [stderr]    Compiling hex v0.4.3
[INFO] [stderr]    Compiling crc v3.4.0
[INFO] [stderr]    Compiling sha2 v0.10.9
[INFO] [stderr]    Compiling hashlink v0.10.0
[INFO] [stderr]    Compiling ppv-lite86 v0.2.21
[INFO] [stderr]    Compiling anyhow v1.0.100
[INFO] [stderr]    Compiling rand_chacha v0.3.1
[INFO] [stderr]    Compiling rand v0.8.5
[INFO] [stderr]    Compiling synstructure v0.13.2
[INFO] [stderr]    Compiling darling_core v0.21.3
[INFO] [stderr]    Compiling serde_derive v1.0.228
[INFO] [stderr]    Compiling zerovec-derive v0.11.2
[INFO] [stderr]    Compiling displaydoc v0.2.5
[INFO] [stderr]    Compiling thiserror-impl v2.0.17
[INFO] [stderr]    Compiling tracing-attributes v0.1.31
[INFO] [stderr]    Compiling futures-macro v0.3.31
[INFO] [stderr]    Compiling tokio-macros v2.6.0
[INFO] [stderr]    Compiling thiserror-impl v1.0.69
[INFO] [stderr]    Compiling async-trait v0.1.89
[INFO] [stderr]    Compiling runat-macros v0.2.2
[INFO] [stderr]    Compiling zerofrom-derive v0.1.6
[INFO] [stderr]    Compiling yoke-derive v0.8.1
[INFO] [stderr]    Compiling tokio-stream v0.1.17
[INFO] [stderr]    Compiling zerofrom v0.1.6
[INFO] [stderr]    Compiling yoke v0.8.1
[INFO] [stderr]    Compiling thiserror v1.0.69
[INFO] [stderr]    Compiling tracing v0.1.43
[INFO] [stderr]    Compiling zerovec v0.11.5
[INFO] [stderr]    Compiling zerotrie v0.2.3
[INFO] [stderr]    Compiling tinystr v0.8.2
[INFO] [stderr]    Compiling potential_utf v0.1.4
[INFO] [stderr]    Compiling icu_collections v2.1.1
[INFO] [stderr]    Compiling icu_locale_core v2.1.1
[INFO] [stderr]    Compiling serde v1.0.228
[INFO] [stderr]    Compiling darling_macro v0.21.3
[INFO] [stderr]    Compiling darling v0.21.3
[INFO] [stderr]    Compiling serde_with_macros v3.16.1
[INFO] [stderr]    Compiling smallvec v1.15.1
[INFO] [stderr]    Compiling either v1.15.0
[INFO] [stderr]    Compiling icu_provider v2.1.1
[INFO] [stderr]    Compiling parking_lot_core v0.9.12
[INFO] [stderr]    Compiling icu_properties v2.1.2
[INFO] [stderr]    Compiling icu_normalizer v2.1.1
[INFO] [stderr]    Compiling serde_with v3.16.1
[INFO] [stderr]    Compiling parking_lot v0.12.5
[INFO] [stderr]    Compiling dashmap v6.1.0
[INFO] [stderr]    Compiling futures-intrusive v0.5.0
[INFO] [stderr]    Compiling idna_adapter v1.2.1
[INFO] [stderr]    Compiling idna v1.1.0
[INFO] [stderr]    Compiling futures-executor v0.3.31
[INFO] [stderr]    Compiling cron v0.15.0
[INFO] [stderr]    Compiling futures v0.3.31
[INFO] [stderr]    Compiling url v2.5.7
[INFO] [stderr]    Compiling sqlx-core v0.8.6
[INFO] [stderr]    Compiling sqlx-postgres v0.8.6
[INFO] [stderr]    Compiling sqlx-macros-core v0.8.6
[INFO] [stderr]    Compiling sqlx-macros v0.8.6
[INFO] [stderr]    Compiling sqlx v0.8.6
[INFO] [stderr]    Compiling runat v0.2.2 (/opt/rustwide/workdir)
[INFO] [stderr] warning: unused dependency `futures`
[INFO] [stderr]   --> Cargo.toml:17:15
[INFO] [stderr]    |
[INFO] [stderr] 17 | [dependencies.futures]
[INFO] [stderr]    |               ^^^^^^^^
[INFO] [stderr]    |
[INFO] [stderr]    = note: `cargo::unused_dependencies` is set to `warn` by default
[INFO] [stderr] help: consider removing the dependency on `futures`
[INFO] [stderr] warning: unused dependency `serde_with`
[INFO] [stderr]   --> Cargo.toml:30:15
[INFO] [stderr]    |
[INFO] [stderr] 30 | [dependencies.serde_with]
[INFO] [stderr]    |               ^^^^^^^^^^^
[INFO] [stderr]    |
[INFO] [stderr] help: consider removing the dependency on `serde_with`
[INFO] [stderr] warning: `runat` (manifest) generated 2 warnings
[INFO] [stderr]     Finished `release` profile [optimized] target(s) in 1m 29s
[INFO] running `Command { std: "docker" "inspect" "61761beb1b6a7bd3dadcb80bf1aba1b611d015aae7d01fffd79addf63b0757e7", kill_on_drop: false }`
[INFO] running `Command { std: "docker" "exec" "-e" "SOURCE_DIR=/opt/rustwide/workdir" "-e" "CARGO_HOME=/opt/rustwide/cargo-home" "-e" "RUSTUP_HOME=/opt/rustwide/rustup-home" "-e" "CARGO_TARGET_DIR=/opt/rustwide/target" "-e" "CARGO_INCREMENTAL=0" "-e" "RUST_BACKTRACE=full" "-e" "RUSTFLAGS=--cap-lints=warn" "-e" "RUSTDOCFLAGS=--cap-lints=warn" "-w" "/opt/rustwide/workdir" "--user" "0:0" "61761beb1b6a7bd3dadcb80bf1aba1b611d015aae7d01fffd79addf63b0757e7" "/opt/rustwide/cargo-home/bin/cargo" "+1.100.0-beta.1" "test" "--frozen" "--no-run" "--message-format=json" "--release", kill_on_drop: false }`
[INFO] [stderr]    Compiling tokio v1.48.0
[INFO] [stderr]    Compiling sdd v3.0.10
[INFO] [stderr]    Compiling serial_test_derive v3.2.0
[INFO] [stderr]    Compiling scc v2.4.0
[INFO] [stderr]    Compiling serial_test v3.2.0
[INFO] [stderr]    Compiling tokio-stream v0.1.17
[INFO] [stderr]    Compiling sqlx-core v0.8.6
[INFO] [stderr]    Compiling sqlx-postgres v0.8.6
[INFO] [stderr]    Compiling sqlx v0.8.6
[INFO] [stderr]    Compiling runat v0.2.2 (/opt/rustwide/workdir)
[INFO] [stderr] warning: unused dependency `futures`
[INFO] [stderr]   --> Cargo.toml:17:15
[INFO] [stderr]    |
[INFO] [stderr] 17 | [dependencies.futures]
[INFO] [stderr]    |               ^^^^^^^^
[INFO] [stderr]    |
[INFO] [stderr]    = note: `cargo::unused_dependencies` is set to `warn` by default
[INFO] [stderr] help: consider removing the dependency on `futures`
[INFO] [stderr] warning: unused dependency `serde_with`
[INFO] [stderr]   --> Cargo.toml:30:15
[INFO] [stderr]    |
[INFO] [stderr] 30 | [dependencies.serde_with]
[INFO] [stderr]    |               ^^^^^^^^^^^
[INFO] [stderr]    |
[INFO] [stderr] help: consider removing the dependency on `serde_with`
[INFO] [stderr] warning: `runat` (manifest) generated 2 warnings
[INFO] [stderr]     Finished `release` profile [optimized] target(s) in 48.25s
[INFO] running `Command { std: "docker" "inspect" "61761beb1b6a7bd3dadcb80bf1aba1b611d015aae7d01fffd79addf63b0757e7", kill_on_drop: false }`
[INFO] running `Command { std: "docker" "exec" "-e" "SOURCE_DIR=/opt/rustwide/workdir" "-e" "CARGO_HOME=/opt/rustwide/cargo-home" "-e" "RUSTUP_HOME=/opt/rustwide/rustup-home" "-e" "CARGO_TARGET_DIR=/opt/rustwide/target" "-e" "CARGO_INCREMENTAL=0" "-e" "RUST_BACKTRACE=full" "-e" "RUSTFLAGS=--cap-lints=warn" "-e" "RUSTDOCFLAGS=--cap-lints=warn" "-w" "/opt/rustwide/workdir" "--user" "0:0" "61761beb1b6a7bd3dadcb80bf1aba1b611d015aae7d01fffd79addf63b0757e7" "/opt/rustwide/cargo-home/bin/cargo" "+1.100.0-beta.1" "test" "--frozen" "--release", kill_on_drop: false }`
[INFO] [stderr] warning: unused dependency `futures`
[INFO] [stderr]   --> Cargo.toml:17:15
[INFO] [stderr]    |
[INFO] [stderr] 17 | [dependencies.futures]
[INFO] [stderr]    |               ^^^^^^^^
[INFO] [stderr]    |
[INFO] [stderr]    = note: `cargo::unused_dependencies` is set to `warn` by default
[INFO] [stderr] help: consider removing the dependency on `futures`
[INFO] [stderr] warning: unused dependency `serde_with`
[INFO] [stderr]   --> Cargo.toml:30:15
[INFO] [stderr]    |
[INFO] [stderr] 30 | [dependencies.serde_with]
[INFO] [stderr]    |               ^^^^^^^^^^^
[INFO] [stderr]    |
[INFO] [stderr] help: consider removing the dependency on `serde_with`
[INFO] [stderr] warning: `runat` (manifest) generated 2 warnings
[INFO] [stderr]     Finished `release` profile [optimized] target(s) in 0.24s
[INFO] [stderr]      Running unittests src/lib.rs (/opt/rustwide/target/release/build/runat/210ac67ba5b3b093/out/runat-210ac67ba5b3b093)
[INFO] [stdout] 
[INFO] [stdout] running 46 tests
[INFO] [stdout] test job::schedule::tests::test_once_at_returns_scheduled_time ... ok
[INFO] [stdout] test job::schedule::tests::test_immediate_next_run_time_is_now ... ok
[INFO] [stdout] test job::retry::tests::test_fixed_retry_time_is_constant ... ok
[INFO] [stdout] test job::retry::tests::test_linear_retry_time_increases_linearly ... ok
[INFO] [stdout] test job::retry::tests::test_retry_exponential_is_enabled ... ok
[INFO] [stdout] test job::schedule::tests::test_equality ... ok
[INFO] [stdout] test job::retry::tests::test_retry_fixed_is_enabled ... ok
[INFO] [stdout] test job::retry::tests::test_exponential_retry_time_doubles ... ok
[INFO] [stdout] test job::schedule::tests::test_from_cron_with_valid_pattern ... ok
[INFO] [stdout] test job::status::tests::test_default_is_queued ... ok
[INFO] [stdout] test job::retry::tests::test_retry_none_is_not_enabled ... ok
[INFO] [stdout] test job::schedule::tests::test_default_is_immediate ... ok
[INFO] [stdout] test job::schedule::tests::test_cron_next_run_time_is_in_future ... ok
[INFO] [stdout] test job::retry::tests::test_default_is_none ... ok
[INFO] [stdout] test job::status::tests::test_from_i32_valid_values ... ok
[INFO] [stdout] test job::tests::test_job_cron_sets_schedule ... ok
[INFO] [stdout] test job::schedule::tests::test_from_cron_with_invalid_pattern ... ok
[INFO] [stdout] test job::tests::test_job_new_creates_valid_job ... ok
[INFO] [stdout] test job::tests::test_job_set_id ... ok
[INFO] [stdout] test job::tests::test_next_execution_for_immediate_schedule ... ok
[INFO] [stdout] test job::tests::test_next_execution_for_cron_schedule ... ok
[INFO] [stdout] test job::tests::test_next_retry_at_returns_time_when_enabled ... ok
[INFO] [stdout] test job::tests::test_job_schedule_at_updates_scheduled_time ... ok
[INFO] [stdout] test job::tests::test_should_not_retry_when_retry_disabled ... ok
[INFO] [stdout] test job::tests::test_should_not_retry_when_at_max_attempts ... ok
[INFO] [stdout] test job::status::tests::test_from_i32_invalid_value_defaults_to_invalid ... ok
[INFO] [stdout] test job::status::tests::test_try_from_i32 ... ok
[INFO] [stdout] test job::tests::test_job_set_retry ... ok
[INFO] [stdout] test queue::registry::tests::test_get_handler_returns_none_when_not_registered ... ok
[INFO] [stdout] test queue::registry::tests::test_has_handler_returns_false_when_not_registered ... ok
[INFO] [stdout] test queue::registry::tests::test_has_handler_returns_true_when_registered ... ok
[INFO] [stdout] test queue::registry::tests::test_new_registry_is_empty ... ok
[INFO] [stdout] test queue::registry::tests::test_register_and_get_handler ... ok
[INFO] [stdout] test job::status::tests::test_round_trip_conversion ... ok
[INFO] [stdout] test job::retry::tests::test_retry_linear_is_enabled ... ok
[INFO] [stdout] test job::status::tests::test_to_i32_conversion ... ok
[INFO] [stdout] test queue::registry::tests::test_register_or_replace_adds_new_handler ... ok
[INFO] [stdout] test job::tests::test_next_retry_at_returns_none_when_disabled ... ok
[INFO] [stdout] test queue::tests::test_job_queue_config_default ... ok
[INFO] [stdout] test queue::tests::test_job_queue_config_custom ... ok
[INFO] [stdout] test queue::registry::tests::test_unregister_nonexistent_returns_none ... ok
[INFO] [stdout] test queue::registry::tests::test_unregister_removes_handler ... ok
[INFO] [stdout] test job::tests::test_should_retry_when_enabled_and_under_max_attempts ... ok
[INFO] [stdout] test queue::registry::tests::test_register_same_type_twice_does_not_duplicate ... ok
[INFO] [stdout] test queue::registry::tests::test_register_or_replace_replaces_existing_handler ... ok
[INFO] [stdout] test queue::registry::tests::test_registered_types_returns_all_types ... ok
[INFO] [stdout] 
[INFO] [stdout] test result: ok. 46 passed; 0 failed; 0 ignored; 0 measured; 0 filtered out; finished in 0.01s
[INFO] [stdout] 
[INFO] [stderr]      Running tests/integration_test.rs (/opt/rustwide/target/release/build/runat/7dd7264e3786b736/out/integration_test-7dd7264e3786b736)
[INFO] [stdout] 
[INFO] [stdout] running 13 tests
[INFO] [stdout] test test_cancel_job ... FAILED
[INFO] [stdout] test test_claim_next_job has been running for over 60 seconds
[INFO] [stdout] test test_complete_job has been running for over 60 seconds
[INFO] [stdout] test test_context_passed_to_failing_job has been running for over 60 seconds
[INFO] [stdout] test test_context_passed_to_job_handler has been running for over 60 seconds
[INFO] [stdout] test test_enqueue_and_get_job has been running for over 60 seconds
[INFO] [stdout] test test_fail_job_max_attempts has been running for over 60 seconds
[INFO] [stdout] test test_fail_job_multiple_retries_then_failed_table has been running for over 60 seconds
[INFO] [stdout] test test_fail_job_with_retry has been running for over 60 seconds
[INFO] [stdout] test test_fail_job_without_retry has been running for over 60 seconds
[INFO] [stdout] test test_multiple_jobs_claim_order has been running for over 60 seconds
[INFO] [stdout] test test_multiple_jobs_share_context has been running for over 60 seconds
[INFO] [stdout] test test_schedule_job_in_future has been running for over 60 seconds
[INFO] [stdout] test test_fail_job_without_retry ... FAILED
[INFO] [stdout] test test_context_passed_to_failing_job ... FAILED
[INFO] [stdout] test test_claim_next_job ... FAILED
[INFO] [stdout] test test_schedule_job_in_future ... FAILED
[INFO] [stdout] test test_multiple_jobs_share_context ... FAILED
[INFO] [stdout] test test_fail_job_max_attempts ... FAILED
[INFO] [stdout] test test_fail_job_multiple_retries_then_failed_table ... FAILED
[INFO] [stdout] test test_multiple_jobs_claim_order ... FAILED
[INFO] [stdout] test test_fail_job_with_retry ... FAILED
[INFO] [stdout] test test_complete_job ... FAILED
[INFO] [stdout] test test_enqueue_and_get_job ... FAILED
[INFO] [stdout] test test_context_passed_to_job_handler ... FAILED
[INFO] [stdout] 
[INFO] [stdout] failures:
[INFO] [stdout] 
[INFO] [stdout] ---- test_cancel_job stdout ----
[INFO] [stdout] 
[INFO] [stdout] thread 'test_cancel_job' (3071) panicked at tests/integration_test.rs:112:10:
[INFO] [stdout] Failed to connect to test database: PoolTimedOut
[INFO] [stdout] stack backtrace:
[INFO] [stdout]    0:     0x5c06b29005f1 - <<std[617be2ca0a6fd877]::sys::backtrace::BacktraceLock>::print::DisplayBacktrace as core[a373ad73a504971]::fmt::Display>::fmt
[INFO] [stdout]    1:     0x5c06b291783a - core[a373ad73a504971]::fmt::write
[INFO] [stdout]    2:     0x5c06b290531c - <alloc[2e1b2a31b91974c5]::vec::Vec<u8> as core[a373ad73a504971]::io::write::Write>::write_fmt
[INFO] [stdout]    3:     0x5c06b28db566 - std[617be2ca0a6fd877]::panicking::default_hook::{closure#0}
[INFO] [stdout]    4:     0x5c06b28f84c9 - std[617be2ca0a6fd877]::panicking::default_hook
[INFO] [stdout]    5:     0x5c06b2719b70 - test[aada8e7e76ba119b]::test_main_inner::{closure#0}
[INFO] [stdout]    6:     0x5c06b28f87f2 - std[617be2ca0a6fd877]::panicking::panic_with_hook
[INFO] [stdout]    7:     0x5c06b28db612 - std[617be2ca0a6fd877]::panicking::panic_handler::{closure#0}
[INFO] [stdout]    8:     0x5c06b28d3e09 - std[617be2ca0a6fd877]::sys::backtrace::__rust_end_short_backtrace::<std[617be2ca0a6fd877]::panicking::panic_handler::{closure#0}, !>
[INFO] [stdout]    9:     0x5c06b28dc50d - __rustc[ea4f61d10b84890b]::rust_begin_unwind
[INFO] [stdout]   10:     0x5c06b2917f9c - core[a373ad73a504971]::panicking::panic_fmt
[INFO] [stdout]   11:     0x5c06b2917d72 - core[a373ad73a504971]::result::unwrap_failed
[INFO] [stdout]   12:     0x5c06b269cb25 - integration_test[5465cdfd27e98ca0]::setup_test_db::{closure#0}
[INFO] [stdout]   13:     0x5c06b2690f4e - integration_test[5465cdfd27e98ca0]::test_cancel_job::{closure#0}::{closure#0}
[INFO] [stdout]   14:     0x5c06b26e0cd3 - <tokio[4168eb31b0985b7b]::runtime::scheduler::current_thread::Context>::enter::<core[a373ad73a504971]::task::poll::Poll<()>, <tokio[4168eb31b0985b7b]::runtime::scheduler::current_thread::CoreGuard>::block_on<core[a373ad73a504971]::pin::Pin<&mut core[a373ad73a504971]::pin::Pin<&mut dyn core[a373ad73a504971]::future::future::Future<Output = ()>>>>::{closure#0}::{closure#0}>
[INFO] [stdout]   15:     0x5c06b26ed96c - <tokio[4168eb31b0985b7b]::runtime::context::scoped::Scoped<tokio[4168eb31b0985b7b]::runtime::scheduler::Context>>::set::<<tokio[4168eb31b0985b7b]::runtime::scheduler::current_thread::CoreGuard>::enter<<tokio[4168eb31b0985b7b]::runtime::scheduler::current_thread::CoreGuard>::block_on<core[a373ad73a504971]::pin::Pin<&mut core[a373ad73a504971]::pin::Pin<&mut dyn core[a373ad73a504971]::future::future::Future<Output = ()>>>>::{closure#0}, core[a373ad73a504971]::option::Option<()>>::{closure#0}, (alloc[2e1b2a31b91974c5]::boxed::Box<tokio[4168eb31b0985b7b]::runtime::scheduler::current_thread::Core>, core[a373ad73a504971]::option::Option<()>)>
[INFO] [stdout]   16:     0x5c06b26e09cd - <tokio[4168eb31b0985b7b]::runtime::scheduler::current_thread::CurrentThread>::block_on::<core[a373ad73a504971]::pin::Pin<&mut dyn core[a373ad73a504971]::future::future::Future<Output = ()>>>
[INFO] [stdout]   17:     0x5c06b2707862 - <tokio[4168eb31b0985b7b]::runtime::runtime::Runtime>::block_on::<core[a373ad73a504971]::pin::Pin<&mut dyn core[a373ad73a504971]::future::future::Future<Output = ()>>>
[INFO] [stdout]   18:     0x5c06b26a41fb - <integration_test[5465cdfd27e98ca0]::test_cancel_job::{closure#0} as core[a373ad73a504971]::ops::function::FnOnce<()>>::call_once
[INFO] [stdout]   19:     0x5c06b274e417 - serial_test[1206d7367d5ee6eb]::serial_code_lock::local_serial_core
[INFO] [stdout]   20:     0x5c06b26a3b3d - <integration_test[5465cdfd27e98ca0]::test_cancel_job::{closure#0} as core[a373ad73a504971]::ops::function::FnOnce<()>>::call_once
[INFO] [stdout]   21:     0x5c06b270cfbb - test[aada8e7e76ba119b]::__rust_begin_short_backtrace::<core[a373ad73a504971]::result::Result<(), alloc[2e1b2a31b91974c5]::string::String>, fn() -> core[a373ad73a504971]::result::Result<(), alloc[2e1b2a31b91974c5]::string::String>>
[INFO] [stdout]   22:     0x5c06b271a195 - test[aada8e7e76ba119b]::run_test::{closure#0}
[INFO] [stdout]   23:     0x5c06b2713a84 - std[617be2ca0a6fd877]::sys::backtrace::__rust_begin_short_backtrace::<test[aada8e7e76ba119b]::run_test::{closure#1}, ()>
[INFO] [stdout]   24:     0x5c06b271d222 - <std[617be2ca0a6fd877]::thread::lifecycle::spawn_unchecked<test[aada8e7e76ba119b]::run_test::{closure#1}, ()>::{closure#1} as core[a373ad73a504971]::ops::function::FnOnce<()>>::call_once::{shim:vtable#0}
[INFO] [stdout]   25:     0x5c06b28ffa9f - <std[617be2ca0a6fd877]::sys::thread::unix::Thread>::new::thread_start
[INFO] [stdout]   26:     0x72283d43bdfa - <unknown>
[INFO] [stdout]   27:     0x72283d4cf3d4 - clone
[INFO] [stdout]   28:                0x0 - <unknown>
[INFO] [stdout] 
[INFO] [stdout] ---- test_fail_job_without_retry stdout ----
[INFO] [stdout] 
[INFO] [stdout] thread 'test_fail_job_without_retry' (3081) panicked at tests/integration_test.rs:112:10:
[INFO] [stdout] Failed to connect to test database: PoolTimedOut
[INFO] [stdout] stack backtrace:
[INFO] [stdout]    0:     0x5c06b29005f1 - <<std[617be2ca0a6fd877]::sys::backtrace::BacktraceLock>::print::DisplayBacktrace as core[a373ad73a504971]::fmt::Display>::fmt
[INFO] [stdout]    1:     0x5c06b291783a - core[a373ad73a504971]::fmt::write
[INFO] [stdout]    2:     0x5c06b290531c - <alloc[2e1b2a31b91974c5]::vec::Vec<u8> as core[a373ad73a504971]::io::write::Write>::write_fmt
[INFO] [stdout]    3:     0x5c06b28db566 - std[617be2ca0a6fd877]::panicking::default_hook::{closure#0}
[INFO] [stdout]    4:     0x5c06b28f84c9 - std[617be2ca0a6fd877]::panicking::default_hook
[INFO] [stdout]    5:     0x5c06b2719b70 - test[aada8e7e76ba119b]::test_main_inner::{closure#0}
[INFO] [stdout]    6:     0x5c06b28f87f2 - std[617be2ca0a6fd877]::panicking::panic_with_hook
[INFO] [stdout]    7:     0x5c06b28db612 - std[617be2ca0a6fd877]::panicking::panic_handler::{closure#0}
[INFO] [stdout]    8:     0x5c06b28d3e09 - std[617be2ca0a6fd877]::sys::backtrace::__rust_end_short_backtrace::<std[617be2ca0a6fd877]::panicking::panic_handler::{closure#0}, !>
[INFO] [stdout]    9:     0x5c06b28dc50d - __rustc[ea4f61d10b84890b]::rust_begin_unwind
[INFO] [stdout]   10:     0x5c06b2917f9c - core[a373ad73a504971]::panicking::panic_fmt
[INFO] [stdout]   11:     0x5c06b2917d72 - core[a373ad73a504971]::result::unwrap_failed
[INFO] [stdout]   12:     0x5c06b269cb25 - integration_test[5465cdfd27e98ca0]::setup_test_db::{closure#0}
[INFO] [stdout]   13:     0x5c06b26955b7 - integration_test[5465cdfd27e98ca0]::test_fail_job_without_retry::{closure#0}::{closure#0}
[INFO] [stdout]   14:     0x5c06b26e0cd3 - <tokio[4168eb31b0985b7b]::runtime::scheduler::current_thread::Context>::enter::<core[a373ad73a504971]::task::poll::Poll<()>, <tokio[4168eb31b0985b7b]::runtime::scheduler::current_thread::CoreGuard>::block_on<core[a373ad73a504971]::pin::Pin<&mut core[a373ad73a504971]::pin::Pin<&mut dyn core[a373ad73a504971]::future::future::Future<Output = ()>>>>::{closure#0}::{closure#0}>
[INFO] [stdout]   15:     0x5c06b26ed96c - <tokio[4168eb31b0985b7b]::runtime::context::scoped::Scoped<tokio[4168eb31b0985b7b]::runtime::scheduler::Context>>::set::<<tokio[4168eb31b0985b7b]::runtime::scheduler::current_thread::CoreGuard>::enter<<tokio[4168eb31b0985b7b]::runtime::scheduler::current_thread::CoreGuard>::block_on<core[a373ad73a504971]::pin::Pin<&mut core[a373ad73a504971]::pin::Pin<&mut dyn core[a373ad73a504971]::future::future::Future<Output = ()>>>>::{closure#0}, core[a373ad73a504971]::option::Option<()>>::{closure#0}, (alloc[2e1b2a31b91974c5]::boxed::Box<tokio[4168eb31b0985b7b]::runtime::scheduler::current_thread::Core>, core[a373ad73a504971]::option::Option<()>)>
[INFO] [stdout]   16:     0x5c06b26e09cd - <tokio[4168eb31b0985b7b]::runtime::scheduler::current_thread::CurrentThread>::block_on::<core[a373ad73a504971]::pin::Pin<&mut dyn core[a373ad73a504971]::future::future::Future<Output = ()>>>
[INFO] [stdout]   17:     0x5c06b2707862 - <tokio[4168eb31b0985b7b]::runtime::runtime::Runtime>::block_on::<core[a373ad73a504971]::pin::Pin<&mut dyn core[a373ad73a504971]::future::future::Future<Output = ()>>>
[INFO] [stdout]   18:     0x5c06b26a49db - <integration_test[5465cdfd27e98ca0]::test_fail_job_without_retry::{closure#0} as core[a373ad73a504971]::ops::function::FnOnce<()>>::call_once
[INFO] [stdout]   19:     0x5c06b274e417 - serial_test[1206d7367d5ee6eb]::serial_code_lock::local_serial_core
[INFO] [stdout]   20:     0x5c06b26a3e3d - <integration_test[5465cdfd27e98ca0]::test_fail_job_without_retry::{closure#0} as core[a373ad73a504971]::ops::function::FnOnce<()>>::call_once
[INFO] [stdout]   21:     0x5c06b270cfbb - test[aada8e7e76ba119b]::__rust_begin_short_backtrace::<core[a373ad73a504971]::result::Result<(), alloc[2e1b2a31b91974c5]::string::String>, fn() -> core[a373ad73a504971]::result::Result<(), alloc[2e1b2a31b91974c5]::string::String>>
[INFO] [stdout]   22:     0x5c06b271a195 - test[aada8e7e76ba119b]::run_test::{closure#0}
[INFO] [stdout]   23:     0x5c06b2713a84 - std[617be2ca0a6fd877]::sys::backtrace::__rust_begin_short_backtrace::<test[aada8e7e76ba119b]::run_test::{closure#1}, ()>
[INFO] [stdout]   24:     0x5c06b271d222 - <std[617be2ca0a6fd877]::thread::lifecycle::spawn_unchecked<test[aada8e7e76ba119b]::run_test::{closure#1}, ()>::{closure#1} as core[a373ad73a504971]::ops::function::FnOnce<()>>::call_once::{shim:vtable#0}
[INFO] [stdout]   25:     0x5c06b28ffa9f - <std[617be2ca0a6fd877]::sys::thread::unix::Thread>::new::thread_start
[INFO] [stdout]   26:     0x72283d43bdfa - <unknown>
[INFO] [stdout]   27:     0x72283d4cf3d4 - clone
[INFO] [stdout]   28:                0x0 - <unknown>
[INFO] [stdout] 
[INFO] [stdout] ---- test_context_passed_to_failing_job stdout ----
[INFO] [stdout] 
[INFO] [stdout] thread 'test_context_passed_to_failing_job' (3074) panicked at tests/integration_test.rs:112:10:
[INFO] [stdout] Failed to connect to test database: PoolTimedOut
[INFO] [stdout] stack backtrace:
[INFO] [stdout]    0:     0x5c06b29005f1 - <<std[617be2ca0a6fd877]::sys::backtrace::BacktraceLock>::print::DisplayBacktrace as core[a373ad73a504971]::fmt::Display>::fmt
[INFO] [stdout]    1:     0x5c06b291783a - core[a373ad73a504971]::fmt::write
[INFO] [stdout]    2:     0x5c06b290531c - <alloc[2e1b2a31b91974c5]::vec::Vec<u8> as core[a373ad73a504971]::io::write::Write>::write_fmt
[INFO] [stdout]    3:     0x5c06b28db566 - std[617be2ca0a6fd877]::panicking::default_hook::{closure#0}
[INFO] [stdout]    4:     0x5c06b28f84c9 - std[617be2ca0a6fd877]::panicking::default_hook
[INFO] [stdout]    5:     0x5c06b2719b70 - test[aada8e7e76ba119b]::test_main_inner::{closure#0}
[INFO] [stdout]    6:     0x5c06b28f87f2 - std[617be2ca0a6fd877]::panicking::panic_with_hook
[INFO] [stdout]    7:     0x5c06b28db612 - std[617be2ca0a6fd877]::panicking::panic_handler::{closure#0}
[INFO] [stdout]    8:     0x5c06b28d3e09 - std[617be2ca0a6fd877]::sys::backtrace::__rust_end_short_backtrace::<std[617be2ca0a6fd877]::panicking::panic_handler::{closure#0}, !>
[INFO] [stdout]    9:     0x5c06b28dc50d - __rustc[ea4f61d10b84890b]::rust_begin_unwind
[INFO] [stdout]   10:     0x5c06b2917f9c - core[a373ad73a504971]::panicking::panic_fmt
[INFO] [stdout]   11:     0x5c06b2917d72 - core[a373ad73a504971]::result::unwrap_failed
[INFO] [stdout]   12:     0x5c06b269cb25 - integration_test[5465cdfd27e98ca0]::setup_test_db::{closure#0}
[INFO] [stdout]   13:     0x5c06b2698475 - integration_test[5465cdfd27e98ca0]::test_context_passed_to_failing_job::{closure#0}::{closure#0}
[INFO] [stdout]   14:     0x5c06b26e0cd3 - <tokio[4168eb31b0985b7b]::runtime::scheduler::current_thread::Context>::enter::<core[a373ad73a504971]::task::poll::Poll<()>, <tokio[4168eb31b0985b7b]::runtime::scheduler::current_thread::CoreGuard>::block_on<core[a373ad73a504971]::pin::Pin<&mut core[a373ad73a504971]::pin::Pin<&mut dyn core[a373ad73a504971]::future::future::Future<Output = ()>>>>::{closure#0}::{closure#0}>
[INFO] [stdout]   15:     0x5c06b26ed96c - <tokio[4168eb31b0985b7b]::runtime::context::scoped::Scoped<tokio[4168eb31b0985b7b]::runtime::scheduler::Context>>::set::<<tokio[4168eb31b0985b7b]::runtime::scheduler::current_thread::CoreGuard>::enter<<tokio[4168eb31b0985b7b]::runtime::scheduler::current_thread::CoreGuard>::block_on<core[a373ad73a504971]::pin::Pin<&mut core[a373ad73a504971]::pin::Pin<&mut dyn core[a373ad73a504971]::future::future::Future<Output = ()>>>>::{closure#0}, core[a373ad73a504971]::option::Option<()>>::{closure#0}, (alloc[2e1b2a31b91974c5]::boxed::Box<tokio[4168eb31b0985b7b]::runtime::scheduler::current_thread::Core>, core[a373ad73a504971]::option::Option<()>)>
[INFO] [stdout]   16:     0x5c06b26e09cd - <tokio[4168eb31b0985b7b]::runtime::scheduler::current_thread::CurrentThread>::block_on::<core[a373ad73a504971]::pin::Pin<&mut dyn core[a373ad73a504971]::future::future::Future<Output = ()>>>
[INFO] [stdout]   17:     0x5c06b2707862 - <tokio[4168eb31b0985b7b]::runtime::runtime::Runtime>::block_on::<core[a373ad73a504971]::pin::Pin<&mut dyn core[a373ad73a504971]::future::future::Future<Output = ()>>>
[INFO] [stdout]   18:     0x5c06b26a4f1b - <integration_test[5465cdfd27e98ca0]::test_context_passed_to_failing_job::{closure#0} as core[a373ad73a504971]::ops::function::FnOnce<()>>::call_once
[INFO] [stdout]   19:     0x5c06b274e417 - serial_test[1206d7367d5ee6eb]::serial_code_lock::local_serial_core
[INFO] [stdout]   20:     0x5c06b26a403d - <integration_test[5465cdfd27e98ca0]::test_context_passed_to_failing_job::{closure#0} as core[a373ad73a504971]::ops::function::FnOnce<()>>::call_once
[INFO] [stdout]   21:     0x5c06b270cfbb - test[aada8e7e76ba119b]::__rust_begin_short_backtrace::<core[a373ad73a504971]::result::Result<(), alloc[2e1b2a31b91974c5]::string::String>, fn() -> core[a373ad73a504971]::result::Result<(), alloc[2e1b2a31b91974c5]::string::String>>
[INFO] [stdout]   22:     0x5c06b271a195 - test[aada8e7e76ba119b]::run_test::{closure#0}
[INFO] [stdout]   23:     0x5c06b2713a84 - std[617be2ca0a6fd877]::sys::backtrace::__rust_begin_short_backtrace::<test[aada8e7e76ba119b]::run_test::{closure#1}, ()>
[INFO] [stdout]   24:     0x5c06b271d222 - <std[617be2ca0a6fd877]::thread::lifecycle::spawn_unchecked<test[aada8e7e76ba119b]::run_test::{closure#1}, ()>::{closure#1} as core[a373ad73a504971]::ops::function::FnOnce<()>>::call_once::{shim:vtable#0}
[INFO] [stdout]   25:     0x5c06b28ffa9f - <std[617be2ca0a6fd877]::sys::thread::unix::Thread>::new::thread_start
[INFO] [stdout]   26:     0x72283d43bdfa - <unknown>
[INFO] [stdout]   27:     0x72283d4cf3d4 - clone
[INFO] [stdout]   28:                0x0 - <unknown>
[INFO] [stdout] 
[INFO] [stdout] ---- test_claim_next_job stdout ----
[INFO] [stdout] 
[INFO] [stdout] thread 'test_claim_next_job' (3072) panicked at tests/integration_test.rs:112:10:
[INFO] [stdout] Failed to connect to test database: PoolTimedOut
[INFO] [stdout] stack backtrace:
[INFO] [stdout]    0:     0x5c06b29005f1 - <<std[617be2ca0a6fd877]::sys::backtrace::BacktraceLock>::print::DisplayBacktrace as core[a373ad73a504971]::fmt::Display>::fmt
[INFO] [stdout]    1:     0x5c06b291783a - core[a373ad73a504971]::fmt::write
[INFO] [stdout]    2:     0x5c06b290531c - <alloc[2e1b2a31b91974c5]::vec::Vec<u8> as core[a373ad73a504971]::io::write::Write>::write_fmt
[INFO] [stdout]    3:     0x5c06b28db566 - std[617be2ca0a6fd877]::panicking::default_hook::{closure#0}
[INFO] [stdout]    4:     0x5c06b28f84c9 - std[617be2ca0a6fd877]::panicking::default_hook
[INFO] [stdout]    5:     0x5c06b2719b70 - test[aada8e7e76ba119b]::test_main_inner::{closure#0}
[INFO] [stdout]    6:     0x5c06b28f87f2 - std[617be2ca0a6fd877]::panicking::panic_with_hook
[INFO] [stdout]    7:     0x5c06b28db612 - std[617be2ca0a6fd877]::panicking::panic_handler::{closure#0}
[INFO] [stdout]    8:     0x5c06b28d3e09 - std[617be2ca0a6fd877]::sys::backtrace::__rust_end_short_backtrace::<std[617be2ca0a6fd877]::panicking::panic_handler::{closure#0}, !>
[INFO] [stdout]    9:     0x5c06b28dc50d - __rustc[ea4f61d10b84890b]::rust_begin_unwind
[INFO] [stdout]   10:     0x5c06b2917f9c - core[a373ad73a504971]::panicking::panic_fmt
[INFO] [stdout]   11:     0x5c06b2917d72 - core[a373ad73a504971]::result::unwrap_failed
[INFO] [stdout]   12:     0x5c06b269cb25 - integration_test[5465cdfd27e98ca0]::setup_test_db::{closure#0}
[INFO] [stdout]   13:     0x5c06b2692972 - integration_test[5465cdfd27e98ca0]::test_claim_next_job::{closure#0}::{closure#0}
[INFO] [stdout]   14:     0x5c06b26e0cd3 - <tokio[4168eb31b0985b7b]::runtime::scheduler::current_thread::Context>::enter::<core[a373ad73a504971]::task::poll::Poll<()>, <tokio[4168eb31b0985b7b]::runtime::scheduler::current_thread::CoreGuard>::block_on<core[a373ad73a504971]::pin::Pin<&mut core[a373ad73a504971]::pin::Pin<&mut dyn core[a373ad73a504971]::future::future::Future<Output = ()>>>>::{closure#0}::{closure#0}>
[INFO] [stdout]   15:     0x5c06b26ed96c - <tokio[4168eb31b0985b7b]::runtime::context::scoped::Scoped<tokio[4168eb31b0985b7b]::runtime::scheduler::Context>>::set::<<tokio[4168eb31b0985b7b]::runtime::scheduler::current_thread::CoreGuard>::enter<<tokio[4168eb31b0985b7b]::runtime::scheduler::current_thread::CoreGuard>::block_on<core[a373ad73a504971]::pin::Pin<&mut core[a373ad73a504971]::pin::Pin<&mut dyn core[a373ad73a504971]::future::future::Future<Output = ()>>>>::{closure#0}, core[a373ad73a504971]::option::Option<()>>::{closure#0}, (alloc[2e1b2a31b91974c5]::boxed::Box<tokio[4168eb31b0985b7b]::runtime::scheduler::current_thread::Core>, core[a373ad73a504971]::option::Option<()>)>
[INFO] [stdout]   16:     0x5c06b26e09cd - <tokio[4168eb31b0985b7b]::runtime::scheduler::current_thread::CurrentThread>::block_on::<core[a373ad73a504971]::pin::Pin<&mut dyn core[a373ad73a504971]::future::future::Future<Output = ()>>>
[INFO] [stdout]   17:     0x5c06b2707862 - <tokio[4168eb31b0985b7b]::runtime::runtime::Runtime>::block_on::<core[a373ad73a504971]::pin::Pin<&mut dyn core[a373ad73a504971]::future::future::Future<Output = ()>>>
[INFO] [stdout]   18:     0x5c06b26a449b - <integration_test[5465cdfd27e98ca0]::test_claim_next_job::{closure#0} as core[a373ad73a504971]::ops::function::FnOnce<()>>::call_once
[INFO] [stdout]   19:     0x5c06b274e417 - serial_test[1206d7367d5ee6eb]::serial_code_lock::local_serial_core
[INFO] [stdout]   20:     0x5c06b26a3c3d - <integration_test[5465cdfd27e98ca0]::test_claim_next_job::{closure#0} as core[a373ad73a504971]::ops::function::FnOnce<()>>::call_once
[INFO] [stdout]   21:     0x5c06b270cfbb - test[aada8e7e76ba119b]::__rust_begin_short_backtrace::<core[a373ad73a504971]::result::Result<(), alloc[2e1b2a31b91974c5]::string::String>, fn() -> core[a373ad73a504971]::result::Result<(), alloc[2e1b2a31b91974c5]::string::String>>
[INFO] [stdout]   22:     0x5c06b271a195 - test[aada8e7e76ba119b]::run_test::{closure#0}
[INFO] [stdout]   23:     0x5c06b2713a84 - std[617be2ca0a6fd877]::sys::backtrace::__rust_begin_short_backtrace::<test[aada8e7e76ba119b]::run_test::{closure#1}, ()>
[INFO] [stdout]   24:     0x5c06b271d222 - <std[617be2ca0a6fd877]::thread::lifecycle::spawn_unchecked<test[aada8e7e76ba119b]::run_test::{closure#1}, ()>::{closure#1} as core[a373ad73a504971]::ops::function::FnOnce<()>>::call_once::{shim:vtable#0}
[INFO] [stdout]   25:     0x5c06b28ffa9f - <std[617be2ca0a6fd877]::sys::thread::unix::Thread>::new::thread_start
[INFO] [stdout]   26:     0x72283d43bdfa - <unknown>
[INFO] [stdout]   27:     0x72283d4cf3d4 - clone
[INFO] [stdout]   28:                0x0 - <unknown>
[INFO] [stdout] 
[INFO] [stdout] ---- test_schedule_job_in_future stdout ----
[INFO] [stdout] 
[INFO] [stdout] thread 'test_schedule_job_in_future' (3084) panicked at tests/integration_test.rs:112:10:
[INFO] [stdout] Failed to connect to test database: PoolTimedOut
[INFO] [stdout] stack backtrace:
[INFO] [stdout]    0:     0x5c06b29005f1 - <<std[617be2ca0a6fd877]::sys::backtrace::BacktraceLock>::print::DisplayBacktrace as core[a373ad73a504971]::fmt::Display>::fmt
[INFO] [stdout]    1:     0x5c06b291783a - core[a373ad73a504971]::fmt::write
[INFO] [stdout]    2:     0x5c06b290531c - <alloc[2e1b2a31b91974c5]::vec::Vec<u8> as core[a373ad73a504971]::io::write::Write>::write_fmt
[INFO] [stdout]    3:     0x5c06b28db566 - std[617be2ca0a6fd877]::panicking::default_hook::{closure#0}
[INFO] [stdout]    4:     0x5c06b28f84c9 - std[617be2ca0a6fd877]::panicking::default_hook
[INFO] [stdout]    5:     0x5c06b2719b70 - test[aada8e7e76ba119b]::test_main_inner::{closure#0}
[INFO] [stdout]    6:     0x5c06b28f87f2 - std[617be2ca0a6fd877]::panicking::panic_with_hook
[INFO] [stdout]    7:     0x5c06b28db612 - std[617be2ca0a6fd877]::panicking::panic_handler::{closure#0}
[INFO] [stdout]    8:     0x5c06b28d3e09 - std[617be2ca0a6fd877]::sys::backtrace::__rust_end_short_backtrace::<std[617be2ca0a6fd877]::panicking::panic_handler::{closure#0}, !>
[INFO] [stdout]    9:     0x5c06b28dc50d - __rustc[ea4f61d10b84890b]::rust_begin_unwind
[INFO] [stdout]   10:     0x5c06b2917f9c - core[a373ad73a504971]::panicking::panic_fmt
[INFO] [stdout]   11:     0x5c06b2917d72 - core[a373ad73a504971]::result::unwrap_failed
[INFO] [stdout]   12:     0x5c06b269cb25 - integration_test[5465cdfd27e98ca0]::setup_test_db::{closure#0}
[INFO] [stdout]   13:     0x5c06b2696612 - integration_test[5465cdfd27e98ca0]::test_schedule_job_in_future::{closure#0}::{closure#0}
[INFO] [stdout]   14:     0x5c06b26e0cd3 - <tokio[4168eb31b0985b7b]::runtime::scheduler::current_thread::Context>::enter::<core[a373ad73a504971]::task::poll::Poll<()>, <tokio[4168eb31b0985b7b]::runtime::scheduler::current_thread::CoreGuard>::block_on<core[a373ad73a504971]::pin::Pin<&mut core[a373ad73a504971]::pin::Pin<&mut dyn core[a373ad73a504971]::future::future::Future<Output = ()>>>>::{closure#0}::{closure#0}>
[INFO] [stdout]   15:     0x5c06b26ed96c - <tokio[4168eb31b0985b7b]::runtime::context::scoped::Scoped<tokio[4168eb31b0985b7b]::runtime::scheduler::Context>>::set::<<tokio[4168eb31b0985b7b]::runtime::scheduler::current_thread::CoreGuard>::enter<<tokio[4168eb31b0985b7b]::runtime::scheduler::current_thread::CoreGuard>::block_on<core[a373ad73a504971]::pin::Pin<&mut core[a373ad73a504971]::pin::Pin<&mut dyn core[a373ad73a504971]::future::future::Future<Output = ()>>>>::{closure#0}, core[a373ad73a504971]::option::Option<()>>::{closure#0}, (alloc[2e1b2a31b91974c5]::boxed::Box<tokio[4168eb31b0985b7b]::runtime::scheduler::current_thread::Core>, core[a373ad73a504971]::option::Option<()>)>
[INFO] [stdout]   16:     0x5c06b26e09cd - <tokio[4168eb31b0985b7b]::runtime::scheduler::current_thread::CurrentThread>::block_on::<core[a373ad73a504971]::pin::Pin<&mut dyn core[a373ad73a504971]::future::future::Future<Output = ()>>>
[INFO] [stdout]   17:     0x5c06b2707862 - <tokio[4168eb31b0985b7b]::runtime::runtime::Runtime>::block_on::<core[a373ad73a504971]::pin::Pin<&mut dyn core[a373ad73a504971]::future::future::Future<Output = ()>>>
[INFO] [stdout]   18:     0x5c06b26a4b2b - <integration_test[5465cdfd27e98ca0]::test_schedule_job_in_future::{closure#0} as core[a373ad73a504971]::ops::function::FnOnce<()>>::call_once
[INFO] [stdout]   19:     0x5c06b274e417 - serial_test[1206d7367d5ee6eb]::serial_code_lock::local_serial_core
[INFO] [stdout]   20:     0x5c06b26a3ebd - <integration_test[5465cdfd27e98ca0]::test_schedule_job_in_future::{closure#0} as core[a373ad73a504971]::ops::function::FnOnce<()>>::call_once
[INFO] [stdout]   21:     0x5c06b270cfbb - test[aada8e7e76ba119b]::__rust_begin_short_backtrace::<core[a373ad73a504971]::result::Result<(), alloc[2e1b2a31b91974c5]::string::String>, fn() -> core[a373ad73a504971]::result::Result<(), alloc[2e1b2a31b91974c5]::string::String>>
[INFO] [stdout]   22:     0x5c06b271a195 - test[aada8e7e76ba119b]::run_test::{closure#0}
[INFO] [stdout]   23:     0x5c06b2713a84 - std[617be2ca0a6fd877]::sys::backtrace::__rust_begin_short_backtrace::<test[aada8e7e76ba119b]::run_test::{closure#1}, ()>
[INFO] [stdout]   24:     0x5c06b271d222 - <std[617be2ca0a6fd877]::thread::lifecycle::spawn_unchecked<test[aada8e7e76ba119b]::run_test::{closure#1}, ()>::{closure#1} as core[a373ad73a504971]::ops::function::FnOnce<()>>::call_once::{shim:vtable#0}
[INFO] [stdout]   25:     0x5c06b28ffa9f - <std[617be2ca0a6fd877]::sys::thread::unix::Thread>::new::thread_start
[INFO] [stdout]   26:     0x72283d43bdfa - <unknown>
[INFO] [stdout]   27:     0x72283d4cf3d4 - clone
[INFO] [stdout]   28:                0x0 - <unknown>
[INFO] [stdout] 
[INFO] [stdout] ---- test_multiple_jobs_share_context stdout ----
[INFO] [stdout] 
[INFO] [stdout] thread 'test_multiple_jobs_share_context' (3083) panicked at tests/integration_test.rs:112:10:
[INFO] [stdout] Failed to connect to test database: PoolTimedOut
[INFO] [stdout] stack backtrace:
[INFO] [stdout]    0:     0x5c06b29005f1 - <<std[617be2ca0a6fd877]::sys::backtrace::BacktraceLock>::print::DisplayBacktrace as core[a373ad73a504971]::fmt::Display>::fmt
[INFO] [stdout]    1:     0x5c06b291783a - core[a373ad73a504971]::fmt::write
[INFO] [stdout]    2:     0x5c06b290531c - <alloc[2e1b2a31b91974c5]::vec::Vec<u8> as core[a373ad73a504971]::io::write::Write>::write_fmt
[INFO] [stdout]    3:     0x5c06b28db566 - std[617be2ca0a6fd877]::panicking::default_hook::{closure#0}
[INFO] [stdout]    4:     0x5c06b28f84c9 - std[617be2ca0a6fd877]::panicking::default_hook
[INFO] [stdout]    5:     0x5c06b2719b70 - test[aada8e7e76ba119b]::test_main_inner::{closure#0}
[INFO] [stdout]    6:     0x5c06b28f87f2 - std[617be2ca0a6fd877]::panicking::panic_with_hook
[INFO] [stdout]    7:     0x5c06b28db612 - std[617be2ca0a6fd877]::panicking::panic_handler::{closure#0}
[INFO] [stdout]    8:     0x5c06b28d3e09 - std[617be2ca0a6fd877]::sys::backtrace::__rust_end_short_backtrace::<std[617be2ca0a6fd877]::panicking::panic_handler::{closure#0}, !>
[INFO] [stdout]    9:     0x5c06b28dc50d - __rustc[ea4f61d10b84890b]::rust_begin_unwind
[INFO] [stdout]   10:     0x5c06b2917f9c - core[a373ad73a504971]::panicking::panic_fmt
[INFO] [stdout]   11:     0x5c06b2917d72 - core[a373ad73a504971]::result::unwrap_failed
[INFO] [stdout]   12:     0x5c06b269cb25 - integration_test[5465cdfd27e98ca0]::setup_test_db::{closure#0}
[INFO] [stdout]   13:     0x5c06b2697a75 - integration_test[5465cdfd27e98ca0]::test_multiple_jobs_share_context::{closure#0}::{closure#0}
[INFO] [stdout]   14:     0x5c06b26e0cd3 - <tokio[4168eb31b0985b7b]::runtime::scheduler::current_thread::Context>::enter::<core[a373ad73a504971]::task::poll::Poll<()>, <tokio[4168eb31b0985b7b]::runtime::scheduler::current_thread::CoreGuard>::block_on<core[a373ad73a504971]::pin::Pin<&mut core[a373ad73a504971]::pin::Pin<&mut dyn core[a373ad73a504971]::future::future::Future<Output = ()>>>>::{closure#0}::{closure#0}>
[INFO] [stdout]   15:     0x5c06b26ed96c - <tokio[4168eb31b0985b7b]::runtime::context::scoped::Scoped<tokio[4168eb31b0985b7b]::runtime::scheduler::Context>>::set::<<tokio[4168eb31b0985b7b]::runtime::scheduler::current_thread::CoreGuard>::enter<<tokio[4168eb31b0985b7b]::runtime::scheduler::current_thread::CoreGuard>::block_on<core[a373ad73a504971]::pin::Pin<&mut core[a373ad73a504971]::pin::Pin<&mut dyn core[a373ad73a504971]::future::future::Future<Output = ()>>>>::{closure#0}, core[a373ad73a504971]::option::Option<()>>::{closure#0}, (alloc[2e1b2a31b91974c5]::boxed::Box<tokio[4168eb31b0985b7b]::runtime::scheduler::current_thread::Core>, core[a373ad73a504971]::option::Option<()>)>
[INFO] [stdout]   16:     0x5c06b26e09cd - <tokio[4168eb31b0985b7b]::runtime::scheduler::current_thread::CurrentThread>::block_on::<core[a373ad73a504971]::pin::Pin<&mut dyn core[a373ad73a504971]::future::future::Future<Output = ()>>>
[INFO] [stdout]   17:     0x5c06b2707862 - <tokio[4168eb31b0985b7b]::runtime::runtime::Runtime>::block_on::<core[a373ad73a504971]::pin::Pin<&mut dyn core[a373ad73a504971]::future::future::Future<Output = ()>>>
[INFO] [stdout]   18:     0x5c06b26a4dcb - <integration_test[5465cdfd27e98ca0]::test_multiple_jobs_share_context::{closure#0} as core[a373ad73a504971]::ops::function::FnOnce<()>>::call_once
[INFO] [stdout]   19:     0x5c06b274e417 - serial_test[1206d7367d5ee6eb]::serial_code_lock::local_serial_core
[INFO] [stdout]   20:     0x5c06b26a3fbd - <integration_test[5465cdfd27e98ca0]::test_multiple_jobs_share_context::{closure#0} as core[a373ad73a504971]::ops::function::FnOnce<()>>::call_once
[INFO] [stdout]   21:     0x5c06b270cfbb - test[aada8e7e76ba119b]::__rust_begin_short_backtrace::<core[a373ad73a504971]::result::Result<(), alloc[2e1b2a31b91974c5]::string::String>, fn() -> core[a373ad73a504971]::result::Result<(), alloc[2e1b2a31b91974c5]::string::String>>
[INFO] [stdout]   22:     0x5c06b271a195 - test[aada8e7e76ba119b]::run_test::{closure#0}
[INFO] [stdout]   23:     0x5c06b2713a84 - std[617be2ca0a6fd877]::sys::backtrace::__rust_begin_short_backtrace::<test[aada8e7e76ba119b]::run_test::{closure#1}, ()>
[INFO] [stdout]   24:     0x5c06b271d222 - <std[617be2ca0a6fd877]::thread::lifecycle::spawn_unchecked<test[aada8e7e76ba119b]::run_test::{closure#1}, ()>::{closure#1} as core[a373ad73a504971]::ops::function::FnOnce<()>>::call_once::{shim:vtable#0}
[INFO] [stdout]   25:     0x5c06b28ffa9f - <std[617be2ca0a6fd877]::sys::thread::unix::Thread>::new::thread_start
[INFO] [stdout]   26:     0x72283d43bdfa - <unknown>
[INFO] [stdout]   27:     0x72283d4cf3d4 - clone
[INFO] [stdout]   28:                0x0 - <unknown>
[INFO] [stdout] 
[INFO] [stdout] ---- test_fail_job_max_attempts stdout ----
[INFO] [stdout] 
[INFO] [stdout] thread 'test_fail_job_max_attempts' (3078) panicked at tests/integration_test.rs:112:10:
[INFO] [stdout] Failed to connect to test database: PoolTimedOut
[INFO] [stdout] stack backtrace:
[INFO] [stdout]    0:     0x5c06b29005f1 - <<std[617be2ca0a6fd877]::sys::backtrace::BacktraceLock>::print::DisplayBacktrace as core[a373ad73a504971]::fmt::Display>::fmt
[INFO] [stdout]    1:     0x5c06b291783a - core[a373ad73a504971]::fmt::write
[INFO] [stdout]    2:     0x5c06b290531c - <alloc[2e1b2a31b91974c5]::vec::Vec<u8> as core[a373ad73a504971]::io::write::Write>::write_fmt
[INFO] [stdout]    3:     0x5c06b28db566 - std[617be2ca0a6fd877]::panicking::default_hook::{closure#0}
[INFO] [stdout]    4:     0x5c06b28f84c9 - std[617be2ca0a6fd877]::panicking::default_hook
[INFO] [stdout]    5:     0x5c06b2719b70 - test[aada8e7e76ba119b]::test_main_inner::{closure#0}
[INFO] [stdout]    6:     0x5c06b28f87f2 - std[617be2ca0a6fd877]::panicking::panic_with_hook
[INFO] [stdout]    7:     0x5c06b28db612 - std[617be2ca0a6fd877]::panicking::panic_handler::{closure#0}
[INFO] [stdout]    8:     0x5c06b28d3e09 - std[617be2ca0a6fd877]::sys::backtrace::__rust_end_short_backtrace::<std[617be2ca0a6fd877]::panicking::panic_handler::{closure#0}, !>
[INFO] [stdout]    9:     0x5c06b28dc50d - __rustc[ea4f61d10b84890b]::rust_begin_unwind
[INFO] [stdout]   10:     0x5c06b2917f9c - core[a373ad73a504971]::panicking::panic_fmt
[INFO] [stdout]   11:     0x5c06b2917d72 - core[a373ad73a504971]::result::unwrap_failed
[INFO] [stdout]   12:     0x5c06b269cb25 - integration_test[5465cdfd27e98ca0]::setup_test_db::{closure#0}
[INFO] [stdout]   13:     0x5c06b26944c1 - integration_test[5465cdfd27e98ca0]::test_fail_job_max_attempts::{closure#0}::{closure#0}
[INFO] [stdout]   14:     0x5c06b26e0cd3 - <tokio[4168eb31b0985b7b]::runtime::scheduler::current_thread::Context>::enter::<core[a373ad73a504971]::task::poll::Poll<()>, <tokio[4168eb31b0985b7b]::runtime::scheduler::current_thread::CoreGuard>::block_on<core[a373ad73a504971]::pin::Pin<&mut core[a373ad73a504971]::pin::Pin<&mut dyn core[a373ad73a504971]::future::future::Future<Output = ()>>>>::{closure#0}::{closure#0}>
[INFO] [stdout]   15:     0x5c06b26ed96c - <tokio[4168eb31b0985b7b]::runtime::context::scoped::Scoped<tokio[4168eb31b0985b7b]::runtime::scheduler::Context>>::set::<<tokio[4168eb31b0985b7b]::runtime::scheduler::current_thread::CoreGuard>::enter<<tokio[4168eb31b0985b7b]::runtime::scheduler::current_thread::CoreGuard>::block_on<core[a373ad73a504971]::pin::Pin<&mut core[a373ad73a504971]::pin::Pin<&mut dyn core[a373ad73a504971]::future::future::Future<Output = ()>>>>::{closure#0}, core[a373ad73a504971]::option::Option<()>>::{closure#0}, (alloc[2e1b2a31b91974c5]::boxed::Box<tokio[4168eb31b0985b7b]::runtime::scheduler::current_thread::Core>, core[a373ad73a504971]::option::Option<()>)>
[INFO] [stdout]   16:     0x5c06b26e09cd - <tokio[4168eb31b0985b7b]::runtime::scheduler::current_thread::CurrentThread>::block_on::<core[a373ad73a504971]::pin::Pin<&mut dyn core[a373ad73a504971]::future::future::Future<Output = ()>>>
[INFO] [stdout]   17:     0x5c06b2707862 - <tokio[4168eb31b0985b7b]::runtime::runtime::Runtime>::block_on::<core[a373ad73a504971]::pin::Pin<&mut dyn core[a373ad73a504971]::future::future::Future<Output = ()>>>
[INFO] [stdout]   18:     0x5c06b26a488b - <integration_test[5465cdfd27e98ca0]::test_fail_job_max_attempts::{closure#0} as core[a373ad73a504971]::ops::function::FnOnce<()>>::call_once
[INFO] [stdout]   19:     0x5c06b274e417 - serial_test[1206d7367d5ee6eb]::serial_code_lock::local_serial_core
[INFO] [stdout]   20:     0x5c06b26a3dbd - <integration_test[5465cdfd27e98ca0]::test_fail_job_max_attempts::{closure#0} as core[a373ad73a504971]::ops::function::FnOnce<()>>::call_once
[INFO] [stdout]   21:     0x5c06b270cfbb - test[aada8e7e76ba119b]::__rust_begin_short_backtrace::<core[a373ad73a504971]::result::Result<(), alloc[2e1b2a31b91974c5]::string::String>, fn() -> core[a373ad73a504971]::result::Result<(), alloc[2e1b2a31b91974c5]::string::String>>
[INFO] [stdout]   22:     0x5c06b271a195 - test[aada8e7e76ba119b]::run_test::{closure#0}
[INFO] [stdout]   23:     0x5c06b2713a84 - std[617be2ca0a6fd877]::sys::backtrace::__rust_begin_short_backtrace::<test[aada8e7e76ba119b]::run_test::{closure#1}, ()>
[INFO] [stdout]   24:     0x5c06b271d222 - <std[617be2ca0a6fd877]::thread::lifecycle::spawn_unchecked<test[aada8e7e76ba119b]::run_test::{closure#1}, ()>::{closure#1} as core[a373ad73a504971]::ops::function::FnOnce<()>>::call_once::{shim:vtable#0}
[INFO] [stdout]   25:     0x5c06b28ffa9f - <std[617be2ca0a6fd877]::sys::thread::unix::Thread>::new::thread_start
[INFO] [stdout]   26:     0x72283d43bdfa - <unknown>
[INFO] [stdout]   27:     0x72283d4cf3d4 - clone
[INFO] [stdout]   28:                0x0 - <unknown>
[INFO] [stdout] 
[INFO] [stdout] ---- test_fail_job_multiple_retries_then_failed_table stdout ----
[INFO] [stdout] 
[INFO] [stdout] thread 'test_fail_job_multiple_retries_then_failed_table' (3079) panicked at tests/integration_test.rs:112:10:
[INFO] [stdout] Failed to connect to test database: PoolTimedOut
[INFO] [stdout] stack backtrace:
[INFO] [stdout]    0:     0x5c06b29005f1 - <<std[617be2ca0a6fd877]::sys::backtrace::BacktraceLock>::print::DisplayBacktrace as core[a373ad73a504971]::fmt::Display>::fmt
[INFO] [stdout]    1:     0x5c06b291783a - core[a373ad73a504971]::fmt::write
[INFO] [stdout]    2:     0x5c06b290531c - <alloc[2e1b2a31b91974c5]::vec::Vec<u8> as core[a373ad73a504971]::io::write::Write>::write_fmt
[INFO] [stdout]    3:     0x5c06b28db566 - std[617be2ca0a6fd877]::panicking::default_hook::{closure#0}
[INFO] [stdout]    4:     0x5c06b28f84c9 - std[617be2ca0a6fd877]::panicking::default_hook
[INFO] [stdout]    5:     0x5c06b2719b70 - test[aada8e7e76ba119b]::test_main_inner::{closure#0}
[INFO] [stdout]    6:     0x5c06b28f87f2 - std[617be2ca0a6fd877]::panicking::panic_with_hook
[INFO] [stdout]    7:     0x5c06b28db612 - std[617be2ca0a6fd877]::panicking::panic_handler::{closure#0}
[INFO] [stdout]    8:     0x5c06b28d3e09 - std[617be2ca0a6fd877]::sys::backtrace::__rust_end_short_backtrace::<std[617be2ca0a6fd877]::panicking::panic_handler::{closure#0}, !>
[INFO] [stdout]    9:     0x5c06b28dc50d - __rustc[ea4f61d10b84890b]::rust_begin_unwind
[INFO] [stdout]   10:     0x5c06b2917f9c - core[a373ad73a504971]::panicking::panic_fmt
[INFO] [stdout]   11:     0x5c06b2917d72 - core[a373ad73a504971]::result::unwrap_failed
[INFO] [stdout]   12:     0x5c06b269cb25 - integration_test[5465cdfd27e98ca0]::setup_test_db::{closure#0}
[INFO] [stdout]   13:     0x5c06b26997f6 - integration_test[5465cdfd27e98ca0]::test_fail_job_multiple_retries_then_failed_table::{closure#0}::{closure#0}
[INFO] [stdout]   14:     0x5c06b26e0cd3 - <tokio[4168eb31b0985b7b]::runtime::scheduler::current_thread::Context>::enter::<core[a373ad73a504971]::task::poll::Poll<()>, <tokio[4168eb31b0985b7b]::runtime::scheduler::current_thread::CoreGuard>::block_on<core[a373ad73a504971]::pin::Pin<&mut core[a373ad73a504971]::pin::Pin<&mut dyn core[a373ad73a504971]::future::future::Future<Output = ()>>>>::{closure#0}::{closure#0}>
[INFO] [stdout]   15:     0x5c06b26ed96c - <tokio[4168eb31b0985b7b]::runtime::context::scoped::Scoped<tokio[4168eb31b0985b7b]::runtime::scheduler::Context>>::set::<<tokio[4168eb31b0985b7b]::runtime::scheduler::current_thread::CoreGuard>::enter<<tokio[4168eb31b0985b7b]::runtime::scheduler::current_thread::CoreGuard>::block_on<core[a373ad73a504971]::pin::Pin<&mut core[a373ad73a504971]::pin::Pin<&mut dyn core[a373ad73a504971]::future::future::Future<Output = ()>>>>::{closure#0}, core[a373ad73a504971]::option::Option<()>>::{closure#0}, (alloc[2e1b2a31b91974c5]::boxed::Box<tokio[4168eb31b0985b7b]::runtime::scheduler::current_thread::Core>, core[a373ad73a504971]::option::Option<()>)>
[INFO] [stdout]   16:     0x5c06b26e09cd - <tokio[4168eb31b0985b7b]::runtime::scheduler::current_thread::CurrentThread>::block_on::<core[a373ad73a504971]::pin::Pin<&mut dyn core[a373ad73a504971]::future::future::Future<Output = ()>>>
[INFO] [stdout]   17:     0x5c06b2707862 - <tokio[4168eb31b0985b7b]::runtime::runtime::Runtime>::block_on::<core[a373ad73a504971]::pin::Pin<&mut dyn core[a373ad73a504971]::future::future::Future<Output = ()>>>
[INFO] [stdout]   18:     0x5c06b26a51bb - <integration_test[5465cdfd27e98ca0]::test_fail_job_multiple_retries_then_failed_table::{closure#0} as core[a373ad73a504971]::ops::function::FnOnce<()>>::call_once
[INFO] [stdout]   19:     0x5c06b274e417 - serial_test[1206d7367d5ee6eb]::serial_code_lock::local_serial_core
[INFO] [stdout]   20:     0x5c06b26a413d - <integration_test[5465cdfd27e98ca0]::test_fail_job_multiple_retries_then_failed_table::{closure#0} as core[a373ad73a504971]::ops::function::FnOnce<()>>::call_once
[INFO] [stdout]   21:     0x5c06b270cfbb - test[aada8e7e76ba119b]::__rust_begin_short_backtrace::<core[a373ad73a504971]::result::Result<(), alloc[2e1b2a31b91974c5]::string::String>, fn() -> core[a373ad73a504971]::result::Result<(), alloc[2e1b2a31b91974c5]::string::String>>
[INFO] [stdout]   22:     0x5c06b271a195 - test[aada8e7e76ba119b]::run_test::{closure#0}
[INFO] [stdout]   23:     0x5c06b2713a84 - std[617be2ca0a6fd877]::sys::backtrace::__rust_begin_short_backtrace::<test[aada8e7e76ba119b]::run_test::{closure#1}, ()>
[INFO] [stdout]   24:     0x5c06b271d222 - <std[617be2ca0a6fd877]::thread::lifecycle::spawn_unchecked<test[aada8e7e76ba119b]::run_test::{closure#1}, ()>::{closure#1} as core[a373ad73a504971]::ops::function::FnOnce<()>>::call_once::{shim:vtable#0}
[INFO] [stdout]   25:     0x5c06b28ffa9f - <std[617be2ca0a6fd877]::sys::thread::unix::Thread>::new::thread_start
[INFO] [stdout]   26:     0x72283d43bdfa - <unknown>
[INFO] [stdout]   27:     0x72283d4cf3d4 - clone
[INFO] [stdout]   28:                0x0 - <unknown>
[INFO] [stdout] 
[INFO] [stdout] ---- test_multiple_jobs_claim_order stdout ----
[INFO] [stdout] 
[INFO] [stdout] thread 'test_multiple_jobs_claim_order' (3082) panicked at tests/integration_test.rs:112:10:
[INFO] [stdout] Failed to connect to test database: PoolTimedOut
[INFO] [stdout] stack backtrace:
[INFO] [stdout]    0:     0x5c06b29005f1 - <<std[617be2ca0a6fd877]::sys::backtrace::BacktraceLock>::print::DisplayBacktrace as core[a373ad73a504971]::fmt::Display>::fmt
[INFO] [stdout]    1:     0x5c06b291783a - core[a373ad73a504971]::fmt::write
[INFO] [stdout]    2:     0x5c06b290531c - <alloc[2e1b2a31b91974c5]::vec::Vec<u8> as core[a373ad73a504971]::io::write::Write>::write_fmt
[INFO] [stdout]    3:     0x5c06b28db566 - std[617be2ca0a6fd877]::panicking::default_hook::{closure#0}
[INFO] [stdout]    4:     0x5c06b28f84c9 - std[617be2ca0a6fd877]::panicking::default_hook
[INFO] [stdout]    5:     0x5c06b2719b70 - test[aada8e7e76ba119b]::test_main_inner::{closure#0}
[INFO] [stdout]    6:     0x5c06b28f87f2 - std[617be2ca0a6fd877]::panicking::panic_with_hook
[INFO] [stdout]    7:     0x5c06b28db612 - std[617be2ca0a6fd877]::panicking::panic_handler::{closure#0}
[INFO] [stdout]    8:     0x5c06b28d3e09 - std[617be2ca0a6fd877]::sys::backtrace::__rust_end_short_backtrace::<std[617be2ca0a6fd877]::panicking::panic_handler::{closure#0}, !>
[INFO] [stdout]    9:     0x5c06b28dc50d - __rustc[ea4f61d10b84890b]::rust_begin_unwind
[INFO] [stdout]   10:     0x5c06b2917f9c - core[a373ad73a504971]::panicking::panic_fmt
[INFO] [stdout]   11:     0x5c06b2917d72 - core[a373ad73a504971]::result::unwrap_failed
[INFO] [stdout]   12:     0x5c06b269cb25 - integration_test[5465cdfd27e98ca0]::setup_test_db::{closure#0}
[INFO] [stdout]   13:     0x5c06b2696da7 - integration_test[5465cdfd27e98ca0]::test_multiple_jobs_claim_order::{closure#0}::{closure#0}
[INFO] [stdout]   14:     0x5c06b26e0cd3 - <tokio[4168eb31b0985b7b]::runtime::scheduler::current_thread::Context>::enter::<core[a373ad73a504971]::task::poll::Poll<()>, <tokio[4168eb31b0985b7b]::runtime::scheduler::current_thread::CoreGuard>::block_on<core[a373ad73a504971]::pin::Pin<&mut core[a373ad73a504971]::pin::Pin<&mut dyn core[a373ad73a504971]::future::future::Future<Output = ()>>>>::{closure#0}::{closure#0}>
[INFO] [stdout]   15:     0x5c06b26ed96c - <tokio[4168eb31b0985b7b]::runtime::context::scoped::Scoped<tokio[4168eb31b0985b7b]::runtime::scheduler::Context>>::set::<<tokio[4168eb31b0985b7b]::runtime::scheduler::current_thread::CoreGuard>::enter<<tokio[4168eb31b0985b7b]::runtime::scheduler::current_thread::CoreGuard>::block_on<core[a373ad73a504971]::pin::Pin<&mut core[a373ad73a504971]::pin::Pin<&mut dyn core[a373ad73a504971]::future::future::Future<Output = ()>>>>::{closure#0}, core[a373ad73a504971]::option::Option<()>>::{closure#0}, (alloc[2e1b2a31b91974c5]::boxed::Box<tokio[4168eb31b0985b7b]::runtime::scheduler::current_thread::Core>, core[a373ad73a504971]::option::Option<()>)>
[INFO] [stdout]   16:     0x5c06b26e09cd - <tokio[4168eb31b0985b7b]::runtime::scheduler::current_thread::CurrentThread>::block_on::<core[a373ad73a504971]::pin::Pin<&mut dyn core[a373ad73a504971]::future::future::Future<Output = ()>>>
[INFO] [stdout]   17:     0x5c06b2707862 - <tokio[4168eb31b0985b7b]::runtime::runtime::Runtime>::block_on::<core[a373ad73a504971]::pin::Pin<&mut dyn core[a373ad73a504971]::future::future::Future<Output = ()>>>
[INFO] [stdout]   18:     0x5c06b26a4c7b - <integration_test[5465cdfd27e98ca0]::test_multiple_jobs_claim_order::{closure#0} as core[a373ad73a504971]::ops::function::FnOnce<()>>::call_once
[INFO] [stdout]   19:     0x5c06b274e417 - serial_test[1206d7367d5ee6eb]::serial_code_lock::local_serial_core
[INFO] [stdout]   20:     0x5c06b26a3f3d - <integration_test[5465cdfd27e98ca0]::test_multiple_jobs_claim_order::{closure#0} as core[a373ad73a504971]::ops::function::FnOnce<()>>::call_once
[INFO] [stdout]   21:     0x5c06b270cfbb - test[aada8e7e76ba119b]::__rust_begin_short_backtrace::<core[a373ad73a504971]::result::Result<(), alloc[2e1b2a31b91974c5]::string::String>, fn() -> core[a373ad73a504971]::result::Result<(), alloc[2e1b2a31b91974c5]::string::String>>
[INFO] [stdout]   22:     0x5c06b271a195 - test[aada8e7e76ba119b]::run_test::{closure#0}
[INFO] [stdout]   23:     0x5c06b2713a84 - std[617be2ca0a6fd877]::sys::backtrace::__rust_begin_short_backtrace::<test[aada8e7e76ba119b]::run_test::{closure#1}, ()>
[INFO] [stdout]   24:     0x5c06b271d222 - <std[617be2ca0a6fd877]::thread::lifecycle::spawn_unchecked<test[aada8e7e76ba119b]::run_test::{closure#1}, ()>::{closure#1} as core[a373ad73a504971]::ops::function::FnOnce<()>>::call_once::{shim:vtable#0}
[INFO] [stdout]   25:     0x5c06b28ffa9f - <std[617be2ca0a6fd877]::sys::thread::unix::Thread>::new::thread_start
[INFO] [stdout]   26:     0x72283d43bdfa - <unknown>
[INFO] [stdout]   27:     0x72283d4cf3d4 - clone
[INFO] [stdout]   28:                0x0 - <unknown>
[INFO] [stdout] 
[INFO] [stdout] ---- test_fail_job_with_retry stdout ----
[INFO] [stdout] 
[INFO] [stdout] thread 'test_fail_job_with_retry' (3080) panicked at tests/integration_test.rs:112:10:
[INFO] [stdout] Failed to connect to test database: PoolTimedOut
[INFO] [stdout] stack backtrace:
[INFO] [stdout]    0:     0x5c06b29005f1 - <<std[617be2ca0a6fd877]::sys::backtrace::BacktraceLock>::print::DisplayBacktrace as core[a373ad73a504971]::fmt::Display>::fmt
[INFO] [stdout]    1:     0x5c06b291783a - core[a373ad73a504971]::fmt::write
[INFO] [stdout]    2:     0x5c06b290531c - <alloc[2e1b2a31b91974c5]::vec::Vec<u8> as core[a373ad73a504971]::io::write::Write>::write_fmt
[INFO] [stdout]    3:     0x5c06b28db566 - std[617be2ca0a6fd877]::panicking::default_hook::{closure#0}
[INFO] [stdout]    4:     0x5c06b28f84c9 - std[617be2ca0a6fd877]::panicking::default_hook
[INFO] [stdout]    5:     0x5c06b2719b70 - test[aada8e7e76ba119b]::test_main_inner::{closure#0}
[INFO] [stdout]    6:     0x5c06b28f87f2 - std[617be2ca0a6fd877]::panicking::panic_with_hook
[INFO] [stdout]    7:     0x5c06b28db612 - std[617be2ca0a6fd877]::panicking::panic_handler::{closure#0}
[INFO] [stdout]    8:     0x5c06b28d3e09 - std[617be2ca0a6fd877]::sys::backtrace::__rust_end_short_backtrace::<std[617be2ca0a6fd877]::panicking::panic_handler::{closure#0}, !>
[INFO] [stdout]    9:     0x5c06b28dc50d - __rustc[ea4f61d10b84890b]::rust_begin_unwind
[INFO] [stdout]   10:     0x5c06b2917f9c - core[a373ad73a504971]::panicking::panic_fmt
[INFO] [stdout]   11:     0x5c06b2917d72 - core[a373ad73a504971]::result::unwrap_failed
[INFO] [stdout]   12:     0x5c06b269cb25 - integration_test[5465cdfd27e98ca0]::setup_test_db::{closure#0}
[INFO] [stdout]   13:     0x5c06b26938b7 - integration_test[5465cdfd27e98ca0]::test_fail_job_with_retry::{closure#0}::{closure#0}
[INFO] [stdout]   14:     0x5c06b26e0cd3 - <tokio[4168eb31b0985b7b]::runtime::scheduler::current_thread::Context>::enter::<core[a373ad73a504971]::task::poll::Poll<()>, <tokio[4168eb31b0985b7b]::runtime::scheduler::current_thread::CoreGuard>::block_on<core[a373ad73a504971]::pin::Pin<&mut core[a373ad73a504971]::pin::Pin<&mut dyn core[a373ad73a504971]::future::future::Future<Output = ()>>>>::{closure#0}::{closure#0}>
[INFO] [stdout]   15:     0x5c06b26ed96c - <tokio[4168eb31b0985b7b]::runtime::context::scoped::Scoped<tokio[4168eb31b0985b7b]::runtime::scheduler::Context>>::set::<<tokio[4168eb31b0985b7b]::runtime::scheduler::current_thread::CoreGuard>::enter<<tokio[4168eb31b0985b7b]::runtime::scheduler::current_thread::CoreGuard>::block_on<core[a373ad73a504971]::pin::Pin<&mut core[a373ad73a504971]::pin::Pin<&mut dyn core[a373ad73a504971]::future::future::Future<Output = ()>>>>::{closure#0}, core[a373ad73a504971]::option::Option<()>>::{closure#0}, (alloc[2e1b2a31b91974c5]::boxed::Box<tokio[4168eb31b0985b7b]::runtime::scheduler::current_thread::Core>, core[a373ad73a504971]::option::Option<()>)>
[INFO] [stdout]   16:     0x5c06b26e09cd - <tokio[4168eb31b0985b7b]::runtime::scheduler::current_thread::CurrentThread>::block_on::<core[a373ad73a504971]::pin::Pin<&mut dyn core[a373ad73a504971]::future::future::Future<Output = ()>>>
[INFO] [stdout]   17:     0x5c06b2707862 - <tokio[4168eb31b0985b7b]::runtime::runtime::Runtime>::block_on::<core[a373ad73a504971]::pin::Pin<&mut dyn core[a373ad73a504971]::future::future::Future<Output = ()>>>
[INFO] [stdout]   18:     0x5c06b26a473b - <integration_test[5465cdfd27e98ca0]::test_fail_job_with_retry::{closure#0} as core[a373ad73a504971]::ops::function::FnOnce<()>>::call_once
[INFO] [stdout]   19:     0x5c06b274e417 - serial_test[1206d7367d5ee6eb]::serial_code_lock::local_serial_core
[INFO] [stdout]   20:     0x5c06b26a3d3d - <integration_test[5465cdfd27e98ca0]::test_fail_job_with_retry::{closure#0} as core[a373ad73a504971]::ops::function::FnOnce<()>>::call_once
[INFO] [stdout]   21:     0x5c06b270cfbb - test[aada8e7e76ba119b]::__rust_begin_short_backtrace::<core[a373ad73a504971]::result::Result<(), alloc[2e1b2a31b91974c5]::string::String>, fn() -> core[a373ad73a504971]::result::Result<(), alloc[2e1b2a31b91974c5]::string::String>>
[INFO] [stdout]   22:     0x5c06b271a195 - test[aada8e7e76ba119b]::run_test::{closure#0}
[INFO] [stdout]   23:     0x5c06b2713a84 - std[617be2ca0a6fd877]::sys::backtrace::__rust_begin_short_backtrace::<test[aada8e7e76ba119b]::run_test::{closure#1}, ()>
[INFO] [stdout]   24:     0x5c06b271d222 - <std[617be2ca0a6fd877]::thread::lifecycle::spawn_unchecked<test[aada8e7e76ba119b]::run_test::{closure#1}, ()>::{closure#1} as core[a373ad73a504971]::ops::function::FnOnce<()>>::call_once::{shim:vtable#0}
[INFO] [stdout]   25:     0x5c06b28ffa9f - <std[617be2ca0a6fd877]::sys::thread::unix::Thread>::new::thread_start
[INFO] [stdout]   26:     0x72283d43bdfa - <unknown>
[INFO] [stdout]   27:     0x72283d4cf3d4 - clone
[INFO] [stdout]   28:                0x0 - <unknown>
[INFO] [stdout] 
[INFO] [stdout] ---- test_complete_job stdout ----
[INFO] [stdout] 
[INFO] [stdout] thread 'test_complete_job' (3073) panicked at tests/integration_test.rs:112:10:
[INFO] [stdout] Failed to connect to test database: PoolTimedOut
[INFO] [stdout] stack backtrace:
[INFO] [stdout]    0:     0x5c06b29005f1 - <<std[617be2ca0a6fd877]::sys::backtrace::BacktraceLock>::print::DisplayBacktrace as core[a373ad73a504971]::fmt::Display>::fmt
[INFO] [stdout]    1:     0x5c06b291783a - core[a373ad73a504971]::fmt::write
[INFO] [stdout]    2:     0x5c06b290531c - <alloc[2e1b2a31b91974c5]::vec::Vec<u8> as core[a373ad73a504971]::io::write::Write>::write_fmt
[INFO] [stdout]    3:     0x5c06b28db566 - std[617be2ca0a6fd877]::panicking::default_hook::{closure#0}
[INFO] [stdout]    4:     0x5c06b28f84c9 - std[617be2ca0a6fd877]::panicking::default_hook
[INFO] [stdout]    5:     0x5c06b2719b70 - test[aada8e7e76ba119b]::test_main_inner::{closure#0}
[INFO] [stdout]    6:     0x5c06b28f87f2 - std[617be2ca0a6fd877]::panicking::panic_with_hook
[INFO] [stdout]    7:     0x5c06b28db612 - std[617be2ca0a6fd877]::panicking::panic_handler::{closure#0}
[INFO] [stdout]    8:     0x5c06b28d3e09 - std[617be2ca0a6fd877]::sys::backtrace::__rust_end_short_backtrace::<std[617be2ca0a6fd877]::panicking::panic_handler::{closure#0}, !>
[INFO] [stdout]    9:     0x5c06b28dc50d - __rustc[ea4f61d10b84890b]::rust_begin_unwind
[INFO] [stdout]   10:     0x5c06b2917f9c - core[a373ad73a504971]::panicking::panic_fmt
[INFO] [stdout]   11:     0x5c06b2917d72 - core[a373ad73a504971]::result::unwrap_failed
[INFO] [stdout]   12:     0x5c06b269cb25 - integration_test[5465cdfd27e98ca0]::setup_test_db::{closure#0}
[INFO] [stdout]   13:     0x5c06b2691b9e - integration_test[5465cdfd27e98ca0]::test_complete_job::{closure#0}::{closure#0}
[INFO] [stdout]   14:     0x5c06b26e0cd3 - <tokio[4168eb31b0985b7b]::runtime::scheduler::current_thread::Context>::enter::<core[a373ad73a504971]::task::poll::Poll<()>, <tokio[4168eb31b0985b7b]::runtime::scheduler::current_thread::CoreGuard>::block_on<core[a373ad73a504971]::pin::Pin<&mut core[a373ad73a504971]::pin::Pin<&mut dyn core[a373ad73a504971]::future::future::Future<Output = ()>>>>::{closure#0}::{closure#0}>
[INFO] [stdout]   15:     0x5c06b26ed96c - <tokio[4168eb31b0985b7b]::runtime::context::scoped::Scoped<tokio[4168eb31b0985b7b]::runtime::scheduler::Context>>::set::<<tokio[4168eb31b0985b7b]::runtime::scheduler::current_thread::CoreGuard>::enter<<tokio[4168eb31b0985b7b]::runtime::scheduler::current_thread::CoreGuard>::block_on<core[a373ad73a504971]::pin::Pin<&mut core[a373ad73a504971]::pin::Pin<&mut dyn core[a373ad73a504971]::future::future::Future<Output = ()>>>>::{closure#0}, core[a373ad73a504971]::option::Option<()>>::{closure#0}, (alloc[2e1b2a31b91974c5]::boxed::Box<tokio[4168eb31b0985b7b]::runtime::scheduler::current_thread::Core>, core[a373ad73a504971]::option::Option<()>)>
[INFO] [stdout]   16:     0x5c06b26e09cd - <tokio[4168eb31b0985b7b]::runtime::scheduler::current_thread::CurrentThread>::block_on::<core[a373ad73a504971]::pin::Pin<&mut dyn core[a373ad73a504971]::future::future::Future<Output = ()>>>
[INFO] [stdout]   17:     0x5c06b2707862 - <tokio[4168eb31b0985b7b]::runtime::runtime::Runtime>::block_on::<core[a373ad73a504971]::pin::Pin<&mut dyn core[a373ad73a504971]::future::future::Future<Output = ()>>>
[INFO] [stdout]   18:     0x5c06b26a434b - <integration_test[5465cdfd27e98ca0]::test_complete_job::{closure#0} as core[a373ad73a504971]::ops::function::FnOnce<()>>::call_once
[INFO] [stdout]   19:     0x5c06b274e417 - serial_test[1206d7367d5ee6eb]::serial_code_lock::local_serial_core
[INFO] [stdout]   20:     0x5c06b26a3bbd - <integration_test[5465cdfd27e98ca0]::test_complete_job::{closure#0} as core[a373ad73a504971]::ops::function::FnOnce<()>>::call_once
[INFO] [stdout]   21:     0x5c06b270cfbb - test[aada8e7e76ba119b]::__rust_begin_short_backtrace::<core[a373ad73a504971]::result::Result<(), alloc[2e1b2a31b91974c5]::string::String>, fn() -> core[a373ad73a504971]::result::Result<(), alloc[2e1b2a31b91974c5]::string::String>>
[INFO] [stdout]   22:     0x5c06b271a195 - test[aada8e7e76ba119b]::run_test::{closure#0}
[INFO] [stdout]   23:     0x5c06b2713a84 - std[617be2ca0a6fd877]::sys::backtrace::__rust_begin_short_backtrace::<test[aada8e7e76ba119b]::run_test::{closure#1}, ()>
[INFO] [stdout]   24:     0x5c06b271d222 - <std[617be2ca0a6fd877]::thread::lifecycle::spawn_unchecked<test[aada8e7e76ba119b]::run_test::{closure#1}, ()>::{closure#1} as core[a373ad73a504971]::ops::function::FnOnce<()>>::call_once::{shim:vtable#0}
[INFO] [stdout]   25:     0x5c06b28ffa9f - <std[617be2ca0a6fd877]::sys::thread::unix::Thread>::new::thread_start
[INFO] [stdout]   26:     0x72283d43bdfa - <unknown>
[INFO] [stdout]   27:     0x72283d4cf3d4 - clone
[INFO] [stdout]   28:                0x0 - <unknown>
[INFO] [stdout] 
[INFO] [stdout] ---- test_enqueue_and_get_job stdout ----
[INFO] [stdout] 
[INFO] [stdout] thread 'test_enqueue_and_get_job' (3077) panicked at tests/integration_test.rs:112:10:
[INFO] [stdout] Failed to connect to test database: PoolTimedOut
[INFO] [stdout] stack backtrace:
[INFO] [stdout]    0:     0x5c06b29005f1 - <<std[617be2ca0a6fd877]::sys::backtrace::BacktraceLock>::print::DisplayBacktrace as core[a373ad73a504971]::fmt::Display>::fmt
[INFO] [stdout]    1:     0x5c06b291783a - core[a373ad73a504971]::fmt::write
[INFO] [stdout]    2:     0x5c06b290531c - <alloc[2e1b2a31b91974c5]::vec::Vec<u8> as core[a373ad73a504971]::io::write::Write>::write_fmt
[INFO] [stdout]    3:     0x5c06b28db566 - std[617be2ca0a6fd877]::panicking::default_hook::{closure#0}
[INFO] [stdout]    4:     0x5c06b28f84c9 - std[617be2ca0a6fd877]::panicking::default_hook
[INFO] [stdout]    5:     0x5c06b2719b70 - test[aada8e7e76ba119b]::test_main_inner::{closure#0}
[INFO] [stdout]    6:     0x5c06b28f87f2 - std[617be2ca0a6fd877]::panicking::panic_with_hook
[INFO] [stdout]    7:     0x5c06b28db612 - std[617be2ca0a6fd877]::panicking::panic_handler::{closure#0}
[INFO] [stdout]    8:     0x5c06b28d3e09 - std[617be2ca0a6fd877]::sys::backtrace::__rust_end_short_backtrace::<std[617be2ca0a6fd877]::panicking::panic_handler::{closure#0}, !>
[INFO] [stdout]    9:     0x5c06b28dc50d - __rustc[ea4f61d10b84890b]::rust_begin_unwind
[INFO] [stdout]   10:     0x5c06b2917f9c - core[a373ad73a504971]::panicking::panic_fmt
[INFO] [stdout]   11:     0x5c06b2917d72 - core[a373ad73a504971]::result::unwrap_failed
[INFO] [stdout]   12:     0x5c06b269cb25 - integration_test[5465cdfd27e98ca0]::setup_test_db::{closure#0}
[INFO] [stdout]   13:     0x5c06b26930e0 - integration_test[5465cdfd27e98ca0]::test_enqueue_and_get_job::{closure#0}::{closure#0}
[INFO] [stdout]   14:     0x5c06b26e0cd3 - <tokio[4168eb31b0985b7b]::runtime::scheduler::current_thread::Context>::enter::<core[a373ad73a504971]::task::poll::Poll<()>, <tokio[4168eb31b0985b7b]::runtime::scheduler::current_thread::CoreGuard>::block_on<core[a373ad73a504971]::pin::Pin<&mut core[a373ad73a504971]::pin::Pin<&mut dyn core[a373ad73a504971]::future::future::Future<Output = ()>>>>::{closure#0}::{closure#0}>
[INFO] [stdout]   15:     0x5c06b26ed96c - <tokio[4168eb31b0985b7b]::runtime::context::scoped::Scoped<tokio[4168eb31b0985b7b]::runtime::scheduler::Context>>::set::<<tokio[4168eb31b0985b7b]::runtime::scheduler::current_thread::CoreGuard>::enter<<tokio[4168eb31b0985b7b]::runtime::scheduler::current_thread::CoreGuard>::block_on<core[a373ad73a504971]::pin::Pin<&mut core[a373ad73a504971]::pin::Pin<&mut dyn core[a373ad73a504971]::future::future::Future<Output = ()>>>>::{closure#0}, core[a373ad73a504971]::option::Option<()>>::{closure#0}, (alloc[2e1b2a31b91974c5]::boxed::Box<tokio[4168eb31b0985b7b]::runtime::scheduler::current_thread::Core>, core[a373ad73a504971]::option::Option<()>)>
[INFO] [stdout]   16:     0x5c06b26e09cd - <tokio[4168eb31b0985b7b]::runtime::scheduler::current_thread::CurrentThread>::block_on::<core[a373ad73a504971]::pin::Pin<&mut dyn core[a373ad73a504971]::future::future::Future<Output = ()>>>
[INFO] [stdout]   17:     0x5c06b2707862 - <tokio[4168eb31b0985b7b]::runtime::runtime::Runtime>::block_on::<core[a373ad73a504971]::pin::Pin<&mut dyn core[a373ad73a504971]::future::future::Future<Output = ()>>>
[INFO] [stdout]   18:     0x5c06b26a45eb - <integration_test[5465cdfd27e98ca0]::test_enqueue_and_get_job::{closure#0} as core[a373ad73a504971]::ops::function::FnOnce<()>>::call_once
[INFO] [stdout]   19:     0x5c06b274e417 - serial_test[1206d7367d5ee6eb]::serial_code_lock::local_serial_core
[INFO] [stdout]   20:     0x5c06b26a3cbd - <integration_test[5465cdfd27e98ca0]::test_enqueue_and_get_job::{closure#0} as core[a373ad73a504971]::ops::function::FnOnce<()>>::call_once
[INFO] [stdout]   21:     0x5c06b270cfbb - test[aada8e7e76ba119b]::__rust_begin_short_backtrace::<core[a373ad73a504971]::result::Result<(), alloc[2e1b2a31b91974c5]::string::String>, fn() -> core[a373ad73a504971]::result::Result<(), alloc[2e1b2a31b91974c5]::string::String>>
[INFO] [stdout]   22:     0x5c06b271a195 - test[aada8e7e76ba119b]::run_test::{closure#0}
[INFO] [stdout]   23:     0x5c06b2713a84 - std[617be2ca0a6fd877]::sys::backtrace::__rust_begin_short_backtrace::<test[aada8e7e76ba119b]::run_test::{closure#1}, ()>
[INFO] [stdout]   24:     0x5c06b271d222 - <std[617be2ca0a6fd877]::thread::lifecycle::spawn_unchecked<test[aada8e7e76ba119b]::run_test::{closure#1}, ()>::{closure#1} as core[a373ad73a504971]::ops::function::FnOnce<()>>::call_once::{shim:vtable#0}
[INFO] [stdout]   25:     0x5c06b28ffa9f - <std[617be2ca0a6fd877]::sys::thread::unix::Thread>::new::thread_start
[INFO] [stdout]   26:     0x72283d43bdfa - <unknown>
[INFO] [stdout]   27:     0x72283d4cf3d4 - clone
[INFO] [stdout]   28:                0x0 - <unknown>
[INFO] [stdout] 
[INFO] [stdout] ---- test_context_passed_to_job_handler stdout ----
[INFO] [stdout] 
[INFO] [stdout] thread 'test_context_passed_to_job_handler' (3076) panicked at tests/integration_test.rs:112:10:
[INFO] [stdout] Failed to connect to test database: PoolTimedOut
[INFO] [stdout] stack backtrace:
[INFO] [stdout]    0:     0x5c06b29005f1 - <<std[617be2ca0a6fd877]::sys::backtrace::BacktraceLock>::print::DisplayBacktrace as core[a373ad73a504971]::fmt::Display>::fmt
[INFO] [stdout]    1:     0x5c06b291783a - core[a373ad73a504971]::fmt::write
[INFO] [stdout]    2:     0x5c06b290531c - <alloc[2e1b2a31b91974c5]::vec::Vec<u8> as core[a373ad73a504971]::io::write::Write>::write_fmt
[INFO] [stdout]    3:     0x5c06b28db566 - std[617be2ca0a6fd877]::panicking::default_hook::{closure#0}
[INFO] [stdout]    4:     0x5c06b28f84c9 - std[617be2ca0a6fd877]::panicking::default_hook
[INFO] [stdout]    5:     0x5c06b2719b70 - test[aada8e7e76ba119b]::test_main_inner::{closure#0}
[INFO] [stdout]    6:     0x5c06b28f87f2 - std[617be2ca0a6fd877]::panicking::panic_with_hook
[INFO] [stdout]    7:     0x5c06b28db612 - std[617be2ca0a6fd877]::panicking::panic_handler::{closure#0}
[INFO] [stdout]    8:     0x5c06b28d3e09 - std[617be2ca0a6fd877]::sys::backtrace::__rust_end_short_backtrace::<std[617be2ca0a6fd877]::panicking::panic_handler::{closure#0}, !>
[INFO] [stdout]    9:     0x5c06b28dc50d - __rustc[ea4f61d10b84890b]::rust_begin_unwind
[INFO] [stdout]   10:     0x5c06b2917f9c - core[a373ad73a504971]::panicking::panic_fmt
[INFO] [stdout]   11:     0x5c06b2917d72 - core[a373ad73a504971]::result::unwrap_failed
[INFO] [stdout]   12:     0x5c06b269cb25 - integration_test[5465cdfd27e98ca0]::setup_test_db::{closure#0}
[INFO] [stdout]   13:     0x5c06b2698e35 - integration_test[5465cdfd27e98ca0]::test_context_passed_to_job_handler::{closure#0}::{closure#0}
[INFO] [stdout]   14:     0x5c06b26e0cd3 - <tokio[4168eb31b0985b7b]::runtime::scheduler::current_thread::Context>::enter::<core[a373ad73a504971]::task::poll::Poll<()>, <tokio[4168eb31b0985b7b]::runtime::scheduler::current_thread::CoreGuard>::block_on<core[a373ad73a504971]::pin::Pin<&mut core[a373ad73a504971]::pin::Pin<&mut dyn core[a373ad73a504971]::future::future::Future<Output = ()>>>>::{closure#0}::{closure#0}>
[INFO] [stdout]   15:     0x5c06b26ed96c - <tokio[4168eb31b0985b7b]::runtime::context::scoped::Scoped<tokio[4168eb31b0985b7b]::runtime::scheduler::Context>>::set::<<tokio[4168eb31b0985b7b]::runtime::scheduler::current_thread::CoreGuard>::enter<<tokio[4168eb31b0985b7b]::runtime::scheduler::current_thread::CoreGuard>::block_on<core[a373ad73a504971]::pin::Pin<&mut core[a373ad73a504971]::pin::Pin<&mut dyn core[a373ad73a504971]::future::future::Future<Output = ()>>>>::{closure#0}, core[a373ad73a504971]::option::Option<()>>::{closure#0}, (alloc[2e1b2a31b91974c5]::boxed::Box<tokio[4168eb31b0985b7b]::runtime::scheduler::current_thread::Core>, core[a373ad73a504971]::option::Option<()>)>
[INFO] [stdout]   16:     0x5c06b26e09cd - <tokio[4168eb31b0985b7b]::runtime::scheduler::current_thread::CurrentThread>::block_on::<core[a373ad73a504971]::pin::Pin<&mut dyn core[a373ad73a504971]::future::future::Future<Output = ()>>>
[INFO] [stdout]   17:     0x5c06b2707862 - <tokio[4168eb31b0985b7b]::runtime::runtime::Runtime>::block_on::<core[a373ad73a504971]::pin::Pin<&mut dyn core[a373ad73a504971]::future::future::Future<Output = ()>>>
[INFO] [stdout]   18:     0x5c06b26a506b - <integration_test[5465cdfd27e98ca0]::test_context_passed_to_job_handler::{closure#0} as core[a373ad73a504971]::ops::function::FnOnce<()>>::call_once
[INFO] [stdout]   19:     0x5c06b274e417 - serial_test[1206d7367d5ee6eb]::serial_code_lock::local_serial_core
[INFO] [stdout]   20:     0x5c06b26a40bd - <integration_test[5465cdfd27e98ca0]::test_context_passed_to_job_handler::{closure#0} as core[a373ad73a504971]::ops::function::FnOnce<()>>::call_once
[INFO] [stdout]   21:     0x5c06b270cfbb - test[aada8e7e76ba119b]::__rust_begin_short_backtrace::<core[a373ad73a504971]::result::Result<(), alloc[2e1b2a31b91974c5]::string::String>, fn() -> core[a373ad73a504971]::result::Result<(), alloc[2e1b2a31b91974c5]::string::String>>
[INFO] [stdout]   22:     0x5c06b271a195 - test[aada8e7e76ba119b]::run_test::{closure#0}
[INFO] [stdout]   23:     0x5c06b2713a84 - std[617be2ca0a6fd877]::sys::backtrace::__rust_begin_short_backtrace::<test[aada8e7e76ba119b]::run_test::{closure#1}, ()>
[INFO] [stdout]   24:     0x5c06b271d222 - <std[617be2ca0a6fd877]::thread::lifecycle::spawn_unchecked<test[aada8e7e76ba119b]::run_test::{closure#1}, ()>::{closure#1} as core[a373ad73a504971]::ops::function::FnOnce<()>>::call_once::{shim:vtable#0}
[INFO] [stdout]   25:     0x5c06b28ffa9f - <std[617be2ca0a6fd877]::sys::thread::unix::Thread>::new::thread_start
[INFO] [stdout]   26:     0x72283d43bdfa - <unknown>
[INFO] [stdout]   27:     0x72283d4cf3d4 - clone
[INFO] [stdout]   28:                0x0 - <unknown>
[INFO] [stdout] 
[INFO] [stdout] 
[INFO] [stdout] failures:
[INFO] [stdout]     test_cancel_job
[INFO] [stdout]     test_claim_next_job
[INFO] [stdout]     test_complete_job
[INFO] [stdout]     test_context_passed_to_failing_job
[INFO] [stdout]     test_context_passed_to_job_handler
[INFO] [stdout]     test_enqueue_and_get_job
[INFO] [stdout]     test_fail_job_max_attempts
[INFO] [stdout]     test_fail_job_multiple_retries_then_failed_table
[INFO] [stdout]     test_fail_job_with_retry
[INFO] [stdout]     test_fail_job_without_retry
[INFO] [stdout]     test_multiple_jobs_claim_order
[INFO] [stdout]     test_multiple_jobs_share_context
[INFO] [stdout]     test_schedule_job_in_future
[INFO] [stdout] 
[INFO] [stdout] test result: FAILED. 0 passed; 13 failed; 0 ignored; 0 measured; 0 filtered out; finished in 390.06s
[INFO] [stdout] 
[INFO] [stderr] error: test failed, to rerun pass `--test integration_test`
[INFO] running `Command { std: "docker" "inspect" "61761beb1b6a7bd3dadcb80bf1aba1b611d015aae7d01fffd79addf63b0757e7", kill_on_drop: false }`
[INFO] running `Command { std: "docker" "rm" "-f" "61761beb1b6a7bd3dadcb80bf1aba1b611d015aae7d01fffd79addf63b0757e7", kill_on_drop: false }`
[INFO] [stdout] 61761beb1b6a7bd3dadcb80bf1aba1b611d015aae7d01fffd79addf63b0757e7
