[INFO] fetching crate runact-web 0.3.0...
[INFO] testing runact-web-0.3.0 against 1.100.0-beta.1+cargoflags=--release for beta-release-1.100-2
[INFO] extracting crate runact-web 0.3.0 into /workspace/builds/worker-3-tc2/source
[INFO] started tweaking crates.io crate runact-web 0.3.0
[INFO] removed 0 missing examples
[INFO] removed 0 missing tests
[INFO] finished tweaking crates.io crate runact-web 0.3.0
[INFO] tweaked toml for crates.io crate runact-web 0.3.0 written to /workspace/builds/worker-3-tc2/source/Cargo.toml
[INFO] validating manifest of crates.io crate runact-web 0.3.0 on toolchain 1.100.0-beta.1
[INFO] running `Command { std: CARGO_HOME="/workspace/cargo-home" RUSTUP_HOME="/workspace/rustup-home" "/workspace/cargo-home/bin/cargo" "+1.100.0-beta.1" "metadata" "--manifest-path" "Cargo.toml" "--no-deps", kill_on_drop: false }`
[INFO] crate crates.io crate runact-web 0.3.0 already has a lockfile, it will not be regenerated
[INFO] running `Command { std: CARGO_HOME="/workspace/cargo-home" RUSTUP_HOME="/workspace/rustup-home" "/workspace/cargo-home/bin/cargo" "+1.100.0-beta.1" "fetch" "--manifest-path" "Cargo.toml", kill_on_drop: false }`
[INFO] running `Command { std: "docker" "create" "-v" "/var/lib/crater-agent-workspace/builds/worker-3-tc2/source:/opt/rustwide/workdir:ro,Z" "-v" "/var/lib/crater-agent-workspace/builds/worker-3-tc2/target:/opt/rustwide/target:rw,Z" "-v" "/var/lib/crater-agent-workspace/cargo-home:/opt/rustwide/cargo-home:ro,Z" "-v" "/var/lib/crater-agent-workspace/rustup-home:/opt/rustwide/rustup-home:ro,Z" "-m" "1610612736" "--network" "none" "ghcr.io/rust-lang/crates-build-env/linux@sha256:77db811e55d90add9212f6832c23229e3de5f1c1f9905e8cb07319ea15df73ac" "sleep" "infinity", kill_on_drop: false }`
[INFO] [stdout] 38d30e0bdcf2a70187c635a7195911e5760fdb51a0604703bcb625758581b182
[INFO] running `Command { std: "docker" "start" "38d30e0bdcf2a70187c635a7195911e5760fdb51a0604703bcb625758581b182", kill_on_drop: false }`
[INFO] running `Command { std: "docker" "inspect" "38d30e0bdcf2a70187c635a7195911e5760fdb51a0604703bcb625758581b182", kill_on_drop: false }`
[INFO] running `Command { std: "docker" "exec" "-e" "SOURCE_DIR=/opt/rustwide/workdir" "-e" "CARGO_HOME=/opt/rustwide/cargo-home" "-e" "RUSTUP_HOME=/opt/rustwide/rustup-home" "-e" "CARGO_TARGET_DIR=/opt/rustwide/target" "-w" "/opt/rustwide/workdir" "--user" "0:0" "38d30e0bdcf2a70187c635a7195911e5760fdb51a0604703bcb625758581b182" "/opt/rustwide/cargo-home/bin/cargo" "+1.100.0-beta.1" "metadata" "--no-deps" "--format-version=1", kill_on_drop: false }`
[INFO] running `Command { std: "docker" "inspect" "38d30e0bdcf2a70187c635a7195911e5760fdb51a0604703bcb625758581b182", kill_on_drop: false }`
[INFO] running `Command { std: "docker" "exec" "-e" "SOURCE_DIR=/opt/rustwide/workdir" "-e" "CARGO_HOME=/opt/rustwide/cargo-home" "-e" "RUSTUP_HOME=/opt/rustwide/rustup-home" "-e" "CARGO_TARGET_DIR=/opt/rustwide/target" "-e" "CARGO_INCREMENTAL=0" "-e" "RUST_BACKTRACE=full" "-e" "RUSTFLAGS=--cap-lints=warn" "-e" "RUSTDOCFLAGS=--cap-lints=warn" "-w" "/opt/rustwide/workdir" "--user" "0:0" "38d30e0bdcf2a70187c635a7195911e5760fdb51a0604703bcb625758581b182" "/opt/rustwide/cargo-home/bin/cargo" "+1.100.0-beta.1" "build" "--frozen" "--message-format=json" "--release", kill_on_drop: false }`
[INFO] [stderr]    Compiling crossbeam-utils v0.8.23
[INFO] [stderr]    Compiling syn v2.0.119
[INFO] [stderr]    Compiling syn v3.0.5
[INFO] [stderr]    Compiling generic-array v0.14.7
[INFO] [stderr]    Compiling crossbeam-channel v0.5.17
[INFO] [stderr]    Compiling block-buffer v0.10.4
[INFO] [stderr]    Compiling crypto-common v0.1.7
[INFO] [stderr]    Compiling digest v0.10.7
[INFO] [stderr]    Compiling sha1 v0.10.7
[INFO] [stderr]    Compiling serde_derive v1.0.229
[INFO] [stderr]    Compiling serde v1.0.229
[INFO] [stderr]    Compiling tracing-attributes v0.1.31
[INFO] [stderr]    Compiling thiserror-impl v1.0.69
[INFO] [stderr]    Compiling thiserror v1.0.69
[INFO] [stderr]    Compiling tracing v0.1.44
[INFO] [stderr]    Compiling runact v1.2.1
[INFO] [stderr]    Compiling runact-web v0.3.0 (/opt/rustwide/workdir)
[INFO] [stderr]     Finished `release` profile [optimized] target(s) in 14.94s
[INFO] running `Command { std: "docker" "inspect" "38d30e0bdcf2a70187c635a7195911e5760fdb51a0604703bcb625758581b182", kill_on_drop: false }`
[INFO] running `Command { std: "docker" "exec" "-e" "SOURCE_DIR=/opt/rustwide/workdir" "-e" "CARGO_HOME=/opt/rustwide/cargo-home" "-e" "RUSTUP_HOME=/opt/rustwide/rustup-home" "-e" "CARGO_TARGET_DIR=/opt/rustwide/target" "-e" "CARGO_INCREMENTAL=0" "-e" "RUST_BACKTRACE=full" "-e" "RUSTFLAGS=--cap-lints=warn" "-e" "RUSTDOCFLAGS=--cap-lints=warn" "-w" "/opt/rustwide/workdir" "--user" "0:0" "38d30e0bdcf2a70187c635a7195911e5760fdb51a0604703bcb625758581b182" "/opt/rustwide/cargo-home/bin/cargo" "+1.100.0-beta.1" "test" "--frozen" "--no-run" "--message-format=json" "--release", kill_on_drop: false }`
[INFO] [stderr]    Compiling runact-web v0.3.0 (/opt/rustwide/workdir)
[INFO] [stderr]     Finished `release` profile [optimized] target(s) in 12.01s
[INFO] running `Command { std: "docker" "inspect" "38d30e0bdcf2a70187c635a7195911e5760fdb51a0604703bcb625758581b182", kill_on_drop: false }`
[INFO] running `Command { std: "docker" "exec" "-e" "SOURCE_DIR=/opt/rustwide/workdir" "-e" "CARGO_HOME=/opt/rustwide/cargo-home" "-e" "RUSTUP_HOME=/opt/rustwide/rustup-home" "-e" "CARGO_TARGET_DIR=/opt/rustwide/target" "-e" "CARGO_INCREMENTAL=0" "-e" "RUST_BACKTRACE=full" "-e" "RUSTFLAGS=--cap-lints=warn" "-e" "RUSTDOCFLAGS=--cap-lints=warn" "-w" "/opt/rustwide/workdir" "--user" "0:0" "38d30e0bdcf2a70187c635a7195911e5760fdb51a0604703bcb625758581b182" "/opt/rustwide/cargo-home/bin/cargo" "+1.100.0-beta.1" "test" "--frozen" "--release", kill_on_drop: false }`
[INFO] [stderr]     Finished `release` profile [optimized] target(s) in 0.10s
[INFO] [stderr]      Running unittests src/lib.rs (/opt/rustwide/target/release/build/runact-web/30414dbb057aab73/out/runact_web-30414dbb057aab73)
[INFO] [stderr]      Running tests/async_websocket.rs (/opt/rustwide/target/release/build/runact-web/01a94fc416524837/out/async_websocket-01a94fc416524837)
[INFO] [stdout] 
[INFO] [stdout] running 0 tests
[INFO] [stdout] 
[INFO] [stdout] test result: ok. 0 passed; 0 failed; 0 ignored; 0 measured; 0 filtered out; finished in 0.00s
[INFO] [stdout] 
[INFO] [stdout] 
[INFO] [stdout] running 5 tests
[INFO] [stdout] test test_router_websocket_upgrade_handler ... ok
[INFO] [stdout] test test_async_websocket_read_frame ... ok
[INFO] [stdout] test test_async_websocket_send_close ... ok
[INFO] [stdout] test test_async_websocket_send_frame ... ok
[INFO] [stdout] test test_async_websocket_full_roundtrip ... ok
[INFO] [stdout] 
[INFO] [stdout] test result: ok. 5 passed; 0 failed; 0 ignored; 0 measured; 0 filtered out; finished in 0.32s
[INFO] [stdout] 
[INFO] [stdout] 
[INFO] [stderr]      Running tests/headers.rs (/opt/rustwide/target/release/build/runact-web/a4f4aa604caf0952/out/headers-a4f4aa604caf0952)
[INFO] [stdout] running 8 tests
[INFO] [stdout] test test_headers_iter ... ok
[INFO] [stdout] test test_headers_insert_and_get ... ok
[INFO] [stdout] test test_headers_insert_overwrite ... ok
[INFO] [stdout] test test_headers_get_case_insensitive ... ok
[INFO] [stdout] test test_headers_clear ... ok
[INFO] [stdout] test test_headers_contains ... ok
[INFO] [stdout] test test_headers_new_is_empty ... ok
[INFO] [stdout] test test_headers_remove ... ok
[INFO] [stdout] 
[INFO] [stdout] test result: ok. 8 passed; 0 failed; 0 ignored; 0 measured; 0 filtered out; finished in 0.01s
[INFO] [stdout] 
[INFO] [stderr]      Running tests/http_request.rs (/opt/rustwide/target/release/build/runact-web/d71a78ddc97115c4/out/http_request-d71a78ddc97115c4)
[INFO] [stdout] 
[INFO] [stdout] running 12 tests
[INFO] [stdout] test test_method_from_str ... ok
[INFO] [stdout] test test_parse_post_request_with_body ... ok
[INFO] [stdout] test test_method_display ... ok
[INFO] [stdout] test test_request_encode_with_body ... ok
[INFO] [stdout] test test_parse_simple_get_request ... ok
[INFO] [stdout] test test_parse_request_fails_on_invalid_method ... ok
[INFO] [stdout] test test_request_construction ... ok
[INFO] [stdout] test test_parse_request_fails_on_missing_headers ... ok
[INFO] [stdout] test test_parse_request_fails_on_malformed_start_line ... ok
[INFO] [stdout] test test_parse_request_with_multiple_headers ... ok
[INFO] [stderr]      Running tests/http_response.rs (/opt/rustwide/target/release/build/runact-web/af828b13b55d4c9d/out/http_response-af828b13b55d4c9d)
[INFO] [stdout] test test_request_encode ... ok
[INFO] [stdout] test test_parse_request_headers_case_insensitive ... ok
[INFO] [stdout] 
[INFO] [stdout] test result: ok. 12 passed; 0 failed; 0 ignored; 0 measured; 0 filtered out; finished in 0.00s
[INFO] [stdout] 
[INFO] [stdout] 
[INFO] [stdout] running 14 tests
[INFO] [stdout] test test_parse_response_headers_case_insensitive ... ok
[INFO] [stdout] test test_custom_status_code ... ok
[INFO] [stdout] test test_response_construction ... ok
[INFO] [stdout] test test_parse_simple_response ... ok
[INFO] [stdout] test test_response_encode_no_body ... ok
[INFO] [stdout] test test_parse_response_404 ... ok
[INFO] [stdout] test test_parse_response_fails_on_bad_status_line ... ok
[INFO] [stdout] test test_parse_response_500 ... ok
[INFO] [stdout] test test_response_encode ... ok
[INFO] [stdout] test test_status_code_display ... ok
[INFO] [stderr]      Running tests/middleware_extractors.rs (/opt/rustwide/target/release/build/runact-web/61dfd9a547fe6524/out/middleware_extractors-61dfd9a547fe6524)
[INFO] [stdout] test test_status_code_from_u16 ... ok
[INFO] [stdout] test test_parse_response_no_body ... ok
[INFO] [stdout] test test_status_code_reason ... ok
[INFO] [stdout] test test_response_encode_with_multiple_headers ... ok
[INFO] [stdout] 
[INFO] [stdout] test result: ok. 14 passed; 0 failed; 0 ignored; 0 measured; 0 filtered out; finished in 0.01s
[INFO] [stdout] 
[INFO] [stdout] 
[INFO] [stdout] running 8 tests
[INFO] [stderr]      Running tests/router.rs (/opt/rustwide/target/release/build/runact-web/1017eecb8248404c/out/router-1017eecb8248404c)
[INFO] [stdout] test test_middleware_not_called_on_unmatched ... ok
[INFO] [stdout] test test_middleware_called_on_match ... ok
[INFO] [stdout] test test_middleware_short_circuit ... ok
[INFO] [stdout] test test_extract_query_param ... ok
[INFO] [stdout] test test_multiple_middleware_execution_order ... ok
[INFO] [stdout] test test_extract_json_body ... ok
[INFO] [stdout] test test_extract_path_param ... ok
[INFO] [stdout] test test_extract_header ... ok
[INFO] [stdout] 
[INFO] [stdout] test result: ok. 8 passed; 0 failed; 0 ignored; 0 measured; 0 filtered out; finished in 0.00s
[INFO] [stdout] 
[INFO] [stdout] 
[INFO] [stdout] running 11 tests
[INFO] [stdout] test test_router_custom_not_found_handler ... ok
[INFO] [stdout] test test_router_match_different_methods ... ok
[INFO] [stdout] test test_router_match_exact_path ... ok
[INFO] [stdout] test test_router_match_multiple_path_params ... ok
[INFO] [stdout] test test_router_method_mismatch_returns_404 ... ok
[INFO] [stdout] test test_router_no_match_returns_404 ... ok
[INFO] [stdout] test test_router_static_segments ... ok
[INFO] [stdout] test test_router_match_path_param ... ok
[INFO] [stderr]      Running tests/websocket.rs (/opt/rustwide/target/release/build/runact-web/5d1507627a7fe065/out/websocket-5d1507627a7fe065)
[INFO] [stdout] test test_tuple_status_and_body_into_response ... ok
[INFO] [stdout] test test_status_code_into_response ... ok
[INFO] [stdout] test test_string_into_response ... ok
[INFO] [stdout] 
[INFO] [stdout] test result: ok. 11 passed; 0 failed; 0 ignored; 0 measured; 0 filtered out; finished in 0.00s
[INFO] [stdout] 
[INFO] [stdout] 
[INFO] [stdout] running 21 tests
[INFO] [stdout] test test_frame_encode_decode_roundtrip ... ok
[INFO] [stdout] test test_frame_encode_unmasked_text ... ok
[INFO] [stdout] test test_frame_extended_payload_length ... ok
[INFO] [stdout] test test_validate_upgrade_missing_key ... ok
[INFO] [stdout] test test_validate_upgrade_missing_upgrade_header ... ok
[INFO] [stdout] test test_frame_parse_close_with_status ... ok
[INFO] [stdout] test test_frame_parse_unmasked_pong ... ok
[INFO] [stdout] test test_router_websocket_upgrade_route ... ok
[INFO] [stdout] test test_build_accept_key ... ok
[INFO] [stdout] test test_upgrade_response_status ... ok
[INFO] [stdout] test test_frame_fin_false_continuation ... ok
[INFO] [stdout] test test_frame_opcodes ... ok
[INFO] [stdout] test test_frame_parse_ping_with_payload ... ok
[INFO] [stdout] test test_frame_parse_text_single_byte_masked ... ok
[INFO] [stdout] test test_upgrade_response_includes_required_headers ... ok
[INFO] [stdout] test test_validate_upgrade_request_valid ... ok
[INFO] [stdout] test test_validate_upgrade_wrong_version ... ok
[INFO] [stdout] test test_ws_connection_close ... ok
[INFO] [stdout] test test_ws_connection_send_receive_text ... ok
[INFO] [stdout] test test_ws_connection_ping_pong ... ok
[INFO] [stdout] test test_ws_connection_send_text ... ok
[INFO] [stdout] 
[INFO] [stdout] test result: ok. 21 passed; 0 failed; 0 ignored; 0 measured; 0 filtered out; finished in 0.01s
[INFO] [stdout] 
[INFO] [stderr]      Running tests/ws_agent_api.rs (/opt/rustwide/target/release/build/runact-web/4e67314666fa985f/out/ws_agent_api-4e67314666fa985f)
[INFO] [stdout] 
[INFO] [stdout] running 1 test
[INFO] [stderr]    Compiling proc-macro2 v1.0.107
[INFO] [stderr]    Compiling quote v1.0.47
[INFO] [stderr]    Compiling unicode-ident v1.0.24
[INFO] [stderr]    Compiling version_check v0.9.5
[INFO] [stderr]    Compiling typenum v1.20.1
[INFO] [stderr]    Compiling serde_core v1.0.229
[INFO] [stderr]    Compiling crossbeam-utils v0.8.23
[INFO] [stderr]    Compiling serde v1.0.229
[INFO] [stderr]    Compiling once_cell v1.21.4
[INFO] [stderr]    Compiling libc v0.2.189
[INFO] [stderr]    Compiling thiserror v1.0.69
[INFO] [stderr]    Compiling pin-project-lite v0.2.17
[INFO] [stderr]    Compiling cpufeatures v0.2.17
[INFO] [stderr]    Compiling cfg-if v1.0.4
[INFO] [stderr]    Compiling base64 v0.22.1
[INFO] [stderr]    Compiling generic-array v0.14.7
[INFO] [stderr]    Compiling tracing-core v0.1.36
[INFO] [stderr]    Compiling crossbeam-channel v0.5.17
[INFO] [stderr] error: test failed, to rerun pass `--test ws_agent_api`
[INFO] [stdout] test test_agent_api_rest ... FAILED
[INFO] [stdout] 
[INFO] [stdout] failures:
[INFO] [stdout] 
[INFO] [stdout] ---- test_agent_api_rest stdout ----
[INFO] [stdout] 
[INFO] [stdout] thread 'test_agent_api_rest' (1161) panicked at tests/ws_agent_api.rs:8:47:
[INFO] [stdout] connect: Os { code: 111, kind: ConnectionRefused, message: "Connection refused" }
[INFO] [stdout] stack backtrace:
[INFO] [stdout]    0:     0x61f3d3ec8431 - <<std[617be2ca0a6fd877]::sys::backtrace::BacktraceLock>::print::DisplayBacktrace as core[a373ad73a504971]::fmt::Display>::fmt
[INFO] [stdout]    1:     0x61f3d3edcf8a - core[a373ad73a504971]::fmt::write
[INFO] [stdout]    2:     0x61f3d3ecc9ec - <alloc[2e1b2a31b91974c5]::vec::Vec<u8> as core[a373ad73a504971]::io::write::Write>::write_fmt
[INFO] [stdout]    3:     0x61f3d3ea3cb6 - std[617be2ca0a6fd877]::panicking::default_hook::{closure#0}
[INFO] [stdout]    4:     0x61f3d3ec04e9 - std[617be2ca0a6fd877]::panicking::default_hook
[INFO] [stdout]    5:     0x61f3d3e5c4e0 - test[aada8e7e76ba119b]::test_main_inner::{closure#0}
[INFO] [stdout]    6:     0x61f3d3ec06a2 - std[617be2ca0a6fd877]::panicking::panic_with_hook
[INFO] [stdout]    7:     0x61f3d3ea3d62 - std[617be2ca0a6fd877]::panicking::panic_handler::{closure#0}
[INFO] [stdout]    8:     0x61f3d3e9c9c9 - std[617be2ca0a6fd877]::sys::backtrace::__rust_end_short_backtrace::<std[617be2ca0a6fd877]::panicking::panic_handler::{closure#0}, !>
[INFO] [stdout]    9:     0x61f3d3ea4b5d - __rustc[ea4f61d10b84890b]::rust_begin_unwind
[INFO] [stdout]   10:     0x61f3d3edd6bc - core[a373ad73a504971]::panicking::panic_fmt
[INFO] [stdout]   11:     0x61f3d3edd492 - core[a373ad73a504971]::result::unwrap_failed
[INFO] [stdout]   12:     0x61f3d3e4d7ca - ws_agent_api[b9c1b5ed04bf522e]::http_request
[INFO] [stdout]   13:     0x61f3d3e4e2b1 - <ws_agent_api[b9c1b5ed04bf522e]::test_agent_api_rest::{closure#0} as core[a373ad73a504971]::ops::function::FnOnce<()>>::call_once
[INFO] [stdout]   14:     0x61f3d3e4f92b - test[aada8e7e76ba119b]::__rust_begin_short_backtrace::<core[a373ad73a504971]::result::Result<(), alloc[2e1b2a31b91974c5]::string::String>, fn() -> core[a373ad73a504971]::result::Result<(), alloc[2e1b2a31b91974c5]::string::String>>
[INFO] [stdout]   15:     0x61f3d3e5cb05 - test[aada8e7e76ba119b]::run_test::{closure#0}
[INFO] [stdout]   16:     0x61f3d3e563f4 - std[617be2ca0a6fd877]::sys::backtrace::__rust_begin_short_backtrace::<test[aada8e7e76ba119b]::run_test::{closure#1}, ()>
[INFO] [stdout]   17:     0x61f3d3e5fb92 - <std[617be2ca0a6fd877]::thread::lifecycle::spawn_unchecked<test[aada8e7e76ba119b]::run_test::{closure#1}, ()>::{closure#1} as core[a373ad73a504971]::ops::function::FnOnce<()>>::call_once::{shim:vtable#0}
[INFO] [stdout]   18:     0x61f3d3ec776f - <std[617be2ca0a6fd877]::sys::thread::unix::Thread>::new::thread_start
[INFO] [stdout]   19:     0x7578cffeddfa - <unknown>
[INFO] [stdout]   20:     0x7578d00813d4 - clone
[INFO] [stdout]   21:                0x0 - <unknown>
[INFO] [stdout] 
[INFO] [stdout] 
[INFO] [stdout] failures:
[INFO] [stdout]     test_agent_api_rest
[INFO] [stdout] 
[INFO] [stdout] test result: FAILED. 0 passed; 1 failed; 0 ignored; 0 measured; 0 filtered out; finished in 3.01s
[INFO] [stdout] 
[INFO] [stderr]    Compiling syn v2.0.119
[INFO] [stderr]    Compiling syn v3.0.5
[INFO] [stderr]    Compiling block-buffer v0.10.4
[INFO] [stderr]    Compiling crypto-common v0.1.7
[INFO] [stderr]    Compiling digest v0.10.7
[INFO] [stderr]    Compiling sha1 v0.10.7
[INFO] running `Command { std: "docker" "inspect" "38d30e0bdcf2a70187c635a7195911e5760fdb51a0604703bcb625758581b182", kill_on_drop: false }`
[INFO] running `Command { std: "docker" "rm" "-f" "38d30e0bdcf2a70187c635a7195911e5760fdb51a0604703bcb625758581b182", kill_on_drop: false }`
[INFO] [stdout] 38d30e0bdcf2a70187c635a7195911e5760fdb51a0604703bcb625758581b182
