[INFO] fetching crate run-this 0.1.17...
[INFO] testing run-this-0.1.17 against 1.100.0-beta.1+cargoflags=--release for beta-release-1.100-2
[INFO] extracting crate run-this 0.1.17 into /workspace/builds/worker-7-tc2/source
[INFO] started tweaking crates.io crate run-this 0.1.17
[INFO] finished tweaking crates.io crate run-this 0.1.17
[INFO] tweaked toml for crates.io crate run-this 0.1.17 written to /workspace/builds/worker-7-tc2/source/Cargo.toml
[INFO] validating manifest of crates.io crate run-this 0.1.17 on toolchain 1.100.0-beta.1
[INFO] running `Command { std: CARGO_HOME="/workspace/cargo-home" RUSTUP_HOME="/workspace/rustup-home" "/workspace/cargo-home/bin/cargo" "+1.100.0-beta.1" "metadata" "--manifest-path" "Cargo.toml" "--no-deps", kill_on_drop: false }`
[INFO] crate crates.io crate run-this 0.1.17 already has a lockfile, it will not be regenerated
[INFO] running `Command { std: CARGO_HOME="/workspace/cargo-home" RUSTUP_HOME="/workspace/rustup-home" "/workspace/cargo-home/bin/cargo" "+1.100.0-beta.1" "fetch" "--manifest-path" "Cargo.toml", kill_on_drop: false }`
[INFO] running `Command { std: "docker" "create" "-v" "/var/lib/crater-agent-workspace/builds/worker-7-tc2/source:/opt/rustwide/workdir:ro,Z" "-v" "/var/lib/crater-agent-workspace/builds/worker-7-tc2/target:/opt/rustwide/target:rw,Z" "-v" "/var/lib/crater-agent-workspace/cargo-home:/opt/rustwide/cargo-home:ro,Z" "-v" "/var/lib/crater-agent-workspace/rustup-home:/opt/rustwide/rustup-home:ro,Z" "-m" "1610612736" "--network" "none" "ghcr.io/rust-lang/crates-build-env/linux@sha256:77db811e55d90add9212f6832c23229e3de5f1c1f9905e8cb07319ea15df73ac" "sleep" "infinity", kill_on_drop: false }`
[INFO] [stdout] c269c89c76d8ca100d23efb52920b2dce0564989a010d2f5ff8a489adceae793
[INFO] running `Command { std: "docker" "start" "c269c89c76d8ca100d23efb52920b2dce0564989a010d2f5ff8a489adceae793", kill_on_drop: false }`
[INFO] running `Command { std: "docker" "inspect" "c269c89c76d8ca100d23efb52920b2dce0564989a010d2f5ff8a489adceae793", kill_on_drop: false }`
[INFO] running `Command { std: "docker" "exec" "-e" "SOURCE_DIR=/opt/rustwide/workdir" "-e" "CARGO_HOME=/opt/rustwide/cargo-home" "-e" "RUSTUP_HOME=/opt/rustwide/rustup-home" "-e" "CARGO_TARGET_DIR=/opt/rustwide/target" "-w" "/opt/rustwide/workdir" "--user" "0:0" "c269c89c76d8ca100d23efb52920b2dce0564989a010d2f5ff8a489adceae793" "/opt/rustwide/cargo-home/bin/cargo" "+1.100.0-beta.1" "metadata" "--no-deps" "--format-version=1", kill_on_drop: false }`
[INFO] running `Command { std: "docker" "inspect" "c269c89c76d8ca100d23efb52920b2dce0564989a010d2f5ff8a489adceae793", kill_on_drop: false }`
[INFO] running `Command { std: "docker" "exec" "-e" "SOURCE_DIR=/opt/rustwide/workdir" "-e" "CARGO_HOME=/opt/rustwide/cargo-home" "-e" "RUSTUP_HOME=/opt/rustwide/rustup-home" "-e" "CARGO_TARGET_DIR=/opt/rustwide/target" "-e" "CARGO_INCREMENTAL=0" "-e" "RUST_BACKTRACE=full" "-e" "RUSTFLAGS=--cap-lints=warn" "-e" "RUSTDOCFLAGS=--cap-lints=warn" "-w" "/opt/rustwide/workdir" "--user" "0:0" "c269c89c76d8ca100d23efb52920b2dce0564989a010d2f5ff8a489adceae793" "/opt/rustwide/cargo-home/bin/cargo" "+1.100.0-beta.1" "build" "--frozen" "--message-format=json" "--release", kill_on_drop: false }`
[INFO] [stderr]    Compiling proc-macro2 v1.0.94
[INFO] [stderr]    Compiling unicode-ident v1.0.17
[INFO] [stderr]    Compiling utf8parse v0.2.2
[INFO] [stderr]    Compiling anstyle v1.0.10
[INFO] [stderr]    Compiling anstyle-query v1.1.2
[INFO] [stderr]    Compiling colorchoice v1.0.3
[INFO] [stderr]    Compiling is_terminal_polyfill v1.70.1
[INFO] [stderr]    Compiling rustix v0.38.44
[INFO] [stderr]    Compiling serde v1.0.218
[INFO] [stderr]    Compiling serde_json v1.0.140
[INFO] [stderr]    Compiling anstyle-parse v0.2.6
[INFO] [stderr]    Compiling clap_lex v0.7.4
[INFO] [stderr]    Compiling strsim v0.11.1
[INFO] [stderr]    Compiling bitflags v2.9.0
[INFO] [stderr]    Compiling linux-raw-sys v0.4.15
[INFO] [stderr]    Compiling itoa v1.0.14
[INFO] [stderr]    Compiling either v1.14.0
[INFO] [stderr]    Compiling anstream v0.6.18
[INFO] [stderr]    Compiling env_home v0.1.0
[INFO] [stderr]    Compiling ryu v1.0.19
[INFO] [stderr]    Compiling memchr v2.7.4
[INFO] [stderr]    Compiling colored v3.0.0
[INFO] [stderr]    Compiling clap_builder v4.5.31
[INFO] [stderr]    Compiling quote v1.0.39
[INFO] [stderr]    Compiling syn v2.0.99
[INFO] [stderr]    Compiling which v7.0.2
[INFO] [stderr]    Compiling serde_derive v1.0.218
[INFO] [stderr]    Compiling clap_derive v4.5.28
[INFO] [stderr]    Compiling clap v4.5.31
[INFO] [stderr]    Compiling run-this v0.1.17 (/opt/rustwide/workdir)
[INFO] [stderr] warning: unused dependency `clap`
[INFO] [stderr]  --> Cargo.toml:5:15
[INFO] [stderr]   |
[INFO] [stderr] 5 | [dependencies.clap]
[INFO] [stderr]   |               ^^^^^
[INFO] [stderr]   |
[INFO] [stderr]   = note: `cargo::unused_dependencies` is set to `warn` by default
[INFO] [stderr] help: consider removing the dependency on `clap`
[INFO] [stderr] warning: `run-this` (manifest) generated 1 warning
[INFO] [stderr]     Finished `release` profile [optimized] target(s) in 36.67s
[INFO] running `Command { std: "docker" "inspect" "c269c89c76d8ca100d23efb52920b2dce0564989a010d2f5ff8a489adceae793", kill_on_drop: false }`
[INFO] running `Command { std: "docker" "exec" "-e" "SOURCE_DIR=/opt/rustwide/workdir" "-e" "CARGO_HOME=/opt/rustwide/cargo-home" "-e" "RUSTUP_HOME=/opt/rustwide/rustup-home" "-e" "CARGO_TARGET_DIR=/opt/rustwide/target" "-e" "CARGO_INCREMENTAL=0" "-e" "RUST_BACKTRACE=full" "-e" "RUSTFLAGS=--cap-lints=warn" "-e" "RUSTDOCFLAGS=--cap-lints=warn" "-w" "/opt/rustwide/workdir" "--user" "0:0" "c269c89c76d8ca100d23efb52920b2dce0564989a010d2f5ff8a489adceae793" "/opt/rustwide/cargo-home/bin/cargo" "+1.100.0-beta.1" "test" "--frozen" "--no-run" "--message-format=json" "--release", kill_on_drop: false }`
[INFO] [stderr]    Compiling libc v0.2.170
[INFO] [stderr]    Compiling rustix v0.38.44
[INFO] [stderr]    Compiling linux-raw-sys v0.4.15
[INFO] [stderr]    Compiling anstyle v1.0.10
[INFO] [stderr]    Compiling anstyle-parse v0.2.6
[INFO] [stderr]    Compiling bitflags v2.9.0
[INFO] [stderr]    Compiling getrandom v0.3.1
[INFO] [stderr]    Compiling anstyle-query v1.1.2
[INFO] [stderr]    Compiling colorchoice v1.0.3
[INFO] [stderr]    Compiling is_terminal_polyfill v1.70.1
[INFO] [stderr]    Compiling clap_lex v0.7.4
[INFO] [stderr]    Compiling cfg-if v1.0.0
[INFO] [stderr]    Compiling serde v1.0.218
[INFO] [stderr]    Compiling once_cell v1.20.3
[INFO] [stderr]    Compiling anstream v0.6.18
[INFO] [stderr]    Compiling env_home v0.1.0
[INFO] [stderr]    Compiling either v1.14.0
[INFO] [stderr]    Compiling itoa v1.0.14
[INFO] [stderr]    Compiling memchr v2.7.4
[INFO] [stderr]    Compiling ryu v1.0.19
[INFO] [stderr]    Compiling colored v3.0.0
[INFO] [stderr]    Compiling clap_builder v4.5.31
[INFO] [stderr]    Compiling which v7.0.2
[INFO] [stderr]    Compiling tempfile v3.17.1
[INFO] [stderr]    Compiling clap v4.5.31
[INFO] [stderr]    Compiling serde_json v1.0.140
[INFO] [stderr]    Compiling run-this v0.1.17 (/opt/rustwide/workdir)
[INFO] [stderr] warning: unused dependency `clap`
[INFO] [stderr]  --> Cargo.toml:5:15
[INFO] [stderr]   |
[INFO] [stderr] 5 | [dependencies.clap]
[INFO] [stderr]   |               ^^^^^
[INFO] [stderr]   |
[INFO] [stderr]   = note: `cargo::unused_dependencies` is set to `warn` by default
[INFO] [stderr] help: consider removing the dependency on `clap`
[INFO] [stderr] warning: `run-this` (manifest) generated 1 warning
[INFO] [stderr]     Finished `release` profile [optimized] target(s) in 31.10s
[INFO] running `Command { std: "docker" "inspect" "c269c89c76d8ca100d23efb52920b2dce0564989a010d2f5ff8a489adceae793", kill_on_drop: false }`
[INFO] running `Command { std: "docker" "exec" "-e" "SOURCE_DIR=/opt/rustwide/workdir" "-e" "CARGO_HOME=/opt/rustwide/cargo-home" "-e" "RUSTUP_HOME=/opt/rustwide/rustup-home" "-e" "CARGO_TARGET_DIR=/opt/rustwide/target" "-e" "CARGO_INCREMENTAL=0" "-e" "RUST_BACKTRACE=full" "-e" "RUSTFLAGS=--cap-lints=warn" "-e" "RUSTDOCFLAGS=--cap-lints=warn" "-w" "/opt/rustwide/workdir" "--user" "0:0" "c269c89c76d8ca100d23efb52920b2dce0564989a010d2f5ff8a489adceae793" "/opt/rustwide/cargo-home/bin/cargo" "+1.100.0-beta.1" "test" "--frozen" "--release", kill_on_drop: false }`
[INFO] [stderr] warning: unused dependency `clap`
[INFO] [stderr]  --> Cargo.toml:5:15
[INFO] [stderr]   |
[INFO] [stderr] 5 | [dependencies.clap]
[INFO] [stderr]   |               ^^^^^
[INFO] [stderr]   |
[INFO] [stderr]   = note: `cargo::unused_dependencies` is set to `warn` by default
[INFO] [stderr] help: consider removing the dependency on `clap`
[INFO] [stderr] warning: `run-this` (manifest) generated 1 warning
[INFO] [stderr]     Finished `release` profile [optimized] target(s) in 0.07s
[INFO] [stderr]      Running unittests src/main.rs (/opt/rustwide/target/release/build/run-this/7193d16ef49361a1/out/run_this-7193d16ef49361a1)
[INFO] [stdout] 
[INFO] [stdout] running 8 tests
[INFO] [stdout] test tests::cli_tests::test_command_not_found ... FAILED
[INFO] [stdout] test tests::cli_tests::test_existing_command ... FAILED
[INFO] [stdout] test tests::cli_tests::test_no_command_specified ... FAILED
[INFO] [stdout] test tests::cli_tests::test_custom_config ... FAILED
[INFO] [stdout] test tests::platform_tests::test_platform_specific_config ... FAILED
[INFO] [stdout] test tests::unit_tests::test_detect_os ... ok
[INFO] [stdout] test tests::cli_tests::test_no_command_after_double_dash ... FAILED
[INFO] [stdout] test tests::unit_tests::test_platform_equality ... ok
[INFO] [stdout] 
[INFO] [stdout] failures:
[INFO] [stdout] 
[INFO] [stdout] ---- tests::cli_tests::test_command_not_found stdout ----
[INFO] [stdout] 
[INFO] [stdout] thread 'tests::cli_tests::test_command_not_found' (753) panicked at src/tests/mod.rs:34:18:
[INFO] [stdout] Failed to execute command: Os { code: 2, kind: NotFound, message: "No such file or directory" }
[INFO] [stdout] stack backtrace:
[INFO] [stdout]    0:     0x5a6bbe050825 - <unknown>
[INFO] [stdout]    1:     0x5a6bbe0385aa - <unknown>
[INFO] [stdout]    2:     0x5a6bbe04febb - <unknown>
[INFO] [stdout]    3:     0x5a6bbe04f99f - <unknown>
[INFO] [stdout]    4:     0x5a6bbe04f5ca - <unknown>
[INFO] [stdout]    5:     0x5a6bbe04f105 - <unknown>
[INFO] [stdout]    6:     0x5a6bbe075f41 - <unknown>
[INFO] [stdout]    7:     0x5a6bbe075ef9 - <unknown>
[INFO] [stdout]    8:     0x5a6bbe0763fc - <unknown>
[INFO] [stdout]    9:     0x5a6bbe03843b - <unknown>
[INFO] [stdout]   10:     0x5a6bbe03b6a1 - <unknown>
[INFO] [stdout]   11:     0x5a6bbe03554b - <unknown>
[INFO] [stdout]   12:     0x5a6bbe036c07 - <unknown>
[INFO] [stdout]   13:     0x5a6bbe0906ab - <unknown>
[INFO] [stdout]   14:     0x5a6bbe08c671 - <unknown>
[INFO] [stdout]   15:     0x5a6bbe08be5c - <unknown>
[INFO] [stdout]   16:     0x5a6bbe0abafc - <unknown>
[INFO] [stdout]   17:     0x5a6bbe077c74 - <unknown>
[INFO] [stdout]   18:     0x76368722ddfa - <unknown>
[INFO] [stdout]   19:     0x7636872c13d4 - clone
[INFO] [stdout]   20:                0x0 - <unknown>
[INFO] [stdout] 
[INFO] [stdout] ---- tests::cli_tests::test_existing_command stdout ----
[INFO] [stdout] 
[INFO] [stdout] thread 'tests::cli_tests::test_existing_command' (755) panicked at src/tests/mod.rs:34:18:
[INFO] [stdout] Failed to execute command: Os { code: 2, kind: NotFound, message: "No such file or directory" }
[INFO] [stdout] stack backtrace:
[INFO] [stdout]    0:     0x5a6bbe050825 - <unknown>
[INFO] [stdout]    1:     0x5a6bbe0385aa - <unknown>
[INFO] [stdout]    2:     0x5a6bbe04febb - <unknown>
[INFO] [stdout]    3:     0x5a6bbe04f99f - <unknown>
[INFO] [stdout]    4:     0x5a6bbe04f5ca - <unknown>
[INFO] [stdout]    5:     0x5a6bbe04f105 - <unknown>
[INFO] [stdout]    6:     0x5a6bbe075f41 - <unknown>
[INFO] [stdout]    7:     0x5a6bbe075ef9 - <unknown>
[INFO] [stdout]    8:     0x5a6bbe0763fc - <unknown>
[INFO] [stdout]    9:     0x5a6bbe03843b - <unknown>
[INFO] [stdout]   10:     0x5a6bbe03b6a1 - <unknown>
[INFO] [stdout]   11:     0x5a6bbe03554b - <unknown>
[INFO] [stdout]   12:     0x5a6bbe036b06 - <unknown>
[INFO] [stdout]   13:     0x5a6bbe0906ab - <unknown>
[INFO] [stdout]   14:     0x5a6bbe08c671 - <unknown>
[INFO] [stdout]   15:     0x5a6bbe08be5c - <unknown>
[INFO] [stdout]   16:     0x5a6bbe0abafc - <unknown>
[INFO] [stdout]   17:     0x5a6bbe077c74 - <unknown>
[INFO] [stdout]   18:     0x76368722ddfa - <unknown>
[INFO] [stdout]   19:     0x7636872c13d4 - clone
[INFO] [stdout]   20:                0x0 - <unknown>
[INFO] [stdout] 
[INFO] [stdout] ---- tests::cli_tests::test_no_command_specified stdout ----
[INFO] [stdout] 
[INFO] [stdout] thread 'tests::cli_tests::test_no_command_specified' (757) panicked at src/tests/mod.rs:34:18:
[INFO] [stdout] Failed to execute command: Os { code: 2, kind: NotFound, message: "No such file or directory" }
[INFO] [stdout] stack backtrace:
[INFO] [stdout]    0:     0x5a6bbe050825 - <unknown>
[INFO] [stdout]    1:     0x5a6bbe0385aa - <unknown>
[INFO] [stdout]    2:     0x5a6bbe04febb - <unknown>
[INFO] [stdout]    3:     0x5a6bbe04f99f - <unknown>
[INFO] [stdout]    4:     0x5a6bbe04f5ca - <unknown>
[INFO] [stdout]    5:     0x5a6bbe04f105 - <unknown>
[INFO] [stdout]    6:     0x5a6bbe075f41 - <unknown>
[INFO] [stdout]    7:     0x5a6bbe075ef9 - <unknown>
[INFO] [stdout]    8:     0x5a6bbe0763fc - <unknown>
[INFO] [stdout]    9:     0x5a6bbe03843b - <unknown>
[INFO] [stdout]   10:     0x5a6bbe03b6a1 - <unknown>
[INFO] [stdout]   11:     0x5a6bbe03554b - <unknown>
[INFO] [stdout]   12:     0x5a6bbe036de1 - <unknown>
[INFO] [stdout]   13:     0x5a6bbe0906ab - <unknown>
[INFO] [stdout]   14:     0x5a6bbe08c671 - <unknown>
[INFO] [stdout]   15:     0x5a6bbe08be5c - <unknown>
[INFO] [stdout]   16:     0x5a6bbe0abafc - <unknown>
[INFO] [stdout]   17:     0x5a6bbe077c74 - <unknown>
[INFO] [stdout]   18:     0x76368722ddfa - <unknown>
[INFO] [stdout]   19:     0x7636872c13d4 - clone
[INFO] [stdout]   20:                0x0 - <unknown>
[INFO] [stdout] 
[INFO] [stdout] ---- tests::cli_tests::test_custom_config stdout ----
[INFO] [stdout] 
[INFO] [stdout] thread 'tests::cli_tests::test_custom_config' (754) panicked at src/tests/mod.rs:34:18:
[INFO] [stdout] Failed to execute command: Os { code: 2, kind: NotFound, message: "No such file or directory" }
[INFO] [stdout] stack backtrace:
[INFO] [stdout]    0:     0x5a6bbe050825 - <unknown>
[INFO] [stdout]    1:     0x5a6bbe0385aa - <unknown>
[INFO] [stdout]    2:     0x5a6bbe04febb - <unknown>
[INFO] [stdout]    3:     0x5a6bbe04f99f - <unknown>
[INFO] [stdout]    4:     0x5a6bbe04f5ca - <unknown>
[INFO] [stdout]    5:     0x5a6bbe04f105 - <unknown>
[INFO] [stdout]    6:     0x5a6bbe075f41 - <unknown>
[INFO] [stdout]    7:     0x5a6bbe075ef9 - <unknown>
[INFO] [stdout]    8:     0x5a6bbe0763fc - <unknown>
[INFO] [stdout]    9:     0x5a6bbe03843b - <unknown>
[INFO] [stdout]   10:     0x5a6bbe03b6a1 - <unknown>
[INFO] [stdout]   11:     0x5a6bbe03554b - <unknown>
[INFO] [stdout]   12:     0x5a6bbe0366c1 - <unknown>
[INFO] [stdout]   13:     0x5a6bbe0906ab - <unknown>
[INFO] [stdout]   14:     0x5a6bbe08c671 - <unknown>
[INFO] [stdout]   15:     0x5a6bbe08be5c - <unknown>
[INFO] [stdout]   16:     0x5a6bbe0abafc - <unknown>
[INFO] [stdout]   17:     0x5a6bbe077c74 - <unknown>
[INFO] [stdout]   18:     0x76368722ddfa - <unknown>
[INFO] [stdout]   19:     0x7636872c13d4 - clone
[INFO] [stdout]   20:                0x0 - <unknown>
[INFO] [stdout] 
[INFO] [stdout] ---- tests::platform_tests::test_platform_specific_config stdout ----
[INFO] [stdout] 
[INFO] [stdout] thread 'tests::platform_tests::test_platform_specific_config' (758) panicked at src/tests/mod.rs:34:18:
[INFO] [stdout] Failed to execute command: Os { code: 2, kind: NotFound, message: "No such file or directory" }
[INFO] [stdout] stack backtrace:
[INFO] [stdout]    0:     0x5a6bbe050825 - <unknown>
[INFO] [stdout]    1:     0x5a6bbe0385aa - <unknown>
[INFO] [stdout]    2:     0x5a6bbe04febb - <unknown>
[INFO] [stdout]    3:     0x5a6bbe04f99f - <unknown>
[INFO] [stdout]    4:     0x5a6bbe04f5ca - <unknown>
[INFO] [stdout]    5:     0x5a6bbe04f105 - <unknown>
[INFO] [stdout]    6:     0x5a6bbe075f41 - <unknown>
[INFO] [stdout]    7:     0x5a6bbe075ef9 - <unknown>
[INFO] [stdout]    8:     0x5a6bbe0763fc - <unknown>
[INFO] [stdout]    9:     0x5a6bbe03843b - <unknown>
[INFO] [stdout]   10:     0x5a6bbe03b6a1 - <unknown>
[INFO] [stdout]   11:     0x5a6bbe03554b - <unknown>
[INFO] [stdout]   12:     0x5a6bbe0360a6 - <unknown>
[INFO] [stdout]   13:     0x5a6bbe0906ab - <unknown>
[INFO] [stdout]   14:     0x5a6bbe08c671 - <unknown>
[INFO] [stdout]   15:     0x5a6bbe08be5c - <unknown>
[INFO] [stdout]   16:     0x5a6bbe0abafc - <unknown>
[INFO] [stdout]   17:     0x5a6bbe077c74 - <unknown>
[INFO] [stdout]   18:     0x76368722ddfa - <unknown>
[INFO] [stdout]   19:     0x7636872c13d4 - clone
[INFO] [stdout]   20:                0x0 - <unknown>
[INFO] [stdout] 
[INFO] [stdout] ---- tests::cli_tests::test_no_command_after_double_dash stdout ----
[INFO] [stdout] 
[INFO] [stdout] thread 'tests::cli_tests::test_no_command_after_double_dash' (756) panicked at src/tests/mod.rs:34:18:
[INFO] [stdout] Failed to execute command: Os { code: 2, kind: NotFound, message: "No such file or directory" }
[INFO] [stdout] stack backtrace:
[INFO] [stdout]    0:     0x5a6bbe050825 - <unknown>
[INFO] [stdout]    1:     0x5a6bbe0385aa - <unknown>
[INFO] [stdout]    2:     0x5a6bbe04febb - <unknown>
[INFO] [stdout]    3:     0x5a6bbe04f99f - <unknown>
[INFO] [stdout]    4:     0x5a6bbe04f5ca - <unknown>
[INFO] [stdout]    5:     0x5a6bbe04f105 - <unknown>
[INFO] [stdout]    6:     0x5a6bbe075f41 - <unknown>
[INFO] [stdout]    7:     0x5a6bbe075ef9 - <unknown>
[INFO] [stdout]    8:     0x5a6bbe0763fc - <unknown>
[INFO] [stdout]    9:     0x5a6bbe03843b - <unknown>
[INFO] [stdout]   10:     0x5a6bbe03b6a1 - <unknown>
[INFO] [stdout]   11:     0x5a6bbe03554b - <unknown>
[INFO] [stdout]   12:     0x5a6bbe036ee6 - <unknown>
[INFO] [stdout]   13:     0x5a6bbe0906ab - <unknown>
[INFO] [stdout]   14:     0x5a6bbe08c671 - <unknown>
[INFO] [stdout]   15:     0x5a6bbe08be5c - <unknown>
[INFO] [stdout]   16:     0x5a6bbe0abafc - <unknown>
[INFO] [stdout]   17:     0x5a6bbe077c74 - <unknown>
[INFO] [stdout]   18:     0x76368722ddfa - <unknown>
[INFO] [stdout]   19:     0x7636872c13d4 - clone
[INFO] [stdout]   20:                0x0 - <unknown>
[INFO] [stdout] 
[INFO] [stdout] 
[INFO] [stdout] failures:
[INFO] [stdout]     tests::cli_tests::test_command_not_found
[INFO] [stdout]     tests::cli_tests::test_custom_config
[INFO] [stdout]     tests::cli_tests::test_existing_command
[INFO] [stdout]     tests::cli_tests::test_no_command_after_double_dash
[INFO] [stdout]     tests::cli_tests::test_no_command_specified
[INFO] [stdout]     tests::platform_tests::test_platform_specific_config
[INFO] [stdout] 
[INFO] [stdout] test result: FAILED. 2 passed; 6 failed; 0 ignored; 0 measured; 0 filtered out; finished in 0.01s
[INFO] [stdout] 
[INFO] [stderr] error: test failed, to rerun pass `--bin run-this`
[INFO] running `Command { std: "docker" "inspect" "c269c89c76d8ca100d23efb52920b2dce0564989a010d2f5ff8a489adceae793", kill_on_drop: false }`
[INFO] running `Command { std: "docker" "rm" "-f" "c269c89c76d8ca100d23efb52920b2dce0564989a010d2f5ff8a489adceae793", kill_on_drop: false }`
[INFO] [stdout] c269c89c76d8ca100d23efb52920b2dce0564989a010d2f5ff8a489adceae793
