[INFO] fetching crate run-that-app 0.43.0...
[INFO] testing run-that-app-0.43.0 against 1.99.0-beta.8+cargoflags=--release for beta-release-1.100-2
[INFO] extracting crate run-that-app 0.43.0 into /workspace/builds/worker-5-tc1/source
[INFO] started tweaking crates.io crate run-that-app 0.43.0
[INFO] removed 0 missing tests
[INFO] finished tweaking crates.io crate run-that-app 0.43.0
[INFO] tweaked toml for crates.io crate run-that-app 0.43.0 written to /workspace/builds/worker-5-tc1/source/Cargo.toml
[INFO] validating manifest of crates.io crate run-that-app 0.43.0 on toolchain 1.99.0-beta.8
[INFO] running `Command { std: CARGO_HOME="/workspace/cargo-home" RUSTUP_HOME="/workspace/rustup-home" "/workspace/cargo-home/bin/cargo" "+1.99.0-beta.8" "metadata" "--manifest-path" "Cargo.toml" "--no-deps", kill_on_drop: false }`
[INFO] crate crates.io crate run-that-app 0.43.0 already has a lockfile, it will not be regenerated
[INFO] running `Command { std: CARGO_HOME="/workspace/cargo-home" RUSTUP_HOME="/workspace/rustup-home" "/workspace/cargo-home/bin/cargo" "+1.99.0-beta.8" "fetch" "--manifest-path" "Cargo.toml", kill_on_drop: false }`
[INFO] [stderr]     Updating crates.io index
[INFO] [stderr]  Downloading crates ...
[INFO] [stderr]   Downloaded deranged v0.3.9
[INFO] [stderr]   Downloaded cpufeatures v0.2.11
[INFO] [stderr]   Downloaded subtle v2.5.0
[INFO] [stderr]   Downloaded home v0.5.5
[INFO] [stderr]   Downloaded big_s v1.0.2
[INFO] [stderr]   Downloaded either v1.9.0
[INFO] [stderr]   Downloaded human-sort v0.2.2
[INFO] [stderr]   Downloaded redox_users v0.4.4
[INFO] [stderr]   Downloaded libredox v0.0.1
[INFO] [stderr]   Downloaded crossbeam-utils v0.8.16
[INFO] [stderr]   Downloaded minreq v2.14.1
[INFO] [stderr]   Downloaded thiserror v1.0.50
[INFO] [stderr]   Downloaded thiserror-impl v1.0.50
[INFO] [stderr]   Downloaded aes v0.8.3
[INFO] [stderr]   Downloaded time v0.3.30
[INFO] [stderr]   Downloaded webpki-roots v0.25.4
[INFO] [stderr]   Downloaded zstd-sys v2.0.9+zstd.1.5.5
[INFO] [stderr]   Downloaded bzip2-sys v0.1.11+1.0.8
[INFO] running `Command { std: "docker" "create" "-v" "/var/lib/crater-agent-workspace/builds/worker-5-tc1/source:/opt/rustwide/workdir:ro,Z" "-v" "/var/lib/crater-agent-workspace/builds/worker-5-tc1/target:/opt/rustwide/target:rw,Z" "-v" "/var/lib/crater-agent-workspace/cargo-home:/opt/rustwide/cargo-home:ro,Z" "-v" "/var/lib/crater-agent-workspace/rustup-home:/opt/rustwide/rustup-home:ro,Z" "-m" "1610612736" "--network" "none" "ghcr.io/rust-lang/crates-build-env/linux@sha256:77db811e55d90add9212f6832c23229e3de5f1c1f9905e8cb07319ea15df73ac" "sleep" "infinity", kill_on_drop: false }`
[INFO] [stdout] 812f3050977ded3a6f857e3257507aea4b6db9a3bf8719892037768d3e2047be
[INFO] running `Command { std: "docker" "start" "812f3050977ded3a6f857e3257507aea4b6db9a3bf8719892037768d3e2047be", kill_on_drop: false }`
[INFO] running `Command { std: "docker" "inspect" "812f3050977ded3a6f857e3257507aea4b6db9a3bf8719892037768d3e2047be", kill_on_drop: false }`
[INFO] running `Command { std: "docker" "exec" "-e" "SOURCE_DIR=/opt/rustwide/workdir" "-e" "CARGO_HOME=/opt/rustwide/cargo-home" "-e" "RUSTUP_HOME=/opt/rustwide/rustup-home" "-e" "CARGO_TARGET_DIR=/opt/rustwide/target" "-w" "/opt/rustwide/workdir" "--user" "0:0" "812f3050977ded3a6f857e3257507aea4b6db9a3bf8719892037768d3e2047be" "/opt/rustwide/cargo-home/bin/cargo" "+1.99.0-beta.8" "metadata" "--no-deps" "--format-version=1", kill_on_drop: false }`
[INFO] running `Command { std: "docker" "inspect" "812f3050977ded3a6f857e3257507aea4b6db9a3bf8719892037768d3e2047be", kill_on_drop: false }`
[INFO] running `Command { std: "docker" "exec" "-e" "SOURCE_DIR=/opt/rustwide/workdir" "-e" "CARGO_HOME=/opt/rustwide/cargo-home" "-e" "RUSTUP_HOME=/opt/rustwide/rustup-home" "-e" "CARGO_TARGET_DIR=/opt/rustwide/target" "-e" "CARGO_INCREMENTAL=0" "-e" "RUST_BACKTRACE=full" "-e" "RUSTFLAGS=--cap-lints=warn" "-e" "RUSTDOCFLAGS=--cap-lints=warn" "-w" "/opt/rustwide/workdir" "--user" "0:0" "812f3050977ded3a6f857e3257507aea4b6db9a3bf8719892037768d3e2047be" "/opt/rustwide/cargo-home/bin/cargo" "+1.99.0-beta.8" "build" "--frozen" "--message-format=json" "--release", kill_on_drop: false }`
[INFO] [stderr]    Compiling libc v0.2.186
[INFO] [stderr]    Compiling find-msvc-tools v0.1.6
[INFO] [stderr]    Compiling pkg-config v0.3.27
[INFO] [stderr]    Compiling typenum v1.17.0
[INFO] [stderr]    Compiling version_check v0.9.4
[INFO] [stderr]    Compiling bitflags v2.13.0
[INFO] [stderr]    Compiling subtle v2.5.0
[INFO] [stderr]    Compiling memchr v2.8.2
[INFO] [stderr]    Compiling rustix v1.1.4
[INFO] [stderr]    Compiling untrusted v0.9.0
[INFO] [stderr]    Compiling cpufeatures v0.2.11
[INFO] [stderr]    Compiling proc-macro2 v1.0.106
[INFO] [stderr]    Compiling linux-raw-sys v0.12.1
[INFO] [stderr]    Compiling quote v1.0.45
[INFO] [stderr]    Compiling unicode-ident v1.0.24
[INFO] [stderr]    Compiling zstd-safe v5.0.2+zstd.1.5.2
[INFO] [stderr]    Compiling crc32fast v1.5.0
[INFO] [stderr]    Compiling serde_core v1.0.228
[INFO] [stderr]    Compiling powerfmt v0.2.0
[INFO] [stderr]    Compiling simd-adler32 v0.3.8
[INFO] [stderr]    Compiling rustls v0.21.12
[INFO] [stderr]    Compiling rand_core v0.6.4
[INFO] [stderr]    Compiling base64ct v1.6.0
[INFO] [stderr]    Compiling generic-array v0.14.7
[INFO] [stderr]    Compiling rustix v0.38.44
[INFO] [stderr]    Compiling adler2 v2.0.1
[INFO] [stderr]    Compiling zmij v1.0.21
[INFO] [stderr]    Compiling deranged v0.3.9
[INFO] [stderr]    Compiling miniz_oxide v0.8.9
[INFO] [stderr]    Compiling unicode-xid v0.2.6
[INFO] [stderr]    Compiling regex-syntax v0.8.11
[INFO] [stderr]    Compiling serde_json v1.0.150
[INFO] [stderr]    Compiling time-core v0.1.2
[INFO] [stderr]    Compiling konst_macro_rules v0.2.19
[INFO] [stderr]    Compiling linux-raw-sys v0.4.15
[INFO] [stderr]    Compiling log v0.4.29
[INFO] [stderr]    Compiling option-ext v0.2.0
[INFO] [stderr]    Compiling konst v0.2.20
[INFO] [stderr]    Compiling password-hash v0.4.2
[INFO] [stderr]    Compiling itoa v1.0.18
[INFO] [stderr]    Compiling webpki-roots v0.25.4
[INFO] [stderr]    Compiling byteorder v1.5.0
[INFO] [stderr]    Compiling constant_time_eq v0.1.5
[INFO] [stderr]    Compiling once_cell v1.21.4
[INFO] [stderr]    Compiling aho-corasick v1.1.4
[INFO] [stderr]    Compiling vte v0.14.1
[INFO] [stderr]    Compiling flate2 v1.1.9
[INFO] [stderr]    Compiling fastrand v2.3.0
[INFO] [stderr]    Compiling home v0.5.5
[INFO] [stderr]    Compiling either v1.9.0
[INFO] [stderr]    Compiling colored v2.2.0
[INFO] [stderr]    Compiling strip-ansi-escapes v0.2.1
[INFO] [stderr]    Compiling urlencoding v2.1.3
[INFO] [stderr]    Compiling big_s v1.0.2
[INFO] [stderr]    Compiling semver v1.0.28
[INFO] [stderr]    Compiling dyn-clone v1.0.20
[INFO] [stderr]    Compiling const_format_proc_macros v0.2.34
[INFO] [stderr]    Compiling shlex v2.0.1
[INFO] [stderr]    Compiling jobserver v0.1.32
[INFO] [stderr]    Compiling human-sort v0.2.2
[INFO] [stderr]    Compiling getrandom v0.2.16
[INFO] [stderr]    Compiling time v0.3.30
[INFO] [stderr]    Compiling dirs-sys v0.4.1
[INFO] [stderr]    Compiling filetime v0.2.29
[INFO] [stderr]    Compiling getrandom v0.3.4
[INFO] [stderr]    Compiling dirs v5.0.1
[INFO] [stderr]    Compiling cc v1.2.51
[INFO] [stderr]    Compiling which v5.0.0
[INFO] [stderr]    Compiling const_format v0.2.36
[INFO] [stderr]    Compiling crypto-common v0.1.6
[INFO] [stderr]    Compiling block-buffer v0.10.4
[INFO] [stderr]    Compiling inout v0.1.3
[INFO] [stderr]    Compiling ring v0.17.14
[INFO] [stderr]    Compiling zstd-sys v2.0.9+zstd.1.5.5
[INFO] [stderr]    Compiling bzip2-sys v0.1.11+1.0.8
[INFO] [stderr]    Compiling lzma-sys v0.1.20
[INFO] [stderr]    Compiling cipher v0.4.4
[INFO] [stderr]    Compiling digest v0.10.7
[INFO] [stderr]    Compiling aes v0.8.3
[INFO] [stderr]    Compiling xz2 v0.1.7
[INFO] [stderr]    Compiling bzip2 v0.4.4
[INFO] [stderr]    Compiling hmac v0.12.1
[INFO] [stderr]    Compiling sha2 v0.10.8
[INFO] [stderr]    Compiling sha1 v0.10.6
[INFO] [stderr]    Compiling pbkdf2 v0.11.0
[INFO] [stderr]    Compiling regex-automata v0.4.14
[INFO] [stderr]    Compiling xattr v1.6.1
[INFO] [stderr]    Compiling tar v0.4.46
[INFO] [stderr]    Compiling tempfile v3.27.0
[INFO] [stderr]    Compiling fd-lock v4.0.4
[INFO] [stderr]    Compiling regex v1.12.4
[INFO] [stderr]    Compiling sct v0.7.1
[INFO] [stderr]    Compiling rustls-webpki v0.101.7
[INFO] [stderr]    Compiling minreq v2.14.1
[INFO] [stderr]    Compiling zstd v0.11.2+zstd.1.5.2
[INFO] [stderr]    Compiling zip v0.6.6
[INFO] [stderr]    Compiling run-that-app v0.43.0 (/opt/rustwide/workdir)
[INFO] [stderr]     Finished `release` profile [optimized] target(s) in 1m 08s
[INFO] running `Command { std: "docker" "inspect" "812f3050977ded3a6f857e3257507aea4b6db9a3bf8719892037768d3e2047be", kill_on_drop: false }`
[INFO] running `Command { std: "docker" "exec" "-e" "SOURCE_DIR=/opt/rustwide/workdir" "-e" "CARGO_HOME=/opt/rustwide/cargo-home" "-e" "RUSTUP_HOME=/opt/rustwide/rustup-home" "-e" "CARGO_TARGET_DIR=/opt/rustwide/target" "-e" "CARGO_INCREMENTAL=0" "-e" "RUST_BACKTRACE=full" "-e" "RUSTFLAGS=--cap-lints=warn" "-e" "RUSTDOCFLAGS=--cap-lints=warn" "-w" "/opt/rustwide/workdir" "--user" "0:0" "812f3050977ded3a6f857e3257507aea4b6db9a3bf8719892037768d3e2047be" "/opt/rustwide/cargo-home/bin/cargo" "+1.99.0-beta.8" "test" "--frozen" "--no-run" "--message-format=json" "--release", kill_on_drop: false }`
[INFO] [stderr]    Compiling libc v0.2.186
[INFO] [stderr]    Compiling bitflags v2.13.0
[INFO] [stderr]    Compiling subtle v2.5.0
[INFO] [stderr]    Compiling typenum v1.17.0
[INFO] [stderr]    Compiling memchr v2.8.2
[INFO] [stderr]    Compiling untrusted v0.9.0
[INFO] [stderr]    Compiling linux-raw-sys v0.12.1
[INFO] [stderr]    Compiling cpufeatures v0.2.11
[INFO] [stderr]    Compiling zstd-sys v2.0.9+zstd.1.5.5
[INFO] [stderr]    Compiling base64ct v1.6.0
[INFO] [stderr]    Compiling adler2 v2.0.1
[INFO] [stderr]    Compiling rand_core v0.6.4
[INFO] [stderr]    Compiling powerfmt v0.2.0
[INFO] [stderr]    Compiling simd-adler32 v0.3.8
[INFO] [stderr]    Compiling crc32fast v1.5.0
[INFO] [stderr]    Compiling zerocopy v0.8.52
[INFO] [stderr]    Compiling linux-raw-sys v0.4.15
[INFO] [stderr]    Compiling once_cell v1.21.4
[INFO] [stderr]    Compiling log v0.4.29
[INFO] [stderr]    Compiling deranged v0.3.9
[INFO] [stderr]    Compiling regex-syntax v0.8.11
[INFO] [stderr]    Compiling time-core v0.1.2
[INFO] [stderr]    Compiling miniz_oxide v0.8.9
[INFO] [stderr]    Compiling option-ext v0.2.0
[INFO] [stderr]    Compiling konst_macro_rules v0.2.19
[INFO] [stderr]    Compiling zmij v1.0.21
[INFO] [stderr]    Compiling serde_core v1.0.228
[INFO] [stderr]    Compiling ahash v0.8.12
[INFO] [stderr]    Compiling either v1.9.0
[INFO] [stderr]    Compiling konst v0.2.20
[INFO] [stderr]    Compiling constant_time_eq v0.1.5
[INFO] [stderr]    Compiling password-hash v0.4.2
[INFO] [stderr]    Compiling home v0.5.5
[INFO] [stderr]    Compiling itoa v1.0.18
[INFO] [stderr]    Compiling byteorder v1.5.0
[INFO] [stderr]    Compiling webpki-roots v0.25.4
[INFO] [stderr]    Compiling rustix v1.1.4
[INFO] [stderr]    Compiling colored v2.2.0
[INFO] [stderr]    Compiling const_format v0.2.36
[INFO] [stderr]    Compiling dyn-clone v1.0.20
[INFO] [stderr]    Compiling rustix v0.38.44
[INFO] [stderr]    Compiling yansi v1.0.1
[INFO] [stderr]    Compiling flate2 v1.1.9
[INFO] [stderr]    Compiling human-sort v0.2.2
[INFO] [stderr]    Compiling urlencoding v2.1.3
[INFO] [stderr]    Compiling diff v0.1.13
[INFO] [stderr]    Compiling generic-array v0.14.7
[INFO] [stderr]    Compiling big_s v1.0.2
[INFO] [stderr]    Compiling shlex v2.0.1
[INFO] [stderr]    Compiling time v0.3.30
[INFO] [stderr]    Compiling semver v1.0.28
[INFO] [stderr]    Compiling maplit v1.0.2
[INFO] [stderr]    Compiling pretty_assertions v1.4.1
[INFO] [stderr]    Compiling aho-corasick v1.1.4
[INFO] [stderr]    Compiling vte v0.14.1
[INFO] [stderr]    Compiling strip-ansi-escapes v0.2.1
[INFO] [stderr]    Compiling getrandom v0.2.16
[INFO] [stderr]    Compiling zstd-safe v5.0.2+zstd.1.5.2
[INFO] [stderr]    Compiling bzip2-sys v0.1.11+1.0.8
[INFO] [stderr]    Compiling getrandom v0.3.4
[INFO] [stderr]    Compiling filetime v0.2.29
[INFO] [stderr]    Compiling lzma-sys v0.1.20
[INFO] [stderr]    Compiling bzip2 v0.4.4
[INFO] [stderr]    Compiling zstd v0.11.2+zstd.1.5.2
[INFO] [stderr]    Compiling dirs-sys v0.4.1
[INFO] [stderr]    Compiling xz2 v0.1.7
[INFO] [stderr]    Compiling ring v0.17.14
[INFO] [stderr]    Compiling dirs v5.0.1
[INFO] [stderr]    Compiling crypto-common v0.1.6
[INFO] [stderr]    Compiling block-buffer v0.10.4
[INFO] [stderr]    Compiling inout v0.1.3
[INFO] [stderr]    Compiling cipher v0.4.4
[INFO] [stderr]    Compiling digest v0.10.7
[INFO] [stderr]    Compiling aes v0.8.3
[INFO] [stderr]    Compiling sha2 v0.10.8
[INFO] [stderr]    Compiling hmac v0.12.1
[INFO] [stderr]    Compiling sha1 v0.10.6
[INFO] [stderr]    Compiling regex-automata v0.4.14
[INFO] [stderr]    Compiling pbkdf2 v0.11.0
[INFO] [stderr]    Compiling zip v0.6.6
[INFO] [stderr]    Compiling xattr v1.6.1
[INFO] [stderr]    Compiling fd-lock v4.0.4
[INFO] [stderr]    Compiling tempfile v3.27.0
[INFO] [stderr]    Compiling tar v0.4.46
[INFO] [stderr]    Compiling serde_json v1.0.150
[INFO] [stderr]    Compiling which v5.0.0
[INFO] [stderr]    Compiling sct v0.7.1
[INFO] [stderr]    Compiling rustls-webpki v0.101.7
[INFO] [stderr]    Compiling rustls v0.21.12
[INFO] [stderr]    Compiling regex v1.12.4
[INFO] [stderr]    Compiling minreq v2.14.1
[INFO] [stderr]    Compiling run-that-app v0.43.0 (/opt/rustwide/workdir)
[INFO] [stderr]     Finished `release` profile [optimized] target(s) in 1m 12s
[INFO] running `Command { std: "docker" "inspect" "812f3050977ded3a6f857e3257507aea4b6db9a3bf8719892037768d3e2047be", kill_on_drop: false }`
[INFO] running `Command { std: "docker" "exec" "-e" "SOURCE_DIR=/opt/rustwide/workdir" "-e" "CARGO_HOME=/opt/rustwide/cargo-home" "-e" "RUSTUP_HOME=/opt/rustwide/rustup-home" "-e" "CARGO_TARGET_DIR=/opt/rustwide/target" "-e" "CARGO_INCREMENTAL=0" "-e" "RUST_BACKTRACE=full" "-e" "RUSTFLAGS=--cap-lints=warn" "-e" "RUSTDOCFLAGS=--cap-lints=warn" "-w" "/opt/rustwide/workdir" "--user" "0:0" "812f3050977ded3a6f857e3257507aea4b6db9a3bf8719892037768d3e2047be" "/opt/rustwide/cargo-home/bin/cargo" "+1.99.0-beta.8" "test" "--frozen" "--release", kill_on_drop: false }`
[INFO] [stderr]     Finished `release` profile [optimized] target(s) in 0.15s
[INFO] [stderr]      Running unittests src/lib.rs (/opt/rustwide/target/release/deps/rta-a93ac6651fd6c2c7)
[INFO] [stdout] 
[INFO] [stdout] running 446 tests
[INFO] [stdout] test applications::actionlint::tests::run_method::linux_arm ... ok
[INFO] [stdout] test applications::alphavet::tests::run_method::windows_intel ... ok
[INFO] [stdout] test applications::biome::tests::run_method::macos_arm ... ok
[INFO] [stdout] test applications::biome::tests::run_method::macos_intel ... ok
[INFO] [stdout] test applications::alphavet::tests::run_method::linux_arm ... ok
[INFO] [stdout] test applications::actionlint::tests::run_method::windows_intel ... ok
[INFO] [stdout] test applications::biome::tests::run_method::linux_arm ... ok
[INFO] [stdout] test applications::alphavet::tests::run_method::macos_intel ... ok
[INFO] [stdout] test applications::actionlint::tests::run_method::linux_intel ... ok
[INFO] [stdout] test applications::alphavet::tests::run_method::windows_arm ... ok
[INFO] [stdout] test applications::bun::tests::run_method::linux_arm ... ok
[INFO] [stdout] test applications::actionlint::tests::run_method::macos_intel ... ok
[INFO] [stdout] test applications::bun::tests::run_method::macos_intel ... ok
[INFO] [stdout] test applications::biome::tests::run_method::windows_arm ... ok
[INFO] [stdout] test applications::biome::tests::run_method::windows_intel ... ok
[INFO] [stdout] test applications::actionlint::tests::run_method::macos_arm ... ok
[INFO] [stdout] test applications::alphavet::tests::run_method::linux_intel ... ok
[INFO] [stdout] test applications::bun::tests::run_method::linux_intel ... ok
[INFO] [stdout] test applications::alphavet::tests::run_method::macos_arm ... ok
[INFO] [stdout] test applications::conc::tests::run_method::macos_arm ... ok
[INFO] [stdout] test applications::conc::tests::run_method::macos_intel ... ok
[INFO] [stdout] test applications::conc::tests::run_method::windows_arm ... ok
[INFO] [stdout] test applications::conc::tests::run_method::windows_intel ... ok
[INFO] [stdout] test applications::bun::tests::run_method::macos_arm ... ok
[INFO] [stdout] test applications::bun::tests::run_method::windows_arm ... ok
[INFO] [stdout] test applications::bun::tests::run_method::windows_intel ... ok
[INFO] [stdout] test applications::conc::tests::run_method::linux_arm ... ok
[INFO] [stdout] test applications::conc::tests::run_method::linux_intel ... ok
[INFO] [stdout] test applications::contest::tests::run_method::macos_arm ... ok
[INFO] [stdout] test applications::contest::tests::run_method::linux_intel ... ok
[INFO] [stdout] test applications::contest::tests::run_method::macos_intel ... ok
[INFO] [stdout] test applications::contest::tests::run_method::windows_arm ... ok
[INFO] [stdout] test applications::cucumber_sort::tests::run_method::linux_arm ... ok
[INFO] [stdout] test applications::cucumber_sort::tests::run_method::linux_intel ... ok
[INFO] [stdout] test applications::actionlint::tests::run_method::windows_arm ... ok
[INFO] [stdout] test applications::contest::tests::run_method::linux_arm ... ok
[INFO] [stdout] test applications::cucumber_sort::tests::run_method::windows_intel ... ok
[INFO] [stdout] test applications::cucumber_sort::tests::run_method::macos_arm ... ok
[INFO] [stdout] test applications::cucumber_sort::tests::run_method::macos_intel ... ok
[INFO] [stdout] test applications::biome::tests::run_method::linux_intel ... ok
[INFO] [stdout] test applications::cucumber_sort::tests::run_method::windows_arm ... ok
[INFO] [stdout] test applications::contest::tests::run_method::windows_intel ... ok
[INFO] [stdout] test applications::deadcode::tests::run_method::windows_intel ... ok
[INFO] [stdout] test applications::delete_empty_folders::tests::run_method::linux_intel ... ok
[INFO] [stdout] test applications::delete_empty_folders::tests::run_method::windows_arm ... ok
[INFO] [stdout] test applications::deadcode::tests::run_method::macos_intel ... ok
[INFO] [stdout] test applications::deno::tests::linux_intel ... ok
[INFO] [stdout] test applications::deno::tests::windows_arm ... ok
[INFO] [stdout] test applications::deno::tests::macos_intel ... ok
[INFO] [stdout] test applications::deadcode::tests::run_method::windows_arm ... ok
[INFO] [stdout] test applications::deadcode::tests::run_method::linux_arm ... ok
[INFO] [stdout] test applications::deadcode::tests::run_method::linux_intel ... ok
[INFO] [stdout] test applications::delete_empty_folders::tests::run_method::macos_intel ... ok
[INFO] [stdout] test applications::depth::tests::run_method::macos_arm ... ok
[INFO] [stdout] test applications::deno::tests::windows_intel ... ok
[INFO] [stdout] test applications::depth::tests::run_method::macos_intel ... ok
[INFO] [stdout] test applications::dprint::tests::run_method::macos_intel ... ok
[INFO] [stdout] test applications::depth::tests::run_method::windows_intel ... ok
[INFO] [stdout] test applications::dprint::tests::run_method::windows_arm ... ok
[INFO] [stdout] test applications::dprint::tests::run_method::linux_arm ... ok
[INFO] [stdout] test applications::delete_empty_folders::tests::run_method::linux_arm ... ok
[INFO] [stdout] test applications::delete_empty_folders::tests::run_method::macos_arm ... ok
[INFO] [stdout] test applications::depth::tests::run_method::windows_arm ... ok
[INFO] [stdout] test applications::exhaustruct::tests::run_method::linux_intel ... ok
[INFO] [stdout] test applications::deadcode::tests::run_method::macos_arm ... ok
[INFO] [stdout] test applications::dprint::tests::run_method::linux_intel ... ok
[INFO] [stdout] test applications::exhaustruct::tests::run_method::windows_arm ... ok
[INFO] [stdout] test applications::dprint::tests::run_method::macos_arm ... ok
[INFO] [stdout] test applications::depth::tests::run_method::linux_arm ... ok
[INFO] [stdout] test applications::fd::tests::run_method::linux_intel ... ok
[INFO] [stdout] test applications::fd::tests::run_method::macos_intel ... ok
[INFO] [stdout] test applications::fd::tests::run_method::windows_arm ... ok
[INFO] [stdout] test applications::fd::tests::run_method::windows_intel ... ok
[INFO] [stdout] test applications::funcorder::tests::run_method::macos_arm ... ok
[INFO] [stdout] test applications::delete_empty_folders::tests::run_method::windows_intel ... ok
[INFO] [stdout] test applications::funcorder::tests::run_method::windows_arm ... ok
[INFO] [stdout] test applications::dprint::tests::run_method::windows_intel ... ok
[INFO] [stdout] test applications::funcorder::tests::run_method::windows_intel ... ok
[INFO] [stdout] test applications::exhaustruct::tests::run_method::linux_arm ... ok
[INFO] [stdout] test applications::gh::tests::run_method::linux_arm ... ok
[INFO] [stdout] test applications::exhaustruct::tests::run_method::windows_intel ... ok
[INFO] [stdout] test applications::deno::tests::linux_arm ... ok
[INFO] [stdout] test applications::fd::tests::run_method::macos_arm ... ok
[INFO] [stdout] test applications::deno::tests::macos_arm ... ok
[INFO] [stdout] test applications::funcorder::tests::run_method::linux_arm ... ok
[INFO] [stdout] test applications::exhaustruct::tests::run_method::macos_arm ... ok
[INFO] [stdout] test applications::gh::tests::run_method::macos_intel ... ok
[INFO] [stdout] test applications::gherkinlint::tests::run_method::linux_intel ... ok
[INFO] [stdout] test applications::gherkinlint::tests::run_method::macos_intel ... ok
[INFO] [stdout] test applications::gherkinlint::tests::run_method::windows_intel ... ok
[INFO] [stdout] test applications::ghokin::tests::run_method::linux_arm ... ok
[INFO] [stdout] test applications::ghokin::tests::run_method::linux_intel ... ok
[INFO] [stdout] test applications::ghokin::tests::run_method::macos_intel ... ok
[INFO] [stdout] test applications::ghokin::tests::run_method::windows_arm ... ok
[INFO] [stdout] test applications::ghokin::tests::run_method::windows_intel ... ok
[INFO] [stdout] test applications::gh::tests::run_method::linux_intel ... ok
[INFO] [stdout] test applications::go::tests::run_method::linux_arm ... ok
[INFO] [stdout] test applications::depth::tests::run_method::linux_intel ... ok
[INFO] [stdout] test applications::gherkinlint::tests::run_method::linux_arm ... ok
[INFO] [stdout] test applications::funcorder::tests::run_method::macos_intel ... ok
[INFO] [stdout] test applications::ghokin::tests::run_method::macos_arm ... ok
[INFO] [stdout] test applications::gherkinlint::tests::run_method::macos_arm ... ok
[INFO] [stdout] test applications::go::tests::run_method::linux_intel ... ok
[INFO] [stdout] test applications::go::tests::run_method::macos_arm ... ok
[INFO] [stdout] test applications::go::tests::run_method::macos_intel ... ok
[INFO] [stdout] test applications::funcorder::tests::run_method::linux_intel ... ok
[INFO] [stdout] test applications::goda::tests::run_method::linux_arm ... ok
[INFO] [stdout] test applications::gofmt::tests::run_method::macos_intel ... ok
[INFO] [stdout] test applications::go::tests::parse_go_mod::with_version ... ok
[INFO] [stdout] test applications::go::tests::parse_go_mod::without_version ... ok
[INFO] [stdout] test applications::goda::tests::run_method::linux_intel ... ok
[INFO] [stdout] test applications::gofmt::tests::run_method::windows_intel ... ok
[INFO] [stdout] test applications::gofumpt::tests::run_method::linux_arm ... ok
[INFO] [stdout] test applications::goda::tests::run_method::macos_arm ... ok
[INFO] [stdout] test applications::fd::tests::run_method::linux_arm ... ok
[INFO] [stdout] test applications::gofumpt::tests::run_method::macos_intel ... ok
[INFO] [stdout] test applications::gofumpt::tests::run_method::windows_arm ... ok
[INFO] [stdout] test applications::gofumpt::tests::run_method::windows_intel ... ok
[INFO] [stdout] test applications::golangci_lint::tests::run_method::linux_arm ... ok
[INFO] [stdout] test applications::gofmt::tests::run_method::windows_arm ... ok
[INFO] [stdout] test applications::gofumpt::tests::run_method::macos_arm ... ok
[INFO] [stdout] test applications::golangci_lint::tests::run_method::linux_intel ... ok
[INFO] [stdout] test applications::gh::tests::run_method::macos_arm ... ok
[INFO] [stdout] test applications::golangci_lint::tests::run_method::macos_arm ... ok
[INFO] [stdout] test applications::golangci_lint::tests::run_method::windows_arm ... ok
[INFO] [stdout] test applications::goda::tests::run_method::windows_intel ... ok
[INFO] [stdout] test applications::exhaustruct::tests::run_method::macos_intel ... ok
[INFO] [stdout] test applications::gofmt::tests::run_method::linux_arm ... ok
[INFO] [stdout] test applications::goda::tests::run_method::macos_intel ... ok
[INFO] [stdout] test applications::gofmt::tests::run_method::macos_arm ... ok
[INFO] [stdout] test applications::gherkinlint::tests::run_method::windows_arm ... ok
[INFO] [stdout] test applications::golangci_lint::tests::run_method::macos_intel ... ok
[INFO] [stdout] test applications::gofumpt::tests::run_method::linux_intel ... ok
[INFO] [stdout] test applications::govulnchec::tests::run_method::linux_intel ... ok
[INFO] [stdout] test applications::goreleaser::tests::run_method::linux_arm ... ok
[INFO] [stdout] test applications::goreleaser::tests::run_method::macos_arm ... ok
[INFO] [stdout] test applications::govulnchec::tests::run_method::macos_intel ... ok
[INFO] [stdout] test applications::goreleaser::tests::run_method::macos_intel ... ok
[INFO] [stdout] test applications::goreleaser::tests::run_method::windows_arm ... ok
[INFO] [stdout] test applications::govulnchec::tests::run_method::linux_arm ... ok
[INFO] [stdout] test applications::goreleaser::tests::extract_version::version_1 ... ok
[INFO] [stdout] test applications::golangci_lint::tests::run_method::windows_intel ... ok
[INFO] [stdout] test applications::goda::tests::run_method::windows_arm ... ok
[INFO] [stdout] test applications::gofmt::tests::run_method::linux_intel ... ok
[INFO] [stdout] test applications::govulnchec::tests::run_method::macos_arm ... ok
[INFO] [stdout] test applications::gum::tests::run_method::windows_intel ... ok
[INFO] [stdout] test applications::go::tests::parse_go_mod::unrelated_file ... ok
[INFO] [stdout] test applications::gum::tests::run_method::macos_intel ... ok
[INFO] [stdout] test applications::gum::tests::run_method::windows_arm ... ok
[INFO] [stdout] test applications::hadolint::tests::run_method::macos_arm ... ok
[INFO] [stdout] test applications::hadolint::tests::run_method::linux_intel ... ok
[INFO] [stdout] test applications::goreleaser::tests::run_method::linux_intel ... ok
[INFO] [stdout] test applications::hadolint::tests::run_method::windows_arm ... ok
[INFO] [stdout] test applications::gum::tests::run_method::linux_arm ... ok
[INFO] [stdout] test applications::goreleaser::tests::extract_version::other ... ok
[INFO] [stdout] test applications::goreleaser::tests::run_method::windows_intel ... ok
[INFO] [stdout] test applications::govulnchec::tests::run_method::windows_arm ... ok
[INFO] [stdout] test applications::gum::tests::run_method::macos_arm ... ok
[INFO] [stdout] test applications::gum::tests::run_method::linux_intel ... ok
[INFO] [stdout] test applications::govulnchec::tests::run_method::windows_intel ... ok
[INFO] [stdout] test applications::keep_sorted::tests::run_method::linux_intel ... ok
[INFO] [stdout] test applications::hadolint::tests::run_method::windows_intel ... ok
[INFO] [stdout] test applications::lefthook::tests::run_method::macos_intel ... ok
[INFO] [stdout] test applications::ireturn::tests::run_method::linux_arm ... ok
[INFO] [stdout] test applications::ireturn::tests::run_method::windows_intel ... ok
[INFO] [stdout] test applications::ireturn::tests::run_method::windows_arm ... ok
[INFO] [stdout] test applications::hadolint::tests::run_method::linux_arm ... ok
[INFO] [stdout] test applications::ireturn::tests::run_method::linux_intel ... ok
[INFO] [stdout] test applications::lefthook::tests::run_method::linux_intel ... ok
[INFO] [stdout] test applications::keep_sorted::tests::run_method::macos_intel ... ok
[INFO] [stdout] test applications::keep_sorted::tests::run_method::linux_arm ... ok
[INFO] [stdout] test applications::lefthook::tests::run_method::macos_arm ... ok
[INFO] [stdout] test applications::markdownlint::tests::run_method::linux_arm ... ok
[INFO] [stdout] test applications::markdownlint::tests::run_method::linux_intel ... ok
[INFO] [stdout] test applications::markdownlint::tests::run_method::windows_intel ... ok
[INFO] [stdout] test applications::mdbook::tests::run_method::linux_arm ... ok
[INFO] [stdout] test applications::mdbook::tests::run_method::windows_arm ... ok
[INFO] [stdout] test applications::mdbook::tests::run_method::macos_intel ... ok
[INFO] [stdout] test applications::mdbook_linkcheck::tests::run_method::linux_intel ... ok
[INFO] [stdout] test applications::keep_sorted::tests::run_method::macos_arm ... ok
[INFO] [stdout] test applications::ireturn::tests::run_method::macos_arm ... ok
[INFO] [stdout] test applications::mdbook_linkcheck::tests::run_method::macos_arm ... ok
[INFO] [stdout] test applications::lefthook::tests::run_method::windows_arm ... ok
[INFO] [stdout] test applications::ireturn::tests::run_method::macos_intel ... ok
[INFO] [stdout] test applications::lefthook::tests::run_method::windows_intel ... ok
[INFO] [stdout] test applications::keep_sorted::tests::run_method::windows_intel ... ok
[INFO] [stdout] test applications::markdownlint::tests::run_method::windows_arm ... ok
[INFO] [stdout] test applications::mdbook::tests::run_method::linux_intel ... ok
[INFO] [stdout] test applications::mdbook_linkcheck::tests::run_method::windows_arm ... ok
[INFO] [stdout] test applications::mdbook_linkcheck::tests::run_method::windows_intel ... ok
[INFO] [stdout] test applications::markdownlint::tests::run_method::macos_arm ... ok
[INFO] [stdout] test applications::markdownlint::tests::run_method::macos_intel ... ok
[INFO] [stdout] test applications::node_prune::tests::run_method::windows_arm ... ok
[INFO] [stdout] test applications::nodejs::tests::run_method::linux_intel ... ok
[INFO] [stdout] test applications::nodejs::tests::run_method::macos_arm ... ok
[INFO] [stdout] test applications::npm::tests::run_method::linux_arm ... ok
[INFO] [stdout] test applications::node_prune::tests::run_method::linux_intel ... ok
[INFO] [stdout] test applications::npm::tests::run_method::linux_intel ... ok
[INFO] [stdout] test applications::node_prune::tests::run_method::macos_arm ... ok
[INFO] [stdout] test applications::node_prune::tests::run_method::windows_intel ... ok
[INFO] [stdout] test applications::nodejs::tests::run_method::linux_arm ... ok
[INFO] [stdout] test applications::lefthook::tests::run_method::linux_arm ... ok
[INFO] [stdout] test applications::npm::tests::run_method::macos_intel ... ok
[INFO] [stdout] test applications::npx::tests::run_method::linux_arm ... ok
[INFO] [stdout] test applications::mdbook::tests::run_method::macos_arm ... ok
[INFO] [stdout] test applications::mdbook_linkcheck::tests::run_method::linux_arm ... ok
[INFO] [stdout] test applications::mdbook::tests::run_method::windows_intel ... ok
[INFO] [stdout] test applications::mdbook_linkcheck::tests::run_method::macos_intel ... ok
[INFO] [stdout] test applications::node_prune::tests::run_method::macos_intel ... ok
[INFO] [stdout] test applications::nodejs::tests::run_method::macos_intel ... ok
[INFO] [stdout] test applications::prettier::tests::run_method::linux_intel ... ok
[INFO] [stdout] test applications::prettier::tests::run_method::macos_arm ... ok
[INFO] [stdout] test applications::node_prune::tests::run_method::linux_arm ... ok
[INFO] [stdout] test applications::npx::tests::run_method::macos_arm ... ok
[INFO] [stdout] test applications::npm::tests::run_method::macos_arm ... ok
[INFO] [stdout] test applications::npx::tests::run_method::macos_intel ... ok
[INFO] [stdout] test applications::prettier::tests::run_method::linux_arm ... ok
[INFO] [stdout] test applications::prettier_standalone::tests::run_method::macos_arm ... ok
[INFO] [stdout] test applications::pyrefly::tests::run_method::linux_intel ... ok
[INFO] [stdout] test applications::npx::tests::run_method::linux_intel ... ok
[INFO] [stdout] test applications::pyrefly::tests::run_method::windows_intel ... ok
[INFO] [stdout] test applications::pyright::tests::run_method::macos_arm ... ok
[INFO] [stdout] test applications::pyright::tests::run_method::linux_intel ... ok
[INFO] [stdout] test applications::pyright::tests::run_method::macos_intel ... ok
[INFO] [stdout] test applications::pyright::tests::run_method::windows_arm ... ok
[INFO] [stdout] test applications::pyright::tests::run_method::windows_intel ... ok
[INFO] [stdout] test applications::rclone::tests::run_method::linux_arm ... ok
[INFO] [stdout] test applications::rclone::tests::run_method::linux_intel ... ok
[INFO] [stdout] test applications::rclone::tests::run_method::macos_intel ... ok
[INFO] [stdout] test applications::rclone::tests::run_method::windows_arm ... ok
[INFO] [stdout] test applications::rclone::tests::run_method::windows_intel ... ok
[INFO] [stdout] test applications::ripgrep::tests::run_method::linux_arm ... ok
[INFO] [stdout] test applications::ripgrep::tests::run_method::linux_intel ... ok
[INFO] [stdout] test applications::prettier_standalone::tests::run_method::linux_arm ... ok
[INFO] [stdout] test applications::pyrefly::tests::run_method::macos_intel ... ok
[INFO] [stdout] test applications::ripgrep::tests::run_method::windows_arm ... ok
[INFO] [stdout] test applications::rclone::tests::run_method::macos_arm ... ok
[INFO] [stdout] test applications::prettier::tests::run_method::macos_intel ... ok
[INFO] [stdout] test applications::ripgrep::tests::run_method::windows_intel ... ok
[INFO] [stdout] test applications::prettier::tests::run_method::windows_arm ... ok
[INFO] [stdout] test applications::prettier::tests::run_method::windows_intel ... ok
[INFO] [stdout] test applications::pyright::tests::run_method::linux_arm ... ok
[INFO] [stdout] test applications::prettier_standalone::tests::run_method::linux_intel ... ok
[INFO] [stdout] test applications::rumdl::tests::run_method::linux_arm ... ok
[INFO] [stdout] test applications::rumdl::tests::run_method::linux_intel ... ok
[INFO] [stdout] test applications::rumdl::tests::run_method::windows_arm ... ok
[INFO] [stdout] test applications::rumdl::tests::run_method::windows_intel ... ok
[INFO] [stdout] test applications::pyrefly::tests::run_method::windows_arm ... ok
[INFO] [stdout] test applications::prettier_standalone::tests::run_method::macos_intel ... ok
[INFO] [stdout] test applications::pyrefly::tests::run_method::linux_arm ... ok
[INFO] [stdout] test applications::ruff::tests::run_method::linux_arm ... ok
[INFO] [stdout] test applications::scc::tests::run_method::linux_intel ... ok
[INFO] [stdout] test applications::ruff::tests::run_method::macos_intel ... ok
[INFO] [stdout] test applications::pyrefly::tests::run_method::macos_arm ... ok
[INFO] [stdout] test applications::ruff::tests::run_method::linux_intel ... ok
[INFO] [stdout] test applications::scc::tests::run_method::macos_arm ... ok
[INFO] [stdout] test applications::rumdl::tests::run_method::macos_intel ... ok
[INFO] [stdout] test applications::ripgrep::tests::run_method::macos_intel ... ok
[INFO] [stdout] test applications::ruff::tests::run_method::windows_arm ... ok
[INFO] [stdout] test applications::ripgrep::tests::run_method::macos_arm ... ok
[INFO] [stdout] test applications::ruff::tests::run_method::windows_intel ... ok
[INFO] [stdout] test applications::shellcheck::tests::run_method::macos_intel ... ok
[INFO] [stdout] test applications::shellcheck::tests::run_method::windows_intel ... ok
[INFO] [stdout] test applications::shellcheck::tests::run_method::linux_intel ... ok
[INFO] [stdout] test applications::rumdl::tests::run_method::macos_arm ... ok
[INFO] [stdout] test applications::shellcheck::tests::run_method::windows_arm ... ok
[INFO] [stdout] test applications::scc::tests::run_method::windows_intel ... ok
[INFO] [stdout] test applications::shellcheck::tests::run_method::macos_arm ... ok
[INFO] [stdout] test applications::shfmt::tests::run_method::linux_arm ... ok
[INFO] [stdout] test applications::shellcheck::tests::run_method::linux_arm ... ok
[INFO] [stdout] test applications::shfmt::tests::run_method::macos_arm ... ok
[INFO] [stdout] test applications::ruff::tests::run_method::macos_arm ... ok
[INFO] [stdout] test applications::scc::tests::run_method::linux_arm ... ok
[INFO] [stdout] test applications::snyk::tests::run_method::windows_arm ... ok
[INFO] [stdout] test applications::shfmt::tests::run_method::linux_intel ... ok
[INFO] [stdout] test applications::snyk::tests::run_method::windows_intel ... ok
[INFO] [stdout] test applications::sqlfmt::tests::run_method::windows_arm ... ok
[INFO] [stdout] test applications::scc::tests::run_method::macos_intel ... ok
[INFO] [stdout] test applications::sqlfmt::tests::run_method::windows_intel ... ok
[INFO] [stdout] test applications::snyk::tests::run_method::linux_arm ... ok
[INFO] [stdout] test applications::scc::tests::run_method::windows_arm ... ok
[INFO] [stdout] test applications::staticcheck::tests::run_method::macos_arm ... ok
[INFO] [stdout] test applications::staticcheck::tests::run_method::linux_arm ... ok
[INFO] [stdout] test applications::staticcheck::tests::run_method::macos_intel ... ok
[INFO] [stdout] test applications::staticcheck::tests::run_method::linux_intel ... ok
[INFO] [stdout] test applications::staticcheck::tests::run_method::windows_arm ... ok
[INFO] [stdout] test applications::taplo::tests::run_method::linux_arm ... ok
[INFO] [stdout] test applications::staticcheck::tests::run_method::windows_intel ... ok
[INFO] [stdout] test applications::taplo::tests::run_method::linux_intel ... ok
[INFO] [stdout] test applications::sqlfmt::tests::run_method::linux_arm ... ok
[INFO] [stdout] test applications::taplo::tests::run_method::macos_arm ... ok
[INFO] [stdout] test applications::sqlfmt::tests::run_method::linux_intel ... ok
[INFO] [stdout] test applications::snyk::tests::run_method::linux_intel ... ok
[INFO] [stdout] test applications::sqlfmt::tests::run_method::macos_arm ... ok
[INFO] [stdout] test applications::snyk::tests::run_method::macos_arm ... ok
[INFO] [stdout] test applications::shfmt::tests::run_method::windows_intel ... ok
[INFO] [stdout] test applications::sqlfmt::tests::run_method::macos_intel ... ok
[INFO] [stdout] test applications::snyk::tests::run_method::macos_intel ... ok
[INFO] [stdout] test applications::shfmt::tests::run_method::windows_arm ... ok
[INFO] [stdout] test applications::shfmt::tests::run_method::macos_intel ... ok
[INFO] [stdout] test applications::text_runner::tests::run_method::macos_intel ... ok
[INFO] [stdout] test applications::text_runner::tests::run_method::windows_arm ... ok
[INFO] [stdout] test applications::tests::apps::lookup::unknown_app ... ok
[INFO] [stdout] test applications::text_runner::tests::run_method::linux_intel ... ok
[INFO] [stdout] test applications::tests::apps::lookup::known_app ... ok
[INFO] [stdout] test applications::taplo::tests::run_method::windows_arm ... ok
[INFO] [stdout] test applications::taplo::tests::run_method::macos_intel ... ok
[INFO] [stdout] test applications::taplo::tests::run_method::windows_intel ... ok
[INFO] [stdout] test applications::tests::apps::longest_name_length ... ok
[INFO] [stdout] test applications::tikibase::tests::run_method::macos_arm ... ok
[INFO] [stdout] test applications::text_runner::tests::run_method::windows_intel ... ok
[INFO] [stdout] test applications::text_runner::tests::run_method::linux_arm ... ok
[INFO] [stdout] test applications::tikibase::tests::run_method::linux_arm ... ok
[INFO] [stdout] test applications::tikibase::tests::run_method::macos_intel ... ok
[INFO] [stdout] test applications::tikibase::tests::run_method::windows_arm ... ok
[INFO] [stdout] test applications::ty::tests::run_method::windows_intel ... ok
[INFO] [stdout] test applications::uv::tests::run_method::linux_arm ... ok
[INFO] [stdout] test applications::ty::tests::run_method::linux_intel ... ok
[INFO] [stdout] test applications::tikibase::tests::run_method::windows_intel ... ok
[INFO] [stdout] test applications::ty::tests::run_method::macos_arm ... ok
[INFO] [stdout] test applications::ty::tests::run_method::linux_arm ... ok
[INFO] [stdout] test applications::ty::tests::run_method::macos_intel ... ok
[INFO] [stdout] test applications::uv::tests::run_method::macos_arm ... ok
[INFO] [stdout] test applications::uv::tests::run_method::macos_intel ... ok
[INFO] [stdout] test applications::ty::tests::run_method::windows_arm ... ok
[INFO] [stdout] test applications::uv::tests::run_method::windows_arm ... ok
[INFO] [stdout] test applications::text_runner::tests::run_method::macos_arm ... ok
[INFO] [stdout] test applications::tikibase::tests::run_method::linux_intel ... ok
[INFO] [stdout] test applications::yamlfmt::tests::run_method::linux_arm ... ok
[INFO] [stdout] test applications::yamlfmt::tests::run_method::macos_arm ... ok
[INFO] [stdout] test applications::yamlfmt::tests::run_method::windows_arm ... ok
[INFO] [stdout] test archives::tests::lookup::known_archive_type ... ok
[INFO] [stdout] test cli::parse::tests::multiple_true::none_true ... ok
[INFO] [stdout] test cli::parse::tests::multiple_true::two_true ... ok
[INFO] [stdout] test cli::parse::tests::parse::application_arguments::no_arguments ... ok
[INFO] [stdout] test cli::app_version::tests::parse::name_only ... ok
[INFO] [stdout] test cli::parse::tests::multiple_true::all_true ... ok
[INFO] [stdout] test cli::parse::tests::parse::rta_arguments::available::with_all_options ... ok
[INFO] [stdout] test cli::parse::tests::parse::rta_arguments::available::with_app ... ok
[INFO] [stdout] test applications::uv::tests::run_method::windows_intel ... ok
[INFO] [stdout] test archives::tests::lookup::unknown_archive_type ... ok
[INFO] [stdout] test cli::parse::tests::parse::no_arguments ... ok
[INFO] [stdout] test cli::parse::tests::parse::rta_and_app_arguments::rta_and_app_arguments ... ok
[INFO] [stdout] test applications::uv::tests::run_method::linux_intel ... ok
[INFO] [stdout] test cli::parse::tests::parse::rta_arguments::error_on_output::normal ... ok
[INFO] [stdout] test cli::parse::tests::parse::rta_arguments::available::without_app ... ok
[INFO] [stdout] test cli::parse::tests::parse::rta_arguments::help_parameter::long ... ok
[INFO] [stdout] test cli::parse::tests::parse::rta_arguments::error_on_output::missing_app ... ok
[INFO] [stdout] test cli::parse::tests::parse::rta_and_app_arguments::same_arguments_as_run_that_app ... ok
[INFO] [stdout] test cli::app_version::tests::parse::empty_version ... ok
[INFO] [stdout] test applications::yamlfmt::tests::run_method::macos_intel ... ok
[INFO] [stdout] test cli::parse::tests::parse::rta_arguments::reinstall::missing_app ... ok
[INFO] [stdout] test applications::yamlfmt::tests::run_method::windows_intel ... ok
[INFO] [stdout] test cli::parse::tests::parse::rta_arguments::reinstall::normal ... ok
[INFO] [stdout] test cli::parse::tests::parse::rta_arguments::test::no_app_no_verbose ... ok
[INFO] [stdout] test cli::parse::tests::parse::rta_arguments::test::no_app_verbose ... ok
[INFO] [stdout] test cli::app_version::tests::parse::name_and_version ... ok
[INFO] [stdout] test cli::parse::tests::multiple_true::one_true ... ok
[INFO] [stdout] test cli::parse::tests::parse::application_arguments::some_arguments ... ok
[INFO] [stdout] test applications::yamlfmt::tests::run_method::linux_intel ... ok
[INFO] [stdout] test cli::parse::tests::parse::rta_arguments::help_parameter::short ... ok
[INFO] [stdout] test cli::parse::tests::parse::rta_arguments::multiple_commands ... ok
[INFO] [stdout] test cli::parse::tests::parse::rta_arguments::test::app_verbose ... ok
[INFO] [stdout] test cli::parse::tests::parse::rta_arguments::versions::correct_usage ... ok
[INFO] [stdout] test cli::parse::tests::parse::rta_arguments::version::long ... ok
[INFO] [stdout] test cli::parse::tests::parse::rta_arguments::verbose::long ... ok
[INFO] [stdout] test cli::parse::tests::parse::rta_arguments::verbose::missing_app ... ok
[INFO] [stdout] test cli::parse::tests::parse::rta_arguments::version::short ... ok
[INFO] [stdout] test cli::parse::tests::parse::rta_arguments::optional ... ok
[INFO] [stdout] test cli::parse::tests::parse::rta_arguments::verbose::short ... ok
[INFO] [stdout] test cli::parse::tests::parse::rta_arguments::include_apps::valid ... ok
[INFO] [stdout] test cli::parse::tests::parse::rta_arguments::install::normal ... ok
[INFO] [stdout] test cli::parse::tests::parse::rta_arguments::include_apps::invalid ... ok
[INFO] [stdout] test cli::parse::tests::parse::rta_arguments::versions::missing_app ... ok
[INFO] [stdout] test cli::parse::tests::parse::rta_arguments::install::missing_app ... ok
[INFO] [stdout] test cli::parse::tests::parse::rta_arguments::which::with_all_options ... ok
[INFO] [stdout] test cli::parse::tests::parse::rta_arguments::which::with_app ... ok
[INFO] [stdout] test cli::parse::tests::parse::rta_arguments::versions::custom_amount ... ok
[INFO] [stdout] test cli::parse::tests::parse::rta_arguments::which::without_app ... ok
[INFO] [stdout] test cli::parse::tests::parse::rta_arguments::from_source::flag ... ok
[INFO] [stdout] test configuration::file::tests::parse::empty ... ok
[INFO] [stdout] test configuration::file::tests::parse_line::valid_with_comment_at_end ... ok
[INFO] [stdout] test configuration::requested_version::tests::is_system ... ok
[INFO] [stdout] test configuration::requested_version::tests::parse::known_allowed_versions::system_request_auto_version ... ok
[INFO] [stdout] test configuration::requested_version::tests::parse::known_allowed_versions::system_request_with_version ... ok
[INFO] [stdout] test configuration::requested_version::tests::parse::unknown_allowed_versions::system_request_auto_version ... ok
[INFO] [stdout] test configuration::requested_version::tests::parse::unknown_allowed_versions::system_request_with_version ... ok
[INFO] [stdout] test configuration::requested_versions::tests::largest_non_system::empty ... ok
[INFO] [stdout] test cli::parse::tests::parse::rta_arguments::test::app_no_verbose ... ok
[INFO] [stdout] test configuration::requested_versions::tests::largest_non_system::system_no_versions ... ok
[INFO] [stdout] test configuration::requested_versions::tests::largest_non_system::system_and_versions ... ok
[INFO] [stdout] test configuration::file::tests::parse::normal ... ok
[INFO] [stdout] test configuration::file::tests::parse_line::multiple_versions ... ok
[INFO] [stdout] test configuration::file::tests::parse_line::normal_with_multiple_spaces ... ok
[INFO] [stdout] test configuration::file::tests::parse_line::normal_with_tabs ... ok
[INFO] [stdout] test configuration::requested_versions::tests::update_largest_with::system_and_versions ... ok
[INFO] [stdout] test configuration::tag_format::tests::format_version::custom ... ok
[INFO] [stdout] test configuration::version::tests::major_version::empty_string ... ok
[INFO] [stdout] test configuration::tag_format::tests::format_version::plain ... ok
[INFO] [stdout] test configuration::version::tests::major_version::no_dots ... ok
[INFO] [stdout] test configuration::version::tests::major_version::semantic_version ... ok
[INFO] [stdout] test configuration::tag_format::tests::format_version::prefix_v ... ok
[INFO] [stdout] test configuration::tag_format::tests::parse::prefix_v_without_v ... ok
[INFO] [stdout] test configuration::version::tests::major_version::single_digit ... ok
[INFO] [stdout] test configuration::tag_format::tests::parse::custom_matching_prefix ... ok
[INFO] [stdout] test configuration::version::tests::partial_cmp::tag ... ok
[INFO] [stdout] test configuration::version::tests::partial_cmp::semantic ... ok
[INFO] [stdout] test hosting::github_releases::tests::parse_latest_response ... ok
[INFO] [stdout] test configuration::tag_format::tests::parse::custom_no_prefix ... ok
[INFO] [stdout] test filesystem::has_extension::tests::all_tests ... ok
[INFO] [stdout] test configuration::tag_format::tests::parse::plain ... ok
[INFO] [stdout] test configuration::file::tests::parse_line::completely_commented_out ... ok
[INFO] [stdout] test configuration::tag_format::tests::parse::prefix_v_with_v ... ok
[INFO] [stdout] test executables::cmd_to_string::tests::test_cmd_to_string ... ok
[INFO] [stdout] test configuration::requested_versions::tests::update_largest_with::system_only ... ok
[INFO] [stdout] test configuration::file::tests::parse_line::empty_line ... ok
[INFO] [stdout] test configuration::file::tests::parse_line::missing_version ... ok
[INFO] [stdout] test configuration::file::tests::parse_line::normal ... ok
[INFO] [stdout] test configuration::file::tests::parse_line::spaces_only ... ok
[INFO] [stdout] test hosting::github_tags::tests::parse_versions_response::simple ... ok
[INFO] [stdout] test hosting::pkg_go_dev::tests::parse_output::deadcode_all ... ok
[INFO] [stdout] test subshell::tests::join_path_expressions::both_empty ... ok
[INFO] [stdout] test subshell::tests::join_path_expressions::second_empty ... ok
[INFO] [stdout] test subshell::tests::join_paths::three ... ok
[INFO] [stdout] test strings::first_capture::tests::multiple_matches ... ok
[INFO] [stdout] test hosting::github_releases::tests::parse_versions_response ... ok
[INFO] [stdout] test installation::install_python_package::tests::executable_paths ... ok
[INFO] [stdout] test subshell::tests::join_path_expressions::first_empty ... ok
[INFO] [stdout] test strings::first_capture::tests::no_capture ... ok
[INFO] [stdout] test subshell::tests::join_paths::one ... ok
[INFO] [stdout] test subshell::tests::join_paths::two ... ok
[INFO] [stdout] test subshell::tests::join_paths::zero ... ok
[INFO] [stdout] test strings::first_capture::tests::no_match ... ok
[INFO] [stdout] test yard::yard::tests::app_version ... ok
[INFO] [stdout] test subshell::tests::join_path_expressions::both_non_empty ... ok
[INFO] [stdout] test yard::yard::tests::create_lockfile::lock_folder_does_not_exist ... ok
[INFO] [stdout] test subshell::tests::path_env_key::matches_existing_path_variable_casing ... ok
[INFO] [stdout] test yard::yard::tests::app_folder ... ok
[INFO] [stdout] test yard::yard::tests::mark_not_installable ... ok
[INFO] [stdout] test yard::yard::tests::create_lockfile::lock_folder_exists ... ok
[INFO] [stdout] test yard::yard::tests::not_installable_path ... ok
[INFO] [stdout] test strings::first_version::tests::test ... ok
[INFO] [stdout] test yard::yard::tests::is_not_installable ... ok
[INFO] [stdout] test subshell::shellscript::tests::passes_arguments_to_the_script ... ok
[INFO] [stdout] test subshell::shellscript::tests::encodes_special_characters ... ok
[INFO] [stdout] test subshell::shellscript::tests::passes_no_arguments ... ok
[INFO] [stdout] 
[INFO] [stdout] test result: ok. 446 passed; 0 failed; 0 ignored; 0 measured; 0 filtered out; finished in 0.07s
[INFO] [stdout] 
[INFO] [stderr]      Running unittests src/main.rs (/opt/rustwide/target/release/deps/rta-f3fec6fcac7350bc)
[INFO] [stdout] 
[INFO] [stdout] running 0 tests
[INFO] [stdout] 
[INFO] [stdout] test result: ok. 0 passed; 0 failed; 0 ignored; 0 measured; 0 filtered out; finished in 0.00s
[INFO] [stdout] 
[INFO] [stderr]      Running tests/lints.rs (/opt/rustwide/target/release/deps/lints-973acea28b327975)
[INFO] [stdout] 
[INFO] [stdout] running 1 test
[INFO] [stdout] test applications_mod_has_pub_use_for_every_module ... ok
[INFO] [stderr]    Doc-tests rta
[INFO] [stdout] 
[INFO] [stdout] test result: ok. 1 passed; 0 failed; 0 ignored; 0 measured; 0 filtered out; finished in 0.00s
[INFO] [stdout] 
[INFO] [stdout] 
[INFO] [stdout] running 5 tests
[INFO] [stdout] test src/lib.rs - (line 8) ... FAILED
[INFO] [stdout] test src/lib.rs - (line 15) ... ok
[INFO] [stdout] test src/configuration/version.rs - configuration::version::Version (line 9) ... ok
[INFO] [stdout] test src/lib.rs - get_cmd (line 108) ... FAILED
[INFO] [stdout] test src/lib.rs - run (line 78) ... ok
[INFO] [stdout] 
[INFO] [stdout] failures:
[INFO] [stdout] 
[INFO] [stdout] ---- src/lib.rs - (line 8) stdout ----
[INFO] [stdout] Couldn't compile the test.
[INFO] [stdout] ---- src/lib.rs - get_cmd (line 108) stdout ----
[INFO] [stdout] Test executable failed (exit status: 101).
[INFO] [stdout] 
[INFO] [stdout] stderr:
[INFO] [stdout] downloading actionlint 1.7.12 ... not online
[INFO] [stdout] 
[INFO] [stdout] thread 'main' (2963) panicked at src/lib.rs:20:3:
[INFO] [stdout] ran into an error: Some(NotOnline)
[INFO] [stdout] stack backtrace:
[INFO] [stdout]    0:     0x61d0a2de4362 - std[70759c8f55707aa4]::backtrace_rs::backtrace::libunwind::trace
[INFO] [stdout]                                at /rustc/dfb0accb7f508ae8be965d8629557221c889dd98/library/std/src/../../backtrace/src/backtrace/libunwind.rs:117:9
[INFO] [stdout]    1:     0x61d0a2de4362 - std[70759c8f55707aa4]::backtrace_rs::backtrace::trace_unsynchronized::<std[70759c8f55707aa4]::sys::backtrace::_print_fmt::{closure#1}>
[INFO] [stdout]                                at /rustc/dfb0accb7f508ae8be965d8629557221c889dd98/library/std/src/../../backtrace/src/backtrace/mod.rs:66:14
[INFO] [stdout]    2:     0x61d0a2de4362 - std[70759c8f55707aa4]::sys::backtrace::_print_fmt
[INFO] [stdout]                                at /rustc/dfb0accb7f508ae8be965d8629557221c889dd98/library/std/src/sys/backtrace.rs:74:9
[INFO] [stdout]    3:     0x61d0a2de4362 - <<std[70759c8f55707aa4]::sys::backtrace::BacktraceLock>::print::DisplayBacktrace as core[df12db4294e9bfd3]::fmt::Display>::fmt
[INFO] [stdout]                                at /rustc/dfb0accb7f508ae8be965d8629557221c889dd98/library/std/src/sys/backtrace.rs:44:26
[INFO] [stdout]    4:     0x61d0a2bf4aac - <core[df12db4294e9bfd3]::fmt::rt::Argument>::fmt
[INFO] [stdout]                                at /rustc/dfb0accb7f508ae8be965d8629557221c889dd98/library/core/src/fmt/rt.rs:152:76
[INFO] [stdout]    5:     0x61d0a2bf4aac - core[df12db4294e9bfd3]::fmt::write
[INFO] [stdout]                                at /rustc/dfb0accb7f508ae8be965d8629557221c889dd98/library/core/src/fmt/mod.rs:1687:22
[INFO] [stdout]    6:     0x61d0a2de2197 - core[df12db4294e9bfd3]::io::write::default_write_fmt::<std[70759c8f55707aa4]::sys::stdio::unix::Stderr>
[INFO] [stdout]                                at /rustc/dfb0accb7f508ae8be965d8629557221c889dd98/library/core/src/io/write.rs:402:11
[INFO] [stdout]    7:     0x61d0a2de2197 - <std[70759c8f55707aa4]::sys::stdio::unix::Stderr as core[df12db4294e9bfd3]::io::write::Write>::write_fmt
[INFO] [stdout]                                at /rustc/dfb0accb7f508ae8be965d8629557221c889dd98/library/core/src/io/write.rs:335:13
[INFO] [stdout]    8:     0x61d0a2de2bcc - <std[70759c8f55707aa4]::sys::backtrace::BacktraceLock>::print
[INFO] [stdout]                                at /rustc/dfb0accb7f508ae8be965d8629557221c889dd98/library/std/src/sys/backtrace.rs:47:9
[INFO] [stdout]    9:     0x61d0a2de2bcc - std[70759c8f55707aa4]::panicking::default_hook::{closure#0}
[INFO] [stdout]                                at /rustc/dfb0accb7f508ae8be965d8629557221c889dd98/library/std/src/panicking.rs:292:27
[INFO] [stdout]   10:     0x61d0a2de23e6 - std[70759c8f55707aa4]::panicking::default_hook
[INFO] [stdout]                                at /rustc/dfb0accb7f508ae8be965d8629557221c889dd98/library/std/src/panicking.rs:319:9
[INFO] [stdout]   11:     0x61d0a2de1ced - std[70759c8f55707aa4]::panicking::panic_with_hook
[INFO] [stdout]                                at /rustc/dfb0accb7f508ae8be965d8629557221c889dd98/library/std/src/panicking.rs:815:13
[INFO] [stdout]   12:     0x61d0a2e449da - std[70759c8f55707aa4]::panicking::panic_handler::{closure#0}
[INFO] [stdout]                                at /rustc/dfb0accb7f508ae8be965d8629557221c889dd98/library/std/src/panicking.rs:688:13
[INFO] [stdout]   13:     0x61d0a2e44939 - std[70759c8f55707aa4]::sys::backtrace::__rust_end_short_backtrace::<std[70759c8f55707aa4]::panicking::panic_handler::{closure#0}, !>
[INFO] [stdout]                                at /rustc/dfb0accb7f508ae8be965d8629557221c889dd98/library/std/src/sys/backtrace.rs:182:18
[INFO] [stdout]   14:     0x61d0a2e45364 - __rustc[8fa7c3cbc660c2b3]::rust_begin_unwind
[INFO] [stdout]                                at /rustc/dfb0accb7f508ae8be965d8629557221c889dd98/library/std/src/panicking.rs:679:5
[INFO] [stdout]   15:     0x61d0a2bf486d - core[df12db4294e9bfd3]::panicking::panic_fmt
[INFO] [stdout]                                at /rustc/dfb0accb7f508ae8be965d8629557221c889dd98/library/core/src/panicking.rs:80:14
[INFO] [stdout]   16:     0x61d0a2b96b26 - rust_out[fc2a76a7d39855e1]::main::_doctest_main_src_lib_rs_108_0
[INFO] [stdout]   17:     0x61d0a2b95d06 - rust_out[fc2a76a7d39855e1]::main
[INFO] [stdout]   18:     0x61d0a2b98a43 - <fn() as core[df12db4294e9bfd3]::ops::function::FnOnce<()>>::call_once
[INFO] [stdout]   19:     0x61d0a2b95abe - std[70759c8f55707aa4]::sys::backtrace::__rust_begin_short_backtrace::<fn(), ()>
[INFO] [stdout]   20:     0x61d0a2b95cb9 - std[70759c8f55707aa4]::rt::lang_start::<()>::{closure#0}
[INFO] [stdout]   21:     0x61d0a2e60f2d - <&dyn core[df12db4294e9bfd3]::ops::function::Fn<(), Output = i32> + core[df12db4294e9bfd3]::panic::unwind_safe::RefUnwindSafe + core[df12db4294e9bfd3]::marker::Sync as core[df12db4294e9bfd3]::ops::function::FnOnce<()>>::call_once
[INFO] [stdout]                                at /rustc/dfb0accb7f508ae8be965d8629557221c889dd98/library/core/src/ops/function.rs:287:21
[INFO] [stdout]   22:     0x61d0a2e60f2d - std[70759c8f55707aa4]::panicking::catch_unwind::do_call::<&dyn core[df12db4294e9bfd3]::ops::function::Fn<(), Output = i32> + core[df12db4294e9bfd3]::panic::unwind_safe::RefUnwindSafe + core[df12db4294e9bfd3]::marker::Sync, i32>
[INFO] [stdout]                                at /rustc/dfb0accb7f508ae8be965d8629557221c889dd98/library/std/src/panicking.rs:576:43
[INFO] [stdout]   23:     0x61d0a2e60f2d - std[70759c8f55707aa4]::panicking::catch_unwind::<i32, &dyn core[df12db4294e9bfd3]::ops::function::Fn<(), Output = i32> + core[df12db4294e9bfd3]::panic::unwind_safe::RefUnwindSafe + core[df12db4294e9bfd3]::marker::Sync>
[INFO] [stdout]                                at /rustc/dfb0accb7f508ae8be965d8629557221c889dd98/library/std/src/panicking.rs:544:19
[INFO] [stdout]   24:     0x61d0a2e60f2d - std[70759c8f55707aa4]::panic::catch_unwind::<&dyn core[df12db4294e9bfd3]::ops::function::Fn<(), Output = i32> + core[df12db4294e9bfd3]::panic::unwind_safe::RefUnwindSafe + core[df12db4294e9bfd3]::marker::Sync, i32>
[INFO] [stdout]                                at /rustc/dfb0accb7f508ae8be965d8629557221c889dd98/library/std/src/panic.rs:359:14
[INFO] [stdout]   25:     0x61d0a2e60f2d - std[70759c8f55707aa4]::rt::lang_start_internal::{closure#0}
[INFO] [stdout]                                at /rustc/dfb0accb7f508ae8be965d8629557221c889dd98/library/std/src/rt.rs:175:24
[INFO] [stdout]   26:     0x61d0a2e60f2d - std[70759c8f55707aa4]::panicking::catch_unwind::do_call::<std[70759c8f55707aa4]::rt::lang_start_internal::{closure#0}, isize>
[INFO] [stdout]                                at /rustc/dfb0accb7f508ae8be965d8629557221c889dd98/library/std/src/panicking.rs:576:43
[INFO] [stdout]   27:     0x61d0a2e60f2d - std[70759c8f55707aa4]::panicking::catch_unwind::<isize, std[70759c8f55707aa4]::rt::lang_start_internal::{closure#0}>
[INFO] [stdout]                                at /rustc/dfb0accb7f508ae8be965d8629557221c889dd98/library/std/src/panicking.rs:544:19
[INFO] [stdout]   28:     0x61d0a2e60f2d - std[70759c8f55707aa4]::panic::catch_unwind::<std[70759c8f55707aa4]::rt::lang_start_internal::{closure#0}, isize>
[INFO] [stdout]                                at /rustc/dfb0accb7f508ae8be965d8629557221c889dd98/library/std/src/panic.rs:359:14
[INFO] [stdout]   29:     0x61d0a2e60f2d - std[70759c8f55707aa4]::rt::lang_start_internal
[INFO] [stdout]                                at /rustc/dfb0accb7f508ae8be965d8629557221c889dd98/library/std/src/rt.rs:171:5
[INFO] [stdout]   30:     0x61d0a2b94b10 - std[70759c8f55707aa4]::rt::lang_start::<()>
[INFO] [stdout]   31:     0x61d0a2b98ab5 - main
[INFO] [stdout]   32:     0x7818def41601 - <unknown>
[INFO] [stdout]   33:     0x7818def41718 - __libc_start_main
[INFO] [stdout]   34:     0x61d0a2b94965 - _start
[INFO] [stdout]   35:                0x0 - <unknown>
[INFO] [stdout] 
[INFO] [stdout] 
[INFO] [stdout] 
[INFO] [stdout] failures:
[INFO] [stdout]     src/lib.rs - (line 8)
[INFO] [stdout]     src/lib.rs - get_cmd (line 108)
[INFO] [stdout] 
[INFO] [stdout] test result: FAILED. 3 passed; 2 failed; 0 ignored; 0 measured; 0 filtered out; finished in 15.43s
[INFO] [stdout] 
[INFO] [stdout] all doctests ran in 15.64s; merged doctests compilation took 0.22s
[INFO] [stderr] error: doctest failed, to rerun pass `--doc`
[INFO] running `Command { std: "docker" "inspect" "812f3050977ded3a6f857e3257507aea4b6db9a3bf8719892037768d3e2047be", kill_on_drop: false }`
[INFO] running `Command { std: "docker" "rm" "-f" "812f3050977ded3a6f857e3257507aea4b6db9a3bf8719892037768d3e2047be", kill_on_drop: false }`
[INFO] [stdout] 812f3050977ded3a6f857e3257507aea4b6db9a3bf8719892037768d3e2047be
