[INFO] fetching crate run-clang-tidy 0.3.2...
[INFO] testing run-clang-tidy-0.3.2 against 1.99.0-beta.8+cargoflags=--release for beta-release-1.100-2
[INFO] extracting crate run-clang-tidy 0.3.2 into /workspace/builds/worker-3-tc1/source
[INFO] started tweaking crates.io crate run-clang-tidy 0.3.2
[INFO] removed 0 missing tests
[INFO] finished tweaking crates.io crate run-clang-tidy 0.3.2
[INFO] tweaked toml for crates.io crate run-clang-tidy 0.3.2 written to /workspace/builds/worker-3-tc1/source/Cargo.toml
[INFO] validating manifest of crates.io crate run-clang-tidy 0.3.2 on toolchain 1.99.0-beta.8
[INFO] running `Command { std: CARGO_HOME="/workspace/cargo-home" RUSTUP_HOME="/workspace/rustup-home" "/workspace/cargo-home/bin/cargo" "+1.99.0-beta.8" "metadata" "--manifest-path" "Cargo.toml" "--no-deps", kill_on_drop: false }`
[INFO] crate crates.io crate run-clang-tidy 0.3.2 already has a lockfile, it will not be regenerated
[INFO] running `Command { std: CARGO_HOME="/workspace/cargo-home" RUSTUP_HOME="/workspace/rustup-home" "/workspace/cargo-home/bin/cargo" "+1.99.0-beta.8" "fetch" "--manifest-path" "Cargo.toml", kill_on_drop: false }`
[INFO] [stderr]     Updating crates.io index
[INFO] [stderr]  Downloading crates ...
[INFO] [stderr]   Downloaded globmatch v0.3.1
[INFO] [stderr]   Downloaded console v0.16.2
[INFO] [stderr]   Downloaded termtree v0.5.1
[INFO] [stderr]   Downloaded difflib v0.4.0
[INFO] [stderr]   Downloaded indenter v0.3.4
[INFO] [stderr]   Downloaded tracing-error v0.2.1
[INFO] [stderr]   Downloaded color-spantrace v0.3.0
[INFO] [stderr]   Downloaded terminal_size v0.4.3
[INFO] [stderr]   Downloaded predicates-tree v1.0.12
[INFO] [stderr]   Downloaded predicates-core v1.0.9
[INFO] [stderr]   Downloaded predicates v3.1.3
[INFO] [stderr]   Downloaded assert_cmd v2.1.2
[INFO] [stderr]   Downloaded indicatif v0.18.3
[INFO] [stderr]   Downloaded owo-colors v4.2.3
[INFO] [stderr]   Downloaded eyre v0.6.12
[INFO] [stderr]   Downloaded regex v1.12.2
[INFO] [stderr]   Downloaded portable-atomic v1.13.0
[INFO] [stderr]   Downloaded color-eyre v0.6.5
[INFO] running `Command { std: "docker" "create" "-v" "/var/lib/crater-agent-workspace/builds/worker-3-tc1/source:/opt/rustwide/workdir:ro,Z" "-v" "/var/lib/crater-agent-workspace/builds/worker-3-tc1/target:/opt/rustwide/target:rw,Z" "-v" "/var/lib/crater-agent-workspace/cargo-home:/opt/rustwide/cargo-home:ro,Z" "-v" "/var/lib/crater-agent-workspace/rustup-home:/opt/rustwide/rustup-home:ro,Z" "-m" "1610612736" "--network" "none" "ghcr.io/rust-lang/crates-build-env/linux@sha256:77db811e55d90add9212f6832c23229e3de5f1c1f9905e8cb07319ea15df73ac" "sleep" "infinity", kill_on_drop: false }`
[INFO] [stdout] 21b30814ca45a7cc6bf4d228ccee9f56441e4651832af300a083ed44b6587b48
[INFO] running `Command { std: "docker" "start" "21b30814ca45a7cc6bf4d228ccee9f56441e4651832af300a083ed44b6587b48", kill_on_drop: false }`
[INFO] running `Command { std: "docker" "inspect" "21b30814ca45a7cc6bf4d228ccee9f56441e4651832af300a083ed44b6587b48", kill_on_drop: false }`
[INFO] running `Command { std: "docker" "exec" "-e" "SOURCE_DIR=/opt/rustwide/workdir" "-e" "CARGO_HOME=/opt/rustwide/cargo-home" "-e" "RUSTUP_HOME=/opt/rustwide/rustup-home" "-e" "CARGO_TARGET_DIR=/opt/rustwide/target" "-w" "/opt/rustwide/workdir" "--user" "0:0" "21b30814ca45a7cc6bf4d228ccee9f56441e4651832af300a083ed44b6587b48" "/opt/rustwide/cargo-home/bin/cargo" "+1.99.0-beta.8" "metadata" "--no-deps" "--format-version=1", kill_on_drop: false }`
[INFO] running `Command { std: "docker" "inspect" "21b30814ca45a7cc6bf4d228ccee9f56441e4651832af300a083ed44b6587b48", kill_on_drop: false }`
[INFO] running `Command { std: "docker" "exec" "-e" "SOURCE_DIR=/opt/rustwide/workdir" "-e" "CARGO_HOME=/opt/rustwide/cargo-home" "-e" "RUSTUP_HOME=/opt/rustwide/rustup-home" "-e" "CARGO_TARGET_DIR=/opt/rustwide/target" "-e" "CARGO_INCREMENTAL=0" "-e" "RUST_BACKTRACE=full" "-e" "RUSTFLAGS=--cap-lints=warn" "-e" "RUSTDOCFLAGS=--cap-lints=warn" "-w" "/opt/rustwide/workdir" "--user" "0:0" "21b30814ca45a7cc6bf4d228ccee9f56441e4651832af300a083ed44b6587b48" "/opt/rustwide/cargo-home/bin/cargo" "+1.99.0-beta.8" "build" "--frozen" "--message-format=json" "--release", kill_on_drop: false }`
[INFO] [stderr]    Compiling proc-macro2 v1.0.105
[INFO] [stderr]    Compiling quote v1.0.43
[INFO] [stderr]    Compiling memchr v2.7.6
[INFO] [stderr]    Compiling unicode-ident v1.0.22
[INFO] [stderr]    Compiling once_cell v1.21.3
[INFO] [stderr]    Compiling libc v0.2.180
[INFO] [stderr]    Compiling cfg-if v1.0.4
[INFO] [stderr]    Compiling crossbeam-utils v0.8.21
[INFO] [stderr]    Compiling rustix v1.1.3
[INFO] [stderr]    Compiling regex-syntax v0.8.8
[INFO] [stderr]    Compiling tracing-core v0.1.36
[INFO] [stderr]    Compiling lazy_static v1.5.0
[INFO] [stderr]    Compiling serde_core v1.0.228
[INFO] [stderr]    Compiling sharded-slab v0.1.7
[INFO] [stderr]    Compiling thread_local v1.1.9
[INFO] [stderr]    Compiling aho-corasick v1.1.4
[INFO] [stderr]    Compiling syn v2.0.114
[INFO] [stderr]    Compiling pin-project-lite v0.2.16
[INFO] [stderr]    Compiling utf8parse v0.2.2
[INFO] [stderr]    Compiling linux-raw-sys v0.11.0
[INFO] [stderr]    Compiling owo-colors v4.2.3
[INFO] [stderr]    Compiling zmij v1.0.12
[INFO] [stderr]    Compiling object v0.37.3
[INFO] [stderr]    Compiling bitflags v2.10.0
[INFO] [stderr]    Compiling anstyle-parse v0.2.7
[INFO] [stderr]    Compiling tracing v0.1.44
[INFO] [stderr]    Compiling crossbeam-epoch v0.9.18
[INFO] [stderr]    Compiling tracing-subscriber v0.3.22
[INFO] [stderr]    Compiling color-spantrace v0.3.0
[INFO] [stderr]    Compiling serde v1.0.228
[INFO] [stderr]    Compiling rayon-core v1.13.0
[INFO] [stderr]    Compiling gimli v0.32.3
[INFO] [stderr]    Compiling is_terminal_polyfill v1.70.2
[INFO] [stderr]    Compiling anstyle-query v1.1.5
[INFO] [stderr]    Compiling portable-atomic v1.13.0
[INFO] [stderr]    Compiling log v0.4.29
[INFO] [stderr]    Compiling regex-automata v0.4.13
[INFO] [stderr]    Compiling eyre v0.6.12
[INFO] [stderr]    Compiling colorchoice v1.0.4
[INFO] [stderr]    Compiling anstyle v1.0.13
[INFO] [stderr]    Compiling adler2 v2.0.1
[INFO] [stderr]    Compiling serde_json v1.0.149
[INFO] [stderr]    Compiling ref-cast v1.0.25
[INFO] [stderr]    Compiling miniz_oxide v0.8.9
[INFO] [stderr]    Compiling serde_derive_internals v0.29.1
[INFO] [stderr]    Compiling anstream v0.6.21
[INFO] [stderr]    Compiling addr2line v0.25.1
[INFO] [stderr]    Compiling tracing-error v0.2.1
[INFO] [stderr]    Compiling serde_derive v1.0.228
[INFO] [stderr]    Compiling ref-cast-impl v1.0.25
[INFO] [stderr]    Compiling terminal_size v0.4.3
[INFO] [stderr]    Compiling crossbeam-deque v0.8.6
[INFO] [stderr]    Compiling bstr v1.12.1
[INFO] [stderr]    Compiling unicode-width v0.2.2
[INFO] [stderr]    Compiling rustc-demangle v0.1.26
[INFO] [stderr]    Compiling clap_lex v0.7.6
[INFO] [stderr]    Compiling same-file v1.0.6
[INFO] [stderr]    Compiling itoa v1.0.17
[INFO] [stderr]    Compiling heck v0.5.0
[INFO] [stderr]    Compiling indenter v0.3.4
[INFO] [stderr]    Compiling strsim v0.11.1
[INFO] [stderr]    Compiling clap_builder v4.5.54
[INFO] [stderr]    Compiling clap_derive v4.5.49
[INFO] [stderr]    Compiling walkdir v2.5.0
[INFO] [stderr]    Compiling globset v0.4.18
[INFO] [stderr]    Compiling console v0.16.2
[INFO] [stderr]    Compiling regex v1.12.2
[INFO] [stderr]    Compiling backtrace v0.3.76
[INFO] [stderr]    Compiling schemars_derive v1.2.0
[INFO] [stderr]    Compiling is-terminal v0.4.17
[INFO] [stderr]    Compiling termcolor v1.4.1
[INFO] [stderr]    Compiling humantime v2.3.0
[INFO] [stderr]    Compiling either v1.15.0
[INFO] [stderr]    Compiling run-clang-tidy v0.3.2 (/opt/rustwide/workdir)
[INFO] [stderr]    Compiling unit-prefix v0.5.2
[INFO] [stderr]    Compiling dyn-clone v1.0.20
[INFO] [stderr]    Compiling indicatif v0.18.3
[INFO] [stderr]    Compiling rayon v1.11.0
[INFO] [stderr]    Compiling env_logger v0.10.2
[INFO] [stderr]    Compiling schemars v1.2.0
[INFO] [stderr]    Compiling color-eyre v0.6.5
[INFO] [stderr]    Compiling clap v4.5.54
[INFO] [stderr]    Compiling globmatch v0.3.1
[INFO] [stderr]    Compiling scopeguard v1.2.0
[INFO] [stderr]     Finished `release` profile [optimized] target(s) in 2m 16s
[INFO] running `Command { std: "docker" "inspect" "21b30814ca45a7cc6bf4d228ccee9f56441e4651832af300a083ed44b6587b48", kill_on_drop: false }`
[INFO] running `Command { std: "docker" "exec" "-e" "SOURCE_DIR=/opt/rustwide/workdir" "-e" "CARGO_HOME=/opt/rustwide/cargo-home" "-e" "RUSTUP_HOME=/opt/rustwide/rustup-home" "-e" "CARGO_TARGET_DIR=/opt/rustwide/target" "-e" "CARGO_INCREMENTAL=0" "-e" "RUST_BACKTRACE=full" "-e" "RUSTFLAGS=--cap-lints=warn" "-e" "RUSTDOCFLAGS=--cap-lints=warn" "-w" "/opt/rustwide/workdir" "--user" "0:0" "21b30814ca45a7cc6bf4d228ccee9f56441e4651832af300a083ed44b6587b48" "/opt/rustwide/cargo-home/bin/cargo" "+1.99.0-beta.8" "test" "--frozen" "--no-run" "--message-format=json" "--release", kill_on_drop: false }`
[INFO] [stderr]    Compiling regex-automata v0.4.13
[INFO] [stderr]    Compiling predicates-core v1.0.9
[INFO] [stderr]    Compiling run-clang-tidy v0.3.2 (/opt/rustwide/workdir)
[INFO] [stderr]    Compiling difflib v0.4.0
[INFO] [stderr]    Compiling doc-comment v0.3.4
[INFO] [stderr]    Compiling assert_cmd v2.1.2
[INFO] [stderr]    Compiling termtree v0.5.1
[INFO] [stderr]    Compiling wait-timeout v0.2.1
[INFO] [stderr]    Compiling predicates-tree v1.0.12
[INFO] [stderr]    Compiling predicates v3.1.3
[INFO] [stderr]    Compiling bstr v1.12.1
[INFO] [stderr]    Compiling regex v1.12.2
[INFO] [stderr]    Compiling globset v0.4.18
[INFO] [stderr]    Compiling env_logger v0.10.2
[INFO] [stderr]    Compiling globmatch v0.3.1
[INFO] [stderr]     Finished `release` profile [optimized] target(s) in 41.80s
[INFO] running `Command { std: "docker" "inspect" "21b30814ca45a7cc6bf4d228ccee9f56441e4651832af300a083ed44b6587b48", kill_on_drop: false }`
[INFO] running `Command { std: "docker" "exec" "-e" "SOURCE_DIR=/opt/rustwide/workdir" "-e" "CARGO_HOME=/opt/rustwide/cargo-home" "-e" "RUSTUP_HOME=/opt/rustwide/rustup-home" "-e" "CARGO_TARGET_DIR=/opt/rustwide/target" "-e" "CARGO_INCREMENTAL=0" "-e" "RUST_BACKTRACE=full" "-e" "RUSTFLAGS=--cap-lints=warn" "-e" "RUSTDOCFLAGS=--cap-lints=warn" "-w" "/opt/rustwide/workdir" "--user" "0:0" "21b30814ca45a7cc6bf4d228ccee9f56441e4651832af300a083ed44b6587b48" "/opt/rustwide/cargo-home/bin/cargo" "+1.99.0-beta.8" "test" "--frozen" "--release", kill_on_drop: false }`
[INFO] [stderr]    Compiling run-clang-tidy v0.3.2 (/opt/rustwide/workdir)
[INFO] [stderr]     Finished `release` profile [optimized] target(s) in 10.24s
[INFO] [stderr]      Running unittests src/lib.rs (/opt/rustwide/target/release/deps/run_clang_tidy-08846893bd821056)
[INFO] [stdout] 
[INFO] [stdout] running 2 tests
[INFO] [stdout] test cli::utils::tests::test_path ... ok
[INFO] [stderr]      Running unittests src/main.rs (/opt/rustwide/target/release/deps/run_clang_tidy-cc86f4b62a3da1fe)
[INFO] [stdout] test resolve::tests::test_command_path ... ok
[INFO] [stdout] 
[INFO] [stdout] test result: ok. 2 passed; 0 failed; 0 ignored; 0 measured; 0 filtered out; finished in 0.00s
[INFO] [stdout] 
[INFO] [stdout] 
[INFO] [stdout] running 0 tests
[INFO] [stdout] 
[INFO] [stdout] test result: ok. 0 passed; 0 failed; 0 ignored; 0 measured; 0 filtered out; finished in 0.00s
[INFO] [stdout] 
[INFO] [stderr]      Running tests/invoke.rs (/opt/rustwide/target/release/deps/invoke-df8a21b3d9f2b9df)
[INFO] [stdout] 
[INFO] [stdout] running 10 tests
[INFO] [stdout] test invoke_arg_command ... FAILED
[INFO] [stdout] test invoke_json_command ... FAILED
[INFO] [stdout] test invoke_json_glob ... ok
[INFO] [stdout] test invoke_arg_root ... FAILED
[INFO] [stdout] test invoke_json_and_bin ... FAILED
[INFO] [stdout] test invoke_quiet ... FAILED
[INFO] [stdout] test invoke_arg_tidy ... FAILED
[INFO] [stdout] test-err-fix has a fixable bugprone error, so the execution fails
[INFO] [stdout] command Command { cmd: env -i PATH="/opt/rustwide/workdir/artifacts/clang" "/opt/rustwide/target/release/run-clang-tidy" "/opt/rustwide/workdir/test-files/json/test-err-fix.json", stdin: None, timeout: None } should pass false
[INFO] [stdout] status.success: false, should_pass: false
[INFO] [stdout] status: exit status: 1
[INFO] [stdout] 
[INFO] [stdout]   
[INFO] [stdout]  [ 1/6 ] Found tidy file /opt/rustwide/workdir/test-files/clang-tidy/.clang-tidy
[INFO] [stdout] Error: 
[INFO] [stdout]    0: [91mInvalid configuration for 'buildRoot'[0m
[INFO] [stdout]    1: [91m'/opt/rustwide/workdir/test-files/json/../c-demo/_bld/out' is not a directory[0m
[INFO] [stdout]    2: [91mNo such file or directory (os error 2)[0m
[INFO] [stdout] 
[INFO] [stdout] [96mSuggestion[0m: Check the content of the field 'buildRoot' in /opt/rustwide/workdir/test-files/json/test-err-fix.json.
[INFO] [stdout] 
[INFO] [stdout] FIX #1 will apply parenthesis around the expression, but still fails.
[INFO] [stdout] command Command { cmd: env -i PATH="/opt/rustwide/workdir/artifacts/clang" "/opt/rustwide/target/release/run-clang-tidy" "/opt/rustwide/workdir/test-files/json/test-err-fix.json" "--fix", stdin: None, timeout: None } should pass false
[INFO] [stdout] status.success: false, should_pass: false
[INFO] [stdout] status: exit status: 1
[INFO] [stdout] 
[INFO] [stdout]   
[INFO] [stdout]  [ 1/6 ] Found tidy file /opt/rustwide/workdir/test-files/clang-tidy/.clang-tidy
[INFO] [stdout] Error: 
[INFO] [stdout]    0: [91mInvalid configuration for 'buildRoot'[0m
[INFO] [stdout]    1: [91m'/opt/rustwide/workdir/test-files/json/../c-demo/_bld/out' is not a directory[0m
[INFO] [stdout]    2: [91mNo such file or directory (os error 2)[0m
[INFO] [stdout] 
[INFO] [stdout] [96mSuggestion[0m: Check the content of the field 'buildRoot' in /opt/rustwide/workdir/test-files/json/test-err-fix.json.
[INFO] [stdout] 
[INFO] [stdout] File contents of /opt/rustwide/workdir/test-files/c-demo/pkg_b/module_fix/module_fix.h: 
[INFO] [stdout] /**
[INFO] [stdout]  * \file module_fix.h
[INFO] [stdout]  *
[INFO] [stdout]  * \brief dummy module
[INFO] [stdout]  *
[INFO] [stdout]  * Copyright (c) 2022 Martin Lampacher. All rights reserved.
[INFO] [stdout]  */
[INFO] [stdout] 
[INFO] [stdout] #ifndef _MODULE_FIX_H_
[INFO] [stdout] #define _MODULE_FIX_H_
[INFO] [stdout] 
[INFO] [stdout] /***********************************************************************************************************************
[INFO] [stdout]  * Includes
[INFO] [stdout]  **********************************************************************************************************************/
[INFO] [stdout] 
[INFO] [stdout] #include "module_sub_a.h"
[INFO] [stdout] #include "std_types.h"
[INFO] [stdout] 
[INFO] [stdout] #ifdef __cplusplus
[INFO] [stdout] extern "C" {
[INFO] [stdout] #endif
[INFO] [stdout] 
[INFO] [stdout] /***********************************************************************************************************************
[INFO] [stdout]  * Definitions
[INFO] [stdout]  **********************************************************************************************************************/
[INFO] [stdout] 
[INFO] [stdout] // triggers bugprone-macro-parentheses, which is fixable
[INFO] [stdout] #define MODULE_FIX_EXPRESSION(a, b) a + b
[INFO] [stdout] 
[INFO] [stdout] /***********************************************************************************************************************
[INFO] [stdout]  * Functions
[INFO] [stdout]  **********************************************************************************************************************/
[INFO] [stdout] 
[INFO] [stdout] void module_fix_init (void);
[INFO] [stdout] 
[INFO] [stdout] #ifdef __cplusplus
[INFO] [stdout] }
[INFO] [stdout] #endif
[INFO] [stdout] 
[INFO] [stdout] #endif /* _MODULE_FIX_H_ */
[INFO] [stdout] 
[INFO] [stdout] FIX #2 will apply parenthesis around the parameters, but still fails.
[INFO] [stdout] command Command { cmd: env -i PATH="/opt/rustwide/workdir/artifacts/clang" "/opt/rustwide/target/release/run-clang-tidy" "/opt/rustwide/workdir/test-files/json/test-err-fix.json" "--fix", stdin: None, timeout: None } should pass false
[INFO] [stdout] status.success: false, should_pass: false
[INFO] [stdout] status: exit status: 1
[INFO] [stdout] 
[INFO] [stdout]   
[INFO] [stdout]  [ 1/6 ] Found tidy file /opt/rustwide/workdir/test-files/clang-tidy/.clang-tidy
[INFO] [stdout] Error: 
[INFO] [stdout]    0: [91mInvalid configuration for 'buildRoot'[0m
[INFO] [stdout]    1: [91m'/opt/rustwide/workdir/test-files/json/../c-demo/_bld/out' is not a directory[0m
[INFO] [stdout]    2: [91mNo such file or directory (os error 2)[0m
[INFO] [stdout] 
[INFO] [stdout] [96mSuggestion[0m: Check the content of the field 'buildRoot' in /opt/rustwide/workdir/test-files/json/test-err-fix.json.
[INFO] [stdout] 
[INFO] [stdout] File contents of /opt/rustwide/workdir/test-files/c-demo/pkg_b/module_fix/module_fix.h: 
[INFO] [stdout] /**
[INFO] [stdout]  * \file module_fix.h
[INFO] [stdout]  *
[INFO] [stdout]  * \brief dummy module
[INFO] [stdout]  *
[INFO] [stdout]  * Copyright (c) 2022 Martin Lampacher. All rights reserved.
[INFO] [stdout]  */
[INFO] [stdout] 
[INFO] [stdout] #ifndef _MODULE_FIX_H_
[INFO] [stdout] #define _MODULE_FIX_H_
[INFO] [stdout] 
[INFO] [stdout] /***********************************************************************************************************************
[INFO] [stdout]  * Includes
[INFO] [stdout]  **********************************************************************************************************************/
[INFO] [stdout] 
[INFO] [stdout] #include "module_sub_a.h"
[INFO] [stdout] #include "std_types.h"
[INFO] [stdout] 
[INFO] [stdout] #ifdef __cplusplus
[INFO] [stdout] extern "C" {
[INFO] [stdout] #endif
[INFO] [stdout] 
[INFO] [stdout] /***********************************************************************************************************************
[INFO] [stdout]  * Definitions
[INFO] [stdout]  **********************************************************************************************************************/
[INFO] [stdout] 
[INFO] [stdout] // triggers bugprone-macro-parentheses, which is fixable
[INFO] [stdout] #define MODULE_FIX_EXPRESSION(a, b) a + b
[INFO] [stdout] 
[INFO] [stdout] /***********************************************************************************************************************
[INFO] [stdout]  * Functions
[INFO] [stdout]  **********************************************************************************************************************/
[INFO] [stdout] 
[INFO] [stdout] void module_fix_init (void);
[INFO] [stdout] 
[INFO] [stdout] #ifdef __cplusplus
[INFO] [stdout] }
[INFO] [stdout] #endif
[INFO] [stdout] 
[INFO] [stdout] #endif /* _MODULE_FIX_H_ */
[INFO] [stdout] 
[INFO] [stdout] after all fixes have been applied, the check should pass
[INFO] [stdout] command Command { cmd: env -i PATH="/opt/rustwide/workdir/artifacts/clang" "/opt/rustwide/target/release/run-clang-tidy" "/opt/rustwide/workdir/test-files/json/test-err-fix.json", stdin: None, timeout: None } should pass true
[INFO] [stdout] status.success: false, should_pass: true
[INFO] [stdout] status: exit status: 1
[INFO] [stdout] 
[INFO] [stdout]   
[INFO] [stdout]  [ 1/6 ] Found tidy file /opt/rustwide/workdir/test-files/clang-tidy/.clang-tidy
[INFO] [stdout] Error: 
[INFO] [stdout]    0: [91mInvalid configuration for 'buildRoot'[0m
[INFO] [stdout]    1: [91m'/opt/rustwide/workdir/test-files/json/../c-demo/_bld/out' is not a directory[0m
[INFO] [stdout]    2: [91mNo such file or directory (os error 2)[0m
[INFO] [stdout] 
[INFO] [stdout] [96mSuggestion[0m: Check the content of the field 'buildRoot' in /opt/rustwide/workdir/test-files/json/test-err-fix.json.
[INFO] [stdout] 
[INFO] [stdout] 
[INFO] [stdout] thread 'invoke_arg_fix' (2255) panicked at tests/invoke.rs:72:5:
[INFO] [stdout] assertion `left == right` failed
[INFO] [stdout]   left: false
[INFO] [stdout]  right: true
[INFO] [stdout] stack backtrace:
[INFO] [stdout]    0:     0x5ea879809521 - <unknown>
[INFO] [stdout]    1:     0x5ea87981f9ba - <unknown>
[INFO] [stdout]    2:     0x5ea87980efbc - <unknown>
[INFO] [stdout]    3:     0x5ea8797e49f6 - <unknown>
[INFO] [stdout]    4:     0x5ea879801969 - <unknown>
[INFO] [stdout]    5:     0x5ea879791e00 - <unknown>
[INFO] [stdout]    6:     0x5ea879801b22 - <unknown>
[INFO] [stdout]    7:     0x5ea8797e4aa2 - <unknown>
[INFO] [stdout]    8:     0x5ea8797dd829 - <unknown>
[INFO] [stdout]    9:     0x5ea8797e569d - <unknown>
[INFO] [stdout]   10:     0x5ea87982016c - <unknown>
[INFO] [stdout]   11:     0x5ea879820083 - <unknown>
[INFO] [stdout]   12:     0x5ea87978037c - <unknown>
[INFO] [stdout]   13:     0x5ea87978228a - <unknown>
[INFO] [stdout]   14:     0x5ea879782fb2 - <unknown>
[INFO] [stdout]   15:     0x5ea8797850eb - <unknown>
[INFO] [stdout]   16:     0x5ea879792755 - <unknown>
[INFO] [stdout]   17:     0x5ea87978c014 - <unknown>
[INFO] [stdout]   18:     0x5ea8797958b2 - <unknown>
[INFO] [stdout]   19:     0x5ea879808b89 - <unknown>
[INFO] [stdout]   20:     0x7e85fbb93dfa - <unknown>
[INFO] [stdout]   21:     0x7e85fbc273d4 - clone
[INFO] [stdout]   22:                0x0 - <unknown>
[INFO] [stdout] restoring /opt/rustwide/workdir/test-files/c-demo/pkg_b/module_fix/module_fix.h
[INFO] [stdout] 
[INFO] [stdout] thread 'invoke_arg_fix' (2255) panicked at tests/invoke.rs:354:44:
[INFO] [stdout] failed to restore module_fix.h: Os { code: 30, kind: ReadOnlyFilesystem, message: "Read-only file system" }
[INFO] [stdout] stack backtrace:
[INFO] [stdout]    0:     0x5ea879809521 - <unknown>
[INFO] [stdout]    1:     0x5ea87981f9ba - <unknown>
[INFO] [stdout]    2:     0x5ea87980efbc - <unknown>
[INFO] [stdout]    3:     0x5ea8797e49f6 - <unknown>
[INFO] [stdout]    4:     0x5ea879801969 - <unknown>
[INFO] [stdout]    5:     0x5ea879791e00 - <unknown>
[INFO] [stdout]    6:     0x5ea879801b22 - <unknown>
[INFO] [stdout]    7:     0x5ea8797e4aa2 - <unknown>
[INFO] [stdout]    8:     0x5ea8797dd829 - <unknown>
[INFO] [stdout]    9:     0x5ea8797e569d - <unknown>
[INFO] [stdout]   10:     0x5ea87982016c - <unknown>
[INFO] [stdout]   11:     0x5ea87981ff42 - <unknown>
[INFO] [stdout]   12:     0x5ea879781219 - <unknown>
[INFO] [stdout]   13:     0x5ea8797830ed - <unknown>
[INFO] [stdout]   14:     0x5ea8797850eb - <unknown>
[INFO] [stdout]   15:     0x5ea879792755 - <unknown>
[INFO] [stdout]   16:     0x5ea87978c014 - <unknown>
[INFO] [stdout]   17:     0x5ea8797958b2 - <unknown>
[INFO] [stdout]   18:     0x5ea879808b89 - <unknown>
[INFO] [stdout]   19:     0x7e85fbb93dfa - <unknown>
[INFO] [stdout]   20:     0x7e85fbc273d4 - clone
[INFO] [stdout]   21:                0x0 - <unknown>
[INFO] [stderr] 
[INFO] [stderr] thread 'invoke_arg_fix' (2255) panicked at /rustc/dfb0accb7f508ae8be965d8629557221c889dd98/library/core/src/panicking.rs:233:5:
[INFO] [stderr] panic in a destructor during cleanup
[INFO] [stderr] thread caused non-unwinding panic. aborting.
[INFO] [stderr] error: test failed, to rerun pass `--test invoke`
[INFO] [stderr] 
[INFO] [stderr] Caused by:
[INFO] [stderr]   process didn't exit successfully: `/opt/rustwide/target/release/deps/invoke-df8a21b3d9f2b9df` (signal: 6, SIGABRT: process abort signal)
[INFO] running `Command { std: "docker" "inspect" "21b30814ca45a7cc6bf4d228ccee9f56441e4651832af300a083ed44b6587b48", kill_on_drop: false }`
[INFO] running `Command { std: "docker" "rm" "-f" "21b30814ca45a7cc6bf4d228ccee9f56441e4651832af300a083ed44b6587b48", kill_on_drop: false }`
[INFO] [stdout] 21b30814ca45a7cc6bf4d228ccee9f56441e4651832af300a083ed44b6587b48
