[INFO] fetching crate run-clang-format 1.5.2...
[INFO] testing run-clang-format-1.5.2 against 1.99.0-beta.8+cargoflags=--release for beta-release-1.100-2
[INFO] extracting crate run-clang-format 1.5.2 into /workspace/builds/worker-4-tc1/source
[INFO] removed /workspace/builds/worker-4-tc1/source/.cargo/config.toml
[INFO] started tweaking crates.io crate run-clang-format 1.5.2
[INFO] removed 0 missing tests
[INFO] finished tweaking crates.io crate run-clang-format 1.5.2
[INFO] tweaked toml for crates.io crate run-clang-format 1.5.2 written to /workspace/builds/worker-4-tc1/source/Cargo.toml
[INFO] validating manifest of crates.io crate run-clang-format 1.5.2 on toolchain 1.99.0-beta.8
[INFO] running `Command { std: CARGO_HOME="/workspace/cargo-home" RUSTUP_HOME="/workspace/rustup-home" "/workspace/cargo-home/bin/cargo" "+1.99.0-beta.8" "metadata" "--manifest-path" "Cargo.toml" "--no-deps", kill_on_drop: false }`
[INFO] crate crates.io crate run-clang-format 1.5.2 already has a lockfile, it will not be regenerated
[INFO] running `Command { std: CARGO_HOME="/workspace/cargo-home" RUSTUP_HOME="/workspace/rustup-home" "/workspace/cargo-home/bin/cargo" "+1.99.0-beta.8" "fetch" "--manifest-path" "Cargo.toml", kill_on_drop: false }`
[INFO] [stderr]     Updating crates.io index
[INFO] [stderr]     Blocking waiting for file lock on package cache
[INFO] [stderr]  Downloading crates ...
[INFO] [stderr]   Downloaded globmatch v0.3.1
[INFO] [stderr]   Downloaded schemars v1.2.0
[INFO] [stderr]   Downloaded schemars_derive v1.2.0
[INFO] [stderr]   Downloaded color-eyre v0.6.5
[INFO] running `Command { std: "docker" "create" "-v" "/var/lib/crater-agent-workspace/builds/worker-4-tc1/source:/opt/rustwide/workdir:ro,Z" "-v" "/var/lib/crater-agent-workspace/builds/worker-4-tc1/target:/opt/rustwide/target:rw,Z" "-v" "/var/lib/crater-agent-workspace/cargo-home:/opt/rustwide/cargo-home:ro,Z" "-v" "/var/lib/crater-agent-workspace/rustup-home:/opt/rustwide/rustup-home:ro,Z" "-m" "1610612736" "--network" "none" "ghcr.io/rust-lang/crates-build-env/linux@sha256:77db811e55d90add9212f6832c23229e3de5f1c1f9905e8cb07319ea15df73ac" "sleep" "infinity", kill_on_drop: false }`
[INFO] [stdout] 88bc9a110215e96e922cc5f1639faae69c843824964cc7743d0317bb8a1bcf9b
[INFO] running `Command { std: "docker" "start" "88bc9a110215e96e922cc5f1639faae69c843824964cc7743d0317bb8a1bcf9b", kill_on_drop: false }`
[INFO] running `Command { std: "docker" "inspect" "88bc9a110215e96e922cc5f1639faae69c843824964cc7743d0317bb8a1bcf9b", kill_on_drop: false }`
[INFO] running `Command { std: "docker" "exec" "-e" "SOURCE_DIR=/opt/rustwide/workdir" "-e" "CARGO_HOME=/opt/rustwide/cargo-home" "-e" "RUSTUP_HOME=/opt/rustwide/rustup-home" "-e" "CARGO_TARGET_DIR=/opt/rustwide/target" "-w" "/opt/rustwide/workdir" "--user" "0:0" "88bc9a110215e96e922cc5f1639faae69c843824964cc7743d0317bb8a1bcf9b" "/opt/rustwide/cargo-home/bin/cargo" "+1.99.0-beta.8" "metadata" "--no-deps" "--format-version=1", kill_on_drop: false }`
[INFO] running `Command { std: "docker" "inspect" "88bc9a110215e96e922cc5f1639faae69c843824964cc7743d0317bb8a1bcf9b", kill_on_drop: false }`
[INFO] running `Command { std: "docker" "exec" "-e" "SOURCE_DIR=/opt/rustwide/workdir" "-e" "CARGO_HOME=/opt/rustwide/cargo-home" "-e" "RUSTUP_HOME=/opt/rustwide/rustup-home" "-e" "CARGO_TARGET_DIR=/opt/rustwide/target" "-e" "CARGO_INCREMENTAL=0" "-e" "RUST_BACKTRACE=full" "-e" "RUSTFLAGS=--cap-lints=warn" "-e" "RUSTDOCFLAGS=--cap-lints=warn" "-w" "/opt/rustwide/workdir" "--user" "0:0" "88bc9a110215e96e922cc5f1639faae69c843824964cc7743d0317bb8a1bcf9b" "/opt/rustwide/cargo-home/bin/cargo" "+1.99.0-beta.8" "build" "--frozen" "--message-format=json" "--release", kill_on_drop: false }`
[INFO] [stderr]    Compiling proc-macro2 v1.0.105
[INFO] [stderr]    Compiling unicode-ident v1.0.22
[INFO] [stderr]    Compiling quote v1.0.43
[INFO] [stderr]    Compiling memchr v2.7.6
[INFO] [stderr]    Compiling once_cell v1.21.3
[INFO] [stderr]    Compiling libc v0.2.180
[INFO] [stderr]    Compiling cfg-if v1.0.4
[INFO] [stderr]    Compiling crossbeam-utils v0.8.21
[INFO] [stderr]    Compiling rustix v1.1.3
[INFO] [stderr]    Compiling regex-syntax v0.8.8
[INFO] [stderr]    Compiling lazy_static v1.5.0
[INFO] [stderr]    Compiling serde_core v1.0.228
[INFO] [stderr]    Compiling tracing-core v0.1.36
[INFO] [stderr]    Compiling sharded-slab v0.1.7
[INFO] [stderr]    Compiling thread_local v1.1.9
[INFO] [stderr]    Compiling bitflags v2.10.0
[INFO] [stderr]    Compiling aho-corasick v1.1.4
[INFO] [stderr]    Compiling pin-project-lite v0.2.16
[INFO] [stderr]    Compiling owo-colors v4.2.3
[INFO] [stderr]    Compiling zmij v1.0.12
[INFO] [stderr]    Compiling syn v2.0.114
[INFO] [stderr]    Compiling object v0.37.3
[INFO] [stderr]    Compiling linux-raw-sys v0.11.0
[INFO] [stderr]    Compiling anstyle-parse v0.2.7
[INFO] [stderr]    Compiling tracing v0.1.44
[INFO] [stderr]    Compiling tracing-subscriber v0.3.22
[INFO] [stderr]    Compiling crossbeam-epoch v0.9.18
[INFO] [stderr]    Compiling colorchoice v1.0.4
[INFO] [stderr]    Compiling anstyle v1.0.13
[INFO] [stderr]    Compiling adler2 v2.0.1
[INFO] [stderr]    Compiling rayon-core v1.13.0
[INFO] [stderr]    Compiling portable-atomic v1.13.0
[INFO] [stderr]    Compiling log v0.4.29
[INFO] [stderr]    Compiling eyre v0.6.12
[INFO] [stderr]    Compiling gimli v0.32.3
[INFO] [stderr]    Compiling is_terminal_polyfill v1.70.2
[INFO] [stderr]    Compiling anstyle-query v1.1.5
[INFO] [stderr]    Compiling color-spantrace v0.3.0
[INFO] [stderr]    Compiling regex-automata v0.4.13
[INFO] [stderr]    Compiling serde_json v1.0.149
[INFO] [stderr]    Compiling ref-cast v1.0.25
[INFO] [stderr]    Compiling serde v1.0.228
[INFO] [stderr]    Compiling tracing-error v0.2.1
[INFO] [stderr]    Compiling anstream v0.6.21
[INFO] [stderr]    Compiling terminal_size v0.4.3
[INFO] [stderr]    Compiling miniz_oxide v0.8.9
[INFO] [stderr]    Compiling serde_derive_internals v0.29.1
[INFO] [stderr]    Compiling crossbeam-deque v0.8.6
[INFO] [stderr]    Compiling bstr v1.12.1
[INFO] [stderr]    Compiling addr2line v0.25.1
[INFO] [stderr]    Compiling serde_derive v1.0.228
[INFO] [stderr]    Compiling ref-cast-impl v1.0.25
[INFO] [stderr]    Compiling unicode-width v0.2.2
[INFO] [stderr]    Compiling same-file v1.0.6
[INFO] [stderr]    Compiling itoa v1.0.17
[INFO] [stderr]    Compiling clap_lex v0.7.6
[INFO] [stderr]    Compiling indenter v0.3.4
[INFO] [stderr]    Compiling rustc-demangle v0.1.26
[INFO] [stderr]    Compiling clap_builder v4.5.54
[INFO] [stderr]    Compiling clap_derive v4.5.49
[INFO] [stderr]    Compiling console v0.16.2
[INFO] [stderr]    Compiling walkdir v2.5.0
[INFO] [stderr]    Compiling globset v0.4.18
[INFO] [stderr]    Compiling schemars_derive v1.2.0
[INFO] [stderr]    Compiling regex v1.12.2
[INFO] [stderr]    Compiling backtrace v0.3.76
[INFO] [stderr]    Compiling is-terminal v0.4.17
[INFO] [stderr]    Compiling either v1.15.0
[INFO] [stderr]    Compiling run-clang-format v1.5.2 (/opt/rustwide/workdir)
[INFO] [stderr]    Compiling unit-prefix v0.5.2
[INFO] [stderr]    Compiling dyn-clone v1.0.20
[INFO] [stderr]    Compiling termcolor v1.4.1
[INFO] [stderr]    Compiling humantime v2.3.0
[INFO] [stderr]    Compiling schemars v1.2.0
[INFO] [stderr]    Compiling env_logger v0.10.2
[INFO] [stderr]    Compiling indicatif v0.18.3
[INFO] [stderr]    Compiling rayon v1.11.0
[INFO] [stderr]    Compiling color-eyre v0.6.5
[INFO] [stderr]    Compiling clap v4.5.54
[INFO] [stderr]    Compiling globmatch v0.3.1
[INFO] [stderr]    Compiling scopeguard v1.2.0
[INFO] [stderr]     Finished `release` profile [optimized] target(s) in 2m 17s
[INFO] running `Command { std: "docker" "inspect" "88bc9a110215e96e922cc5f1639faae69c843824964cc7743d0317bb8a1bcf9b", kill_on_drop: false }`
[INFO] running `Command { std: "docker" "exec" "-e" "SOURCE_DIR=/opt/rustwide/workdir" "-e" "CARGO_HOME=/opt/rustwide/cargo-home" "-e" "RUSTUP_HOME=/opt/rustwide/rustup-home" "-e" "CARGO_TARGET_DIR=/opt/rustwide/target" "-e" "CARGO_INCREMENTAL=0" "-e" "RUST_BACKTRACE=full" "-e" "RUSTFLAGS=--cap-lints=warn" "-e" "RUSTDOCFLAGS=--cap-lints=warn" "-w" "/opt/rustwide/workdir" "--user" "0:0" "88bc9a110215e96e922cc5f1639faae69c843824964cc7743d0317bb8a1bcf9b" "/opt/rustwide/cargo-home/bin/cargo" "+1.99.0-beta.8" "test" "--frozen" "--no-run" "--message-format=json" "--release", kill_on_drop: false }`
[INFO] [stderr]    Compiling regex-automata v0.4.13
[INFO] [stderr]    Compiling predicates-core v1.0.9
[INFO] [stderr]    Compiling run-clang-format v1.5.2 (/opt/rustwide/workdir)
[INFO] [stderr]    Compiling termtree v0.5.1
[INFO] [stderr]    Compiling difflib v0.4.0
[INFO] [stderr]    Compiling doc-comment v0.3.4
[INFO] [stderr]    Compiling assert_cmd v2.1.2
[INFO] [stderr]    Compiling wait-timeout v0.2.1
[INFO] [stderr]    Compiling predicates-tree v1.0.12
[INFO] [stderr]    Compiling predicates v3.1.3
[INFO] [stderr]    Compiling bstr v1.12.1
[INFO] [stderr]    Compiling regex v1.12.2
[INFO] [stderr]    Compiling env_logger v0.10.2
[INFO] [stderr]    Compiling globset v0.4.18
[INFO] [stderr]    Compiling globmatch v0.3.1
[INFO] [stderr]     Finished `release` profile [optimized] target(s) in 43.69s
[INFO] running `Command { std: "docker" "inspect" "88bc9a110215e96e922cc5f1639faae69c843824964cc7743d0317bb8a1bcf9b", kill_on_drop: false }`
[INFO] running `Command { std: "docker" "exec" "-e" "SOURCE_DIR=/opt/rustwide/workdir" "-e" "CARGO_HOME=/opt/rustwide/cargo-home" "-e" "RUSTUP_HOME=/opt/rustwide/rustup-home" "-e" "CARGO_TARGET_DIR=/opt/rustwide/target" "-e" "CARGO_INCREMENTAL=0" "-e" "RUST_BACKTRACE=full" "-e" "RUSTFLAGS=--cap-lints=warn" "-e" "RUSTDOCFLAGS=--cap-lints=warn" "-w" "/opt/rustwide/workdir" "--user" "0:0" "88bc9a110215e96e922cc5f1639faae69c843824964cc7743d0317bb8a1bcf9b" "/opt/rustwide/cargo-home/bin/cargo" "+1.99.0-beta.8" "test" "--frozen" "--release", kill_on_drop: false }`
[INFO] [stderr]    Compiling run-clang-format v1.5.2 (/opt/rustwide/workdir)
[INFO] [stderr]     Finished `release` profile [optimized] target(s) in 11.01s
[INFO] [stderr]      Running unittests src/lib.rs (/opt/rustwide/target/release/deps/run_clang_format-1cbb7ca890625562)
[INFO] [stdout] 
[INFO] [stdout] running 3 tests
[INFO] [stdout] test resolve::tests::test_command_path ... ok
[INFO] [stdout] test cli::utils::tests::test_path ... ok
[INFO] [stderr]      Running unittests src/main.rs (/opt/rustwide/target/release/deps/run_clang_format-e034b66e916f2f3f)
[INFO] [stdout] test globs::tests::test_foreach ... ok
[INFO] [stdout] 
[INFO] [stdout] test result: ok. 3 passed; 0 failed; 0 ignored; 0 measured; 0 filtered out; finished in 0.01s
[INFO] [stdout] 
[INFO] [stderr]      Running tests/invoke.rs (/opt/rustwide/target/release/deps/invoke-f156b91e08d642e9)
[INFO] [stdout] 
[INFO] [stdout] running 0 tests
[INFO] [stdout] 
[INFO] [stdout] test result: ok. 0 passed; 0 failed; 0 ignored; 0 measured; 0 filtered out; finished in 0.00s
[INFO] [stdout] 
[INFO] [stdout] 
[INFO] [stdout] running 11 tests
[INFO] [stdout] test invoke_json_glob ... ok
[INFO] [stdout] test invoke_arg_check ... FAILED
[INFO] [stdout] test invoke_json_and_bin ... FAILED
[INFO] [stdout] test invoke_strict_root ... FAILED
[INFO] [stdout] test invoke_strict_root_err ... ok
[INFO] [stdout] test invoke_arg_style ... FAILED
[INFO] [stdout] test invoke_json_command ... FAILED
[INFO] [stdout] test invoke_quiet ... FAILED
[INFO] [stdout] test invoke_arg_command ... FAILED
[INFO] [stdout] test invoke_subs ... ok
[INFO] [stderr] error: test failed, to rerun pass `--test invoke`
[INFO] [stdout] test invoke_json_style ... FAILED
[INFO] [stdout] 
[INFO] [stdout] failures:
[INFO] [stdout] 
[INFO] [stdout] ---- invoke_arg_check stdout ----
[INFO] [stdout] status: exit status: 1
[INFO] [stdout] 
[INFO] [stdout]   
[INFO] [stdout]  [ 1/5 ] Found style file /opt/rustwide/workdir/test-files/clang-format/named.clang-format
[INFO] [stdout]  [ 2/5 ] Found 6 files for the provided path patterns
[INFO] [stdout] Error: 
[INFO] [stdout]    0: [91mInvalid configuration for field 'command'[0m
[INFO] [stdout]    1: [91m'../../artifacts/clang/clang-format' does not exist[0m
[INFO] [stdout] 
[INFO] [stdout] [96mSuggestion[0m: When using relative paths for the field 'command' please make sure to provide a valid path relative to the <JSON> root directory.
[INFO] [stdout] 
[INFO] [stdout] 
[INFO] [stdout] thread 'invoke_arg_check' (2221) panicked at tests/invoke.rs:57:5:
[INFO] [stdout] assertion `left == right` failed
[INFO] [stdout]   left: false
[INFO] [stdout]  right: true
[INFO] [stdout] stack backtrace:
[INFO] [stdout]    0:     0x60a138d790c1 - <unknown>
[INFO] [stdout]    1:     0x60a138d8f53a - <unknown>
[INFO] [stdout]    2:     0x60a138d7eb3c - <unknown>
[INFO] [stdout]    3:     0x60a138d54786 - <unknown>
[INFO] [stdout]    4:     0x60a138d716f9 - <unknown>
[INFO] [stdout]    5:     0x60a138d01b90 - <unknown>
[INFO] [stdout]    6:     0x60a138d718b2 - <unknown>
[INFO] [stdout]    7:     0x60a138d54832 - <unknown>
[INFO] [stdout]    8:     0x60a138d4d5b9 - <unknown>
[INFO] [stdout]    9:     0x60a138d5542d - <unknown>
[INFO] [stdout]   10:     0x60a138d8fcec - <unknown>
[INFO] [stdout]   11:     0x60a138d8fc03 - <unknown>
[INFO] [stdout]   12:     0x60a138cf19a1 - <unknown>
[INFO] [stdout]   13:     0x60a138cf1d53 - <unknown>
[INFO] [stdout]   14:     0x60a138cf3198 - <unknown>
[INFO] [stdout]   15:     0x60a138cf4e7b - <unknown>
[INFO] [stdout]   16:     0x60a138d024e5 - <unknown>
[INFO] [stdout]   17:     0x60a138cfbda4 - <unknown>
[INFO] [stdout]   18:     0x60a138d05642 - <unknown>
[INFO] [stdout]   19:     0x60a138d78919 - <unknown>
[INFO] [stdout]   20:     0x718120e87dfa - <unknown>
[INFO] [stdout]   21:     0x718120f1b3d4 - clone
[INFO] [stdout]   22:                0x0 - <unknown>
[INFO] [stdout] 
[INFO] [stdout] ---- invoke_json_and_bin stdout ----
[INFO] [stdout] 
[INFO] [stdout] thread 'invoke_json_and_bin' (2224) panicked at /rustc/dfb0accb7f508ae8be965d8629557221c889dd98/library/core/src/ops/function.rs:250:5:
[INFO] [stdout] Unexpected failure.
[INFO] [stdout] code=1
[INFO] [stdout] stderr=``````
[INFO] [stdout]   
[INFO] [stdout]  [ 1/5 ] No style file specified, assuming .clang-format exists in the project tree
[INFO] [stdout]  [ 2/5 ] Found 0 files for the provided path patterns
[INFO] [stdout] Error: 
[INFO] [stdout]    0: \x1b[91mFailed to execute the specified command \'clang-format\'\x1b[0m
[INFO] [stdout]    1: \x1b[91mNo such file or directory (os error 2)\x1b[0m
[INFO] [stdout] 
[INFO] [stdout] \x1b[96mSuggestion\x1b[0m: Please make sure that the command \'clang-format\' exists or is in your search path
[INFO] [stdout] ```
[INFO] [stdout] ```
[INFO] [stdout] command=`env -i PATH="/opt/rustwide/workdir/artifacts/clang" "/opt/rustwide/target/release/run-clang-format" "/opt/rustwide/workdir/test-files/json/test-ok-empty-paths.json"`
[INFO] [stdout] code=1
[INFO] [stdout] stdout=""
[INFO] [stdout] stderr=```
[INFO] [stdout]   
[INFO] [stdout]  [ 1/5 ] No style file specified, assuming .clang-format exists in the project tree
[INFO] [stdout]  [ 2/5 ] Found 0 files for the provided path patterns
[INFO] [stdout] Error: 
[INFO] [stdout]    0: \x1b[91mFailed to execute the specified command \'clang-format\'\x1b[0m
[INFO] [stdout]    1: \x1b[91mNo such file or directory (os error 2)\x1b[0m
[INFO] [stdout] 
[INFO] [stdout] \x1b[96mSuggestion\x1b[0m: Please make sure that the command \'clang-format\' exists or is in your search path
[INFO] [stdout] ```
[INFO] [stdout] 
[INFO] [stdout] 
[INFO] [stdout] stack backtrace:
[INFO] [stdout]    0:     0x60a138d790c1 - <unknown>
[INFO] [stdout]    1:     0x60a138d8f53a - <unknown>
[INFO] [stdout]    2:     0x60a138d7eb3c - <unknown>
[INFO] [stdout]    3:     0x60a138d54786 - <unknown>
[INFO] [stdout]    4:     0x60a138d716f9 - <unknown>
[INFO] [stdout]    5:     0x60a138d01b90 - <unknown>
[INFO] [stdout]    6:     0x60a138d718b2 - <unknown>
[INFO] [stdout]    7:     0x60a138d54832 - <unknown>
[INFO] [stdout]    8:     0x60a138d4d5b9 - <unknown>
[INFO] [stdout]    9:     0x60a138d5542d - <unknown>
[INFO] [stdout]   10:     0x60a138d8fcec - <unknown>
[INFO] [stdout]   11:     0x60a138d35e43 - <unknown>
[INFO] [stdout]   12:     0x60a138d36216 - <unknown>
[INFO] [stdout]   13:     0x60a138cf4711 - <unknown>
[INFO] [stdout]   14:     0x60a138cf4e7b - <unknown>
[INFO] [stdout]   15:     0x60a138d024e5 - <unknown>
[INFO] [stdout]   16:     0x60a138cfbda4 - <unknown>
[INFO] [stdout]   17:     0x60a138d05642 - <unknown>
[INFO] [stdout]   18:     0x60a138d78919 - <unknown>
[INFO] [stdout]   19:     0x718120e87dfa - <unknown>
[INFO] [stdout]   20:     0x718120f1b3d4 - clone
[INFO] [stdout]   21:                0x0 - <unknown>
[INFO] [stdout] 
[INFO] [stdout] ---- invoke_strict_root stdout ----
[INFO] [stdout] status: exit status: 1
[INFO] [stdout] 
[INFO] [stdout]   
[INFO] [stdout]  [ 1/5 ] Found style file /opt/rustwide/workdir/test-files/clang-format/named.clang-format
[INFO] [stdout]  [ 2/5 ] Found 19 files for the provided path patterns (filtered 4 paths)
[INFO] [stdout] Error: 
[INFO] [stdout]    0: [91mInvalid configuration for field 'command'[0m
[INFO] [stdout]    1: [91m'../../artifacts/clang/clang-format' does not exist[0m
[INFO] [stdout] 
[INFO] [stdout] [96mSuggestion[0m: When using relative paths for the field 'command' please make sure to provide a valid path relative to the <JSON> root directory.
[INFO] [stdout] 
[INFO] [stdout] 
[INFO] [stdout] thread 'invoke_strict_root' (2253) panicked at tests/invoke.rs:57:5:
[INFO] [stdout] assertion `left == right` failed
[INFO] [stdout]   left: false
[INFO] [stdout]  right: true
[INFO] [stdout] stack backtrace:
[INFO] [stdout]    0:     0x60a138d790c1 - <unknown>
[INFO] [stdout]    1:     0x60a138d8f53a - <unknown>
[INFO] [stdout]    2:     0x60a138d7eb3c - <unknown>
[INFO] [stdout]    3:     0x60a138d54786 - <unknown>
[INFO] [stdout]    4:     0x60a138d716f9 - <unknown>
[INFO] [stdout]    5:     0x60a138d01b90 - <unknown>
[INFO] [stdout]    6:     0x60a138d718b2 - <unknown>
[INFO] [stdout]    7:     0x60a138d54832 - <unknown>
[INFO] [stdout]    8:     0x60a138d4d5b9 - <unknown>
[INFO] [stdout]    9:     0x60a138d5542d - <unknown>
[INFO] [stdout]   10:     0x60a138d8fcec - <unknown>
[INFO] [stdout]   11:     0x60a138d8fc03 - <unknown>
[INFO] [stdout]   12:     0x60a138cf19a1 - <unknown>
[INFO] [stdout]   13:     0x60a138cf1d53 - <unknown>
[INFO] [stdout]   14:     0x60a138cf4316 - <unknown>
[INFO] [stdout]   15:     0x60a138cf4e7b - <unknown>
[INFO] [stdout]   16:     0x60a138d024e5 - <unknown>
[INFO] [stdout]   17:     0x60a138cfbda4 - <unknown>
[INFO] [stdout]   18:     0x60a138d05642 - <unknown>
[INFO] [stdout]   19:     0x60a138d78919 - <unknown>
[INFO] [stdout]   20:     0x718120e87dfa - <unknown>
[INFO] [stdout]   21:     0x718120f1b3d4 - clone
[INFO] [stdout]   22:                0x0 - <unknown>
[INFO] [stdout] 
[INFO] [stdout] ---- invoke_arg_style stdout ----
[INFO] [stdout] status: exit status: 1
[INFO] [stdout] 
[INFO] [stdout]   
[INFO] [stdout]  [ 1/5 ] Found style file /opt/rustwide/workdir/test-files/clang-format/named.clang-format
[INFO] [stdout]  [ 2/5 ] Found 0 files for the provided path patterns
[INFO] [stdout] Error: 
[INFO] [stdout]    0: [91mFailed to execute the specified command 'clang-format'[0m
[INFO] [stdout]    1: [91mNo such file or directory (os error 2)[0m
[INFO] [stdout] 
[INFO] [stdout] [96mSuggestion[0m: Please make sure that the command 'clang-format' exists or is in your search path
[INFO] [stdout] 
[INFO] [stdout] 
[INFO] [stdout] thread 'invoke_arg_style' (2223) panicked at tests/invoke.rs:57:5:
[INFO] [stdout] assertion `left == right` failed
[INFO] [stdout]   left: false
[INFO] [stdout]  right: true
[INFO] [stdout] stack backtrace:
[INFO] [stdout]    0:     0x60a138d790c1 - <unknown>
[INFO] [stdout]    1:     0x60a138d8f53a - <unknown>
[INFO] [stdout]    2:     0x60a138d7eb3c - <unknown>
[INFO] [stdout]    3:     0x60a138d54786 - <unknown>
[INFO] [stdout]    4:     0x60a138d716f9 - <unknown>
[INFO] [stdout]    5:     0x60a138d01b90 - <unknown>
[INFO] [stdout]    6:     0x60a138d718b2 - <unknown>
[INFO] [stdout]    7:     0x60a138d54832 - <unknown>
[INFO] [stdout]    8:     0x60a138d4d5b9 - <unknown>
[INFO] [stdout]    9:     0x60a138d5542d - <unknown>
[INFO] [stdout]   10:     0x60a138d8fcec - <unknown>
[INFO] [stdout]   11:     0x60a138d8fc03 - <unknown>
[INFO] [stdout]   12:     0x60a138cf19a1 - <unknown>
[INFO] [stdout]   13:     0x60a138cf1d53 - <unknown>
[INFO] [stdout]   14:     0x60a138cf34cc - <unknown>
[INFO] [stdout]   15:     0x60a138cf4e7b - <unknown>
[INFO] [stdout]   16:     0x60a138d024e5 - <unknown>
[INFO] [stdout]   17:     0x60a138cfbda4 - <unknown>
[INFO] [stdout]   18:     0x60a138d05642 - <unknown>
[INFO] [stdout]   19:     0x60a138d78919 - <unknown>
[INFO] [stdout]   20:     0x718120e87dfa - <unknown>
[INFO] [stdout]   21:     0x718120f1b3d4 - clone
[INFO] [stdout]   22:                0x0 - <unknown>
[INFO] [stdout] 
[INFO] [stdout] ---- invoke_json_command stdout ----
[INFO] [stdout] checking test-files/json/test-err-invalid-command.json
[INFO] [stdout] checking test-files/json/test-err-invalid-command-file.json
[INFO] [stdout] checking test-files/json/test-err-invalid-command-name.json
[INFO] [stdout] checking test-files/json/test-ok-style-and-command.json
[INFO] [stdout] status: exit status: 1
[INFO] [stdout] 
[INFO] [stdout]   
[INFO] [stdout]  [ 1/5 ] Found style file /opt/rustwide/workdir/test-files/clang-format/.clang-format
[INFO] [stdout]  [ 2/5 ] Found 0 files for the provided path patterns
[INFO] [stdout] Error: 
[INFO] [stdout]    0: [91mInvalid configuration for field 'command'[0m
[INFO] [stdout]    1: [91m'../../artifacts/clang/clang-format' does not exist[0m
[INFO] [stdout] 
[INFO] [stdout] [96mSuggestion[0m: When using relative paths for the field 'command' please make sure to provide a valid path relative to the <JSON> root directory.
[INFO] [stdout] 
[INFO] [stdout] 
[INFO] [stdout] thread 'invoke_json_command' (2225) panicked at tests/invoke.rs:57:5:
[INFO] [stdout] assertion `left == right` failed
[INFO] [stdout]   left: false
[INFO] [stdout]  right: true
[INFO] [stdout] stack backtrace:
[INFO] [stdout]    0:     0x60a138d790c1 - <unknown>
[INFO] [stdout]    1:     0x60a138d8f53a - <unknown>
[INFO] [stdout]    2:     0x60a138d7eb3c - <unknown>
[INFO] [stdout]    3:     0x60a138d54786 - <unknown>
[INFO] [stdout]    4:     0x60a138d716f9 - <unknown>
[INFO] [stdout]    5:     0x60a138d01b90 - <unknown>
[INFO] [stdout]    6:     0x60a138d718b2 - <unknown>
[INFO] [stdout]    7:     0x60a138d54832 - <unknown>
[INFO] [stdout]    8:     0x60a138d4d5b9 - <unknown>
[INFO] [stdout]    9:     0x60a138d5542d - <unknown>
[INFO] [stdout]   10:     0x60a138d8fcec - <unknown>
[INFO] [stdout]   11:     0x60a138d8fc03 - <unknown>
[INFO] [stdout]   12:     0x60a138cf19a1 - <unknown>
[INFO] [stdout]   13:     0x60a138cf1d53 - <unknown>
[INFO] [stdout]   14:     0x60a138cf4aa7 - <unknown>
[INFO] [stdout]   15:     0x60a138cf4e7b - <unknown>
[INFO] [stdout]   16:     0x60a138d024e5 - <unknown>
[INFO] [stdout]   17:     0x60a138cfbda4 - <unknown>
[INFO] [stdout]   18:     0x60a138d05642 - <unknown>
[INFO] [stdout]   19:     0x60a138d78919 - <unknown>
[INFO] [stdout]   20:     0x718120e87dfa - <unknown>
[INFO] [stdout]   21:     0x718120f1b3d4 - clone
[INFO] [stdout]   22:                0x0 - <unknown>
[INFO] [stdout] 
[INFO] [stdout] ---- invoke_quiet stdout ----
[INFO] [stdout] status: exit status: 1
[INFO] [stdout] 
[INFO] [stdout] Error: 
[INFO] [stdout]    0: [91mFailed to execute the specified command 'clang-format'[0m
[INFO] [stdout]    1: [91mNo such file or directory (os error 2)[0m
[INFO] [stdout] 
[INFO] [stdout] [96mSuggestion[0m: Please make sure that the command 'clang-format' exists or is in your search path
[INFO] [stdout] 
[INFO] [stdout] 
[INFO] [stdout] thread 'invoke_quiet' (2231) panicked at tests/invoke.rs:223:13:
[INFO] [stdout] assertion `left == right` failed
[INFO] [stdout]   left: 0
[INFO] [stdout]  right: 236
[INFO] [stdout] stack backtrace:
[INFO] [stdout]    0:     0x60a138d790c1 - <unknown>
[INFO] [stdout]    1:     0x60a138d8f53a - <unknown>
[INFO] [stdout]    2:     0x60a138d7eb3c - <unknown>
[INFO] [stdout]    3:     0x60a138d54786 - <unknown>
[INFO] [stdout]    4:     0x60a138d716f9 - <unknown>
[INFO] [stdout]    5:     0x60a138d01b90 - <unknown>
[INFO] [stdout]    6:     0x60a138d718b2 - <unknown>
[INFO] [stdout]    7:     0x60a138d54832 - <unknown>
[INFO] [stdout]    8:     0x60a138d4d5b9 - <unknown>
[INFO] [stdout]    9:     0x60a138d5542d - <unknown>
[INFO] [stdout]   10:     0x60a138d8fcec - <unknown>
[INFO] [stdout]   11:     0x60a138d8fc03 - <unknown>
[INFO] [stdout]   12:     0x60a138d8bf08 - <unknown>
[INFO] [stdout]   13:     0x60a138cf25a6 - <unknown>
[INFO] [stdout]   14:     0x60a138cf2e5b - <unknown>
[INFO] [stdout]   15:     0x60a138cf4e7b - <unknown>
[INFO] [stdout]   16:     0x60a138d024e5 - <unknown>
[INFO] [stdout]   17:     0x60a138cfbda4 - <unknown>
[INFO] [stdout]   18:     0x60a138d05642 - <unknown>
[INFO] [stdout]   19:     0x60a138d78919 - <unknown>
[INFO] [stdout]   20:     0x718120e87dfa - <unknown>
[INFO] [stdout]   21:     0x718120f1b3d4 - clone
[INFO] [stdout]   22:                0x0 - <unknown>
[INFO] [stdout] 
[INFO] [stdout] ---- invoke_arg_command stdout ----
[INFO] [stdout] status: exit status: 1
[INFO] [stdout] 
[INFO] [stdout] Error: 
[INFO] [stdout]    0: [91mInvalid parameter for option --command[0m
[INFO] [stdout]    1: [91m'/opt/rustwide/workdir/artifacts/clang/clang-format' does not exist[0m
[INFO] [stdout] 
[INFO] [stdout] [96mSuggestion[0m: Please make sure that '--command' is either a valid absolute path, a valid path relative to the current working directory or a known application
[INFO] [stdout] 
[INFO] [stdout] 
[INFO] [stdout] thread 'invoke_arg_command' (2222) panicked at tests/invoke.rs:57:5:
[INFO] [stdout] assertion `left == right` failed
[INFO] [stdout]   left: false
[INFO] [stdout]  right: true
[INFO] [stdout] stack backtrace:
[INFO] [stdout]    0:     0x60a138d790c1 - <unknown>
[INFO] [stdout]    1:     0x60a138d8f53a - <unknown>
[INFO] [stdout]    2:     0x60a138d7eb3c - <unknown>
[INFO] [stdout]    3:     0x60a138d54786 - <unknown>
[INFO] [stdout]    4:     0x60a138d716f9 - <unknown>
[INFO] [stdout]    5:     0x60a138d01b90 - <unknown>
[INFO] [stdout]    6:     0x60a138d718b2 - <unknown>
[INFO] [stdout]    7:     0x60a138d54832 - <unknown>
[INFO] [stdout]    8:     0x60a138d4d5b9 - <unknown>
[INFO] [stdout]    9:     0x60a138d5542d - <unknown>
[INFO] [stdout]   10:     0x60a138d8fcec - <unknown>
[INFO] [stdout]   11:     0x60a138d8fc03 - <unknown>
[INFO] [stdout]   12:     0x60a138cf19a1 - <unknown>
[INFO] [stdout]   13:     0x60a138cf1d53 - <unknown>
[INFO] [stdout]   14:     0x60a138cf3f66 - <unknown>
[INFO] [stdout]   15:     0x60a138cf4e7b - <unknown>
[INFO] [stdout]   16:     0x60a138d024e5 - <unknown>
[INFO] [stdout]   17:     0x60a138cfbda4 - <unknown>
[INFO] [stdout]   18:     0x60a138d05642 - <unknown>
[INFO] [stdout]   19:     0x60a138d78919 - <unknown>
[INFO] [stdout]   20:     0x718120e87dfa - <unknown>
[INFO] [stdout]   21:     0x718120f1b3d4 - clone
[INFO] [stdout]   22:                0x0 - <unknown>
[INFO] [stdout] 
[INFO] [stdout] ---- invoke_json_style stdout ----
[INFO] [stdout] checking test-files/json/test-err-invalid-style-path.json
[INFO] [stdout] checking test-files/json/test-err-invalid-style-file.json
[INFO] [stdout] checking test-files/json/test-err-no-root.json
[INFO] [stdout] checking test-files/json/test-err-invalid-root.json
[INFO] [stdout] checking test-files/json/test-ok-style.json
[INFO] [stdout] status: exit status: 1
[INFO] [stdout] 
[INFO] [stdout]   
[INFO] [stdout]  [ 1/5 ] Found style file /opt/rustwide/workdir/test-files/clang-format/.clang-format
[INFO] [stdout]  [ 2/5 ] Found 0 files for the provided path patterns
[INFO] [stdout] Error: 
[INFO] [stdout]    0: [91mFailed to execute the specified command 'clang-format'[0m
[INFO] [stdout]    1: [91mNo such file or directory (os error 2)[0m
[INFO] [stdout] 
[INFO] [stdout] [96mSuggestion[0m: Please make sure that the command 'clang-format' exists or is in your search path
[INFO] [stdout] 
[INFO] [stdout] 
[INFO] [stdout] thread 'invoke_json_style' (2230) panicked at tests/invoke.rs:57:5:
[INFO] [stdout] assertion `left == right` failed
[INFO] [stdout]   left: false
[INFO] [stdout]  right: true
[INFO] [stdout] stack backtrace:
[INFO] [stdout]    0:     0x60a138d790c1 - <unknown>
[INFO] [stdout]    1:     0x60a138d8f53a - <unknown>
[INFO] [stdout]    2:     0x60a138d7eb3c - <unknown>
[INFO] [stdout]    3:     0x60a138d54786 - <unknown>
[INFO] [stdout]    4:     0x60a138d716f9 - <unknown>
[INFO] [stdout]    5:     0x60a138d01b90 - <unknown>
[INFO] [stdout]    6:     0x60a138d718b2 - <unknown>
[INFO] [stdout]    7:     0x60a138d54832 - <unknown>
[INFO] [stdout]    8:     0x60a138d4d5b9 - <unknown>
[INFO] [stdout]    9:     0x60a138d5542d - <unknown>
[INFO] [stdout]   10:     0x60a138d8fcec - <unknown>
[INFO] [stdout]   11:     0x60a138d8fc03 - <unknown>
[INFO] [stdout]   12:     0x60a138cf19a1 - <unknown>
[INFO] [stdout]   13:     0x60a138cf1d53 - <unknown>
[INFO] [stdout]   14:     0x60a138cf3ba3 - <unknown>
[INFO] [stdout]   15:     0x60a138cf4e7b - <unknown>
[INFO] [stdout]   16:     0x60a138d024e5 - <unknown>
[INFO] [stdout]   17:     0x60a138cfbda4 - <unknown>
[INFO] [stdout]   18:     0x60a138d05642 - <unknown>
[INFO] [stdout]   19:     0x60a138d78919 - <unknown>
[INFO] [stdout]   20:     0x718120e87dfa - <unknown>
[INFO] [stdout]   21:     0x718120f1b3d4 - clone
[INFO] [stdout]   22:                0x0 - <unknown>
[INFO] [stdout] 
[INFO] [stdout] 
[INFO] [stdout] failures:
[INFO] [stdout]     invoke_arg_check
[INFO] [stdout]     invoke_arg_command
[INFO] [stdout]     invoke_arg_style
[INFO] [stdout]     invoke_json_and_bin
[INFO] [stdout]     invoke_json_command
[INFO] [stdout]     invoke_json_style
[INFO] [stdout]     invoke_quiet
[INFO] [stdout]     invoke_strict_root
[INFO] [stdout] 
[INFO] [stdout] test result: FAILED. 3 passed; 8 failed; 0 ignored; 0 measured; 0 filtered out; finished in 0.07s
[INFO] [stdout] 
[INFO] running `Command { std: "docker" "inspect" "88bc9a110215e96e922cc5f1639faae69c843824964cc7743d0317bb8a1bcf9b", kill_on_drop: false }`
[INFO] running `Command { std: "docker" "rm" "-f" "88bc9a110215e96e922cc5f1639faae69c843824964cc7743d0317bb8a1bcf9b", kill_on_drop: false }`
[INFO] [stdout] 88bc9a110215e96e922cc5f1639faae69c843824964cc7743d0317bb8a1bcf9b
