[INFO] fetching crate rulekit 0.2.4...
[INFO] testing rulekit-0.2.4 against 1.100.0-beta.1+cargoflags=--release for beta-release-1.100-2
[INFO] extracting crate rulekit 0.2.4 into /workspace/builds/worker-7-tc2/source
[INFO] started tweaking crates.io crate rulekit 0.2.4
[INFO] removed 0 missing tests
[INFO] finished tweaking crates.io crate rulekit 0.2.4
[INFO] tweaked toml for crates.io crate rulekit 0.2.4 written to /workspace/builds/worker-7-tc2/source/Cargo.toml
[INFO] validating manifest of crates.io crate rulekit 0.2.4 on toolchain 1.100.0-beta.1
[INFO] running `Command { std: CARGO_HOME="/workspace/cargo-home" RUSTUP_HOME="/workspace/rustup-home" "/workspace/cargo-home/bin/cargo" "+1.100.0-beta.1" "metadata" "--manifest-path" "Cargo.toml" "--no-deps", kill_on_drop: false }`
[INFO] crate crates.io crate rulekit 0.2.4 already has a lockfile, it will not be regenerated
[INFO] running `Command { std: CARGO_HOME="/workspace/cargo-home" RUSTUP_HOME="/workspace/rustup-home" "/workspace/cargo-home/bin/cargo" "+1.100.0-beta.1" "fetch" "--manifest-path" "Cargo.toml", kill_on_drop: false }`
[INFO] running `Command { std: "docker" "create" "-v" "/var/lib/crater-agent-workspace/builds/worker-7-tc2/source:/opt/rustwide/workdir:ro,Z" "-v" "/var/lib/crater-agent-workspace/builds/worker-7-tc2/target:/opt/rustwide/target:rw,Z" "-v" "/var/lib/crater-agent-workspace/cargo-home:/opt/rustwide/cargo-home:ro,Z" "-v" "/var/lib/crater-agent-workspace/rustup-home:/opt/rustwide/rustup-home:ro,Z" "-m" "1610612736" "--network" "none" "ghcr.io/rust-lang/crates-build-env/linux@sha256:77db811e55d90add9212f6832c23229e3de5f1c1f9905e8cb07319ea15df73ac" "sleep" "infinity", kill_on_drop: false }`
[INFO] [stdout] b5299aa0d01979d6038555f306f39c6c98a80edd74e4c6082825c99a497fbe93
[INFO] running `Command { std: "docker" "start" "b5299aa0d01979d6038555f306f39c6c98a80edd74e4c6082825c99a497fbe93", kill_on_drop: false }`
[INFO] running `Command { std: "docker" "inspect" "b5299aa0d01979d6038555f306f39c6c98a80edd74e4c6082825c99a497fbe93", kill_on_drop: false }`
[INFO] running `Command { std: "docker" "exec" "-e" "SOURCE_DIR=/opt/rustwide/workdir" "-e" "CARGO_HOME=/opt/rustwide/cargo-home" "-e" "RUSTUP_HOME=/opt/rustwide/rustup-home" "-e" "CARGO_TARGET_DIR=/opt/rustwide/target" "-w" "/opt/rustwide/workdir" "--user" "0:0" "b5299aa0d01979d6038555f306f39c6c98a80edd74e4c6082825c99a497fbe93" "/opt/rustwide/cargo-home/bin/cargo" "+1.100.0-beta.1" "metadata" "--no-deps" "--format-version=1", kill_on_drop: false }`
[INFO] running `Command { std: "docker" "inspect" "b5299aa0d01979d6038555f306f39c6c98a80edd74e4c6082825c99a497fbe93", kill_on_drop: false }`
[INFO] running `Command { std: "docker" "exec" "-e" "SOURCE_DIR=/opt/rustwide/workdir" "-e" "CARGO_HOME=/opt/rustwide/cargo-home" "-e" "RUSTUP_HOME=/opt/rustwide/rustup-home" "-e" "CARGO_TARGET_DIR=/opt/rustwide/target" "-e" "CARGO_INCREMENTAL=0" "-e" "RUST_BACKTRACE=full" "-e" "RUSTFLAGS=--cap-lints=warn" "-e" "RUSTDOCFLAGS=--cap-lints=warn" "-w" "/opt/rustwide/workdir" "--user" "0:0" "b5299aa0d01979d6038555f306f39c6c98a80edd74e4c6082825c99a497fbe93" "/opt/rustwide/cargo-home/bin/cargo" "+1.100.0-beta.1" "build" "--frozen" "--message-format=json" "--release", kill_on_drop: false }`
[INFO] [stderr]    Compiling aho-corasick v1.1.4
[INFO] [stderr]    Compiling syn v2.0.118
[INFO] [stderr]    Compiling regex-automata v0.4.15
[INFO] [stderr]    Compiling serde_derive v1.0.228
[INFO] [stderr]    Compiling thiserror-impl v2.0.18
[INFO] [stderr]    Compiling thiserror v2.0.18
[INFO] [stderr]    Compiling regex v1.12.3
[INFO] [stderr]    Compiling serde v1.0.228
[INFO] [stderr]    Compiling toml_datetime v0.6.11
[INFO] [stderr]    Compiling serde_spanned v0.6.9
[INFO] [stderr]    Compiling toml_edit v0.22.27
[INFO] [stderr]    Compiling toml v0.8.23
[INFO] [stderr]    Compiling rulekit v0.2.4 (/opt/rustwide/workdir)
[INFO] [stderr]     Finished `release` profile [optimized] target(s) in 28.52s
[INFO] running `Command { std: "docker" "inspect" "b5299aa0d01979d6038555f306f39c6c98a80edd74e4c6082825c99a497fbe93", kill_on_drop: false }`
[INFO] running `Command { std: "docker" "exec" "-e" "SOURCE_DIR=/opt/rustwide/workdir" "-e" "CARGO_HOME=/opt/rustwide/cargo-home" "-e" "RUSTUP_HOME=/opt/rustwide/rustup-home" "-e" "CARGO_TARGET_DIR=/opt/rustwide/target" "-e" "CARGO_INCREMENTAL=0" "-e" "RUST_BACKTRACE=full" "-e" "RUSTFLAGS=--cap-lints=warn" "-e" "RUSTDOCFLAGS=--cap-lints=warn" "-w" "/opt/rustwide/workdir" "--user" "0:0" "b5299aa0d01979d6038555f306f39c6c98a80edd74e4c6082825c99a497fbe93" "/opt/rustwide/cargo-home/bin/cargo" "+1.100.0-beta.1" "test" "--frozen" "--no-run" "--message-format=json" "--release", kill_on_drop: false }`
[INFO] [stderr]    Compiling zerocopy v0.8.54
[INFO] [stderr]    Compiling crossbeam-epoch v0.9.20
[INFO] [stderr]    Compiling getrandom v0.4.3
[INFO] [stderr]    Compiling syn v2.0.118
[INFO] [stderr]    Compiling serde_json v1.0.150
[INFO] [stderr]    Compiling plotters-backend v0.3.7
[INFO] [stderr]    Compiling rand_xorshift v0.4.0
[INFO] [stderr]    Compiling rand v0.9.5
[INFO] [stderr]    Compiling faultkit v0.2.1
[INFO] [stderr]    Compiling tempfile v3.27.0
[INFO] [stderr]    Compiling plotters-svg v0.3.7
[INFO] [stderr]    Compiling crossbeam-deque v0.8.7
[INFO] [stderr]    Compiling plotters v0.3.7
[INFO] [stderr]    Compiling rusty-fork v0.3.1
[INFO] [stderr]    Compiling rayon-core v1.13.0
[INFO] [stderr]    Compiling rayon v1.12.0
[INFO] [stderr]    Compiling serde_derive v1.0.228
[INFO] [stderr]    Compiling zerocopy-derive v0.8.54
[INFO] [stderr]    Compiling thiserror-impl v2.0.18
[INFO] [stderr]    Compiling thiserror v2.0.18
[INFO] [stderr]    Compiling serde v1.0.228
[INFO] [stderr]    Compiling serde_spanned v0.6.9
[INFO] [stderr]    Compiling toml_datetime v0.6.11
[INFO] [stderr]    Compiling tinytemplate v1.2.1
[INFO] [stderr]    Compiling toml_edit v0.22.27
[INFO] [stderr]    Compiling half v2.7.1
[INFO] [stderr]    Compiling ppv-lite86 v0.2.21
[INFO] [stderr]    Compiling toml v0.8.23
[INFO] [stderr]    Compiling ciborium-ll v0.2.2
[INFO] [stderr]    Compiling rand_chacha v0.9.0
[INFO] [stderr]    Compiling ciborium v0.2.2
[INFO] [stderr]    Compiling proptest v1.9.0
[INFO] [stderr]    Compiling rulekit v0.2.4 (/opt/rustwide/workdir)
[INFO] [stderr]    Compiling criterion v0.5.1
[INFO] [stderr]     Finished `release` profile [optimized] target(s) in 52.19s
[INFO] running `Command { std: "docker" "inspect" "b5299aa0d01979d6038555f306f39c6c98a80edd74e4c6082825c99a497fbe93", kill_on_drop: false }`
[INFO] running `Command { std: "docker" "exec" "-e" "SOURCE_DIR=/opt/rustwide/workdir" "-e" "CARGO_HOME=/opt/rustwide/cargo-home" "-e" "RUSTUP_HOME=/opt/rustwide/rustup-home" "-e" "CARGO_TARGET_DIR=/opt/rustwide/target" "-e" "CARGO_INCREMENTAL=0" "-e" "RUST_BACKTRACE=full" "-e" "RUSTFLAGS=--cap-lints=warn" "-e" "RUSTDOCFLAGS=--cap-lints=warn" "-w" "/opt/rustwide/workdir" "--user" "0:0" "b5299aa0d01979d6038555f306f39c6c98a80edd74e4c6082825c99a497fbe93" "/opt/rustwide/cargo-home/bin/cargo" "+1.100.0-beta.1" "test" "--frozen" "--release", kill_on_drop: false }`
[INFO] [stderr]     Finished `release` profile [optimized] target(s) in 0.20s
[INFO] [stdout] 
[INFO] [stderr]      Running unittests src/lib.rs (/opt/rustwide/target/release/build/rulekit/80cd3f6d0f7ccc94/out/rulekit-80cd3f6d0f7ccc94)
[INFO] [stdout] running 64 tests
[INFO] [stdout] test error::tests::all_rule_file_errors_include_fix_guidance ... ok
[INFO] [stdout] test merge::tests::merge_combines_disjoint_sets ... ok
[INFO] [stdout] test index::tests::rule_index_filter_by_severity ... ok
[INFO] [stdout] test index::tests::rule_index_get_returns_rule ... ok
[INFO] [stdout] test index::tests::rule_index_iter_visits_every_rule ... ok
[INFO] [stdout] test index::tests::rule_index_lookup_is_trim_insensitive ... ok
[INFO] [stdout] test error::tests::merge_error_message_includes_fix_guidance ... ok
[INFO] [stdout] test index::tests::rule_index_missing_lookup_returns_none ... ok
[INFO] [stdout] test index::tests::rule_index_filter_by_missing_pattern_type_is_empty ... ok
[INFO] [stdout] test index::tests::rule_index_filter_by_missing_severity_is_empty ... ok
[INFO] [stdout] test index::tests::rule_index_last_duplicate_wins ... ok
[INFO] [stdout] test index::tests::rule_index_len_and_empty_are_consistent ... ok
[INFO] [stdout] test merge::tests::merge_preserves_input_order ... ok
[INFO] [stdout] test types::tests::parse_non_utf8_file_fails_with_encoding_error ... ok
[INFO] [stdout] test types::tests::parse_preserves_metadata_entries ... ok
[INFO] [stdout] test types::tests::parse_rejects_missing_required_field ... ok
[INFO] [stdout] test types::tests::parse_missing_file_fails ... ok
[INFO] [stdout] test types::tests::parse_rule_file_from_str ... ok
[INFO] [stdout] test types::tests::parse_rule_file_tracks_defaulted_severity ... ok
[INFO] [stdout] test types::tests::parse_rule_file_from_path ... ok
[INFO] [stdout] test types::tests::into_rules_returns_owned_rules ... ok
[INFO] [stdout] test types::tests::pattern_type_as_str_matches_serialized_names ... ok
[INFO] [stdout] test types::tests::parse_tolerates_unknown_rule_field ... ok
[INFO] [stdout] test types::tests::parse_empty_file_on_disk_fails ... ok
[INFO] [stdout] test types::tests::parse_invalid_toml_fails ... ok
[INFO] [stdout] test types::tests::parse_error_message_includes_fix_guidance ... ok
[INFO] [stdout] test types::tests::serde_round_trip_preserves_defaulted_severity_flag ... ok
[INFO] [stdout] test types::tests::serde_round_trip_preserves_rule_definition ... ok
[INFO] [stdout] test validation::tests::lint_does_not_flag_short_regex_or_yara_patterns ... ok
[INFO] [stdout] test validation::tests::lint_accepts_described_explicit_long_rule ... ok
[INFO] [stdout] test validation::tests::lint_reports_missing_description ... ok
[INFO] [stdout] test validation::tests::lint_can_emit_multiple_warnings_for_same_rule ... ok
[INFO] [stdout] test validation::tests::lint_does_not_warn_when_description_and_severity_are_present ... ok
[INFO] [stdout] test validation::tests::lint_reports_defaulted_severity ... ok
[INFO] [stdout] test validation::tests::lint_empty_rule_list_is_empty ... ok
[INFO] [stdout] test validation::tests::lint_reports_short_pattern ... ok
[INFO] [stdout] test types::tests::serde_round_trip_preserves_generated_rule_identity ... ok
[INFO] [stdout] test merge::tests::merge_with_empty_left_side_returns_right_rules ... ok
[INFO] [stdout] test merge::tests::merge_with_empty_right_side_returns_left_rules ... ok
[INFO] [stdout] test error::tests::all_validation_errors_include_fix_guidance ... ok
[INFO] [stdout] test merge::tests::merge_rejects_collisions ... ok
[INFO] [stdout] test index::tests::rule_index_filter_by_pattern_type ... ok
[INFO] [stdout] test validation::tests::validate_accepts_empty_rule_list ... ok
[INFO] [stdout] test validation::tests::validate_reports_duplicate_ids ... ok
[INFO] [stdout] test validation::tests::validate_reports_empty_id ... ok
[INFO] [stdout] test validation::tests::validate_accepts_valid_rules ... ok
[INFO] [stdout] test types::tests::parse_empty_input_fails ... ok
[INFO] [stdout] test validation::tests::validate_ignores_regex_compilation_for_non_regex_patterns ... ok
[INFO] [stdout] test validation::tests::validate_accepts_hex_and_base64_rules ... ok
[INFO] [stdout] test validation::tests::validate_reports_invalid_regex ... ok
[INFO] [stdout] test validation::tests::validate_reports_metadata_too_large_with_dedicated_variant ... ok
[INFO] [stdout] test error::tests::all_lint_warnings_include_fix_guidance ... ok
[INFO] [stdout] test validation::tests::validate_accepts_potentially_expensive_regex_without_panicking ... ok
[INFO] [stdout] test validation::tests::validate_duplicate_first_index_points_at_the_first_not_prior_sighting ... ok
[INFO] [stdout] test validation::tests::validate_reports_empty_value ... ok
[INFO] [stdout] test validation::tests::validate_does_not_match_rule_keyword_inside_a_longer_word ... ok
[INFO] [stdout] test validation::tests::validate_accepts_yara_rule_separated_by_newline_not_space ... ok
[INFO] [stdout] test validation::tests::validate_accepts_yara_rule_separated_by_tab ... ok
[INFO] [stdout] test validation::tests::parse_then_validate_never_panics_for_generated_literals ... ok
[INFO] [stdout] test validation::tests::validate_reports_large_value ... ok
[INFO] [stdout] test validation::tests::validate_reports_invalid_yara_with_dedicated_variant ... ok
[INFO] [stdout] test validation::tests::validate_rejects_two_megabyte_value ... ok
[INFO] [stdout] test validation::tests::validate_handles_ten_thousand_duplicate_ids ... ok
[INFO] [stdout] test validation::tests::validate_reports_multiple_errors_for_same_rule ... ok
[INFO] [stdout] 
[INFO] [stdout] test result: ok. 64 passed; 0 failed; 0 ignored; 0 measured; 0 filtered out; finished in 1.05s
[INFO] [stdout] 
[INFO] [stderr]      Running tests/adversarial/mod.rs (/opt/rustwide/target/release/build/rulekit/263e165e2be88309/out/adversarial-263e165e2be88309)
[INFO] [stdout] 
[INFO] [stdout] running 0 tests
[INFO] [stdout] 
[INFO] [stdout] test result: ok. 0 passed; 0 failed; 0 ignored; 0 measured; 0 filtered out; finished in 0.00s
[INFO] [stdout] 
[INFO] [stderr]      Running tests/adversarial/adversarial_rules.rs (/opt/rustwide/target/release/build/rulekit/7d3cc29dcd2bfc40/out/adversarial_adversarial_rules-7d3cc29dcd2bfc40)
[INFO] [stdout] 
[INFO] [stdout] running 59 tests
[INFO] [stdout] test boundary_many_metadata_entries ... ok
[INFO] [stdout] test boundary_serde_roundtrip ... ok
[INFO] [stdout] test boundary_severity_ordering ... ok
[INFO] [stdout] test empty_value_rejected ... ok
[INFO] [stdout] test boundary_edge_case_characters ... ok
[INFO] [stdout] test error_messages_io_errors_have_fix ... ok
[INFO] [stdout] test file_system_nonexistent_file ... ok
[INFO] [stdout] test error_messages_lint_warnings_have_fix ... ok
[INFO] [stdout] test lint_multiple_warnings_per_rule ... ok
[INFO] [stdout] test boundary_empty_metadata ... ok
[INFO] [stdout] test error_messages_validation_errors_have_fix ... ok
[INFO] [stdout] test lint_pattern_lengths ... ok
[INFO] [stdout] test merge_collision_rejected ... ok
[INFO] [stdout] test error_messages_merge_errors_have_fix ... ok
[INFO] [stdout] test file_system_parse_from_path ... ok
[INFO] [stdout] test empty_value_regex_rejected ... ok
[INFO] [stdout] test index_empty_operations ... ok
[INFO] [stdout] test index_duplicate_last_wins ... ok
[INFO] [stdout] test merge_empty_sides ... ok
[INFO] [stdout] test pattern_types_literal_with_regex_metacharacters ... ok
[INFO] [stdout] test pattern_types_invalid_regex_patterns ... ok
[INFO] [stdout] test pattern_types_all_compile ... ok
[INFO] [stdout] test pattern_types_base64_variations ... ok
[INFO] [stdout] test rule_id_whitespace_only ... ok
[INFO] [stdout] test pattern_types_hex_variations ... ok
[INFO] [stdout] test pattern_types_valid_regex_patterns ... ok
[INFO] [stdout] test pattern_types_yara_complex_rule ... ok
[INFO] [stdout] test rule_id_duplicate_ids ... ok
[INFO] [stdout] test rule_id_empty ... ok
[INFO] [stdout] test boundary_case_sensitivity ... ok
[INFO] [stdout] test rule_id_special_characters ... ok
[INFO] [stdout] test rule_id_multiple_duplicates ... ok
[INFO] [stdout] test rule_id_very_long ... ok
[INFO] [stdout] test pattern_types_regex_catastrophic_backtracking ... ok
[INFO] [stdout] test integration_complex_toml ... ok
[INFO] [stdout] test integration_full_workflow ... ok
[INFO] [stdout] test toml_parsing_malformed_invalid_syntax ... ok
[INFO] [stdout] test toml_parsing_malformed_unclosed_bracket ... ok
[INFO] [stdout] test file_system_directory_path ... ok
[INFO] [stdout] test toml_parsing_minimal_required_fields ... ok
[INFO] [stdout] test severity_invalid_values ... ok
[INFO] [stdout] test toml_parsing_empty_file ... ok
[INFO] [stdout] test scale_thousand_rules_single_file ... ok
[INFO] [stdout] test toml_parsing_extra_unknown_fields ... ok
[INFO] [stdout] test error_messages_parse_errors_have_fix ... ok
[INFO] [stdout] test severity_all_valid_levels ... ok
[INFO] [stdout] test toml_parsing_valid_complete_rule ... ok
[INFO] [stdout] test toml_parsing_unicode_in_values ... ok
[INFO] [stdout] test toml_parsing_special_characters_in_id_and_name ... ok
[INFO] [stdout] test toml_parsing_whitespace_only ... ok
[INFO] [stdout] test toml_parsing_quote_styles_and_escapes ... ok
[INFO] [stdout] test toml_parsing_multiline_strings ... ok
[INFO] [stdout] test severity_omitted_defaults_to_low ... ok
[INFO] [stdout] test toml_parsing_missing_required_fields ... ok
[INFO] [stdout] test toml_parsing_null_bytes_in_values ... ok
[INFO] [stdout] test scale_value_near_limit ... ok
[INFO] [stdout] test threading_rule_index_thread_safe ... ok
[INFO] [stdout] test scale_hundred_files_ten_rules_each ... ok
[INFO] [stderr]      Running tests/adversarial/break_it.rs (/opt/rustwide/target/release/build/rulekit/912ace012cf37385/out/adversarial_break_it-912ace012cf37385)
[INFO] [stdout] test scale_ten_thousand_duplicate_ids ... ok
[INFO] [stdout] 
[INFO] [stdout] test result: ok. 59 passed; 0 failed; 0 ignored; 0 measured; 0 filtered out; finished in 0.09s
[INFO] [stdout] 
[INFO] [stdout] 
[INFO] [stdout] running 47 tests
[INFO] [stdout] test test_03_parse_empty_string ... ok
[INFO] [stdout] test test_05_merge_left_side_duplicates_should_fail ... ok
[INFO] [stdout] test test_01_empty_slice_validate ... ok
[INFO] [stdout] test test_02_empty_slice_merge_left ... ok
[INFO] [stdout] test test_10_toml_number_instead_of_string ... ok
[INFO] [stdout] test test_08_null_byte_in_regex_pattern ... ok
[INFO] [stdout] test test_17_malformed_toml_missing_quotes ... ok
[INFO] [stdout] test test_22_surrogates_in_toml ... ok
[INFO] [stdout] test test_19_malformed_toml_array_instead_of_string ... ok
[INFO] [stdout] test test_20_unicode_bom ... ok
[INFO] [stdout] test test_12_value_exceeds_1mb ... ok
[INFO] [stdout] test test_21_invalid_utf8_disk ... ok
[INFO] [stdout] test test_07_null_byte_in_id_validation ... ok
[INFO] [stdout] test test_15_concurrent_ruleindex_reads ... ok
[INFO] [stdout] test test_25_duplicate_metadata_key ... ok
[INFO] [stdout] test test_24_three_duplicate_ids_validate ... ok
[INFO] [stdout] test test_06_merge_right_side_duplicates_should_fail ... ok
[INFO] [stdout] test test_04_parse_whitespace_only ... ok
[INFO] [stdout] test test_31_nested_metadata_toml ... ok
[INFO] [stdout] test test_adv_duplicate_rule_ids_toml ... ok
[INFO] [stdout] test test_18_malformed_toml_missing_header ... ok
[INFO] [stdout] test test_14_id_exceeds_1mb ... ok
[INFO] [stdout] test test_27_short_pattern_2_bytes ... ok
[INFO] [stdout] test test_28_short_pattern_3_bytes ... ok
[INFO] [stdout] test test_09_null_byte_in_yara ... ok
[INFO] [stdout] test test_26_yara_missing_space ... ok
[INFO] [stdout] test test_33_regex_exponential_backtracking ... ok
[INFO] [stdout] test test_adv_max_length_rule_value_exceeded ... ok
[INFO] [stdout] test test_adv_merge_id_collision ... ok
[INFO] [stdout] test test_adv_invalid_regex_toml ... ok
[INFO] [stdout] test test_adv_merge_id_collision_whitespace ... ok
[INFO] [stdout] test test_13_value_exactly_1mb ... ok
[INFO] [stdout] test test_adv_parse_toml_null_bytes ... ok
[INFO] [stdout] test test_adv_parse_toml_null_bytes_metadata ... ok
[INFO] [stdout] test test_adv_parse_empty_toml ... ok
[INFO] [stdout] test test_adv_concurrent_parse_path ... ok
[INFO] [stdout] test test_23_duplicate_ids_validate ... ok
[INFO] [stdout] test test_adv_rule_empty_value_toml ... ok
[INFO] [stdout] test test_adv_rule_whitespace_value ... ok
[INFO] [stdout] test test_16_concurrent_ruleindex_creation ... ok
[INFO] [stdout] test test_11_toml_huge_string ... ok
[INFO] [stdout] test test_adv_duplicate_rule_ids_whitespace ... ok
[INFO] [stdout] test test_adv_max_length_rule_value ... ok
[INFO] [stdout] test test_adv_parse_toml_null_bytes_value ... ok
[INFO] [stdout] test test_32_10k_metadata_keys ... ok
[INFO] [stdout] test test_29_100k_rules_validation ... ok
[INFO] [stdout] test test_30_100k_rules_index ... ok
[INFO] [stdout] 
[INFO] [stdout] test result: ok. 47 passed; 0 failed; 0 ignored; 0 measured; 0 filtered out; finished in 0.28s
[INFO] [stdout] 
[INFO] [stderr]      Running tests/adversarial/test_depth_adversarial.rs (/opt/rustwide/target/release/build/rulekit/03e3262ad5d960e1/out/adversarial_test_depth_adversarial-03e3262ad5d960e1)
[INFO] [stdout] 
[INFO] [stdout] running 11 tests
[INFO] [stdout] test helper_test_null_bytes ... ok
[INFO] [stdout] test helper_test_unicode_edge_cases ... ok
[INFO] [stdout] test helper_test_empty_input ... ok
[INFO] [stdout] test helper_test_oom_injection_parse_str ... FAILED
[INFO] [stdout] test helper_test_io_error_injection ... FAILED
[INFO] [stdout] test helper_test_invalid_utf8_file ... ok
[INFO] [stdout] test helper_test_0xff_bytes ... ok
[INFO] [stdout] test helper_test_huge_input ... ok
[INFO] [stdout] test helper_test_adversarial_boundary_inputs ... ok
[INFO] [stdout] test helper_test_path_traversal ... ok
[INFO] [stdout] test helper_test_integer_overflow_probes ... ok
[INFO] [stdout] 
[INFO] [stdout] failures:
[INFO] [stdout] 
[INFO] [stdout] ---- helper_test_oom_injection_parse_str stdout ----
[INFO] [stdout] 
[INFO] [stdout] thread 'helper_test_oom_injection_parse_str' (1749) panicked at tests/adversarial/test_depth_adversarial.rs:100:9:
[INFO] [stdout] GAP FINDING: Engine parse_str succeeded despite OOM injection. It should have failed or panicked. Fix faultkit integration.
[INFO] [stdout] stack backtrace:
[INFO] [stdout]    0:     0x5f6503b52f61 - <<std[617be2ca0a6fd877]::sys::backtrace::BacktraceLock>::print::DisplayBacktrace as core[a373ad73a504971]::fmt::Display>::fmt
[INFO] [stdout]    1:     0x5f6503b68d8a - core[a373ad73a504971]::fmt::write
[INFO] [stdout]    2:     0x5f6503b5717c - <alloc[2e1b2a31b91974c5]::vec::Vec<u8> as core[a373ad73a504971]::io::write::Write>::write_fmt
[INFO] [stdout]    3:     0x5f6503b2eb66 - std[617be2ca0a6fd877]::panicking::default_hook::{closure#0}
[INFO] [stdout]    4:     0x5f6503b4b159 - std[617be2ca0a6fd877]::panicking::default_hook
[INFO] [stdout]    5:     0x5f65039dcee0 - test[aada8e7e76ba119b]::test_main_inner::{closure#0}
[INFO] [stdout]    6:     0x5f6503b4b312 - std[617be2ca0a6fd877]::panicking::panic_with_hook
[INFO] [stdout]    7:     0x5f6503b2ec44 - std[617be2ca0a6fd877]::panicking::panic_handler::{closure#0}
[INFO] [stdout]    8:     0x5f6503b276e9 - std[617be2ca0a6fd877]::sys::backtrace::__rust_end_short_backtrace::<std[617be2ca0a6fd877]::panicking::panic_handler::{closure#0}, !>
[INFO] [stdout]    9:     0x5f6503b2f81d - __rustc[ea4f61d10b84890b]::rust_begin_unwind
[INFO] [stdout]   10:     0x5f6503b6956c - core[a373ad73a504971]::panicking::panic_fmt
[INFO] [stdout]   11:     0x5f65039ce1be - <adversarial_test_depth_adversarial[67a4444ea9397e90]::helper_test_oom_injection_parse_str::{closure#0} as core[a373ad73a504971]::ops::function::FnOnce<()>>::call_once
[INFO] [stdout]   12:     0x5f65039d032b - test[aada8e7e76ba119b]::__rust_begin_short_backtrace::<core[a373ad73a504971]::result::Result<(), alloc[2e1b2a31b91974c5]::string::String>, fn() -> core[a373ad73a504971]::result::Result<(), alloc[2e1b2a31b91974c5]::string::String>>
[INFO] [stdout]   13:     0x5f65039dd505 - test[aada8e7e76ba119b]::run_test::{closure#0}
[INFO] [stdout]   14:     0x5f65039d6df4 - std[617be2ca0a6fd877]::sys::backtrace::__rust_begin_short_backtrace::<test[aada8e7e76ba119b]::run_test::{closure#1}, ()>
[INFO] [stdout]   15:     0x5f65039e0592 - <std[617be2ca0a6fd877]::thread::lifecycle::spawn_unchecked<test[aada8e7e76ba119b]::run_test::{closure#1}, ()>::{closure#1} as core[a373ad73a504971]::ops::function::FnOnce<()>>::call_once::{shim:vtable#0}
[INFO] [stdout]   16:     0x5f6503b5245f - <std[617be2ca0a6fd877]::sys::thread::unix::Thread>::new::thread_start
[INFO] [stdout]   17:     0x7672da8c8dfa - <unknown>
[INFO] [stdout]   18:     0x7672da95c3d4 - clone
[INFO] [stdout]   19:                0x0 - <unknown>
[INFO] [stdout] 
[INFO] [stdout] ---- helper_test_io_error_injection stdout ----
[INFO] [stdout] 
[INFO] [stdout] thread 'helper_test_io_error_injection' (1747) panicked at tests/adversarial/test_depth_adversarial.rs:108:38:
[INFO] [stdout] called `Result::unwrap()` on an `Err` value: PoisonError { .. }
[INFO] [stdout] stack backtrace:
[INFO] [stdout]    0:     0x5f6503b52f61 - <<std[617be2ca0a6fd877]::sys::backtrace::BacktraceLock>::print::DisplayBacktrace as core[a373ad73a504971]::fmt::Display>::fmt
[INFO] [stdout]    1:     0x5f6503b68d8a - core[a373ad73a504971]::fmt::write
[INFO] [stdout]    2:     0x5f6503b5717c - <alloc[2e1b2a31b91974c5]::vec::Vec<u8> as core[a373ad73a504971]::io::write::Write>::write_fmt
[INFO] [stdout]    3:     0x5f6503b2eb66 - std[617be2ca0a6fd877]::panicking::default_hook::{closure#0}
[INFO] [stdout]    4:     0x5f6503b4b159 - std[617be2ca0a6fd877]::panicking::default_hook
[INFO] [stdout]    5:     0x5f65039dcee0 - test[aada8e7e76ba119b]::test_main_inner::{closure#0}
[INFO] [stdout]    6:     0x5f6503b4b312 - std[617be2ca0a6fd877]::panicking::panic_with_hook
[INFO] [stdout]    7:     0x5f6503b2ec12 - std[617be2ca0a6fd877]::panicking::panic_handler::{closure#0}
[INFO] [stdout]    8:     0x5f6503b276e9 - std[617be2ca0a6fd877]::sys::backtrace::__rust_end_short_backtrace::<std[617be2ca0a6fd877]::panicking::panic_handler::{closure#0}, !>
[INFO] [stdout]    9:     0x5f6503b2f81d - __rustc[ea4f61d10b84890b]::rust_begin_unwind
[INFO] [stdout]   10:     0x5f6503b6956c - core[a373ad73a504971]::panicking::panic_fmt
[INFO] [stdout]   11:     0x5f6503b69342 - core[a373ad73a504971]::result::unwrap_failed
[INFO] [stdout]   12:     0x5f65039cc479 - <adversarial_test_depth_adversarial[67a4444ea9397e90]::helper_test_io_error_injection::{closure#0} as core[a373ad73a504971]::ops::function::FnOnce<()>>::call_once
[INFO] [stdout]   13:     0x5f65039d032b - test[aada8e7e76ba119b]::__rust_begin_short_backtrace::<core[a373ad73a504971]::result::Result<(), alloc[2e1b2a31b91974c5]::string::String>, fn() -> core[a373ad73a504971]::result::Result<(), alloc[2e1b2a31b91974c5]::string::String>>
[INFO] [stdout]   14:     0x5f65039dd505 - test[aada8e7e76ba119b]::run_test::{closure#0}
[INFO] [stdout]   15:     0x5f65039d6df4 - std[617be2ca0a6fd877]::sys::backtrace::__rust_begin_short_backtrace::<test[aada8e7e76ba119b]::run_test::{closure#1}, ()>
[INFO] [stdout]   16:     0x5f65039e0592 - <std[617be2ca0a6fd877]::thread::lifecycle::spawn_unchecked<test[aada8e7e76ba119b]::run_test::{closure#1}, ()>::{closure#1} as core[a373ad73a504971]::ops::function::FnOnce<()>>::call_once::{shim:vtable#0}
[INFO] [stdout]   17:     0x5f6503b5245f - <std[617be2ca0a6fd877]::sys::thread::unix::Thread>::new::thread_start
[INFO] [stdout]   18:     0x7672da8c8dfa - <unknown>
[INFO] [stdout]   19:     0x7672da95c3d4 - clone
[INFO] [stdout]   20:                0x0 - <unknown>
[INFO] [stdout] 
[INFO] [stdout] 
[INFO] [stdout] failures:
[INFO] [stdout]     helper_test_io_error_injection
[INFO] [stdout]     helper_test_oom_injection_parse_str
[INFO] [stdout] 
[INFO] [stdout] test result: FAILED. 9 passed; 2 failed; 0 ignored; 0 measured; 0 filtered out; finished in 0.02s
[INFO] [stdout] 
[INFO] [stderr] error: test failed, to rerun pass `--test adversarial_test_depth_adversarial`
[INFO] running `Command { std: "docker" "inspect" "b5299aa0d01979d6038555f306f39c6c98a80edd74e4c6082825c99a497fbe93", kill_on_drop: false }`
[INFO] running `Command { std: "docker" "rm" "-f" "b5299aa0d01979d6038555f306f39c6c98a80edd74e4c6082825c99a497fbe93", kill_on_drop: false }`
[INFO] [stdout] b5299aa0d01979d6038555f306f39c6c98a80edd74e4c6082825c99a497fbe93
