[INFO] fetching crate ruled-router-derive 0.0.7...
[INFO] testing ruled-router-derive-0.0.7 against 1.99.0-beta.8+cargoflags=--release for beta-release-1.100-2
[INFO] extracting crate ruled-router-derive 0.0.7 into /workspace/builds/worker-2-tc1/source
[INFO] started tweaking crates.io crate ruled-router-derive 0.0.7
[INFO] finished tweaking crates.io crate ruled-router-derive 0.0.7
[INFO] tweaked toml for crates.io crate ruled-router-derive 0.0.7 written to /workspace/builds/worker-2-tc1/source/Cargo.toml
[INFO] validating manifest of crates.io crate ruled-router-derive 0.0.7 on toolchain 1.99.0-beta.8
[INFO] running `Command { std: CARGO_HOME="/workspace/cargo-home" RUSTUP_HOME="/workspace/rustup-home" "/workspace/cargo-home/bin/cargo" "+1.99.0-beta.8" "metadata" "--manifest-path" "Cargo.toml" "--no-deps", kill_on_drop: false }`
[INFO] crate crates.io crate ruled-router-derive 0.0.7 already has a lockfile, it will not be regenerated
[INFO] running `Command { std: CARGO_HOME="/workspace/cargo-home" RUSTUP_HOME="/workspace/rustup-home" "/workspace/cargo-home/bin/cargo" "+1.99.0-beta.8" "fetch" "--manifest-path" "Cargo.toml", kill_on_drop: false }`
[INFO] running `Command { std: "docker" "create" "-v" "/var/lib/crater-agent-workspace/builds/worker-2-tc1/source:/opt/rustwide/workdir:ro,Z" "-v" "/var/lib/crater-agent-workspace/builds/worker-2-tc1/target:/opt/rustwide/target:rw,Z" "-v" "/var/lib/crater-agent-workspace/cargo-home:/opt/rustwide/cargo-home:ro,Z" "-v" "/var/lib/crater-agent-workspace/rustup-home:/opt/rustwide/rustup-home:ro,Z" "-m" "1610612736" "--network" "none" "ghcr.io/rust-lang/crates-build-env/linux@sha256:77db811e55d90add9212f6832c23229e3de5f1c1f9905e8cb07319ea15df73ac" "sleep" "infinity", kill_on_drop: false }`
[INFO] [stdout] f6a5879b1034b4e6a7f95b3dc7e43cea5a431e0b0409238e9cc7e4c3510afae8
[INFO] running `Command { std: "docker" "start" "f6a5879b1034b4e6a7f95b3dc7e43cea5a431e0b0409238e9cc7e4c3510afae8", kill_on_drop: false }`
[INFO] running `Command { std: "docker" "inspect" "f6a5879b1034b4e6a7f95b3dc7e43cea5a431e0b0409238e9cc7e4c3510afae8", kill_on_drop: false }`
[INFO] running `Command { std: "docker" "exec" "-e" "SOURCE_DIR=/opt/rustwide/workdir" "-e" "CARGO_HOME=/opt/rustwide/cargo-home" "-e" "RUSTUP_HOME=/opt/rustwide/rustup-home" "-e" "CARGO_TARGET_DIR=/opt/rustwide/target" "-w" "/opt/rustwide/workdir" "--user" "0:0" "f6a5879b1034b4e6a7f95b3dc7e43cea5a431e0b0409238e9cc7e4c3510afae8" "/opt/rustwide/cargo-home/bin/cargo" "+1.99.0-beta.8" "metadata" "--no-deps" "--format-version=1", kill_on_drop: false }`
[INFO] running `Command { std: "docker" "inspect" "f6a5879b1034b4e6a7f95b3dc7e43cea5a431e0b0409238e9cc7e4c3510afae8", kill_on_drop: false }`
[INFO] running `Command { std: "docker" "exec" "-e" "SOURCE_DIR=/opt/rustwide/workdir" "-e" "CARGO_HOME=/opt/rustwide/cargo-home" "-e" "RUSTUP_HOME=/opt/rustwide/rustup-home" "-e" "CARGO_TARGET_DIR=/opt/rustwide/target" "-e" "CARGO_INCREMENTAL=0" "-e" "RUST_BACKTRACE=full" "-e" "RUSTFLAGS=--cap-lints=warn" "-e" "RUSTDOCFLAGS=--cap-lints=warn" "-w" "/opt/rustwide/workdir" "--user" "0:0" "f6a5879b1034b4e6a7f95b3dc7e43cea5a431e0b0409238e9cc7e4c3510afae8" "/opt/rustwide/cargo-home/bin/cargo" "+1.99.0-beta.8" "build" "--frozen" "--message-format=json" "--release", kill_on_drop: false }`
[INFO] [stderr]    Compiling proc-macro2 v1.0.103
[INFO] [stderr]    Compiling quote v1.0.42
[INFO] [stderr]    Compiling syn v2.0.111
[INFO] [stderr]    Compiling ruled-router-derive v0.0.7 (/opt/rustwide/workdir)
[INFO] [stderr]     Finished `release` profile [optimized] target(s) in 12.93s
[INFO] running `Command { std: "docker" "inspect" "f6a5879b1034b4e6a7f95b3dc7e43cea5a431e0b0409238e9cc7e4c3510afae8", kill_on_drop: false }`
[INFO] running `Command { std: "docker" "exec" "-e" "SOURCE_DIR=/opt/rustwide/workdir" "-e" "CARGO_HOME=/opt/rustwide/cargo-home" "-e" "RUSTUP_HOME=/opt/rustwide/rustup-home" "-e" "CARGO_TARGET_DIR=/opt/rustwide/target" "-e" "CARGO_INCREMENTAL=0" "-e" "RUST_BACKTRACE=full" "-e" "RUSTFLAGS=--cap-lints=warn" "-e" "RUSTDOCFLAGS=--cap-lints=warn" "-w" "/opt/rustwide/workdir" "--user" "0:0" "f6a5879b1034b4e6a7f95b3dc7e43cea5a431e0b0409238e9cc7e4c3510afae8" "/opt/rustwide/cargo-home/bin/cargo" "+1.99.0-beta.8" "test" "--frozen" "--no-run" "--message-format=json" "--release", kill_on_drop: false }`
[INFO] [stderr]    Compiling serde_core v1.0.228
[INFO] [stderr]    Compiling winnow v0.7.14
[INFO] [stderr]    Compiling target-triple v1.0.0
[INFO] [stderr]    Compiling serde v1.0.228
[INFO] [stderr]    Compiling toml_writer v1.0.4
[INFO] [stderr]    Compiling termcolor v1.4.1
[INFO] [stderr]    Compiling serde_derive v1.0.228
[INFO] [stderr]    Compiling ruled-router-derive v0.0.7 (/opt/rustwide/workdir)
[INFO] [stderr]    Compiling toml_parser v1.0.4
[INFO] [stderr]    Compiling toml_datetime v0.7.3
[INFO] [stderr]    Compiling serde_spanned v1.0.3
[INFO] [stderr]    Compiling serde_json v1.0.145
[INFO] [stderr]    Compiling toml v0.9.8
[INFO] [stderr]    Compiling trybuild v1.0.114
[INFO] [stderr]     Finished `release` profile [optimized] target(s) in 16.31s
[INFO] running `Command { std: "docker" "inspect" "f6a5879b1034b4e6a7f95b3dc7e43cea5a431e0b0409238e9cc7e4c3510afae8", kill_on_drop: false }`
[INFO] running `Command { std: "docker" "exec" "-e" "SOURCE_DIR=/opt/rustwide/workdir" "-e" "CARGO_HOME=/opt/rustwide/cargo-home" "-e" "RUSTUP_HOME=/opt/rustwide/rustup-home" "-e" "CARGO_TARGET_DIR=/opt/rustwide/target" "-e" "CARGO_INCREMENTAL=0" "-e" "RUST_BACKTRACE=full" "-e" "RUSTFLAGS=--cap-lints=warn" "-e" "RUSTDOCFLAGS=--cap-lints=warn" "-w" "/opt/rustwide/workdir" "--user" "0:0" "f6a5879b1034b4e6a7f95b3dc7e43cea5a431e0b0409238e9cc7e4c3510afae8" "/opt/rustwide/cargo-home/bin/cargo" "+1.99.0-beta.8" "test" "--frozen" "--release", kill_on_drop: false }`
[INFO] [stderr]     Finished `release` profile [optimized] target(s) in 0.04s
[INFO] [stderr]      Running unittests src/lib.rs (/opt/rustwide/target/release/deps/ruled_router_derive-3731159aa7b88a14)
[INFO] [stdout] 
[INFO] [stdout] running 0 tests
[INFO] [stdout] 
[INFO] [stdout] test result: ok. 0 passed; 0 failed; 0 ignored; 0 measured; 0 filtered out; finished in 0.00s
[INFO] [stdout] 
[INFO] [stderr]    Doc-tests ruled_router_derive
[INFO] [stdout] 
[INFO] [stdout] running 4 tests
[INFO] [stdout] test src/lib.rs - derive_router_match (line 113) ... ignored
[INFO] [stdout] test src/lib.rs - derive_query (line 62) ... FAILED
[INFO] [stdout] test src/lib.rs - derive_router (line 34) ... FAILED
[INFO] [stdout] test src/lib.rs - derive_querystring (line 85) ... FAILED
[INFO] [stdout] 
[INFO] [stdout] failures:
[INFO] [stdout] 
[INFO] [stdout] ---- src/lib.rs - derive_query (line 62) stdout ----
[INFO] [stdout] error[E0433]: cannot find module or crate `ruled_router` in this scope
[INFO] [stdout]   --> src/lib.rs:65:5
[INFO] [stdout]    |
[INFO] [stdout] 65 | use ruled_router::traits::Query;
[INFO] [stdout]    |     ^^^^^^^^^^^^ use of unresolved module or unlinked crate `ruled_router`
[INFO] [stdout]    |
[INFO] [stdout]    = help: if you wanted to use a crate named `ruled_router`, use `cargo add ruled_router` to add it to your `Cargo.toml`
[INFO] [stdout] 
[INFO] [stdout] error[E0433]: cannot find `ruled_router` in the list of imported crates
[INFO] [stdout]   --> src/lib.rs:67:10
[INFO] [stdout]    |
[INFO] [stdout] 67 | #[derive(QueryDerive)]
[INFO] [stdout]    |          ^^^^^^^^^^^ could not find `ruled_router` in the list of imported crates
[INFO] [stdout]    |
[INFO] [stdout]    = note: this error originates in the derive macro `QueryDerive` (in Nightly builds, run with -Z macro-backtrace for more info)
[INFO] [stdout] 
[INFO] [stdout] error: aborting due to 2 previous errors
[INFO] [stdout] 
[INFO] [stdout] For more information about this error, try `rustc --explain E0433`.
[INFO] [stdout] Couldn't compile the test.
[INFO] [stdout] ---- src/lib.rs - derive_router (line 34) stdout ----
[INFO] [stdout] error[E0433]: cannot find module or crate `ruled_router` in this scope
[INFO] [stdout]   --> src/lib.rs:37:5
[INFO] [stdout]    |
[INFO] [stdout] 37 | use ruled_router::traits::{RouterData, RouteMatcher};
[INFO] [stdout]    |     ^^^^^^^^^^^^ use of unresolved module or unlinked crate `ruled_router`
[INFO] [stdout]    |
[INFO] [stdout]    = help: if you wanted to use a crate named `ruled_router`, use `cargo add ruled_router` to add it to your `Cargo.toml`
[INFO] [stdout] 
[INFO] [stdout] error[E0433]: cannot find `ruled_router` in the list of imported crates
[INFO] [stdout]   --> src/lib.rs:40:10
[INFO] [stdout]    |
[INFO] [stdout] 40 | #[derive(RouterData)]
[INFO] [stdout]    |          ^^^^^^^^^^ could not find `ruled_router` in the list of imported crates
[INFO] [stdout]    |
[INFO] [stdout]    = note: this error originates in the derive macro `RouterData` (in Nightly builds, run with -Z macro-backtrace for more info)
[INFO] [stdout] 
[INFO] [stdout] error[E0433]: cannot find `ruled_router` in the list of imported crates
[INFO] [stdout]   --> src/lib.rs:40:10
[INFO] [stdout]    |
[INFO] [stdout] 40 | #[derive(RouterData)]
[INFO] [stdout]    |          ^^^^^^^^^^ could not find `ruled_router` in the list of imported crates
[INFO] [stdout]    |
[INFO] [stdout]    = note: this error originates in the derive macro `RouterData` (in Nightly builds, run with -Z macro-backtrace for more info)
[INFO] [stdout] help: consider importing this type alias
[INFO] [stdout]    |
[INFO] [stdout] 33 + use std::string::ParseError;
[INFO] [stdout]    |
[INFO] [stdout] 
[INFO] [stdout] error: aborting due to 3 previous errors
[INFO] [stdout] 
[INFO] [stdout] For more information about this error, try `rustc --explain E0433`.
[INFO] [stdout] Couldn't compile the test.
[INFO] [stdout] ---- src/lib.rs - derive_querystring (line 85) stdout ----
[INFO] [stdout] error[E0433]: cannot find `ruled_router` in the list of imported crates
[INFO] [stdout]   --> src/lib.rs:89:10
[INFO] [stdout]    |
[INFO] [stdout] 89 | #[derive(QueryString)]
[INFO] [stdout]    |          ^^^^^^^^^^^ could not find `ruled_router` in the list of imported crates
[INFO] [stdout]    |
[INFO] [stdout]    = note: this error originates in the derive macro `QueryString` (in Nightly builds, run with -Z macro-backtrace for more info)
[INFO] [stdout] 
[INFO] [stdout] error: aborting due to 1 previous error
[INFO] [stdout] 
[INFO] [stdout] For more information about this error, try `rustc --explain E0433`.
[INFO] [stdout] Couldn't compile the test.
[INFO] [stdout] 
[INFO] [stdout] failures:
[INFO] [stdout]     src/lib.rs - derive_query (line 62)
[INFO] [stdout]     src/lib.rs - derive_querystring (line 85)
[INFO] [stdout]     src/lib.rs - derive_router (line 34)
[INFO] [stdout] 
[INFO] [stdout] test result: FAILED. 0 passed; 3 failed; 1 ignored; 0 measured; 0 filtered out; finished in 0.42s
[INFO] [stdout] 
[INFO] [stderr] error: doctest failed, to rerun pass `--doc`
[INFO] running `Command { std: "docker" "inspect" "f6a5879b1034b4e6a7f95b3dc7e43cea5a431e0b0409238e9cc7e4c3510afae8", kill_on_drop: false }`
[INFO] running `Command { std: "docker" "rm" "-f" "f6a5879b1034b4e6a7f95b3dc7e43cea5a431e0b0409238e9cc7e4c3510afae8", kill_on_drop: false }`
[INFO] [stdout] f6a5879b1034b4e6a7f95b3dc7e43cea5a431e0b0409238e9cc7e4c3510afae8
