[INFO] fetching crate rujira 0.4.1...
[INFO] testing rujira-0.4.1 against 1.99.0-beta.8+cargoflags=--release for beta-release-1.100-2
[INFO] extracting crate rujira 0.4.1 into /workspace/builds/worker-2-tc1/source
[INFO] started tweaking crates.io crate rujira 0.4.1
[INFO] removed 0 missing examples
[INFO] finished tweaking crates.io crate rujira 0.4.1
[INFO] tweaked toml for crates.io crate rujira 0.4.1 written to /workspace/builds/worker-2-tc1/source/Cargo.toml
[INFO] validating manifest of crates.io crate rujira 0.4.1 on toolchain 1.99.0-beta.8
[INFO] running `Command { std: CARGO_HOME="/workspace/cargo-home" RUSTUP_HOME="/workspace/rustup-home" "/workspace/cargo-home/bin/cargo" "+1.99.0-beta.8" "metadata" "--manifest-path" "Cargo.toml" "--no-deps", kill_on_drop: false }`
[INFO] crate crates.io crate rujira 0.4.1 already has a lockfile, it will not be regenerated
[INFO] running `Command { std: CARGO_HOME="/workspace/cargo-home" RUSTUP_HOME="/workspace/rustup-home" "/workspace/cargo-home/bin/cargo" "+1.99.0-beta.8" "fetch" "--manifest-path" "Cargo.toml", kill_on_drop: false }`
[INFO] [stderr]  Downloading crates ...
[INFO] [stderr]   Downloaded quote v1.0.39
[INFO] [stderr]   Downloaded openssl-sys v0.9.106
[INFO] [stderr]   Downloaded hyper-rustls v0.27.5
[INFO] [stderr]   Downloaded rustls-pki-types v1.11.0
[INFO] [stderr]   Downloaded h2 v0.4.8
[INFO] [stderr]   Downloaded openssl v0.10.71
[INFO] [stderr]   Downloaded reqwest v0.12.12
[INFO] [stderr]   Downloaded syn v2.0.99
[INFO] [stderr]   Downloaded rustls v0.23.23
[INFO] [stderr]   Downloaded ring v0.17.11
[INFO] running `Command { std: "docker" "create" "-v" "/var/lib/crater-agent-workspace/builds/worker-2-tc1/source:/opt/rustwide/workdir:ro,Z" "-v" "/var/lib/crater-agent-workspace/builds/worker-2-tc1/target:/opt/rustwide/target:rw,Z" "-v" "/var/lib/crater-agent-workspace/cargo-home:/opt/rustwide/cargo-home:ro,Z" "-v" "/var/lib/crater-agent-workspace/rustup-home:/opt/rustwide/rustup-home:ro,Z" "-m" "1610612736" "--network" "none" "ghcr.io/rust-lang/crates-build-env/linux@sha256:77db811e55d90add9212f6832c23229e3de5f1c1f9905e8cb07319ea15df73ac" "sleep" "infinity", kill_on_drop: false }`
[INFO] [stdout] eb58c32f458462ee935bb2e715b53b795cade8b989f4230eb026fddf17e08c82
[INFO] running `Command { std: "docker" "start" "eb58c32f458462ee935bb2e715b53b795cade8b989f4230eb026fddf17e08c82", kill_on_drop: false }`
[INFO] running `Command { std: "docker" "inspect" "eb58c32f458462ee935bb2e715b53b795cade8b989f4230eb026fddf17e08c82", kill_on_drop: false }`
[INFO] running `Command { std: "docker" "exec" "-e" "SOURCE_DIR=/opt/rustwide/workdir" "-e" "CARGO_HOME=/opt/rustwide/cargo-home" "-e" "RUSTUP_HOME=/opt/rustwide/rustup-home" "-e" "CARGO_TARGET_DIR=/opt/rustwide/target" "-w" "/opt/rustwide/workdir" "--user" "0:0" "eb58c32f458462ee935bb2e715b53b795cade8b989f4230eb026fddf17e08c82" "/opt/rustwide/cargo-home/bin/cargo" "+1.99.0-beta.8" "metadata" "--no-deps" "--format-version=1", kill_on_drop: false }`
[INFO] running `Command { std: "docker" "inspect" "eb58c32f458462ee935bb2e715b53b795cade8b989f4230eb026fddf17e08c82", kill_on_drop: false }`
[INFO] running `Command { std: "docker" "exec" "-e" "SOURCE_DIR=/opt/rustwide/workdir" "-e" "CARGO_HOME=/opt/rustwide/cargo-home" "-e" "RUSTUP_HOME=/opt/rustwide/rustup-home" "-e" "CARGO_TARGET_DIR=/opt/rustwide/target" "-e" "CARGO_INCREMENTAL=0" "-e" "RUST_BACKTRACE=full" "-e" "RUSTFLAGS=--cap-lints=warn" "-e" "RUSTDOCFLAGS=--cap-lints=warn" "-w" "/opt/rustwide/workdir" "--user" "0:0" "eb58c32f458462ee935bb2e715b53b795cade8b989f4230eb026fddf17e08c82" "/opt/rustwide/cargo-home/bin/cargo" "+1.99.0-beta.8" "build" "--frozen" "--message-format=json" "--release", kill_on_drop: false }`
[INFO] [stderr]    Compiling proc-macro2 v1.0.94
[INFO] [stderr]    Compiling smallvec v1.14.0
[INFO] [stderr]    Compiling litemap v0.7.5
[INFO] [stderr]    Compiling cc v1.2.16
[INFO] [stderr]    Compiling tracing-core v0.1.33
[INFO] [stderr]    Compiling serde v1.0.218
[INFO] [stderr]    Compiling log v0.4.26
[INFO] [stderr]    Compiling http v1.2.0
[INFO] [stderr]    Compiling openssl v0.10.71
[INFO] [stderr]    Compiling socket2 v0.5.8
[INFO] [stderr]    Compiling bitflags v2.9.0
[INFO] [stderr]    Compiling serde_json v1.0.140
[INFO] [stderr]    Compiling regex-syntax v0.8.5
[INFO] [stderr]    Compiling regex-automata v0.1.10
[INFO] [stderr]    Compiling thiserror v2.0.12
[INFO] [stderr]    Compiling rustls-pki-types v1.11.0
[INFO] [stderr]    Compiling clap_builder v4.5.31
[INFO] [stderr]    Compiling thread_local v1.1.8
[INFO] [stderr]    Compiling dotenv v0.15.0
[INFO] [stderr]    Compiling rustls-pemfile v2.2.0
[INFO] [stderr]    Compiling tracing-log v0.2.0
[INFO] [stderr]    Compiling quote v1.0.39
[INFO] [stderr]    Compiling syn v2.0.99
[INFO] [stderr]    Compiling matchers v0.1.0
[INFO] [stderr]    Compiling http-body v1.0.1
[INFO] [stderr]    Compiling http-body-util v0.1.2
[INFO] [stderr]    Compiling openssl-sys v0.9.106
[INFO] [stderr]    Compiling native-tls v0.2.14
[INFO] [stderr]    Compiling regex-automata v0.4.9
[INFO] [stderr]    Compiling regex v1.11.1
[INFO] [stderr]    Compiling serde_urlencoded v0.7.1
[INFO] [stderr]    Compiling tracing-serde v0.2.0
[INFO] [stderr]    Compiling synstructure v0.13.1
[INFO] [stderr]    Compiling zerovec-derive v0.10.3
[INFO] [stderr]    Compiling displaydoc v0.2.5
[INFO] [stderr]    Compiling tokio-macros v2.5.0
[INFO] [stderr]    Compiling icu_provider_macros v1.5.0
[INFO] [stderr]    Compiling tracing-attributes v0.1.28
[INFO] [stderr]    Compiling openssl-macros v0.1.1
[INFO] [stderr]    Compiling thiserror-impl v2.0.12
[INFO] [stderr]    Compiling clap_derive v4.5.28
[INFO] [stderr]    Compiling zerofrom-derive v0.1.6
[INFO] [stderr]    Compiling yoke-derive v0.7.5
[INFO] [stderr]    Compiling tokio v1.43.0
[INFO] [stderr]    Compiling tracing v0.1.41
[INFO] [stderr]    Compiling tracing-subscriber v0.3.19
[INFO] [stderr]    Compiling zerofrom v0.1.6
[INFO] [stderr]    Compiling yoke v0.7.5
[INFO] [stderr]    Compiling zerovec v0.10.4
[INFO] [stderr]    Compiling clap v4.5.31
[INFO] [stderr]    Compiling tinystr v0.7.6
[INFO] [stderr]    Compiling icu_collections v1.5.0
[INFO] [stderr]    Compiling icu_locid v1.5.0
[INFO] [stderr]    Compiling icu_provider v1.5.0
[INFO] [stderr]    Compiling icu_locid_transform v1.5.0
[INFO] [stderr]    Compiling icu_properties v1.5.1
[INFO] [stderr]    Compiling tokio-util v0.7.13
[INFO] [stderr]    Compiling tokio-native-tls v0.3.1
[INFO] [stderr]    Compiling tower v0.5.2
[INFO] [stderr]    Compiling h2 v0.4.8
[INFO] [stderr]    Compiling icu_normalizer v1.5.0
[INFO] [stderr]    Compiling idna_adapter v1.2.0
[INFO] [stderr]    Compiling idna v1.0.3
[INFO] [stderr]    Compiling url v2.5.4
[INFO] [stderr]    Compiling hyper v1.6.0
[INFO] [stderr]    Compiling hyper-util v0.1.10
[INFO] [stderr]    Compiling hyper-tls v0.6.0
[INFO] [stderr]    Compiling reqwest v0.12.12
[INFO] [stderr]    Compiling rujira v0.4.1 (/opt/rustwide/workdir)
[INFO] [stderr]     Finished `release` profile [optimized] target(s) in 1m 20s
[INFO] running `Command { std: "docker" "inspect" "eb58c32f458462ee935bb2e715b53b795cade8b989f4230eb026fddf17e08c82", kill_on_drop: false }`
[INFO] running `Command { std: "docker" "exec" "-e" "SOURCE_DIR=/opt/rustwide/workdir" "-e" "CARGO_HOME=/opt/rustwide/cargo-home" "-e" "RUSTUP_HOME=/opt/rustwide/rustup-home" "-e" "CARGO_TARGET_DIR=/opt/rustwide/target" "-e" "CARGO_INCREMENTAL=0" "-e" "RUST_BACKTRACE=full" "-e" "RUSTFLAGS=--cap-lints=warn" "-e" "RUSTDOCFLAGS=--cap-lints=warn" "-w" "/opt/rustwide/workdir" "--user" "0:0" "eb58c32f458462ee935bb2e715b53b795cade8b989f4230eb026fddf17e08c82" "/opt/rustwide/cargo-home/bin/cargo" "+1.99.0-beta.8" "test" "--frozen" "--no-run" "--message-format=json" "--release", kill_on_drop: false }`
[INFO] [stderr]    Compiling rujira v0.4.1 (/opt/rustwide/workdir)
[INFO] [stdout] warning: unused import: `arg`
[INFO] [stdout]  --> examples/cli.rs:1:12
[INFO] [stdout]   |
[INFO] [stdout] 1 | use clap::{arg, Args, Parser, Subcommand};
[INFO] [stdout]   |            ^^^
[INFO] [stdout]   |
[INFO] [stdout]   = note: `#[warn(unused_imports)]` (part of `#[warn(unused)]`) on by default
[INFO] [stdout] 
[INFO] [stdout] 
[INFO] [stderr]     Finished `release` profile [optimized] target(s) in 11.63s
[INFO] running `Command { std: "docker" "inspect" "eb58c32f458462ee935bb2e715b53b795cade8b989f4230eb026fddf17e08c82", kill_on_drop: false }`
[INFO] running `Command { std: "docker" "exec" "-e" "SOURCE_DIR=/opt/rustwide/workdir" "-e" "CARGO_HOME=/opt/rustwide/cargo-home" "-e" "RUSTUP_HOME=/opt/rustwide/rustup-home" "-e" "CARGO_TARGET_DIR=/opt/rustwide/target" "-e" "CARGO_INCREMENTAL=0" "-e" "RUST_BACKTRACE=full" "-e" "RUSTFLAGS=--cap-lints=warn" "-e" "RUSTDOCFLAGS=--cap-lints=warn" "-w" "/opt/rustwide/workdir" "--user" "0:0" "eb58c32f458462ee935bb2e715b53b795cade8b989f4230eb026fddf17e08c82" "/opt/rustwide/cargo-home/bin/cargo" "+1.99.0-beta.8" "test" "--frozen" "--release", kill_on_drop: false }`
[INFO] [stderr] warning: unused import: `arg`
[INFO] [stderr]  --> examples/cli.rs:1:12
[INFO] [stderr]   |
[INFO] [stderr] 1 | use clap::{arg, Args, Parser, Subcommand};
[INFO] [stderr]   |            ^^^
[INFO] [stderr]   |
[INFO] [stderr]   = note: `#[warn(unused_imports)]` (part of `#[warn(unused)]`) on by default
[INFO] [stderr] 
[INFO] [stderr] warning: `rujira` (example "cli") generated 1 warning (run `cargo fix --example "cli" -p rujira` to apply 1 suggestion)
[INFO] [stderr]     Finished `release` profile [optimized] target(s) in 0.19s
[INFO] [stderr]      Running unittests src/lib.rs (/opt/rustwide/target/release/deps/rujira-ce9099635c37f6cf)
[INFO] [stdout] 
[INFO] [stdout] running 1 test
[INFO] [stdout] test tests::try_to_create_and_delete_issue ... FAILED
[INFO] [stdout] 
[INFO] [stdout] failures:
[INFO] [stdout] 
[INFO] [stdout] ---- tests::try_to_create_and_delete_issue stdout ----
[INFO] [stdout] 
[INFO] [stdout] thread 'tests::try_to_create_and_delete_issue' (1801) panicked at src/lib.rs:72:56:
[INFO] [stdout] RUJIRA_TOKEN not set: NotPresent
[INFO] [stdout] stack backtrace:
[INFO] [stdout]    0:     0x61c0ba0d9181 - <<std[70759c8f55707aa4]::sys::backtrace::BacktraceLock>::print::DisplayBacktrace as core[df12db4294e9bfd3]::fmt::Display>::fmt
[INFO] [stdout]    1:     0x61c0ba0ef2ca - core[df12db4294e9bfd3]::fmt::write
[INFO] [stdout]    2:     0x61c0ba0ddc7c - <alloc[2182bb758b4b3781]::vec::Vec<u8> as core[df12db4294e9bfd3]::io::write::Write>::write_fmt
[INFO] [stdout]    3:     0x61c0ba0b41f6 - std[70759c8f55707aa4]::panicking::default_hook::{closure#0}
[INFO] [stdout]    4:     0x61c0ba0d1099 - std[70759c8f55707aa4]::panicking::default_hook
[INFO] [stdout]    5:     0x61c0b9f2b850 - test[9d35eded1c95d3be]::test_main_inner::<test[9d35eded1c95d3be]::test_main_static::{closure#0}>::{closure#0}
[INFO] [stdout]    6:     0x61c0ba0d13c2 - std[70759c8f55707aa4]::panicking::panic_with_hook
[INFO] [stdout]    7:     0x61c0ba0b42a2 - std[70759c8f55707aa4]::panicking::panic_handler::{closure#0}
[INFO] [stdout]    8:     0x61c0ba0acd09 - std[70759c8f55707aa4]::sys::backtrace::__rust_end_short_backtrace::<std[70759c8f55707aa4]::panicking::panic_handler::{closure#0}, !>
[INFO] [stdout]    9:     0x61c0ba0b512d - __rustc[8fa7c3cbc660c2b3]::rust_begin_unwind
[INFO] [stdout]   10:     0x61c0ba0efa2c - core[df12db4294e9bfd3]::panicking::panic_fmt
[INFO] [stdout]   11:     0x61c0ba0ef802 - core[df12db4294e9bfd3]::result::unwrap_failed
[INFO] [stdout]   12:     0x61c0b9f17091 - <rujira[c084e131c406ce14]::Rujira>::from_env_handler
[INFO] [stdout]   13:     0x61c0b9f0c479 - rujira[c084e131c406ce14]::tests::try_to_create_and_delete_issue::{closure#0}
[INFO] [stdout]   14:     0x61c0b9f12fb3 - <tokio[7ac9a34843c5d63c]::runtime::scheduler::current_thread::Context>::enter::<core[df12db4294e9bfd3]::task::poll::Poll<()>, <tokio[7ac9a34843c5d63c]::runtime::scheduler::current_thread::CoreGuard>::block_on<core[df12db4294e9bfd3]::pin::Pin<&mut core[df12db4294e9bfd3]::pin::Pin<&mut dyn core[df12db4294e9bfd3]::future::future::Future<Output = ()>>>>::{closure#0}::{closure#0}>
[INFO] [stdout]   15:     0x61c0b9f174ff - <std[70759c8f55707aa4]::thread::local::LocalKey<tokio[7ac9a34843c5d63c]::runtime::context::Context>>::with::<tokio[7ac9a34843c5d63c]::runtime::context::set_scheduler<(alloc[2182bb758b4b3781]::boxed::Box<tokio[7ac9a34843c5d63c]::runtime::scheduler::current_thread::Core>, core[df12db4294e9bfd3]::option::Option<()>), <tokio[7ac9a34843c5d63c]::runtime::scheduler::current_thread::CoreGuard>::enter<<tokio[7ac9a34843c5d63c]::runtime::scheduler::current_thread::CoreGuard>::block_on<core[df12db4294e9bfd3]::pin::Pin<&mut core[df12db4294e9bfd3]::pin::Pin<&mut dyn core[df12db4294e9bfd3]::future::future::Future<Output = ()>>>>::{closure#0}, core[df12db4294e9bfd3]::option::Option<()>>::{closure#0}>::{closure#0}, (alloc[2182bb758b4b3781]::boxed::Box<tokio[7ac9a34843c5d63c]::runtime::scheduler::current_thread::Core>, core[df12db4294e9bfd3]::option::Option<()>)>
[INFO] [stdout]   16:     0x61c0b9f132e7 - <tokio[7ac9a34843c5d63c]::runtime::scheduler::current_thread::CoreGuard>::block_on::<core[df12db4294e9bfd3]::pin::Pin<&mut core[df12db4294e9bfd3]::pin::Pin<&mut dyn core[df12db4294e9bfd3]::future::future::Future<Output = ()>>>>
[INFO] [stdout]   17:     0x61c0b9f16581 - tokio[7ac9a34843c5d63c]::runtime::context::runtime::enter_runtime::<<tokio[7ac9a34843c5d63c]::runtime::scheduler::current_thread::CurrentThread>::block_on<core[df12db4294e9bfd3]::pin::Pin<&mut dyn core[df12db4294e9bfd3]::future::future::Future<Output = ()>>>::{closure#0}, ()>
[INFO] [stdout]   18:     0x61c0b9f14f8e - <tokio[7ac9a34843c5d63c]::runtime::runtime::Runtime>::block_on::<core[df12db4294e9bfd3]::pin::Pin<&mut dyn core[df12db4294e9bfd3]::future::future::Future<Output = ()>>>
[INFO] [stdout]   19:     0x61c0b9f0de1b - rujira[c084e131c406ce14]::tests::try_to_create_and_delete_issue
[INFO] [stdout]   20:     0x61c0b9f17409 - <rujira[c084e131c406ce14]::tests::try_to_create_and_delete_issue::{closure#0} as core[df12db4294e9bfd3]::ops::function::FnOnce<()>>::call_once
[INFO] [stdout]   21:     0x61c0b9f1eb3b - test[9d35eded1c95d3be]::__rust_begin_short_backtrace::<core[df12db4294e9bfd3]::result::Result<(), alloc[2182bb758b4b3781]::string::String>, fn() -> core[df12db4294e9bfd3]::result::Result<(), alloc[2182bb758b4b3781]::string::String>>
[INFO] [stdout]   22:     0x61c0b9f2c1a5 - test[9d35eded1c95d3be]::run_test::{closure#0}
[INFO] [stdout]   23:     0x61c0b9f25a64 - std[70759c8f55707aa4]::sys::backtrace::__rust_begin_short_backtrace::<test[9d35eded1c95d3be]::run_test::{closure#1}, ()>
[INFO] [stdout]   24:     0x61c0b9f2f302 - <std[70759c8f55707aa4]::thread::lifecycle::spawn_unchecked<test[9d35eded1c95d3be]::run_test::{closure#1}, ()>::{closure#1} as core[df12db4294e9bfd3]::ops::function::FnOnce<()>>::call_once::{shim:vtable#0}
[INFO] [stdout]   25:     0x61c0ba0d86a9 - <std[70759c8f55707aa4]::sys::thread::unix::Thread>::new::thread_start
[INFO] [stdout]   26:     0x78a8d1ba6dfa - <unknown>
[INFO] [stdout]   27:     0x78a8d1c3a3d4 - clone
[INFO] [stdout]   28:                0x0 - <unknown>
[INFO] [stdout] 
[INFO] [stdout] 
[INFO] [stdout] failures:
[INFO] [stdout]     tests::try_to_create_and_delete_issue
[INFO] [stdout] 
[INFO] [stdout] test result: FAILED. 0 passed; 1 failed; 0 ignored; 0 measured; 0 filtered out; finished in 0.01s
[INFO] [stdout] 
[INFO] [stderr] error: test failed, to rerun pass `--lib`
[INFO] running `Command { std: "docker" "inspect" "eb58c32f458462ee935bb2e715b53b795cade8b989f4230eb026fddf17e08c82", kill_on_drop: false }`
[INFO] running `Command { std: "docker" "rm" "-f" "eb58c32f458462ee935bb2e715b53b795cade8b989f4230eb026fddf17e08c82", kill_on_drop: false }`
[INFO] [stdout] eb58c32f458462ee935bb2e715b53b795cade8b989f4230eb026fddf17e08c82
