[INFO] fetching crate ruddr 1.2.0...
[INFO] testing ruddr-1.2.0 against 1.99.0-beta.8+cargoflags=--release for beta-release-1.100-2
[INFO] extracting crate ruddr 1.2.0 into /workspace/builds/worker-5-tc1/source
[INFO] started tweaking crates.io crate ruddr 1.2.0
[INFO] finished tweaking crates.io crate ruddr 1.2.0
[INFO] tweaked toml for crates.io crate ruddr 1.2.0 written to /workspace/builds/worker-5-tc1/source/Cargo.toml
[INFO] validating manifest of crates.io crate ruddr 1.2.0 on toolchain 1.99.0-beta.8
[INFO] running `Command { std: CARGO_HOME="/workspace/cargo-home" RUSTUP_HOME="/workspace/rustup-home" "/workspace/cargo-home/bin/cargo" "+1.99.0-beta.8" "metadata" "--manifest-path" "Cargo.toml" "--no-deps", kill_on_drop: false }`
[INFO] crate crates.io crate ruddr 1.2.0 already has a lockfile, it will not be regenerated
[INFO] running `Command { std: CARGO_HOME="/workspace/cargo-home" RUSTUP_HOME="/workspace/rustup-home" "/workspace/cargo-home/bin/cargo" "+1.99.0-beta.8" "fetch" "--manifest-path" "Cargo.toml", kill_on_drop: false }`
[INFO] running `Command { std: "docker" "create" "-v" "/var/lib/crater-agent-workspace/builds/worker-5-tc1/source:/opt/rustwide/workdir:ro,Z" "-v" "/var/lib/crater-agent-workspace/builds/worker-5-tc1/target:/opt/rustwide/target:rw,Z" "-v" "/var/lib/crater-agent-workspace/cargo-home:/opt/rustwide/cargo-home:ro,Z" "-v" "/var/lib/crater-agent-workspace/rustup-home:/opt/rustwide/rustup-home:ro,Z" "-m" "1610612736" "--network" "none" "ghcr.io/rust-lang/crates-build-env/linux@sha256:77db811e55d90add9212f6832c23229e3de5f1c1f9905e8cb07319ea15df73ac" "sleep" "infinity", kill_on_drop: false }`
[INFO] [stdout] 730e7a4e932790118c1dd8a98dd025cd6b5f1c887fb8c6c4fcaaf28d467bd87c
[INFO] running `Command { std: "docker" "start" "730e7a4e932790118c1dd8a98dd025cd6b5f1c887fb8c6c4fcaaf28d467bd87c", kill_on_drop: false }`
[INFO] running `Command { std: "docker" "inspect" "730e7a4e932790118c1dd8a98dd025cd6b5f1c887fb8c6c4fcaaf28d467bd87c", kill_on_drop: false }`
[INFO] running `Command { std: "docker" "exec" "-e" "SOURCE_DIR=/opt/rustwide/workdir" "-e" "CARGO_HOME=/opt/rustwide/cargo-home" "-e" "RUSTUP_HOME=/opt/rustwide/rustup-home" "-e" "CARGO_TARGET_DIR=/opt/rustwide/target" "-w" "/opt/rustwide/workdir" "--user" "0:0" "730e7a4e932790118c1dd8a98dd025cd6b5f1c887fb8c6c4fcaaf28d467bd87c" "/opt/rustwide/cargo-home/bin/cargo" "+1.99.0-beta.8" "metadata" "--no-deps" "--format-version=1", kill_on_drop: false }`
[INFO] running `Command { std: "docker" "inspect" "730e7a4e932790118c1dd8a98dd025cd6b5f1c887fb8c6c4fcaaf28d467bd87c", kill_on_drop: false }`
[INFO] running `Command { std: "docker" "exec" "-e" "SOURCE_DIR=/opt/rustwide/workdir" "-e" "CARGO_HOME=/opt/rustwide/cargo-home" "-e" "RUSTUP_HOME=/opt/rustwide/rustup-home" "-e" "CARGO_TARGET_DIR=/opt/rustwide/target" "-e" "CARGO_INCREMENTAL=0" "-e" "RUST_BACKTRACE=full" "-e" "RUSTFLAGS=--cap-lints=warn" "-e" "RUSTDOCFLAGS=--cap-lints=warn" "-w" "/opt/rustwide/workdir" "--user" "0:0" "730e7a4e932790118c1dd8a98dd025cd6b5f1c887fb8c6c4fcaaf28d467bd87c" "/opt/rustwide/cargo-home/bin/cargo" "+1.99.0-beta.8" "build" "--frozen" "--message-format=json" "--release", kill_on_drop: false }`
[INFO] [stderr]    Compiling proc-macro2 v1.0.107
[INFO] [stderr]    Compiling quote v1.0.47
[INFO] [stderr]    Compiling unicode-ident v1.0.24
[INFO] [stderr]    Compiling libc v0.2.189
[INFO] [stderr]    Compiling stable_deref_trait v1.2.1
[INFO] [stderr]    Compiling shlex v2.0.1
[INFO] [stderr]    Compiling find-msvc-tools v0.1.12
[INFO] [stderr]    Compiling pin-project-lite v0.2.17
[INFO] [stderr]    Compiling bytes v1.12.1
[INFO] [stderr]    Compiling fs_extra v1.3.0
[INFO] [stderr]    Compiling pkg-config v0.3.34
[INFO] [stderr]    Compiling dunce v1.0.5
[INFO] [stderr]    Compiling futures-core v0.3.34
[INFO] [stderr]    Compiling itoa v1.0.18
[INFO] [stderr]    Compiling once_cell v1.21.4
[INFO] [stderr]    Compiling smallvec v1.16.0
[INFO] [stderr]    Compiling writeable v0.6.4
[INFO] [stderr]    Compiling zeroize v1.9.0
[INFO] [stderr]    Compiling litemap v0.8.3
[INFO] [stderr]    Compiling aws-lc-rs v1.18.1
[INFO] [stderr]    Compiling rustversion v1.0.23
[INFO] [stderr]    Compiling icu_normalizer_data v2.3.0
[INFO] [stderr]    Compiling utf8_iter v1.0.4
[INFO] [stderr]    Compiling icu_properties_data v2.3.0
[INFO] [stderr]    Compiling slab v0.4.12
[INFO] [stderr]    Compiling rustls-pki-types v1.15.1
[INFO] [stderr]    Compiling memchr v2.8.3
[INFO] [stderr]    Compiling tracing-core v0.1.36
[INFO] [stderr]    Compiling httparse v1.10.1
[INFO] [stderr]    Compiling futures-task v0.3.34
[INFO] [stderr]    Compiling rustls v0.23.44
[INFO] [stderr]    Compiling futures-sink v0.3.34
[INFO] [stderr]    Compiling hashbrown v0.17.1
[INFO] [stderr]    Compiling equivalent v1.0.2
[INFO] [stderr]    Compiling percent-encoding v2.3.2
[INFO] [stderr]    Compiling untrusted v0.9.0
[INFO] [stderr]    Compiling tower-service v0.3.3
[INFO] [stderr]    Compiling fnv v1.0.7
[INFO] [stderr]    Compiling atomic-waker v1.1.2
[INFO] [stderr]    Compiling subtle v2.6.1
[INFO] [stderr]    Compiling try-lock v0.2.5
[INFO] [stderr]    Compiling want v0.3.1
[INFO] [stderr]    Compiling futures-channel v0.3.34
[INFO] [stderr]    Compiling log v0.4.34
[INFO] [stderr]    Compiling regex-syntax v0.8.11
[INFO] [stderr]    Compiling futures-util v0.3.34
[INFO] [stderr]    Compiling aho-corasick v1.1.5
[INFO] [stderr]    Compiling form_urlencoded v1.2.2
[INFO] [stderr]    Compiling tracing v0.1.44
[INFO] [stderr]    Compiling serde_core v1.0.229
[INFO] [stderr]    Compiling sync_wrapper v1.0.2
[INFO] [stderr]    Compiling tower-layer v0.3.3
[INFO] [stderr]    Compiling utf8parse v0.2.2
[INFO] [stderr]    Compiling indexmap v2.14.2
[INFO] [stderr]    Compiling syn v3.0.5
[INFO] [stderr]    Compiling syn v2.0.119
[INFO] [stderr]    Compiling encoding_rs v0.8.41
[INFO] [stderr]    Compiling openssl-probe v0.2.1
[INFO] [stderr]    Compiling ipnet v2.12.2
[INFO] [stderr]    Compiling http v1.5.0
[INFO] [stderr]    Compiling base64 v0.22.1
[INFO] [stderr]    Compiling anstyle-parse v1.0.0
[INFO] [stderr]    Compiling zmij v1.0.23
[INFO] [stderr]    Compiling rustls-native-certs v0.8.4
[INFO] [stderr]    Compiling is_terminal_polyfill v1.70.2
[INFO] [stderr]    Compiling anstyle-query v1.1.5
[INFO] [stderr]    Compiling jiff-core v0.1.0
[INFO] [stderr]    Compiling cfg-if v1.0.4
[INFO] [stderr]    Compiling bitflags v2.13.2
[INFO] [stderr]    Compiling scopeguard v1.2.0
[INFO] [stderr]    Compiling multiversion_no_op v1.0.0
[INFO] [stderr]    Compiling colorchoice v1.0.5
[INFO] [stderr]    Compiling simdutf8 v0.1.5
[INFO] [stderr]    Compiling anstyle v1.0.14
[INFO] [stderr]    Compiling core_detect v1.0.0
[INFO] [stderr]    Compiling mime v0.3.17
[INFO] [stderr]    Compiling base64 v0.23.1
[INFO] [stderr]    Compiling socket2 v0.6.5
[INFO] [stderr]    Compiling mio v1.2.3
[INFO] [stderr]    Compiling anstream v1.0.0
[INFO] [stderr]    Compiling jobserver v0.1.35
[INFO] [stderr]    Compiling cc v1.4.5
[INFO] [stderr]    Compiling http-body v1.1.0
[INFO] [stderr]    Compiling tokio v1.53.1
[INFO] [stderr]    Compiling http-body-util v0.1.5
[INFO] [stderr]    Compiling jiff v0.2.35
[INFO] [stderr]    Compiling synstructure v0.13.2
[INFO] [stderr]    Compiling regex-automata v0.4.18
[INFO] [stderr]    Compiling cmake v0.1.58
[INFO] [stderr]    Compiling zerofrom-derive v0.1.7
[INFO] [stderr]    Compiling yoke-derive v0.8.2
[INFO] [stderr]    Compiling aws-lc-sys v0.45.0
[INFO] [stderr]    Compiling zerofrom v0.1.8
[INFO] [stderr]    Compiling yoke v0.8.3
[INFO] [stderr]    Compiling serde_json v1.0.151
[INFO] [stderr]    Compiling zerovec-derive v0.11.6
[INFO] [stderr]    Compiling displaydoc v0.2.7
[INFO] [stderr]    Compiling multiversion-macros v0.9.0
[INFO] [stderr]    Compiling regex v1.13.1
[INFO] [stderr]    Compiling serde_derive v1.0.229
[INFO] [stderr]    Compiling env_filter v2.0.0
[INFO] [stderr]    Compiling zerotrie v0.2.5
[INFO] [stderr]    Compiling zerovec v0.11.8
[INFO] [stderr]    Compiling multiversion v0.9.0
[INFO] [stderr]    Compiling env_logger v0.11.11
[INFO] [stderr]    Compiling tinystr v0.8.4
[INFO] [stderr]    Compiling potential_utf v0.1.6
[INFO] [stderr]    Compiling icu_collections v2.3.0
[INFO] [stderr]    Compiling icu_locale_core v2.3.0
[INFO] [stderr]    Compiling tokio-util v0.7.19
[INFO] [stderr]    Compiling tower v0.5.3
[INFO] [stderr]    Compiling serde v1.0.229
[INFO] [stderr]    Compiling h2 v0.4.19
[INFO] [stderr]    Compiling icu_provider v2.3.1
[INFO] [stderr]    Compiling icu_normalizer v2.3.0
[INFO] [stderr]    Compiling icu_properties v2.3.0
[INFO] [stderr]    Compiling idna_adapter v1.2.2
[INFO] [stderr]    Compiling idna v1.1.0
[INFO] [stderr]    Compiling url v2.5.8
[INFO] [stderr]    Compiling tower-http v0.6.11
[INFO] [stderr]    Compiling hyper v1.11.1
[INFO] [stderr]    Compiling hyper-util v0.1.20
[INFO] [stderr]    Compiling rustls-webpki v0.103.15
[INFO] [stderr]    Compiling tokio-rustls v0.26.5
[INFO] [stderr]    Compiling rustls-platform-verifier v0.7.0
[INFO] [stderr]    Compiling hyper-rustls v0.27.9
[INFO] [stderr]    Compiling reqwest v0.13.5
[INFO] [stderr]    Compiling ruddr v1.2.0 (/opt/rustwide/workdir)
[INFO] [stderr]     Finished `release` profile [optimized] target(s) in 2m 14s
[INFO] running `Command { std: "docker" "inspect" "730e7a4e932790118c1dd8a98dd025cd6b5f1c887fb8c6c4fcaaf28d467bd87c", kill_on_drop: false }`
[INFO] running `Command { std: "docker" "exec" "-e" "SOURCE_DIR=/opt/rustwide/workdir" "-e" "CARGO_HOME=/opt/rustwide/cargo-home" "-e" "RUSTUP_HOME=/opt/rustwide/rustup-home" "-e" "CARGO_TARGET_DIR=/opt/rustwide/target" "-e" "CARGO_INCREMENTAL=0" "-e" "RUST_BACKTRACE=full" "-e" "RUSTFLAGS=--cap-lints=warn" "-e" "RUSTDOCFLAGS=--cap-lints=warn" "-w" "/opt/rustwide/workdir" "--user" "0:0" "730e7a4e932790118c1dd8a98dd025cd6b5f1c887fb8c6c4fcaaf28d467bd87c" "/opt/rustwide/cargo-home/bin/cargo" "+1.99.0-beta.8" "test" "--frozen" "--no-run" "--message-format=json" "--release", kill_on_drop: false }`
[INFO] [stderr]    Compiling stable_deref_trait v1.2.1
[INFO] [stderr]    Compiling bytes v1.12.1
[INFO] [stderr]    Compiling pin-project-lite v0.2.17
[INFO] [stderr]    Compiling futures-core v0.3.34
[INFO] [stderr]    Compiling once_cell v1.21.4
[INFO] [stderr]    Compiling itoa v1.0.18
[INFO] [stderr]    Compiling writeable v0.6.4
[INFO] [stderr]    Compiling litemap v0.8.3
[INFO] [stderr]    Compiling smallvec v1.16.0
[INFO] [stderr]    Compiling zeroize v1.9.0
[INFO] [stderr]    Compiling utf8_iter v1.0.4
[INFO] [stderr]    Compiling libc v0.2.189
[INFO] [stderr]    Compiling slab v0.4.12
[INFO] [stderr]    Compiling zerofrom v0.1.8
[INFO] [stderr]    Compiling tokio-macros v2.7.2
[INFO] [stderr]    Compiling aws-lc-sys v0.45.0
[INFO] [stderr]    Compiling memchr v2.8.3
[INFO] [stderr]    Compiling icu_properties_data v2.3.0
[INFO] [stderr]    Compiling icu_normalizer_data v2.3.0
[INFO] [stderr]    Compiling futures-sink v0.3.34
[INFO] [stderr]    Compiling rustls-pki-types v1.15.1
[INFO] [stderr]    Compiling yoke v0.8.3
[INFO] [stderr]    Compiling tracing-core v0.1.36
[INFO] [stderr]    Compiling hashbrown v0.17.1
[INFO] [stderr]    Compiling futures-task v0.3.34
[INFO] [stderr]    Compiling equivalent v1.0.2
[INFO] [stderr]    Compiling zerovec v0.11.8
[INFO] [stderr]    Compiling zerotrie v0.2.5
[INFO] [stderr]    Compiling untrusted v0.9.0
[INFO] [stderr]    Compiling percent-encoding v2.3.2
[INFO] [stderr]    Compiling futures-util v0.3.34
[INFO] [stderr]    Compiling tower-service v0.3.3
[INFO] [stderr]    Compiling atomic-waker v1.1.2
[INFO] [stderr]    Compiling subtle v2.6.1
[INFO] [stderr]    Compiling fnv v1.0.7
[INFO] [stderr]    Compiling try-lock v0.2.5
[INFO] [stderr]    Compiling httparse v1.10.1
[INFO] [stderr]    Compiling futures-channel v0.3.34
[INFO] [stderr]    Compiling want v0.3.1
[INFO] [stderr]    Compiling regex-syntax v0.8.11
[INFO] [stderr]    Compiling log v0.4.34
[INFO] [stderr]    Compiling form_urlencoded v1.2.2
[INFO] [stderr]    Compiling serde_core v1.0.229
[INFO] [stderr]    Compiling sync_wrapper v1.0.2
[INFO] [stderr]    Compiling base64 v0.22.1
[INFO] [stderr]    Compiling openssl-probe v0.2.1
[INFO] [stderr]    Compiling tower-layer v0.3.3
[INFO] [stderr]    Compiling ipnet v2.12.2
[INFO] [stderr]    Compiling http v1.5.0
[INFO] [stderr]    Compiling tracing v0.1.44
[INFO] [stderr]    Compiling aho-corasick v1.1.5
[INFO] [stderr]    Compiling utf8parse v0.2.2
[INFO] [stderr]    Compiling rustls-native-certs v0.8.4
[INFO] [stderr]    Compiling anstyle-parse v1.0.0
[INFO] [stderr]    Compiling aws-lc-rs v1.18.1
[INFO] [stderr]    Compiling multiversion v0.9.0
[INFO] [stderr]    Compiling zmij v1.0.23
[INFO] [stderr]    Compiling core_detect v1.0.0
[INFO] [stderr]    Compiling is_terminal_polyfill v1.70.2
[INFO] [stderr]    Compiling colorchoice v1.0.5
[INFO] [stderr]    Compiling tinystr v0.8.4
[INFO] [stderr]    Compiling potential_utf v0.1.6
[INFO] [stderr]    Compiling anstyle v1.0.14
[INFO] [stderr]    Compiling scopeguard v1.2.0
[INFO] [stderr]    Compiling jiff-core v0.1.0
[INFO] [stderr]    Compiling simdutf8 v0.1.5
[INFO] [stderr]    Compiling icu_collections v2.3.0
[INFO] [stderr]    Compiling icu_locale_core v2.3.0
[INFO] [stderr]    Compiling cfg-if v1.0.4
[INFO] [stderr]    Compiling bitflags v2.13.2
[INFO] [stderr]    Compiling anstyle-query v1.1.5
[INFO] [stderr]    Compiling mio v1.2.3
[INFO] [stderr]    Compiling socket2 v0.6.5
[INFO] [stderr]    Compiling indexmap v2.14.2
[INFO] [stderr]    Compiling anstream v1.0.0
[INFO] [stderr]    Compiling encoding_rs v0.8.41
[INFO] [stderr]    Compiling mime v0.3.17
[INFO] [stderr]    Compiling base64 v0.23.1
[INFO] [stderr]    Compiling http-body v1.1.0
[INFO] [stderr]    Compiling http-body-util v0.1.5
[INFO] [stderr]    Compiling tokio v1.53.1
[INFO] [stderr]    Compiling jiff v0.2.35
[INFO] [stderr]    Compiling icu_provider v2.3.1
[INFO] [stderr]    Compiling icu_normalizer v2.3.0
[INFO] [stderr]    Compiling icu_properties v2.3.0
[INFO] [stderr]    Compiling rustls-webpki v0.103.15
[INFO] [stderr]    Compiling regex-automata v0.4.18
[INFO] [stderr]    Compiling rustls v0.23.44
[INFO] [stderr]    Compiling serde v1.0.229
[INFO] [stderr]    Compiling serde_json v1.0.151
[INFO] [stderr]    Compiling idna_adapter v1.2.2
[INFO] [stderr]    Compiling idna v1.1.0
[INFO] [stderr]    Compiling url v2.5.8
[INFO] [stderr]    Compiling regex v1.13.1
[INFO] [stderr]    Compiling env_filter v2.0.0
[INFO] [stderr]    Compiling env_logger v0.11.11
[INFO] [stderr]    Compiling tokio-util v0.7.19
[INFO] [stderr]    Compiling tower v0.5.3
[INFO] [stderr]    Compiling tower-http v0.6.11
[INFO] [stderr]    Compiling h2 v0.4.19
[INFO] [stderr]    Compiling tokio-rustls v0.26.5
[INFO] [stderr]    Compiling rustls-platform-verifier v0.7.0
[INFO] [stderr]    Compiling hyper v1.11.1
[INFO] [stderr]    Compiling hyper-util v0.1.20
[INFO] [stderr]    Compiling hyper-rustls v0.27.9
[INFO] [stderr]    Compiling reqwest v0.13.5
[INFO] [stderr]    Compiling ruddr v1.2.0 (/opt/rustwide/workdir)
[INFO] [stderr]     Finished `release` profile [optimized] target(s) in 2m 26s
[INFO] running `Command { std: "docker" "inspect" "730e7a4e932790118c1dd8a98dd025cd6b5f1c887fb8c6c4fcaaf28d467bd87c", kill_on_drop: false }`
[INFO] running `Command { std: "docker" "exec" "-e" "SOURCE_DIR=/opt/rustwide/workdir" "-e" "CARGO_HOME=/opt/rustwide/cargo-home" "-e" "RUSTUP_HOME=/opt/rustwide/rustup-home" "-e" "CARGO_TARGET_DIR=/opt/rustwide/target" "-e" "CARGO_INCREMENTAL=0" "-e" "RUST_BACKTRACE=full" "-e" "RUSTFLAGS=--cap-lints=warn" "-e" "RUSTDOCFLAGS=--cap-lints=warn" "-w" "/opt/rustwide/workdir" "--user" "0:0" "730e7a4e932790118c1dd8a98dd025cd6b5f1c887fb8c6c4fcaaf28d467bd87c" "/opt/rustwide/cargo-home/bin/cargo" "+1.99.0-beta.8" "test" "--frozen" "--release", kill_on_drop: false }`
[INFO] [stderr]     Finished `release` profile [optimized] target(s) in 0.24s
[INFO] [stderr]      Running unittests src/lib.rs (/opt/rustwide/target/release/deps/ruddr-5ac35f852f4ee2c9)
[INFO] [stdout] 
[INFO] [stdout] running 82 tests
[INFO] [stdout] test client::request::tests::test_request_new_empty_params ... ok
[INFO] [stdout] test client::request::tests::test_request_new_empty_endpoint_error - should panic ... ok
[INFO] [stdout] test client::request::tests::test_request_new_params ... ok
[INFO] [stdout] test client::client::tests::test_client_new_env ... ok
[INFO] [stdout] test client::client::tests::test_client_list ... FAILED
[INFO] [stdout] test interface::expense_report::tests::test_expense_report ... FAILED
[INFO] [stdout] test interface::member::tests::test_member ... FAILED
[INFO] [stdout] test interface::customer::tests::test_customer ... FAILED
[INFO] [stdout] test interface::cost::tests::test_cost ... FAILED
[INFO] [stdout] test client::client::tests::test_client_new ... ok
[INFO] [stdout] test interface::expense_item::tests::test_expense_item ... FAILED
[INFO] [stdout] test client::client::tests::test_client_read ... FAILED
[INFO] [stdout] test interface::allocation::tests::test_allocation ... FAILED
[INFO] [stdout] test model::allocation::tests::test_allocation_deserialize ... ok
[INFO] [stdout] test model::allocation::tests::test_assignment_type_display ... ok
[INFO] [stdout] test interface::expense_report::tests::test_expense_reports ... FAILED
[INFO] [stdout] test interface::customer::tests::test_clients ... FAILED
[INFO] [stdout] test interface::allocation::tests::test_allocations ... FAILED
[INFO] [stdout] test model::cost::tests::test_cost_deserialize ... ok
[INFO] [stdout] test model::client::tests::test_client_deserialize ... ok
[INFO] [stdout] test interface::project::tests::test_project ... FAILED
[INFO] [stdout] test interface::project::tests::test_projects ... FAILED
[INFO] [stdout] test interface::cost::tests::test_costs ... FAILED
[INFO] [stdout] test model::project::tests::test_status_display ... ok
[INFO] [stdout] test model::expense_item::tests::test_expense_item_deserialize ... ok
[INFO] [stdout] test model::shared::tests::test_entity_deserialize ... ok
[INFO] [stdout] test model::shared::tests::test_project_deserialize ... ok
[INFO] [stdout] test model::expense_report::tests::test_expense_report_deserialize ... ok
[INFO] [stdout] test interface::time::tests::test_time_entry ... FAILED
[INFO] [stdout] test client::request::tests::test_request_get ... FAILED
[INFO] [stdout] test model::project::tests::test_project_deserialize ... ok
[INFO] [stdout] test model::types::tests::test_date_display ... ok
[INFO] [stdout] test model::types::tests::test_date_to_str ... ok
[INFO] [stdout] test interface::expense_item::tests::test_expense_items ... FAILED
[INFO] [stdout] test interface::role::tests::test_roles ... FAILED
[INFO] [stdout] test model::types::tests::test_date_from_str ... ok
[INFO] [stdout] test model::types::tests::test_date_new ... ok
[INFO] [stdout] test model::types::tests::test_date_to_string ... ok
[INFO] [stdout] test model::types::tests::test_slug_deserialize ... ok
[INFO] [stdout] test model::types::tests::test_slug_display ... ok
[INFO] [stdout] test model::member::tests::test_member_deserialize ... ok
[INFO] [stdout] test model::types::tests::test_date_from_string ... ok
[INFO] [stdout] test model::types::tests::test_slug_from_string ... ok
[INFO] [stdout] test model::types::tests::test_slug_new ... ok
[INFO] [stdout] test model::types::tests::test_slug_new_error ... ok
[INFO] [stdout] test model::types::tests::test_slug_to_str ... ok
[INFO] [stdout] test model::time::tests::test_time_deserialize ... ok
[INFO] [stdout] test model::types::tests::test_slug_from_str ... ok
[INFO] [stdout] test model::types::tests::test_date_deserialize ... ok
[INFO] [stdout] test model::types::tests::test_time_from_str ... ok
[INFO] [stdout] test model::types::tests::test_slug_to_string ... ok
[INFO] [stdout] test model::types::tests::test_time_deserialize ... ok
[INFO] [stdout] test model::types::tests::test_time_to_str ... ok
[INFO] [stdout] test model::types::tests::test_timestamp_from_str ... ok
[INFO] [stdout] test model::types::tests::test_time_display ... ok
[INFO] [stdout] test model::types::tests::test_time_new ... ok
[INFO] [stdout] test model::types::tests::test_time_new_error ... ok
[INFO] [stdout] test model::types::tests::test_time_to_string ... ok
[INFO] [stdout] test model::types::tests::test_timestamp_new ... ok
[INFO] [stdout] test model::types::tests::test_timestamp_display ... ok
[INFO] [stdout] test model::types::tests::test_timestamp_to_string ... ok
[INFO] [stdout] test model::types::tests::test_uuid_deserialize ... ok
[INFO] [stdout] test interface::time::tests::test_time_entries ... FAILED
[INFO] [stdout] test model::types::tests::test_uuid_display ... ok
[INFO] [stdout] test model::types::tests::test_uuid_from_str ... ok
[INFO] [stdout] test model::types::tests::test_uuid_from_string ... ok
[INFO] [stdout] test model::types::tests::test_uuid_new ... ok
[INFO] [stdout] test model::types::tests::test_timestamp_from_string ... ok
[INFO] [stdout] test model::types::tests::test_uuid_new_error ... ok
[INFO] [stdout] test model::types::tests::test_uuid_to_str ... ok
[INFO] [stdout] test model::types::tests::test_uuid_to_string ... ok
[INFO] [stdout] test interface::member::tests::test_members ... FAILED
[INFO] [stdout] test model::types::tests::test_date_new_error ... ok
[INFO] [stdout] test model::types::tests::test_timestamp_new_error ... ok
[INFO] [stdout] test model::types::tests::test_timestamp_deserialize ... ok
[INFO] [stdout] test model::types::tests::test_timestamp_to_str ... ok
[INFO] [stdout] test model::utilization::tests::test_utilization_deserialize ... ok
[INFO] [stdout] test model::types::tests::test_time_from_string ... ok
[INFO] [stdout] test model::role::tests::test_role_deserialize ... ok
[INFO] [stdout] test interface::role::tests::test_role ... FAILED
[INFO] [stdout] test interface::utilization::tests::test_utilization ... FAILED
[INFO] [stdout] test interface::utilization::tests::test_utilizations ... FAILED
[INFO] [stdout] 
[INFO] [stdout] failures:
[INFO] [stdout] 
[INFO] [stdout] ---- client::client::tests::test_client_list stdout ----
[INFO] [stdout] 
[INFO] [stdout] thread 'client::client::tests::test_client_list' (3610) panicked at src/client/client/tests.rs:50:5:
[INFO] [stdout] assertion `left == right` failed
[INFO] [stdout]   left: None
[INFO] [stdout]  right: Some(401)
[INFO] [stdout] stack backtrace:
[INFO] [stdout]    0:     0x59dadc39dba7 - <<std[70759c8f55707aa4]::sys::backtrace::BacktraceLock>::print::DisplayBacktrace as core[df12db4294e9bfd3]::fmt::Display>::fmt
[INFO] [stdout]    1:     0x59dadc1af87a - core[df12db4294e9bfd3]::fmt::write
[INFO] [stdout]    2:     0x59dadc39d15b - <alloc[2182bb758b4b3781]::vec::Vec<u8> as core[df12db4294e9bfd3]::io::write::Write>::write_fmt
[INFO] [stdout]    3:     0x59dadc39cc3f - std[70759c8f55707aa4]::panicking::default_hook::{closure#0}
[INFO] [stdout]    4:     0x59dadc39c86a - std[70759c8f55707aa4]::panicking::default_hook
[INFO] [stdout]    5:     0x59dadc39c3a2 - std[70759c8f55707aa4]::panicking::panic_with_hook
[INFO] [stdout]    6:     0x59dadc3c3181 - std[70759c8f55707aa4]::panicking::panic_handler::{closure#0}
[INFO] [stdout]    7:     0x59dadc3c3139 - std[70759c8f55707aa4]::sys::backtrace::__rust_end_short_backtrace::<std[70759c8f55707aa4]::panicking::panic_handler::{closure#0}, !>
[INFO] [stdout]    8:     0x59dadc3c364c - __rustc[8fa7c3cbc660c2b3]::rust_begin_unwind
[INFO] [stdout]    9:     0x59dadc1af70b - core[df12db4294e9bfd3]::panicking::panic_fmt
[INFO] [stdout]   10:     0x59dadc1af62e - core[df12db4294e9bfd3]::panicking::assert_failed_inner
[INFO] [stdout]   11:     0x59dadc08ccb7 - core[df12db4294e9bfd3]::panicking::assert_failed::<core[df12db4294e9bfd3]::option::Option<http[b5ac79576280d03]::status::StatusCode>, core[df12db4294e9bfd3]::option::Option<http[b5ac79576280d03]::status::StatusCode>>
[INFO] [stdout]   12:     0x59dadc12f41c - ruddr[78123139c68f36db]::client::client::tests::test_client_list::{closure#0}
[INFO] [stdout]   13:     0x59dadc082404 - <tokio[3a4c6692ddb3b43d]::runtime::runtime::Runtime>::block_on::<core[df12db4294e9bfd3]::pin::Pin<&mut dyn core[df12db4294e9bfd3]::future::future::Future<Output = ()>>>
[INFO] [stdout]   14:     0x59dadc17b5b4 - <ruddr[78123139c68f36db]::client::client::tests::test_client_list::{closure#0} as core[df12db4294e9bfd3]::ops::function::FnOnce<()>>::call_once
[INFO] [stdout]   15:     0x59dadc3de14b - test[9d35eded1c95d3be]::__rust_begin_short_backtrace::<core[df12db4294e9bfd3]::result::Result<(), alloc[2182bb758b4b3781]::string::String>, fn() -> core[df12db4294e9bfd3]::result::Result<(), alloc[2182bb758b4b3781]::string::String>>
[INFO] [stdout]   16:     0x59dadc3d9d32 - test[9d35eded1c95d3be]::run_test::{closure#0}
[INFO] [stdout]   17:     0x59dadc3d979c - std[70759c8f55707aa4]::sys::backtrace::__rust_begin_short_backtrace::<test[9d35eded1c95d3be]::run_test::{closure#1}, ()>
[INFO] [stdout]   18:     0x59dadc3f3efc - <std[70759c8f55707aa4]::thread::lifecycle::spawn_unchecked<test[9d35eded1c95d3be]::run_test::{closure#1}, ()>::{closure#1} as core[df12db4294e9bfd3]::ops::function::FnOnce<()>>::call_once::{shim:vtable#0}
[INFO] [stdout]   19:     0x59dadc3c4bd2 - <std[70759c8f55707aa4]::sys::thread::unix::Thread>::new::thread_start
[INFO] [stdout]   20:     0x72b7fe8a5dfa - <unknown>
[INFO] [stdout]   21:     0x72b7fe9393d4 - clone
[INFO] [stdout]   22:                0x0 - <unknown>
[INFO] [stdout] 
[INFO] [stdout] ---- interface::expense_report::tests::test_expense_report stdout ----
[INFO] [stdout] 
[INFO] [stdout] thread 'interface::expense_report::tests::test_expense_report' (3626) panicked at src/interface/expense_report/tests.rs:7:5:
[INFO] [stdout] assertion `left == right` failed
[INFO] [stdout]   left: None
[INFO] [stdout]  right: Some(401)
[INFO] [stdout] stack backtrace:
[INFO] [stdout]    0:     0x59dadc39dba7 - <<std[70759c8f55707aa4]::sys::backtrace::BacktraceLock>::print::DisplayBacktrace as core[df12db4294e9bfd3]::fmt::Display>::fmt
[INFO] [stdout]    1:     0x59dadc1af87a - core[df12db4294e9bfd3]::fmt::write
[INFO] [stdout]    2:     0x59dadc39d15b - <alloc[2182bb758b4b3781]::vec::Vec<u8> as core[df12db4294e9bfd3]::io::write::Write>::write_fmt
[INFO] [stdout]    3:     0x59dadc39cc3f - std[70759c8f55707aa4]::panicking::default_hook::{closure#0}
[INFO] [stdout]    4:     0x59dadc39c86a - std[70759c8f55707aa4]::panicking::default_hook
[INFO] [stdout]    5:     0x59dadc39c3a2 - std[70759c8f55707aa4]::panicking::panic_with_hook
[INFO] [stdout]    6:     0x59dadc3c3181 - std[70759c8f55707aa4]::panicking::panic_handler::{closure#0}
[INFO] [stdout]    7:     0x59dadc3c3139 - std[70759c8f55707aa4]::sys::backtrace::__rust_end_short_backtrace::<std[70759c8f55707aa4]::panicking::panic_handler::{closure#0}, !>
[INFO] [stdout]    8:     0x59dadc3c364c - __rustc[8fa7c3cbc660c2b3]::rust_begin_unwind
[INFO] [stdout]    9:     0x59dadc1af70b - core[df12db4294e9bfd3]::panicking::panic_fmt
[INFO] [stdout]   10:     0x59dadc1af62e - core[df12db4294e9bfd3]::panicking::assert_failed_inner
[INFO] [stdout]   11:     0x59dadc08ccb7 - core[df12db4294e9bfd3]::panicking::assert_failed::<core[df12db4294e9bfd3]::option::Option<http[b5ac79576280d03]::status::StatusCode>, core[df12db4294e9bfd3]::option::Option<http[b5ac79576280d03]::status::StatusCode>>
[INFO] [stdout]   12:     0x59dadc138b56 - ruddr[78123139c68f36db]::interface::expense_report::tests::test_expense_report::{closure#0}
[INFO] [stdout]   13:     0x59dadc082404 - <tokio[3a4c6692ddb3b43d]::runtime::runtime::Runtime>::block_on::<core[df12db4294e9bfd3]::pin::Pin<&mut dyn core[df12db4294e9bfd3]::future::future::Future<Output = ()>>>
[INFO] [stdout]   14:     0x59dadc17d534 - <ruddr[78123139c68f36db]::interface::expense_report::tests::test_expense_report::{closure#0} as core[df12db4294e9bfd3]::ops::function::FnOnce<()>>::call_once
[INFO] [stdout]   15:     0x59dadc3de14b - test[9d35eded1c95d3be]::__rust_begin_short_backtrace::<core[df12db4294e9bfd3]::result::Result<(), alloc[2182bb758b4b3781]::string::String>, fn() -> core[df12db4294e9bfd3]::result::Result<(), alloc[2182bb758b4b3781]::string::String>>
[INFO] [stdout]   16:     0x59dadc3d9d32 - test[9d35eded1c95d3be]::run_test::{closure#0}
[INFO] [stdout]   17:     0x59dadc3d979c - std[70759c8f55707aa4]::sys::backtrace::__rust_begin_short_backtrace::<test[9d35eded1c95d3be]::run_test::{closure#1}, ()>
[INFO] [stdout]   18:     0x59dadc3f3efc - <std[70759c8f55707aa4]::thread::lifecycle::spawn_unchecked<test[9d35eded1c95d3be]::run_test::{closure#1}, ()>::{closure#1} as core[df12db4294e9bfd3]::ops::function::FnOnce<()>>::call_once::{shim:vtable#0}
[INFO] [stdout]   19:     0x59dadc3c4bd2 - <std[70759c8f55707aa4]::sys::thread::unix::Thread>::new::thread_start
[INFO] [stdout]   20:     0x72b7fe8a5dfa - <unknown>
[INFO] [stdout]   21:     0x72b7fe9393d4 - clone
[INFO] [stdout]   22:                0x0 - <unknown>
[INFO] [stdout] 
[INFO] [stdout] ---- interface::member::tests::test_member stdout ----
[INFO] [stdout] 
[INFO] [stdout] thread 'interface::member::tests::test_member' (3628) panicked at src/interface/member/tests.rs:7:5:
[INFO] [stdout] assertion `left == right` failed
[INFO] [stdout]   left: None
[INFO] [stdout]  right: Some(401)
[INFO] [stdout] stack backtrace:
[INFO] [stdout]    0:     0x59dadc39dba7 - <<std[70759c8f55707aa4]::sys::backtrace::BacktraceLock>::print::DisplayBacktrace as core[df12db4294e9bfd3]::fmt::Display>::fmt
[INFO] [stdout]    1:     0x59dadc1af87a - core[df12db4294e9bfd3]::fmt::write
[INFO] [stdout]    2:     0x59dadc39d15b - <alloc[2182bb758b4b3781]::vec::Vec<u8> as core[df12db4294e9bfd3]::io::write::Write>::write_fmt
[INFO] [stdout]    3:     0x59dadc39cc3f - std[70759c8f55707aa4]::panicking::default_hook::{closure#0}
[INFO] [stdout]    4:     0x59dadc39c86a - std[70759c8f55707aa4]::panicking::default_hook
[INFO] [stdout]    5:     0x59dadc39c3a2 - std[70759c8f55707aa4]::panicking::panic_with_hook
[INFO] [stdout]    6:     0x59dadc3c3181 - std[70759c8f55707aa4]::panicking::panic_handler::{closure#0}
[INFO] [stdout]    7:     0x59dadc3c3139 - std[70759c8f55707aa4]::sys::backtrace::__rust_end_short_backtrace::<std[70759c8f55707aa4]::panicking::panic_handler::{closure#0}, !>
[INFO] [stdout]    8:     0x59dadc3c364c - __rustc[8fa7c3cbc660c2b3]::rust_begin_unwind
[INFO] [stdout]    9:     0x59dadc1af70b - core[df12db4294e9bfd3]::panicking::panic_fmt
[INFO] [stdout]   10:     0x59dadc1af62e - core[df12db4294e9bfd3]::panicking::assert_failed_inner
[INFO] [stdout]   11:     0x59dadc08ccb7 - core[df12db4294e9bfd3]::panicking::assert_failed::<core[df12db4294e9bfd3]::option::Option<http[b5ac79576280d03]::status::StatusCode>, core[df12db4294e9bfd3]::option::Option<http[b5ac79576280d03]::status::StatusCode>>
[INFO] [stdout]   12:     0x59dadc1436c5 - ruddr[78123139c68f36db]::interface::member::tests::test_member::{closure#0}
[INFO] [stdout]   13:     0x59dadc082404 - <tokio[3a4c6692ddb3b43d]::runtime::runtime::Runtime>::block_on::<core[df12db4294e9bfd3]::pin::Pin<&mut dyn core[df12db4294e9bfd3]::future::future::Future<Output = ()>>>
[INFO] [stdout]   14:     0x59dadc17ec34 - <ruddr[78123139c68f36db]::interface::member::tests::test_member::{closure#0} as core[df12db4294e9bfd3]::ops::function::FnOnce<()>>::call_once
[INFO] [stdout]   15:     0x59dadc3de14b - test[9d35eded1c95d3be]::__rust_begin_short_backtrace::<core[df12db4294e9bfd3]::result::Result<(), alloc[2182bb758b4b3781]::string::String>, fn() -> core[df12db4294e9bfd3]::result::Result<(), alloc[2182bb758b4b3781]::string::String>>
[INFO] [stdout]   16:     0x59dadc3d9d32 - test[9d35eded1c95d3be]::run_test::{closure#0}
[INFO] [stdout]   17:     0x59dadc3d979c - std[70759c8f55707aa4]::sys::backtrace::__rust_begin_short_backtrace::<test[9d35eded1c95d3be]::run_test::{closure#1}, ()>
[INFO] [stdout]   18:     0x59dadc3f3efc - <std[70759c8f55707aa4]::thread::lifecycle::spawn_unchecked<test[9d35eded1c95d3be]::run_test::{closure#1}, ()>::{closure#1} as core[df12db4294e9bfd3]::ops::function::FnOnce<()>>::call_once::{shim:vtable#0}
[INFO] [stdout]   19:     0x59dadc3c4bd2 - <std[70759c8f55707aa4]::sys::thread::unix::Thread>::new::thread_start
[INFO] [stdout]   20:     0x72b7fe8a5dfa - <unknown>
[INFO] [stdout]   21:     0x72b7fe9393d4 - clone
[INFO] [stdout]   22:                0x0 - <unknown>
[INFO] [stdout] 
[INFO] [stdout] ---- interface::customer::tests::test_customer stdout ----
[INFO] [stdout] 
[INFO] [stdout] thread 'interface::customer::tests::test_customer' (3623) panicked at src/interface/customer/tests.rs:7:5:
[INFO] [stdout] assertion `left == right` failed
[INFO] [stdout]   left: None
[INFO] [stdout]  right: Some(401)
[INFO] [stdout] stack backtrace:
[INFO] [stdout]    0:     0x59dadc39dba7 - <<std[70759c8f55707aa4]::sys::backtrace::BacktraceLock>::print::DisplayBacktrace as core[df12db4294e9bfd3]::fmt::Display>::fmt
[INFO] [stdout]    1:     0x59dadc1af87a - core[df12db4294e9bfd3]::fmt::write
[INFO] [stdout]    2:     0x59dadc39d15b - <alloc[2182bb758b4b3781]::vec::Vec<u8> as core[df12db4294e9bfd3]::io::write::Write>::write_fmt
[INFO] [stdout]    3:     0x59dadc39cc3f - std[70759c8f55707aa4]::panicking::default_hook::{closure#0}
[INFO] [stdout]    4:     0x59dadc39c86a - std[70759c8f55707aa4]::panicking::default_hook
[INFO] [stdout]    5:     0x59dadc39c3a2 - std[70759c8f55707aa4]::panicking::panic_with_hook
[INFO] [stdout]    6:     0x59dadc3c3181 - std[70759c8f55707aa4]::panicking::panic_handler::{closure#0}
[INFO] [stdout]    7:     0x59dadc3c3139 - std[70759c8f55707aa4]::sys::backtrace::__rust_end_short_backtrace::<std[70759c8f55707aa4]::panicking::panic_handler::{closure#0}, !>
[INFO] [stdout]    8:     0x59dadc3c364c - __rustc[8fa7c3cbc660c2b3]::rust_begin_unwind
[INFO] [stdout]    9:     0x59dadc1af70b - core[df12db4294e9bfd3]::panicking::panic_fmt
[INFO] [stdout]   10:     0x59dadc1af62e - core[df12db4294e9bfd3]::panicking::assert_failed_inner
[INFO] [stdout]   11:     0x59dadc08ccb7 - core[df12db4294e9bfd3]::panicking::assert_failed::<core[df12db4294e9bfd3]::option::Option<http[b5ac79576280d03]::status::StatusCode>, core[df12db4294e9bfd3]::option::Option<http[b5ac79576280d03]::status::StatusCode>>
[INFO] [stdout]   12:     0x59dadc148856 - ruddr[78123139c68f36db]::interface::customer::tests::test_customer::{closure#0}
[INFO] [stdout]   13:     0x59dadc082404 - <tokio[3a4c6692ddb3b43d]::runtime::runtime::Runtime>::block_on::<core[df12db4294e9bfd3]::pin::Pin<&mut dyn core[df12db4294e9bfd3]::future::future::Future<Output = ()>>>
[INFO] [stdout]   14:     0x59dadc17fa94 - <ruddr[78123139c68f36db]::interface::customer::tests::test_customer::{closure#0} as core[df12db4294e9bfd3]::ops::function::FnOnce<()>>::call_once
[INFO] [stdout]   15:     0x59dadc3de14b - test[9d35eded1c95d3be]::__rust_begin_short_backtrace::<core[df12db4294e9bfd3]::result::Result<(), alloc[2182bb758b4b3781]::string::String>, fn() -> core[df12db4294e9bfd3]::result::Result<(), alloc[2182bb758b4b3781]::string::String>>
[INFO] [stdout]   16:     0x59dadc3d9d32 - test[9d35eded1c95d3be]::run_test::{closure#0}
[INFO] [stdout]   17:     0x59dadc3d979c - std[70759c8f55707aa4]::sys::backtrace::__rust_begin_short_backtrace::<test[9d35eded1c95d3be]::run_test::{closure#1}, ()>
[INFO] [stdout]   18:     0x59dadc3f3efc - <std[70759c8f55707aa4]::thread::lifecycle::spawn_unchecked<test[9d35eded1c95d3be]::run_test::{closure#1}, ()>::{closure#1} as core[df12db4294e9bfd3]::ops::function::FnOnce<()>>::call_once::{shim:vtable#0}
[INFO] [stdout]   19:     0x59dadc3c4bd2 - <std[70759c8f55707aa4]::sys::thread::unix::Thread>::new::thread_start
[INFO] [stdout]   20:     0x72b7fe8a5dfa - <unknown>
[INFO] [stdout]   21:     0x72b7fe9393d4 - clone
[INFO] [stdout]   22:                0x0 - <unknown>
[INFO] [stdout] 
[INFO] [stdout] ---- interface::cost::tests::test_cost stdout ----
[INFO] [stdout] 
[INFO] [stdout] thread 'interface::cost::tests::test_cost' (3620) panicked at src/interface/cost/tests.rs:7:5:
[INFO] [stdout] assertion `left == right` failed
[INFO] [stdout]   left: None
[INFO] [stdout]  right: Some(401)
[INFO] [stdout] stack backtrace:
[INFO] [stdout]    0:     0x59dadc39dba7 - <<std[70759c8f55707aa4]::sys::backtrace::BacktraceLock>::print::DisplayBacktrace as core[df12db4294e9bfd3]::fmt::Display>::fmt
[INFO] [stdout]    1:     0x59dadc1af87a - core[df12db4294e9bfd3]::fmt::write
[INFO] [stdout]    2:     0x59dadc39d15b - <alloc[2182bb758b4b3781]::vec::Vec<u8> as core[df12db4294e9bfd3]::io::write::Write>::write_fmt
[INFO] [stdout]    3:     0x59dadc39cc3f - std[70759c8f55707aa4]::panicking::default_hook::{closure#0}
[INFO] [stdout]    4:     0x59dadc39c86a - std[70759c8f55707aa4]::panicking::default_hook
[INFO] [stdout]    5:     0x59dadc39c3a2 - std[70759c8f55707aa4]::panicking::panic_with_hook
[INFO] [stdout]    6:     0x59dadc3c3181 - std[70759c8f55707aa4]::panicking::panic_handler::{closure#0}
[INFO] [stdout]    7:     0x59dadc3c3139 - std[70759c8f55707aa4]::sys::backtrace::__rust_end_short_backtrace::<std[70759c8f55707aa4]::panicking::panic_handler::{closure#0}, !>
[INFO] [stdout]    8:     0x59dadc3c364c - __rustc[8fa7c3cbc660c2b3]::rust_begin_unwind
[INFO] [stdout]    9:     0x59dadc1af70b - core[df12db4294e9bfd3]::panicking::panic_fmt
[INFO] [stdout]   10:     0x59dadc1af62e - core[df12db4294e9bfd3]::panicking::assert_failed_inner
[INFO] [stdout]   11:     0x59dadc08ccb7 - core[df12db4294e9bfd3]::panicking::assert_failed::<core[df12db4294e9bfd3]::option::Option<http[b5ac79576280d03]::status::StatusCode>, core[df12db4294e9bfd3]::option::Option<http[b5ac79576280d03]::status::StatusCode>>
[INFO] [stdout]   12:     0x59dadc13cd45 - ruddr[78123139c68f36db]::interface::cost::tests::test_cost::{closure#0}
[INFO] [stdout]   13:     0x59dadc082404 - <tokio[3a4c6692ddb3b43d]::runtime::runtime::Runtime>::block_on::<core[df12db4294e9bfd3]::pin::Pin<&mut dyn core[df12db4294e9bfd3]::future::future::Future<Output = ()>>>
[INFO] [stdout]   14:     0x59dadc17ddd4 - <ruddr[78123139c68f36db]::interface::cost::tests::test_cost::{closure#0} as core[df12db4294e9bfd3]::ops::function::FnOnce<()>>::call_once
[INFO] [stdout]   15:     0x59dadc3de14b - test[9d35eded1c95d3be]::__rust_begin_short_backtrace::<core[df12db4294e9bfd3]::result::Result<(), alloc[2182bb758b4b3781]::string::String>, fn() -> core[df12db4294e9bfd3]::result::Result<(), alloc[2182bb758b4b3781]::string::String>>
[INFO] [stdout]   16:     0x59dadc3d9d32 - test[9d35eded1c95d3be]::run_test::{closure#0}
[INFO] [stdout]   17:     0x59dadc3d979c - std[70759c8f55707aa4]::sys::backtrace::__rust_begin_short_backtrace::<test[9d35eded1c95d3be]::run_test::{closure#1}, ()>
[INFO] [stdout]   18:     0x59dadc3f3efc - <std[70759c8f55707aa4]::thread::lifecycle::spawn_unchecked<test[9d35eded1c95d3be]::run_test::{closure#1}, ()>::{closure#1} as core[df12db4294e9bfd3]::ops::function::FnOnce<()>>::call_once::{shim:vtable#0}
[INFO] [stdout]   19:     0x59dadc3c4bd2 - <std[70759c8f55707aa4]::sys::thread::unix::Thread>::new::thread_start
[INFO] [stdout]   20:     0x72b7fe8a5dfa - <unknown>
[INFO] [stdout]   21:     0x72b7fe9393d4 - clone
[INFO] [stdout]   22:                0x0 - <unknown>
[INFO] [stdout] 
[INFO] [stdout] ---- interface::expense_item::tests::test_expense_item stdout ----
[INFO] [stdout] 
[INFO] [stdout] thread 'interface::expense_item::tests::test_expense_item' (3624) panicked at src/interface/expense_item/tests.rs:7:5:
[INFO] [stdout] assertion `left == right` failed
[INFO] [stdout]   left: None
[INFO] [stdout]  right: Some(401)
[INFO] [stdout] stack backtrace:
[INFO] [stdout]    0:     0x59dadc39dba7 - <<std[70759c8f55707aa4]::sys::backtrace::BacktraceLock>::print::DisplayBacktrace as core[df12db4294e9bfd3]::fmt::Display>::fmt
[INFO] [stdout]    1:     0x59dadc1af87a - core[df12db4294e9bfd3]::fmt::write
[INFO] [stdout]    2:     0x59dadc39d15b - <alloc[2182bb758b4b3781]::vec::Vec<u8> as core[df12db4294e9bfd3]::io::write::Write>::write_fmt
[INFO] [stdout]    3:     0x59dadc39cc3f - std[70759c8f55707aa4]::panicking::default_hook::{closure#0}
[INFO] [stdout]    4:     0x59dadc39c86a - std[70759c8f55707aa4]::panicking::default_hook
[INFO] [stdout]    5:     0x59dadc39c3a2 - std[70759c8f55707aa4]::panicking::panic_with_hook
[INFO] [stdout]    6:     0x59dadc3c3181 - std[70759c8f55707aa4]::panicking::panic_handler::{closure#0}
[INFO] [stdout]    7:     0x59dadc3c3139 - std[70759c8f55707aa4]::sys::backtrace::__rust_end_short_backtrace::<std[70759c8f55707aa4]::panicking::panic_handler::{closure#0}, !>
[INFO] [stdout]    8:     0x59dadc3c364c - __rustc[8fa7c3cbc660c2b3]::rust_begin_unwind
[INFO] [stdout]    9:     0x59dadc1af70b - core[df12db4294e9bfd3]::panicking::panic_fmt
[INFO] [stdout]   10:     0x59dadc1af62e - core[df12db4294e9bfd3]::panicking::assert_failed_inner
[INFO] [stdout]   11:     0x59dadc08ccb7 - core[df12db4294e9bfd3]::panicking::assert_failed::<core[df12db4294e9bfd3]::option::Option<http[b5ac79576280d03]::status::StatusCode>, core[df12db4294e9bfd3]::option::Option<http[b5ac79576280d03]::status::StatusCode>>
[INFO] [stdout]   12:     0x59dadc136355 - ruddr[78123139c68f36db]::interface::expense_item::tests::test_expense_item::{closure#0}
[INFO] [stdout]   13:     0x59dadc082404 - <tokio[3a4c6692ddb3b43d]::runtime::runtime::Runtime>::block_on::<core[df12db4294e9bfd3]::pin::Pin<&mut dyn core[df12db4294e9bfd3]::future::future::Future<Output = ()>>>
[INFO] [stdout]   14:     0x59dadc17cf74 - <ruddr[78123139c68f36db]::interface::expense_item::tests::test_expense_item::{closure#0} as core[df12db4294e9bfd3]::ops::function::FnOnce<()>>::call_once
[INFO] [stdout]   15:     0x59dadc3de14b - test[9d35eded1c95d3be]::__rust_begin_short_backtrace::<core[df12db4294e9bfd3]::result::Result<(), alloc[2182bb758b4b3781]::string::String>, fn() -> core[df12db4294e9bfd3]::result::Result<(), alloc[2182bb758b4b3781]::string::String>>
[INFO] [stdout]   16:     0x59dadc3d9d32 - test[9d35eded1c95d3be]::run_test::{closure#0}
[INFO] [stdout]   17:     0x59dadc3d979c - std[70759c8f55707aa4]::sys::backtrace::__rust_begin_short_backtrace::<test[9d35eded1c95d3be]::run_test::{closure#1}, ()>
[INFO] [stdout]   18:     0x59dadc3f3efc - <std[70759c8f55707aa4]::thread::lifecycle::spawn_unchecked<test[9d35eded1c95d3be]::run_test::{closure#1}, ()>::{closure#1} as core[df12db4294e9bfd3]::ops::function::FnOnce<()>>::call_once::{shim:vtable#0}
[INFO] [stdout]   19:     0x59dadc3c4bd2 - <std[70759c8f55707aa4]::sys::thread::unix::Thread>::new::thread_start
[INFO] [stdout]   20:     0x72b7fe8a5dfa - <unknown>
[INFO] [stdout]   21:     0x72b7fe9393d4 - clone
[INFO] [stdout]   22:                0x0 - <unknown>
[INFO] [stdout] 
[INFO] [stdout] ---- client::client::tests::test_client_read stdout ----
[INFO] [stdout] 
[INFO] [stdout] thread 'client::client::tests::test_client_read' (3613) panicked at src/client/client/tests.rs:39:5:
[INFO] [stdout] assertion `left == right` failed
[INFO] [stdout]   left: None
[INFO] [stdout]  right: Some(401)
[INFO] [stdout] stack backtrace:
[INFO] [stdout]    0:     0x59dadc39dba7 - <<std[70759c8f55707aa4]::sys::backtrace::BacktraceLock>::print::DisplayBacktrace as core[df12db4294e9bfd3]::fmt::Display>::fmt
[INFO] [stdout]    1:     0x59dadc1af87a - core[df12db4294e9bfd3]::fmt::write
[INFO] [stdout]    2:     0x59dadc39d15b - <alloc[2182bb758b4b3781]::vec::Vec<u8> as core[df12db4294e9bfd3]::io::write::Write>::write_fmt
[INFO] [stdout]    3:     0x59dadc39cc3f - std[70759c8f55707aa4]::panicking::default_hook::{closure#0}
[INFO] [stdout]    4:     0x59dadc39c86a - std[70759c8f55707aa4]::panicking::default_hook
[INFO] [stdout]    5:     0x59dadc39c3a2 - std[70759c8f55707aa4]::panicking::panic_with_hook
[INFO] [stdout]    6:     0x59dadc3c3181 - std[70759c8f55707aa4]::panicking::panic_handler::{closure#0}
[INFO] [stdout]    7:     0x59dadc3c3139 - std[70759c8f55707aa4]::sys::backtrace::__rust_end_short_backtrace::<std[70759c8f55707aa4]::panicking::panic_handler::{closure#0}, !>
[INFO] [stdout]    8:     0x59dadc3c364c - __rustc[8fa7c3cbc660c2b3]::rust_begin_unwind
[INFO] [stdout]    9:     0x59dadc1af70b - core[df12db4294e9bfd3]::panicking::panic_fmt
[INFO] [stdout]   10:     0x59dadc1af62e - core[df12db4294e9bfd3]::panicking::assert_failed_inner
[INFO] [stdout]   11:     0x59dadc08ccb7 - core[df12db4294e9bfd3]::panicking::assert_failed::<core[df12db4294e9bfd3]::option::Option<http[b5ac79576280d03]::status::StatusCode>, core[df12db4294e9bfd3]::option::Option<http[b5ac79576280d03]::status::StatusCode>>
[INFO] [stdout]   12:     0x59dadc12f670 - ruddr[78123139c68f36db]::client::client::tests::test_client_read::{closure#0}
[INFO] [stdout]   13:     0x59dadc082404 - <tokio[3a4c6692ddb3b43d]::runtime::runtime::Runtime>::block_on::<core[df12db4294e9bfd3]::pin::Pin<&mut dyn core[df12db4294e9bfd3]::future::future::Future<Output = ()>>>
[INFO] [stdout]   14:     0x59dadc17b894 - <ruddr[78123139c68f36db]::client::client::tests::test_client_read::{closure#0} as core[df12db4294e9bfd3]::ops::function::FnOnce<()>>::call_once
[INFO] [stdout]   15:     0x59dadc3de14b - test[9d35eded1c95d3be]::__rust_begin_short_backtrace::<core[df12db4294e9bfd3]::result::Result<(), alloc[2182bb758b4b3781]::string::String>, fn() -> core[df12db4294e9bfd3]::result::Result<(), alloc[2182bb758b4b3781]::string::String>>
[INFO] [stdout]   16:     0x59dadc3d9d32 - test[9d35eded1c95d3be]::run_test::{closure#0}
[INFO] [stdout]   17:     0x59dadc3d979c - std[70759c8f55707aa4]::sys::backtrace::__rust_begin_short_backtrace::<test[9d35eded1c95d3be]::run_test::{closure#1}, ()>
[INFO] [stdout]   18:     0x59dadc3f3efc - <std[70759c8f55707aa4]::thread::lifecycle::spawn_unchecked<test[9d35eded1c95d3be]::run_test::{closure#1}, ()>::{closure#1} as core[df12db4294e9bfd3]::ops::function::FnOnce<()>>::call_once::{shim:vtable#0}
[INFO] [stdout]   19:     0x59dadc3c4bd2 - <std[70759c8f55707aa4]::sys::thread::unix::Thread>::new::thread_start
[INFO] [stdout]   20:     0x72b7fe8a5dfa - <unknown>
[INFO] [stdout]   21:     0x72b7fe9393d4 - clone
[INFO] [stdout]   22:                0x0 - <unknown>
[INFO] [stdout] 
[INFO] [stdout] ---- interface::allocation::tests::test_allocation stdout ----
[INFO] [stdout] 
[INFO] [stdout] thread 'interface::allocation::tests::test_allocation' (3618) panicked at src/interface/allocation/tests.rs:7:5:
[INFO] [stdout] assertion `left == right` failed
[INFO] [stdout]   left: None
[INFO] [stdout]  right: Some(401)
[INFO] [stdout] stack backtrace:
[INFO] [stdout]    0:     0x59dadc39dba7 - <<std[70759c8f55707aa4]::sys::backtrace::BacktraceLock>::print::DisplayBacktrace as core[df12db4294e9bfd3]::fmt::Display>::fmt
[INFO] [stdout]    1:     0x59dadc1af87a - core[df12db4294e9bfd3]::fmt::write
[INFO] [stdout]    2:     0x59dadc39d15b - <alloc[2182bb758b4b3781]::vec::Vec<u8> as core[df12db4294e9bfd3]::io::write::Write>::write_fmt
[INFO] [stdout]    3:     0x59dadc39cc3f - std[70759c8f55707aa4]::panicking::default_hook::{closure#0}
[INFO] [stdout]    4:     0x59dadc39c86a - std[70759c8f55707aa4]::panicking::default_hook
[INFO] [stdout]    5:     0x59dadc39c3a2 - std[70759c8f55707aa4]::panicking::panic_with_hook
[INFO] [stdout]    6:     0x59dadc3c3181 - std[70759c8f55707aa4]::panicking::panic_handler::{closure#0}
[INFO] [stdout]    7:     0x59dadc3c3139 - std[70759c8f55707aa4]::sys::backtrace::__rust_end_short_backtrace::<std[70759c8f55707aa4]::panicking::panic_handler::{closure#0}, !>
[INFO] [stdout]    8:     0x59dadc3c364c - __rustc[8fa7c3cbc660c2b3]::rust_begin_unwind
[INFO] [stdout]    9:     0x59dadc1af70b - core[df12db4294e9bfd3]::panicking::panic_fmt
[INFO] [stdout]   10:     0x59dadc1af62e - core[df12db4294e9bfd3]::panicking::assert_failed_inner
[INFO] [stdout]   11:     0x59dadc08ccb7 - core[df12db4294e9bfd3]::panicking::assert_failed::<core[df12db4294e9bfd3]::option::Option<http[b5ac79576280d03]::status::StatusCode>, core[df12db4294e9bfd3]::option::Option<http[b5ac79576280d03]::status::StatusCode>>
[INFO] [stdout]   12:     0x59dadc130cd5 - ruddr[78123139c68f36db]::interface::allocation::tests::test_allocation::{closure#0}
[INFO] [stdout]   13:     0x59dadc082404 - <tokio[3a4c6692ddb3b43d]::runtime::runtime::Runtime>::block_on::<core[df12db4294e9bfd3]::pin::Pin<&mut dyn core[df12db4294e9bfd3]::future::future::Future<Output = ()>>>
[INFO] [stdout]   14:     0x59dadc17c3f4 - <ruddr[78123139c68f36db]::interface::allocation::tests::test_allocation::{closure#0} as core[df12db4294e9bfd3]::ops::function::FnOnce<()>>::call_once
[INFO] [stdout]   15:     0x59dadc3de14b - test[9d35eded1c95d3be]::__rust_begin_short_backtrace::<core[df12db4294e9bfd3]::result::Result<(), alloc[2182bb758b4b3781]::string::String>, fn() -> core[df12db4294e9bfd3]::result::Result<(), alloc[2182bb758b4b3781]::string::String>>
[INFO] [stdout]   16:     0x59dadc3d9d32 - test[9d35eded1c95d3be]::run_test::{closure#0}
[INFO] [stdout]   17:     0x59dadc3d979c - std[70759c8f55707aa4]::sys::backtrace::__rust_begin_short_backtrace::<test[9d35eded1c95d3be]::run_test::{closure#1}, ()>
[INFO] [stdout]   18:     0x59dadc3f3efc - <std[70759c8f55707aa4]::thread::lifecycle::spawn_unchecked<test[9d35eded1c95d3be]::run_test::{closure#1}, ()>::{closure#1} as core[df12db4294e9bfd3]::ops::function::FnOnce<()>>::call_once::{shim:vtable#0}
[INFO] [stdout]   19:     0x59dadc3c4bd2 - <std[70759c8f55707aa4]::sys::thread::unix::Thread>::new::thread_start
[INFO] [stdout]   20:     0x72b7fe8a5dfa - <unknown>
[INFO] [stdout]   21:     0x72b7fe9393d4 - clone
[INFO] [stdout]   22:                0x0 - <unknown>
[INFO] [stdout] 
[INFO] [stdout] ---- interface::expense_report::tests::test_expense_reports stdout ----
[INFO] [stdout] 
[INFO] [stdout] thread 'interface::expense_report::tests::test_expense_reports' (3627) panicked at src/interface/expense_report/tests.rs:24:5:
[INFO] [stdout] assertion `left == right` failed
[INFO] [stdout]   left: None
[INFO] [stdout]  right: Some(401)
[INFO] [stdout] stack backtrace:
[INFO] [stdout]    0:     0x59dadc39dba7 - <<std[70759c8f55707aa4]::sys::backtrace::BacktraceLock>::print::DisplayBacktrace as core[df12db4294e9bfd3]::fmt::Display>::fmt
[INFO] [stdout]    1:     0x59dadc1af87a - core[df12db4294e9bfd3]::fmt::write
[INFO] [stdout]    2:     0x59dadc39d15b - <alloc[2182bb758b4b3781]::vec::Vec<u8> as core[df12db4294e9bfd3]::io::write::Write>::write_fmt
[INFO] [stdout]    3:     0x59dadc39cc3f - std[70759c8f55707aa4]::panicking::default_hook::{closure#0}
[INFO] [stdout]    4:     0x59dadc39c86a - std[70759c8f55707aa4]::panicking::default_hook
[INFO] [stdout]    5:     0x59dadc39c3a2 - std[70759c8f55707aa4]::panicking::panic_with_hook
[INFO] [stdout]    6:     0x59dadc3c3181 - std[70759c8f55707aa4]::panicking::panic_handler::{closure#0}
[INFO] [stdout]    7:     0x59dadc3c3139 - std[70759c8f55707aa4]::sys::backtrace::__rust_end_short_backtrace::<std[70759c8f55707aa4]::panicking::panic_handler::{closure#0}, !>
[INFO] [stdout]    8:     0x59dadc3c364c - __rustc[8fa7c3cbc660c2b3]::rust_begin_unwind
[INFO] [stdout]    9:     0x59dadc1af70b - core[df12db4294e9bfd3]::panicking::panic_fmt
[INFO] [stdout]   10:     0x59dadc1af62e - core[df12db4294e9bfd3]::panicking::assert_failed_inner
[INFO] [stdout]   11:     0x59dadc08ccb7 - core[df12db4294e9bfd3]::panicking::assert_failed::<core[df12db4294e9bfd3]::option::Option<http[b5ac79576280d03]::status::StatusCode>, core[df12db4294e9bfd3]::option::Option<http[b5ac79576280d03]::status::StatusCode>>
[INFO] [stdout]   12:     0x59dadc13a21e - ruddr[78123139c68f36db]::interface::expense_report::tests::test_expense_reports::{closure#0}
[INFO] [stdout]   13:     0x59dadc082404 - <tokio[3a4c6692ddb3b43d]::runtime::runtime::Runtime>::block_on::<core[df12db4294e9bfd3]::pin::Pin<&mut dyn core[df12db4294e9bfd3]::future::future::Future<Output = ()>>>
[INFO] [stdout]   14:     0x59dadc17d814 - <ruddr[78123139c68f36db]::interface::expense_report::tests::test_expense_reports::{closure#0} as core[df12db4294e9bfd3]::ops::function::FnOnce<()>>::call_once
[INFO] [stdout]   15:     0x59dadc3de14b - test[9d35eded1c95d3be]::__rust_begin_short_backtrace::<core[df12db4294e9bfd3]::result::Result<(), alloc[2182bb758b4b3781]::string::String>, fn() -> core[df12db4294e9bfd3]::result::Result<(), alloc[2182bb758b4b3781]::string::String>>
[INFO] [stdout]   16:     0x59dadc3d9d32 - test[9d35eded1c95d3be]::run_test::{closure#0}
[INFO] [stdout]   17:     0x59dadc3d979c - std[70759c8f55707aa4]::sys::backtrace::__rust_begin_short_backtrace::<test[9d35eded1c95d3be]::run_test::{closure#1}, ()>
[INFO] [stdout]   18:     0x59dadc3f3efc - <std[70759c8f55707aa4]::thread::lifecycle::spawn_unchecked<test[9d35eded1c95d3be]::run_test::{closure#1}, ()>::{closure#1} as core[df12db4294e9bfd3]::ops::function::FnOnce<()>>::call_once::{shim:vtable#0}
[INFO] [stdout]   19:     0x59dadc3c4bd2 - <std[70759c8f55707aa4]::sys::thread::unix::Thread>::new::thread_start
[INFO] [stdout]   20:     0x72b7fe8a5dfa - <unknown>
[INFO] [stdout]   21:     0x72b7fe9393d4 - clone
[INFO] [stdout]   22:                0x0 - <unknown>
[INFO] [stdout] 
[INFO] [stdout] ---- interface::customer::tests::test_clients stdout ----
[INFO] [stdout] 
[INFO] [stdout] thread 'interface::customer::tests::test_clients' (3622) panicked at src/interface/customer/tests.rs:24:5:
[INFO] [stdout] assertion `left == right` failed
[INFO] [stdout]   left: None
[INFO] [stdout]  right: Some(401)
[INFO] [stdout] stack backtrace:
[INFO] [stdout]    0:     0x59dadc39dba7 - <<std[70759c8f55707aa4]::sys::backtrace::BacktraceLock>::print::DisplayBacktrace as core[df12db4294e9bfd3]::fmt::Display>::fmt
[INFO] [stdout]    1:     0x59dadc1af87a - core[df12db4294e9bfd3]::fmt::write
[INFO] [stdout]    2:     0x59dadc39d15b - <alloc[2182bb758b4b3781]::vec::Vec<u8> as core[df12db4294e9bfd3]::io::write::Write>::write_fmt
[INFO] [stdout]    3:     0x59dadc39cc3f - std[70759c8f55707aa4]::panicking::default_hook::{closure#0}
[INFO] [stdout]    4:     0x59dadc39c86a - std[70759c8f55707aa4]::panicking::default_hook
[INFO] [stdout]    5:     0x59dadc39c3a2 - std[70759c8f55707aa4]::panicking::panic_with_hook
[INFO] [stdout]    6:     0x59dadc3c3181 - std[70759c8f55707aa4]::panicking::panic_handler::{closure#0}
[INFO] [stdout]    7:     0x59dadc3c3139 - std[70759c8f55707aa4]::sys::backtrace::__rust_end_short_backtrace::<std[70759c8f55707aa4]::panicking::panic_handler::{closure#0}, !>
[INFO] [stdout]    8:     0x59dadc3c364c - __rustc[8fa7c3cbc660c2b3]::rust_begin_unwind
[INFO] [stdout]    9:     0x59dadc1af70b - core[df12db4294e9bfd3]::panicking::panic_fmt
[INFO] [stdout]   10:     0x59dadc1af62e - core[df12db4294e9bfd3]::panicking::assert_failed_inner
[INFO] [stdout]   11:     0x59dadc08ccb7 - core[df12db4294e9bfd3]::panicking::assert_failed::<core[df12db4294e9bfd3]::option::Option<http[b5ac79576280d03]::status::StatusCode>, core[df12db4294e9bfd3]::option::Option<http[b5ac79576280d03]::status::StatusCode>>
[INFO] [stdout]   12:     0x59dadc1478ad - ruddr[78123139c68f36db]::interface::customer::tests::test_clients::{closure#0}
[INFO] [stdout]   13:     0x59dadc082404 - <tokio[3a4c6692ddb3b43d]::runtime::runtime::Runtime>::block_on::<core[df12db4294e9bfd3]::pin::Pin<&mut dyn core[df12db4294e9bfd3]::future::future::Future<Output = ()>>>
[INFO] [stdout]   14:     0x59dadc17f7b4 - <ruddr[78123139c68f36db]::interface::customer::tests::test_clients::{closure#0} as core[df12db4294e9bfd3]::ops::function::FnOnce<()>>::call_once
[INFO] [stdout]   15:     0x59dadc3de14b - test[9d35eded1c95d3be]::__rust_begin_short_backtrace::<core[df12db4294e9bfd3]::result::Result<(), alloc[2182bb758b4b3781]::string::String>, fn() -> core[df12db4294e9bfd3]::result::Result<(), alloc[2182bb758b4b3781]::string::String>>
[INFO] [stdout]   16:     0x59dadc3d9d32 - test[9d35eded1c95d3be]::run_test::{closure#0}
[INFO] [stdout]   17:     0x59dadc3d979c - std[70759c8f55707aa4]::sys::backtrace::__rust_begin_short_backtrace::<test[9d35eded1c95d3be]::run_test::{closure#1}, ()>
[INFO] [stdout]   18:     0x59dadc3f3efc - <std[70759c8f55707aa4]::thread::lifecycle::spawn_unchecked<test[9d35eded1c95d3be]::run_test::{closure#1}, ()>::{closure#1} as core[df12db4294e9bfd3]::ops::function::FnOnce<()>>::call_once::{shim:vtable#0}
[INFO] [stdout]   19:     0x59dadc3c4bd2 - <std[70759c8f55707aa4]::sys::thread::unix::Thread>::new::thread_start
[INFO] [stdout]   20:     0x72b7fe8a5dfa - <unknown>
[INFO] [stdout]   21:     0x72b7fe9393d4 - clone
[INFO] [stdout]   22:                0x0 - <unknown>
[INFO] [stdout] 
[INFO] [stdout] ---- interface::allocation::tests::test_allocations stdout ----
[INFO] [stdout] 
[INFO] [stdout] thread 'interface::allocation::tests::test_allocations' (3619) panicked at src/interface/allocation/tests.rs:24:5:
[INFO] [stdout] assertion `left == right` failed
[INFO] [stdout]   left: None
[INFO] [stdout]  right: Some(401)
[INFO] [stdout] stack backtrace:
[INFO] [stdout]    0:     0x59dadc39dba7 - <<std[70759c8f55707aa4]::sys::backtrace::BacktraceLock>::print::DisplayBacktrace as core[df12db4294e9bfd3]::fmt::Display>::fmt
[INFO] [stdout]    1:     0x59dadc1af87a - core[df12db4294e9bfd3]::fmt::write
[INFO] [stdout]    2:     0x59dadc39d15b - <alloc[2182bb758b4b3781]::vec::Vec<u8> as core[df12db4294e9bfd3]::io::write::Write>::write_fmt
[INFO] [stdout]    3:     0x59dadc39cc3f - std[70759c8f55707aa4]::panicking::default_hook::{closure#0}
[INFO] [stdout]    4:     0x59dadc39c86a - std[70759c8f55707aa4]::panicking::default_hook
[INFO] [stdout]    5:     0x59dadc39c3a2 - std[70759c8f55707aa4]::panicking::panic_with_hook
[INFO] [stdout]    6:     0x59dadc3c3181 - std[70759c8f55707aa4]::panicking::panic_handler::{closure#0}
[INFO] [stdout]    7:     0x59dadc3c3139 - std[70759c8f55707aa4]::sys::backtrace::__rust_end_short_backtrace::<std[70759c8f55707aa4]::panicking::panic_handler::{closure#0}, !>
[INFO] [stdout]    8:     0x59dadc3c364c - __rustc[8fa7c3cbc660c2b3]::rust_begin_unwind
[INFO] [stdout]    9:     0x59dadc1af70b - core[df12db4294e9bfd3]::panicking::panic_fmt
[INFO] [stdout]   10:     0x59dadc1af62e - core[df12db4294e9bfd3]::panicking::assert_failed_inner
[INFO] [stdout]   11:     0x59dadc08ccb7 - core[df12db4294e9bfd3]::panicking::assert_failed::<core[df12db4294e9bfd3]::option::Option<http[b5ac79576280d03]::status::StatusCode>, core[df12db4294e9bfd3]::option::Option<http[b5ac79576280d03]::status::StatusCode>>
[INFO] [stdout]   12:     0x59dadc132933 - ruddr[78123139c68f36db]::interface::allocation::tests::test_allocations::{closure#0}
[INFO] [stdout]   13:     0x59dadc082404 - <tokio[3a4c6692ddb3b43d]::runtime::runtime::Runtime>::block_on::<core[df12db4294e9bfd3]::pin::Pin<&mut dyn core[df12db4294e9bfd3]::future::future::Future<Output = ()>>>
[INFO] [stdout]   14:     0x59dadc17c6d4 - <ruddr[78123139c68f36db]::interface::allocation::tests::test_allocations::{closure#0} as core[df12db4294e9bfd3]::ops::function::FnOnce<()>>::call_once
[INFO] [stdout]   15:     0x59dadc3de14b - test[9d35eded1c95d3be]::__rust_begin_short_backtrace::<core[df12db4294e9bfd3]::result::Result<(), alloc[2182bb758b4b3781]::string::String>, fn() -> core[df12db4294e9bfd3]::result::Result<(), alloc[2182bb758b4b3781]::string::String>>
[INFO] [stdout]   16:     0x59dadc3d9d32 - test[9d35eded1c95d3be]::run_test::{closure#0}
[INFO] [stdout]   17:     0x59dadc3d979c - std[70759c8f55707aa4]::sys::backtrace::__rust_begin_short_backtrace::<test[9d35eded1c95d3be]::run_test::{closure#1}, ()>
[INFO] [stdout]   18:     0x59dadc3f3efc - <std[70759c8f55707aa4]::thread::lifecycle::spawn_unchecked<test[9d35eded1c95d3be]::run_test::{closure#1}, ()>::{closure#1} as core[df12db4294e9bfd3]::ops::function::FnOnce<()>>::call_once::{shim:vtable#0}
[INFO] [stdout]   19:     0x59dadc3c4bd2 - <std[70759c8f55707aa4]::sys::thread::unix::Thread>::new::thread_start
[INFO] [stdout]   20:     0x72b7fe8a5dfa - <unknown>
[INFO] [stdout]   21:     0x72b7fe9393d4 - clone
[INFO] [stdout]   22:                0x0 - <unknown>
[INFO] [stdout] 
[INFO] [stdout] ---- interface::project::tests::test_project stdout ----
[INFO] [stdout] 
[INFO] [stdout] thread 'interface::project::tests::test_project' (3637) panicked at src/interface/project/tests.rs:7:5:
[INFO] [stdout] assertion `left == right` failed
[INFO] [stdout]   left: None
[INFO] [stdout]  right: Some(401)
[INFO] [stdout] stack backtrace:
[INFO] [stdout]    0:     0x59dadc39dba7 - <<std[70759c8f55707aa4]::sys::backtrace::BacktraceLock>::print::DisplayBacktrace as core[df12db4294e9bfd3]::fmt::Display>::fmt
[INFO] [stdout]    1:     0x59dadc1af87a - core[df12db4294e9bfd3]::fmt::write
[INFO] [stdout]    2:     0x59dadc39d15b - <alloc[2182bb758b4b3781]::vec::Vec<u8> as core[df12db4294e9bfd3]::io::write::Write>::write_fmt
[INFO] [stdout]    3:     0x59dadc39cc3f - std[70759c8f55707aa4]::panicking::default_hook::{closure#0}
[INFO] [stdout]    4:     0x59dadc39c86a - std[70759c8f55707aa4]::panicking::default_hook
[INFO] [stdout]    5:     0x59dadc39c3a2 - std[70759c8f55707aa4]::panicking::panic_with_hook
[INFO] [stdout]    6:     0x59dadc3c3181 - std[70759c8f55707aa4]::panicking::panic_handler::{closure#0}
[INFO] [stdout]    7:     0x59dadc3c3139 - std[70759c8f55707aa4]::sys::backtrace::__rust_end_short_backtrace::<std[70759c8f55707aa4]::panicking::panic_handler::{closure#0}, !>
[INFO] [stdout]    8:     0x59dadc3c364c - __rustc[8fa7c3cbc660c2b3]::rust_begin_unwind
[INFO] [stdout]    9:     0x59dadc1af70b - core[df12db4294e9bfd3]::panicking::panic_fmt
[INFO] [stdout]   10:     0x59dadc1af62e - core[df12db4294e9bfd3]::panicking::assert_failed_inner
[INFO] [stdout]   11:     0x59dadc08ccb7 - core[df12db4294e9bfd3]::panicking::assert_failed::<core[df12db4294e9bfd3]::option::Option<http[b5ac79576280d03]::status::StatusCode>, core[df12db4294e9bfd3]::option::Option<http[b5ac79576280d03]::status::StatusCode>>
[INFO] [stdout]   12:     0x59dadc1457d4 - ruddr[78123139c68f36db]::interface::project::tests::test_project::{closure#0}
[INFO] [stdout]   13:     0x59dadc082404 - <tokio[3a4c6692ddb3b43d]::runtime::runtime::Runtime>::block_on::<core[df12db4294e9bfd3]::pin::Pin<&mut dyn core[df12db4294e9bfd3]::future::future::Future<Output = ()>>>
[INFO] [stdout]   14:     0x59dadc17f1f4 - <ruddr[78123139c68f36db]::interface::project::tests::test_project::{closure#0} as core[df12db4294e9bfd3]::ops::function::FnOnce<()>>::call_once
[INFO] [stdout]   15:     0x59dadc3de14b - test[9d35eded1c95d3be]::__rust_begin_short_backtrace::<core[df12db4294e9bfd3]::result::Result<(), alloc[2182bb758b4b3781]::string::String>, fn() -> core[df12db4294e9bfd3]::result::Result<(), alloc[2182bb758b4b3781]::string::String>>
[INFO] [stdout]   16:     0x59dadc3d9d32 - test[9d35eded1c95d3be]::run_test::{closure#0}
[INFO] [stdout]   17:     0x59dadc3d979c - std[70759c8f55707aa4]::sys::backtrace::__rust_begin_short_backtrace::<test[9d35eded1c95d3be]::run_test::{closure#1}, ()>
[INFO] [stdout]   18:     0x59dadc3f3efc - <std[70759c8f55707aa4]::thread::lifecycle::spawn_unchecked<test[9d35eded1c95d3be]::run_test::{closure#1}, ()>::{closure#1} as core[df12db4294e9bfd3]::ops::function::FnOnce<()>>::call_once::{shim:vtable#0}
[INFO] [stdout]   19:     0x59dadc3c4bd2 - <std[70759c8f55707aa4]::sys::thread::unix::Thread>::new::thread_start
[INFO] [stdout]   20:     0x72b7fe8a5dfa - <unknown>
[INFO] [stdout]   21:     0x72b7fe9393d4 - clone
[INFO] [stdout]   22:                0x0 - <unknown>
[INFO] [stdout] 
[INFO] [stdout] ---- interface::project::tests::test_projects stdout ----
[INFO] [stdout] 
[INFO] [stdout] thread 'interface::project::tests::test_projects' (3638) panicked at src/interface/project/tests.rs:23:5:
[INFO] [stdout] assertion `left == right` failed
[INFO] [stdout]   left: None
[INFO] [stdout]  right: Some(401)
[INFO] [stdout] stack backtrace:
[INFO] [stdout]    0:     0x59dadc39dba7 - <<std[70759c8f55707aa4]::sys::backtrace::BacktraceLock>::print::DisplayBacktrace as core[df12db4294e9bfd3]::fmt::Display>::fmt
[INFO] [stdout]    1:     0x59dadc1af87a - core[df12db4294e9bfd3]::fmt::write
[INFO] [stdout]    2:     0x59dadc39d15b - <alloc[2182bb758b4b3781]::vec::Vec<u8> as core[df12db4294e9bfd3]::io::write::Write>::write_fmt
[INFO] [stdout]    3:     0x59dadc39cc3f - std[70759c8f55707aa4]::panicking::default_hook::{closure#0}
[INFO] [stdout]    4:     0x59dadc39c86a - std[70759c8f55707aa4]::panicking::default_hook
[INFO] [stdout]    5:     0x59dadc39c3a2 - std[70759c8f55707aa4]::panicking::panic_with_hook
[INFO] [stdout]    6:     0x59dadc3c3181 - std[70759c8f55707aa4]::panicking::panic_handler::{closure#0}
[INFO] [stdout]    7:     0x59dadc3c3139 - std[70759c8f55707aa4]::sys::backtrace::__rust_end_short_backtrace::<std[70759c8f55707aa4]::panicking::panic_handler::{closure#0}, !>
[INFO] [stdout]    8:     0x59dadc3c364c - __rustc[8fa7c3cbc660c2b3]::rust_begin_unwind
[INFO] [stdout]    9:     0x59dadc1af70b - core[df12db4294e9bfd3]::panicking::panic_fmt
[INFO] [stdout]   10:     0x59dadc1af62e - core[df12db4294e9bfd3]::panicking::assert_failed_inner
[INFO] [stdout]   11:     0x59dadc08ccb7 - core[df12db4294e9bfd3]::panicking::assert_failed::<core[df12db4294e9bfd3]::option::Option<http[b5ac79576280d03]::status::StatusCode>, core[df12db4294e9bfd3]::option::Option<http[b5ac79576280d03]::status::StatusCode>>
[INFO] [stdout]   12:     0x59dadc1461cb - ruddr[78123139c68f36db]::interface::project::tests::test_projects::{closure#0}
[INFO] [stdout]   13:     0x59dadc082404 - <tokio[3a4c6692ddb3b43d]::runtime::runtime::Runtime>::block_on::<core[df12db4294e9bfd3]::pin::Pin<&mut dyn core[df12db4294e9bfd3]::future::future::Future<Output = ()>>>
[INFO] [stdout]   14:     0x59dadc17f4d4 - <ruddr[78123139c68f36db]::interface::project::tests::test_projects::{closure#0} as core[df12db4294e9bfd3]::ops::function::FnOnce<()>>::call_once
[INFO] [stdout]   15:     0x59dadc3de14b - test[9d35eded1c95d3be]::__rust_begin_short_backtrace::<core[df12db4294e9bfd3]::result::Result<(), alloc[2182bb758b4b3781]::string::String>, fn() -> core[df12db4294e9bfd3]::result::Result<(), alloc[2182bb758b4b3781]::string::String>>
[INFO] [stdout]   16:     0x59dadc3d9d32 - test[9d35eded1c95d3be]::run_test::{closure#0}
[INFO] [stdout]   17:     0x59dadc3d979c - std[70759c8f55707aa4]::sys::backtrace::__rust_begin_short_backtrace::<test[9d35eded1c95d3be]::run_test::{closure#1}, ()>
[INFO] [stdout]   18:     0x59dadc3f3efc - <std[70759c8f55707aa4]::thread::lifecycle::spawn_unchecked<test[9d35eded1c95d3be]::run_test::{closure#1}, ()>::{closure#1} as core[df12db4294e9bfd3]::ops::function::FnOnce<()>>::call_once::{shim:vtable#0}
[INFO] [stdout]   19:     0x59dadc3c4bd2 - <std[70759c8f55707aa4]::sys::thread::unix::Thread>::new::thread_start
[INFO] [stdout]   20:     0x72b7fe8a5dfa - <unknown>
[INFO] [stdout]   21:     0x72b7fe9393d4 - clone
[INFO] [stdout]   22:                0x0 - <unknown>
[INFO] [stdout] 
[INFO] [stdout] ---- interface::cost::tests::test_costs stdout ----
[INFO] [stdout] 
[INFO] [stdout] thread 'interface::cost::tests::test_costs' (3621) panicked at src/interface/cost/tests.rs:24:5:
[INFO] [stdout] assertion `left == right` failed
[INFO] [stdout]   left: None
[INFO] [stdout]  right: Some(401)
[INFO] [stdout] stack backtrace:
[INFO] [stdout]    0:     0x59dadc39dba7 - <<std[70759c8f55707aa4]::sys::backtrace::BacktraceLock>::print::DisplayBacktrace as core[df12db4294e9bfd3]::fmt::Display>::fmt
[INFO] [stdout]    1:     0x59dadc1af87a - core[df12db4294e9bfd3]::fmt::write
[INFO] [stdout]    2:     0x59dadc39d15b - <alloc[2182bb758b4b3781]::vec::Vec<u8> as core[df12db4294e9bfd3]::io::write::Write>::write_fmt
[INFO] [stdout]    3:     0x59dadc39cc3f - std[70759c8f55707aa4]::panicking::default_hook::{closure#0}
[INFO] [stdout]    4:     0x59dadc39c86a - std[70759c8f55707aa4]::panicking::default_hook
[INFO] [stdout]    5:     0x59dadc39c3a2 - std[70759c8f55707aa4]::panicking::panic_with_hook
[INFO] [stdout]    6:     0x59dadc3c3181 - std[70759c8f55707aa4]::panicking::panic_handler::{closure#0}
[INFO] [stdout]    7:     0x59dadc3c3139 - std[70759c8f55707aa4]::sys::backtrace::__rust_end_short_backtrace::<std[70759c8f55707aa4]::panicking::panic_handler::{closure#0}, !>
[INFO] [stdout]    8:     0x59dadc3c364c - __rustc[8fa7c3cbc660c2b3]::rust_begin_unwind
[INFO] [stdout]    9:     0x59dadc1af70b - core[df12db4294e9bfd3]::panicking::panic_fmt
[INFO] [stdout]   10:     0x59dadc1af62e - core[df12db4294e9bfd3]::panicking::assert_failed_inner
[INFO] [stdout]   11:     0x59dadc08ccb7 - core[df12db4294e9bfd3]::panicking::assert_failed::<core[df12db4294e9bfd3]::option::Option<http[b5ac79576280d03]::status::StatusCode>, core[df12db4294e9bfd3]::option::Option<http[b5ac79576280d03]::status::StatusCode>>
[INFO] [stdout]   12:     0x59dadc13bd5b - ruddr[78123139c68f36db]::interface::cost::tests::test_costs::{closure#0}
[INFO] [stdout]   13:     0x59dadc082404 - <tokio[3a4c6692ddb3b43d]::runtime::runtime::Runtime>::block_on::<core[df12db4294e9bfd3]::pin::Pin<&mut dyn core[df12db4294e9bfd3]::future::future::Future<Output = ()>>>
[INFO] [stdout]   14:     0x59dadc17daf4 - <ruddr[78123139c68f36db]::interface::cost::tests::test_costs::{closure#0} as core[df12db4294e9bfd3]::ops::function::FnOnce<()>>::call_once
[INFO] [stdout]   15:     0x59dadc3de14b - test[9d35eded1c95d3be]::__rust_begin_short_backtrace::<core[df12db4294e9bfd3]::result::Result<(), alloc[2182bb758b4b3781]::string::String>, fn() -> core[df12db4294e9bfd3]::result::Result<(), alloc[2182bb758b4b3781]::string::String>>
[INFO] [stdout]   16:     0x59dadc3d9d32 - test[9d35eded1c95d3be]::run_test::{closure#0}
[INFO] [stdout]   17:     0x59dadc3d979c - std[70759c8f55707aa4]::sys::backtrace::__rust_begin_short_backtrace::<test[9d35eded1c95d3be]::run_test::{closure#1}, ()>
[INFO] [stdout]   18:     0x59dadc3f3efc - <std[70759c8f55707aa4]::thread::lifecycle::spawn_unchecked<test[9d35eded1c95d3be]::run_test::{closure#1}, ()>::{closure#1} as core[df12db4294e9bfd3]::ops::function::FnOnce<()>>::call_once::{shim:vtable#0}
[INFO] [stdout]   19:     0x59dadc3c4bd2 - <std[70759c8f55707aa4]::sys::thread::unix::Thread>::new::thread_start
[INFO] [stdout]   20:     0x72b7fe8a5dfa - <unknown>
[INFO] [stdout]   21:     0x72b7fe9393d4 - clone
[INFO] [stdout]   22:                0x0 - <unknown>
[INFO] [stdout] 
[INFO] [stdout] ---- interface::time::tests::test_time_entry stdout ----
[INFO] [stdout] 
[INFO] [stdout] thread 'interface::time::tests::test_time_entry' (3643) panicked at src/interface/time/tests.rs:7:5:
[INFO] [stdout] assertion `left == right` failed
[INFO] [stdout]   left: None
[INFO] [stdout]  right: Some(401)
[INFO] [stdout] stack backtrace:
[INFO] [stdout]    0:     0x59dadc39dba7 - <<std[70759c8f55707aa4]::sys::backtrace::BacktraceLock>::print::DisplayBacktrace as core[df12db4294e9bfd3]::fmt::Display>::fmt
[INFO] [stdout]    1:     0x59dadc1af87a - core[df12db4294e9bfd3]::fmt::write
[INFO] [stdout]    2:     0x59dadc39d15b - <alloc[2182bb758b4b3781]::vec::Vec<u8> as core[df12db4294e9bfd3]::io::write::Write>::write_fmt
[INFO] [stdout]    3:     0x59dadc39cc3f - std[70759c8f55707aa4]::panicking::default_hook::{closure#0}
[INFO] [stdout]    4:     0x59dadc39c86a - std[70759c8f55707aa4]::panicking::default_hook
[INFO] [stdout]    5:     0x59dadc39c3a2 - std[70759c8f55707aa4]::panicking::panic_with_hook
[INFO] [stdout]    6:     0x59dadc3c3181 - std[70759c8f55707aa4]::panicking::panic_handler::{closure#0}
[INFO] [stdout]    7:     0x59dadc3c3139 - std[70759c8f55707aa4]::sys::backtrace::__rust_end_short_backtrace::<std[70759c8f55707aa4]::panicking::panic_handler::{closure#0}, !>
[INFO] [stdout]    8:     0x59dadc3c364c - __rustc[8fa7c3cbc660c2b3]::rust_begin_unwind
[INFO] [stdout]    9:     0x59dadc1af70b - core[df12db4294e9bfd3]::panicking::panic_fmt
[INFO] [stdout]   10:     0x59dadc1af62e - core[df12db4294e9bfd3]::panicking::assert_failed_inner
[INFO] [stdout]   11:     0x59dadc08ccb7 - core[df12db4294e9bfd3]::panicking::assert_failed::<core[df12db4294e9bfd3]::option::Option<http[b5ac79576280d03]::status::StatusCode>, core[df12db4294e9bfd3]::option::Option<http[b5ac79576280d03]::status::StatusCode>>
[INFO] [stdout]   12:     0x59dadc140235 - ruddr[78123139c68f36db]::interface::time::tests::test_time_entry::{closure#0}
[INFO] [stdout]   13:     0x59dadc082404 - <tokio[3a4c6692ddb3b43d]::runtime::runtime::Runtime>::block_on::<core[df12db4294e9bfd3]::pin::Pin<&mut dyn core[df12db4294e9bfd3]::future::future::Future<Output = ()>>>
[INFO] [stdout]   14:     0x59dadc17e674 - <ruddr[78123139c68f36db]::interface::time::tests::test_time_entry::{closure#0} as core[df12db4294e9bfd3]::ops::function::FnOnce<()>>::call_once
[INFO] [stdout]   15:     0x59dadc3de14b - test[9d35eded1c95d3be]::__rust_begin_short_backtrace::<core[df12db4294e9bfd3]::result::Result<(), alloc[2182bb758b4b3781]::string::String>, fn() -> core[df12db4294e9bfd3]::result::Result<(), alloc[2182bb758b4b3781]::string::String>>
[INFO] [stdout]   16:     0x59dadc3d9d32 - test[9d35eded1c95d3be]::run_test::{closure#0}
[INFO] [stdout]   17:     0x59dadc3d979c - std[70759c8f55707aa4]::sys::backtrace::__rust_begin_short_backtrace::<test[9d35eded1c95d3be]::run_test::{closure#1}, ()>
[INFO] [stdout]   18:     0x59dadc3f3efc - <std[70759c8f55707aa4]::thread::lifecycle::spawn_unchecked<test[9d35eded1c95d3be]::run_test::{closure#1}, ()>::{closure#1} as core[df12db4294e9bfd3]::ops::function::FnOnce<()>>::call_once::{shim:vtable#0}
[INFO] [stdout]   19:     0x59dadc3c4bd2 - <std[70759c8f55707aa4]::sys::thread::unix::Thread>::new::thread_start
[INFO] [stdout]   20:     0x72b7fe8a5dfa - <unknown>
[INFO] [stdout]   21:     0x72b7fe9393d4 - clone
[INFO] [stdout]   22:                0x0 - <unknown>
[INFO] [stdout] 
[INFO] [stdout] ---- client::request::tests::test_request_get stdout ----
[INFO] [stdout] 
[INFO] [stdout] thread 'client::request::tests::test_request_get' (3614) panicked at src/client/request/tests.rs:35:10:
[INFO] [stdout] request transmission failed to receive a response: reqwest::Error { kind: Request, url: "https://www.ruddr.io/api/workspace/projects/095e0780-48bf-472c-8deb-2fc3ebc7d90c", source: hyper_util::client::legacy::Error(Connect, ConnectError("dns error", DnsError { inner: Custom { kind: Uncategorized, error: "failed to lookup address information: Temporary failure in name resolution" } })) }
[INFO] [stdout] stack backtrace:
[INFO] [stdout]    0:     0x59dadc39dba7 - <<std[70759c8f55707aa4]::sys::backtrace::BacktraceLock>::print::DisplayBacktrace as core[df12db4294e9bfd3]::fmt::Display>::fmt
[INFO] [stdout]    1:     0x59dadc1af87a - core[df12db4294e9bfd3]::fmt::write
[INFO] [stdout]    2:     0x59dadc39d15b - <alloc[2182bb758b4b3781]::vec::Vec<u8> as core[df12db4294e9bfd3]::io::write::Write>::write_fmt
[INFO] [stdout]    3:     0x59dadc39cc3f - std[70759c8f55707aa4]::panicking::default_hook::{closure#0}
[INFO] [stdout]    4:     0x59dadc39c86a - std[70759c8f55707aa4]::panicking::default_hook
[INFO] [stdout]    5:     0x59dadc39c3a2 - std[70759c8f55707aa4]::panicking::panic_with_hook
[INFO] [stdout]    6:     0x59dadc3c3181 - std[70759c8f55707aa4]::panicking::panic_handler::{closure#0}
[INFO] [stdout]    7:     0x59dadc3c3139 - std[70759c8f55707aa4]::sys::backtrace::__rust_end_short_backtrace::<std[70759c8f55707aa4]::panicking::panic_handler::{closure#0}, !>
[INFO] [stdout]    8:     0x59dadc3c364c - __rustc[8fa7c3cbc660c2b3]::rust_begin_unwind
[INFO] [stdout]    9:     0x59dadc1af70b - core[df12db4294e9bfd3]::panicking::panic_fmt
[INFO] [stdout]   10:     0x59dadc1b4431 - core[df12db4294e9bfd3]::result::unwrap_failed
[INFO] [stdout]   11:     0x59dadc1301ad - ruddr[78123139c68f36db]::client::request::tests::test_request_get::{closure#0}
[INFO] [stdout]   12:     0x59dadc082404 - <tokio[3a4c6692ddb3b43d]::runtime::runtime::Runtime>::block_on::<core[df12db4294e9bfd3]::pin::Pin<&mut dyn core[df12db4294e9bfd3]::future::future::Future<Output = ()>>>
[INFO] [stdout]   13:     0x59dadc17bdf4 - <ruddr[78123139c68f36db]::client::request::tests::test_request_get::{closure#0} as core[df12db4294e9bfd3]::ops::function::FnOnce<()>>::call_once
[INFO] [stdout]   14:     0x59dadc3de14b - test[9d35eded1c95d3be]::__rust_begin_short_backtrace::<core[df12db4294e9bfd3]::result::Result<(), alloc[2182bb758b4b3781]::string::String>, fn() -> core[df12db4294e9bfd3]::result::Result<(), alloc[2182bb758b4b3781]::string::String>>
[INFO] [stdout]   15:     0x59dadc3d9d32 - test[9d35eded1c95d3be]::run_test::{closure#0}
[INFO] [stdout]   16:     0x59dadc3d979c - std[70759c8f55707aa4]::sys::backtrace::__rust_begin_short_backtrace::<test[9d35eded1c95d3be]::run_test::{closure#1}, ()>
[INFO] [stdout]   17:     0x59dadc3f3efc - <std[70759c8f55707aa4]::thread::lifecycle::spawn_unchecked<test[9d35eded1c95d3be]::run_test::{closure#1}, ()>::{closure#1} as core[df12db4294e9bfd3]::ops::function::FnOnce<()>>::call_once::{shim:vtable#0}
[INFO] [stdout]   18:     0x59dadc3c4bd2 - <std[70759c8f55707aa4]::sys::thread::unix::Thread>::new::thread_start
[INFO] [stdout]   19:     0x72b7fe8a5dfa - <unknown>
[INFO] [stdout]   20:     0x72b7fe9393d4 - clone
[INFO] [stdout]   21:                0x0 - <unknown>
[INFO] [stdout] 
[INFO] [stdout] ---- interface::expense_item::tests::test_expense_items stdout ----
[INFO] [stdout] 
[INFO] [stdout] thread 'interface::expense_item::tests::test_expense_items' (3625) panicked at src/interface/expense_item/tests.rs:24:5:
[INFO] [stdout] assertion `left == right` failed
[INFO] [stdout]   left: None
[INFO] [stdout]  right: Some(401)
[INFO] [stdout] stack backtrace:
[INFO] [stdout]    0:     0x59dadc39dba7 - <<std[70759c8f55707aa4]::sys::backtrace::BacktraceLock>::print::DisplayBacktrace as core[df12db4294e9bfd3]::fmt::Display>::fmt
[INFO] [stdout]    1:     0x59dadc1af87a - core[df12db4294e9bfd3]::fmt::write
[INFO] [stdout]    2:     0x59dadc39d15b - <alloc[2182bb758b4b3781]::vec::Vec<u8> as core[df12db4294e9bfd3]::io::write::Write>::write_fmt
[INFO] [stdout]    3:     0x59dadc39cc3f - std[70759c8f55707aa4]::panicking::default_hook::{closure#0}
[INFO] [stdout]    4:     0x59dadc39c86a - std[70759c8f55707aa4]::panicking::default_hook
[INFO] [stdout]    5:     0x59dadc39c3a2 - std[70759c8f55707aa4]::panicking::panic_with_hook
[INFO] [stdout]    6:     0x59dadc3c3181 - std[70759c8f55707aa4]::panicking::panic_handler::{closure#0}
[INFO] [stdout]    7:     0x59dadc3c3139 - std[70759c8f55707aa4]::sys::backtrace::__rust_end_short_backtrace::<std[70759c8f55707aa4]::panicking::panic_handler::{closure#0}, !>
[INFO] [stdout]    8:     0x59dadc3c364c - __rustc[8fa7c3cbc660c2b3]::rust_begin_unwind
[INFO] [stdout]    9:     0x59dadc1af70b - core[df12db4294e9bfd3]::panicking::panic_fmt
[INFO] [stdout]   10:     0x59dadc1af62e - core[df12db4294e9bfd3]::panicking::assert_failed_inner
[INFO] [stdout]   11:     0x59dadc08ccb7 - core[df12db4294e9bfd3]::panicking::assert_failed::<core[df12db4294e9bfd3]::option::Option<http[b5ac79576280d03]::status::StatusCode>, core[df12db4294e9bfd3]::option::Option<http[b5ac79576280d03]::status::StatusCode>>
[INFO] [stdout]   12:     0x59dadc137b8b - ruddr[78123139c68f36db]::interface::expense_item::tests::test_expense_items::{closure#0}
[INFO] [stdout]   13:     0x59dadc082404 - <tokio[3a4c6692ddb3b43d]::runtime::runtime::Runtime>::block_on::<core[df12db4294e9bfd3]::pin::Pin<&mut dyn core[df12db4294e9bfd3]::future::future::Future<Output = ()>>>
[INFO] [stdout]   14:     0x59dadc17d254 - <ruddr[78123139c68f36db]::interface::expense_item::tests::test_expense_items::{closure#0} as core[df12db4294e9bfd3]::ops::function::FnOnce<()>>::call_once
[INFO] [stdout]   15:     0x59dadc3de14b - test[9d35eded1c95d3be]::__rust_begin_short_backtrace::<core[df12db4294e9bfd3]::result::Result<(), alloc[2182bb758b4b3781]::string::String>, fn() -> core[df12db4294e9bfd3]::result::Result<(), alloc[2182bb758b4b3781]::string::String>>
[INFO] [stdout]   16:     0x59dadc3d9d32 - test[9d35eded1c95d3be]::run_test::{closure#0}
[INFO] [stdout]   17:     0x59dadc3d979c - std[70759c8f55707aa4]::sys::backtrace::__rust_begin_short_backtrace::<test[9d35eded1c95d3be]::run_test::{closure#1}, ()>
[INFO] [stdout]   18:     0x59dadc3f3efc - <std[70759c8f55707aa4]::thread::lifecycle::spawn_unchecked<test[9d35eded1c95d3be]::run_test::{closure#1}, ()>::{closure#1} as core[df12db4294e9bfd3]::ops::function::FnOnce<()>>::call_once::{shim:vtable#0}
[INFO] [stdout]   19:     0x59dadc3c4bd2 - <std[70759c8f55707aa4]::sys::thread::unix::Thread>::new::thread_start
[INFO] [stdout]   20:     0x72b7fe8a5dfa - <unknown>
[INFO] [stdout]   21:     0x72b7fe9393d4 - clone
[INFO] [stdout]   22:                0x0 - <unknown>
[INFO] [stdout] 
[INFO] [stdout] ---- interface::role::tests::test_roles stdout ----
[INFO] [stdout] 
[INFO] [stdout] thread 'interface::role::tests::test_roles' (3640) panicked at src/interface/role/tests.rs:24:5:
[INFO] [stdout] assertion `left == right` failed
[INFO] [stdout]   left: None
[INFO] [stdout]  right: Some(401)
[INFO] [stdout] stack backtrace:
[INFO] [stdout]    0:     0x59dadc39dba7 - <<std[70759c8f55707aa4]::sys::backtrace::BacktraceLock>::print::DisplayBacktrace as core[df12db4294e9bfd3]::fmt::Display>::fmt
[INFO] [stdout]    1:     0x59dadc1af87a - core[df12db4294e9bfd3]::fmt::write
[INFO] [stdout]    2:     0x59dadc39d15b - <alloc[2182bb758b4b3781]::vec::Vec<u8> as core[df12db4294e9bfd3]::io::write::Write>::write_fmt
[INFO] [stdout]    3:     0x59dadc39cc3f - std[70759c8f55707aa4]::panicking::default_hook::{closure#0}
[INFO] [stdout]    4:     0x59dadc39c86a - std[70759c8f55707aa4]::panicking::default_hook
[INFO] [stdout]    5:     0x59dadc39c3a2 - std[70759c8f55707aa4]::panicking::panic_with_hook
[INFO] [stdout]    6:     0x59dadc3c3181 - std[70759c8f55707aa4]::panicking::panic_handler::{closure#0}
[INFO] [stdout]    7:     0x59dadc3c3139 - std[70759c8f55707aa4]::sys::backtrace::__rust_end_short_backtrace::<std[70759c8f55707aa4]::panicking::panic_handler::{closure#0}, !>
[INFO] [stdout]    8:     0x59dadc3c364c - __rustc[8fa7c3cbc660c2b3]::rust_begin_unwind
[INFO] [stdout]    9:     0x59dadc1af70b - core[df12db4294e9bfd3]::panicking::panic_fmt
[INFO] [stdout]   10:     0x59dadc1af62e - core[df12db4294e9bfd3]::panicking::assert_failed_inner
[INFO] [stdout]   11:     0x59dadc08ccb7 - core[df12db4294e9bfd3]::panicking::assert_failed::<core[df12db4294e9bfd3]::option::Option<http[b5ac79576280d03]::status::StatusCode>, core[df12db4294e9bfd3]::option::Option<http[b5ac79576280d03]::status::StatusCode>>
[INFO] [stdout]   12:     0x59dadc13e57b - ruddr[78123139c68f36db]::interface::role::tests::test_roles::{closure#0}
[INFO] [stdout]   13:     0x59dadc082404 - <tokio[3a4c6692ddb3b43d]::runtime::runtime::Runtime>::block_on::<core[df12db4294e9bfd3]::pin::Pin<&mut dyn core[df12db4294e9bfd3]::future::future::Future<Output = ()>>>
[INFO] [stdout]   14:     0x59dadc17e0b4 - <ruddr[78123139c68f36db]::interface::role::tests::test_roles::{closure#0} as core[df12db4294e9bfd3]::ops::function::FnOnce<()>>::call_once
[INFO] [stdout]   15:     0x59dadc3de14b - test[9d35eded1c95d3be]::__rust_begin_short_backtrace::<core[df12db4294e9bfd3]::result::Result<(), alloc[2182bb758b4b3781]::string::String>, fn() -> core[df12db4294e9bfd3]::result::Result<(), alloc[2182bb758b4b3781]::string::String>>
[INFO] [stdout]   16:     0x59dadc3d9d32 - test[9d35eded1c95d3be]::run_test::{closure#0}
[INFO] [stdout]   17:     0x59dadc3d979c - std[70759c8f55707aa4]::sys::backtrace::__rust_begin_short_backtrace::<test[9d35eded1c95d3be]::run_test::{closure#1}, ()>
[INFO] [stdout]   18:     0x59dadc3f3efc - <std[70759c8f55707aa4]::thread::lifecycle::spawn_unchecked<test[9d35eded1c95d3be]::run_test::{closure#1}, ()>::{closure#1} as core[df12db4294e9bfd3]::ops::function::FnOnce<()>>::call_once::{shim:vtable#0}
[INFO] [stdout]   19:     0x59dadc3c4bd2 - <std[70759c8f55707aa4]::sys::thread::unix::Thread>::new::thread_start
[INFO] [stdout]   20:     0x72b7fe8a5dfa - <unknown>
[INFO] [stdout]   21:     0x72b7fe9393d4 - clone
[INFO] [stdout]   22:                0x0 - <unknown>
[INFO] [stdout] 
[INFO] [stdout] ---- interface::time::tests::test_time_entries stdout ----
[INFO] [stdout] 
[INFO] [stdout] thread 'interface::time::tests::test_time_entries' (3642) panicked at src/interface/time/tests.rs:23:5:
[INFO] [stdout] assertion `left == right` failed
[INFO] [stdout]   left: None
[INFO] [stdout]  right: Some(401)
[INFO] [stdout] stack backtrace:
[INFO] [stdout]    0:     0x59dadc39dba7 - <<std[70759c8f55707aa4]::sys::backtrace::BacktraceLock>::print::DisplayBacktrace as core[df12db4294e9bfd3]::fmt::Display>::fmt
[INFO] [stdout]    1:     0x59dadc1af87a - core[df12db4294e9bfd3]::fmt::write
[INFO] [stdout]    2:     0x59dadc39d15b - <alloc[2182bb758b4b3781]::vec::Vec<u8> as core[df12db4294e9bfd3]::io::write::Write>::write_fmt
[INFO] [stdout]    3:     0x59dadc39cc3f - std[70759c8f55707aa4]::panicking::default_hook::{closure#0}
[INFO] [stdout]    4:     0x59dadc39c86a - std[70759c8f55707aa4]::panicking::default_hook
[INFO] [stdout]    5:     0x59dadc39c3a2 - std[70759c8f55707aa4]::panicking::panic_with_hook
[INFO] [stdout]    6:     0x59dadc3c3181 - std[70759c8f55707aa4]::panicking::panic_handler::{closure#0}
[INFO] [stdout]    7:     0x59dadc3c3139 - std[70759c8f55707aa4]::sys::backtrace::__rust_end_short_backtrace::<std[70759c8f55707aa4]::panicking::panic_handler::{closure#0}, !>
[INFO] [stdout]    8:     0x59dadc3c364c - __rustc[8fa7c3cbc660c2b3]::rust_begin_unwind
[INFO] [stdout]    9:     0x59dadc1af70b - core[df12db4294e9bfd3]::panicking::panic_fmt
[INFO] [stdout]   10:     0x59dadc1af62e - core[df12db4294e9bfd3]::panicking::assert_failed_inner
[INFO] [stdout]   11:     0x59dadc08ccb7 - core[df12db4294e9bfd3]::panicking::assert_failed::<core[df12db4294e9bfd3]::option::Option<http[b5ac79576280d03]::status::StatusCode>, core[df12db4294e9bfd3]::option::Option<http[b5ac79576280d03]::status::StatusCode>>
[INFO] [stdout]   12:     0x59dadc1423e0 - ruddr[78123139c68f36db]::interface::time::tests::test_time_entries::{closure#0}
[INFO] [stdout]   13:     0x59dadc082404 - <tokio[3a4c6692ddb3b43d]::runtime::runtime::Runtime>::block_on::<core[df12db4294e9bfd3]::pin::Pin<&mut dyn core[df12db4294e9bfd3]::future::future::Future<Output = ()>>>
[INFO] [stdout]   14:     0x59dadc17e954 - <ruddr[78123139c68f36db]::interface::time::tests::test_time_entries::{closure#0} as core[df12db4294e9bfd3]::ops::function::FnOnce<()>>::call_once
[INFO] [stdout]   15:     0x59dadc3de14b - test[9d35eded1c95d3be]::__rust_begin_short_backtrace::<core[df12db4294e9bfd3]::result::Result<(), alloc[2182bb758b4b3781]::string::String>, fn() -> core[df12db4294e9bfd3]::result::Result<(), alloc[2182bb758b4b3781]::string::String>>
[INFO] [stdout]   16:     0x59dadc3d9d32 - test[9d35eded1c95d3be]::run_test::{closure#0}
[INFO] [stdout]   17:     0x59dadc3d979c - std[70759c8f55707aa4]::sys::backtrace::__rust_begin_short_backtrace::<test[9d35eded1c95d3be]::run_test::{closure#1}, ()>
[INFO] [stdout]   18:     0x59dadc3f3efc - <std[70759c8f55707aa4]::thread::lifecycle::spawn_unchecked<test[9d35eded1c95d3be]::run_test::{closure#1}, ()>::{closure#1} as core[df12db4294e9bfd3]::ops::function::FnOnce<()>>::call_once::{shim:vtable#0}
[INFO] [stdout]   19:     0x59dadc3c4bd2 - <std[70759c8f55707aa4]::sys::thread::unix::Thread>::new::thread_start
[INFO] [stdout]   20:     0x72b7fe8a5dfa - <unknown>
[INFO] [stdout]   21:     0x72b7fe9393d4 - clone
[INFO] [stdout]   22:                0x0 - <unknown>
[INFO] [stdout] 
[INFO] [stdout] ---- interface::member::tests::test_members stdout ----
[INFO] [stdout] 
[INFO] [stdout] thread 'interface::member::tests::test_members' (3636) panicked at src/interface/member/tests.rs:23:5:
[INFO] [stdout] assertion `left == right` failed
[INFO] [stdout]   left: None
[INFO] [stdout]  right: Some(401)
[INFO] [stdout] stack backtrace:
[INFO] [stdout]    0:     0x59dadc39dba7 - <<std[70759c8f55707aa4]::sys::backtrace::BacktraceLock>::print::DisplayBacktrace as core[df12db4294e9bfd3]::fmt::Display>::fmt
[INFO] [stdout]    1:     0x59dadc1af87a - core[df12db4294e9bfd3]::fmt::write
[INFO] [stdout]    2:     0x59dadc39d15b - <alloc[2182bb758b4b3781]::vec::Vec<u8> as core[df12db4294e9bfd3]::io::write::Write>::write_fmt
[INFO] [stdout]    3:     0x59dadc39cc3f - std[70759c8f55707aa4]::panicking::default_hook::{closure#0}
[INFO] [stdout]    4:     0x59dadc39c86a - std[70759c8f55707aa4]::panicking::default_hook
[INFO] [stdout]    5:     0x59dadc39c3a2 - std[70759c8f55707aa4]::panicking::panic_with_hook
[INFO] [stdout]    6:     0x59dadc3c3181 - std[70759c8f55707aa4]::panicking::panic_handler::{closure#0}
[INFO] [stdout]    7:     0x59dadc3c3139 - std[70759c8f55707aa4]::sys::backtrace::__rust_end_short_backtrace::<std[70759c8f55707aa4]::panicking::panic_handler::{closure#0}, !>
[INFO] [stdout]    8:     0x59dadc3c364c - __rustc[8fa7c3cbc660c2b3]::rust_begin_unwind
[INFO] [stdout]    9:     0x59dadc1af70b - core[df12db4294e9bfd3]::panicking::panic_fmt
[INFO] [stdout]   10:     0x59dadc1af62e - core[df12db4294e9bfd3]::panicking::assert_failed_inner
[INFO] [stdout]   11:     0x59dadc08ccb7 - core[df12db4294e9bfd3]::panicking::assert_failed::<core[df12db4294e9bfd3]::option::Option<http[b5ac79576280d03]::status::StatusCode>, core[df12db4294e9bfd3]::option::Option<http[b5ac79576280d03]::status::StatusCode>>
[INFO] [stdout]   12:     0x59dadc144eb6 - ruddr[78123139c68f36db]::interface::member::tests::test_members::{closure#0}
[INFO] [stdout]   13:     0x59dadc082404 - <tokio[3a4c6692ddb3b43d]::runtime::runtime::Runtime>::block_on::<core[df12db4294e9bfd3]::pin::Pin<&mut dyn core[df12db4294e9bfd3]::future::future::Future<Output = ()>>>
[INFO] [stdout]   14:     0x59dadc17ef14 - <ruddr[78123139c68f36db]::interface::member::tests::test_members::{closure#0} as core[df12db4294e9bfd3]::ops::function::FnOnce<()>>::call_once
[INFO] [stdout]   15:     0x59dadc3de14b - test[9d35eded1c95d3be]::__rust_begin_short_backtrace::<core[df12db4294e9bfd3]::result::Result<(), alloc[2182bb758b4b3781]::string::String>, fn() -> core[df12db4294e9bfd3]::result::Result<(), alloc[2182bb758b4b3781]::string::String>>
[INFO] [stdout]   16:     0x59dadc3d9d32 - test[9d35eded1c95d3be]::run_test::{closure#0}
[INFO] [stdout]   17:     0x59dadc3d979c - std[70759c8f55707aa4]::sys::backtrace::__rust_begin_short_backtrace::<test[9d35eded1c95d3be]::run_test::{closure#1}, ()>
[INFO] [stdout]   18:     0x59dadc3f3efc - <std[70759c8f55707aa4]::thread::lifecycle::spawn_unchecked<test[9d35eded1c95d3be]::run_test::{closure#1}, ()>::{closure#1} as core[df12db4294e9bfd3]::ops::function::FnOnce<()>>::call_once::{shim:vtable#0}
[INFO] [stdout]   19:     0x59dadc3c4bd2 - <std[70759c8f55707aa4]::sys::thread::unix::Thread>::new::thread_start
[INFO] [stdout]   20:     0x72b7fe8a5dfa - <unknown>
[INFO] [stdout]   21:     0x72b7fe9393d4 - clone
[INFO] [stdout]   22:                0x0 - <unknown>
[INFO] [stdout] 
[INFO] [stdout] ---- interface::role::tests::test_role stdout ----
[INFO] [stdout] 
[INFO] [stdout] thread 'interface::role::tests::test_role' (3639) panicked at src/interface/role/tests.rs:7:5:
[INFO] [stdout] assertion `left == right` failed
[INFO] [stdout]   left: None
[INFO] [stdout]  right: Some(401)
[INFO] [stdout] stack backtrace:
[INFO] [stdout]    0:     0x59dadc39dba7 - <<std[70759c8f55707aa4]::sys::backtrace::BacktraceLock>::print::DisplayBacktrace as core[df12db4294e9bfd3]::fmt::Display>::fmt
[INFO] [stdout]    1:     0x59dadc1af87a - core[df12db4294e9bfd3]::fmt::write
[INFO] [stdout]    2:     0x59dadc39d15b - <alloc[2182bb758b4b3781]::vec::Vec<u8> as core[df12db4294e9bfd3]::io::write::Write>::write_fmt
[INFO] [stdout]    3:     0x59dadc39cc3f - std[70759c8f55707aa4]::panicking::default_hook::{closure#0}
[INFO] [stdout]    4:     0x59dadc39c86a - std[70759c8f55707aa4]::panicking::default_hook
[INFO] [stdout]    5:     0x59dadc39c3a2 - std[70759c8f55707aa4]::panicking::panic_with_hook
[INFO] [stdout]    6:     0x59dadc3c3181 - std[70759c8f55707aa4]::panicking::panic_handler::{closure#0}
[INFO] [stdout]    7:     0x59dadc3c3139 - std[70759c8f55707aa4]::sys::backtrace::__rust_end_short_backtrace::<std[70759c8f55707aa4]::panicking::panic_handler::{closure#0}, !>
[INFO] [stdout]    8:     0x59dadc3c364c - __rustc[8fa7c3cbc660c2b3]::rust_begin_unwind
[INFO] [stdout]    9:     0x59dadc1af70b - core[df12db4294e9bfd3]::panicking::panic_fmt
[INFO] [stdout]   10:     0x59dadc1af62e - core[df12db4294e9bfd3]::panicking::assert_failed_inner
[INFO] [stdout]   11:     0x59dadc08ccb7 - core[df12db4294e9bfd3]::panicking::assert_failed::<core[df12db4294e9bfd3]::option::Option<http[b5ac79576280d03]::status::StatusCode>, core[df12db4294e9bfd3]::option::Option<http[b5ac79576280d03]::status::StatusCode>>
[INFO] [stdout]   12:     0x59dadc13f565 - ruddr[78123139c68f36db]::interface::role::tests::test_role::{closure#0}
[INFO] [stdout]   13:     0x59dadc082404 - <tokio[3a4c6692ddb3b43d]::runtime::runtime::Runtime>::block_on::<core[df12db4294e9bfd3]::pin::Pin<&mut dyn core[df12db4294e9bfd3]::future::future::Future<Output = ()>>>
[INFO] [stdout]   14:     0x59dadc17e394 - <ruddr[78123139c68f36db]::interface::role::tests::test_role::{closure#0} as core[df12db4294e9bfd3]::ops::function::FnOnce<()>>::call_once
[INFO] [stdout]   15:     0x59dadc3de14b - test[9d35eded1c95d3be]::__rust_begin_short_backtrace::<core[df12db4294e9bfd3]::result::Result<(), alloc[2182bb758b4b3781]::string::String>, fn() -> core[df12db4294e9bfd3]::result::Result<(), alloc[2182bb758b4b3781]::string::String>>
[INFO] [stdout]   16:     0x59dadc3d9d32 - test[9d35eded1c95d3be]::run_test::{closure#0}
[INFO] [stdout]   17:     0x59dadc3d979c - std[70759c8f55707aa4]::sys::backtrace::__rust_begin_short_backtrace::<test[9d35eded1c95d3be]::run_test::{closure#1}, ()>
[INFO] [stdout]   18:     0x59dadc3f3efc - <std[70759c8f55707aa4]::thread::lifecycle::spawn_unchecked<test[9d35eded1c95d3be]::run_test::{closure#1}, ()>::{closure#1} as core[df12db4294e9bfd3]::ops::function::FnOnce<()>>::call_once::{shim:vtable#0}
[INFO] [stdout]   19:     0x59dadc3c4bd2 - <std[70759c8f55707aa4]::sys::thread::unix::Thread>::new::thread_start
[INFO] [stdout]   20:     0x72b7fe8a5dfa - <unknown>
[INFO] [stdout]   21:     0x72b7fe9393d4 - clone
[INFO] [stdout]   22:                0x0 - <unknown>
[INFO] [stdout] 
[INFO] [stdout] ---- interface::utilization::tests::test_utilization stdout ----
[INFO] [stdout] 
[INFO] [stdout] thread 'interface::utilization::tests::test_utilization' (3646) panicked at src/interface/utilization/tests.rs:7:5:
[INFO] [stdout] assertion `left == right` failed
[INFO] [stdout]   left: None
[INFO] [stdout]  right: Some(401)
[INFO] [stdout] stack backtrace:
[INFO] [stdout]    0:     0x59dadc39dba7 - <<std[70759c8f55707aa4]::sys::backtrace::BacktraceLock>::print::DisplayBacktrace as core[df12db4294e9bfd3]::fmt::Display>::fmt
[INFO] [stdout]    1:     0x59dadc1af87a - core[df12db4294e9bfd3]::fmt::write
[INFO] [stdout]    2:     0x59dadc39d15b - <alloc[2182bb758b4b3781]::vec::Vec<u8> as core[df12db4294e9bfd3]::io::write::Write>::write_fmt
[INFO] [stdout]    3:     0x59dadc39cc3f - std[70759c8f55707aa4]::panicking::default_hook::{closure#0}
[INFO] [stdout]    4:     0x59dadc39c86a - std[70759c8f55707aa4]::panicking::default_hook
[INFO] [stdout]    5:     0x59dadc39c3a2 - std[70759c8f55707aa4]::panicking::panic_with_hook
[INFO] [stdout]    6:     0x59dadc3c3181 - std[70759c8f55707aa4]::panicking::panic_handler::{closure#0}
[INFO] [stdout]    7:     0x59dadc3c3139 - std[70759c8f55707aa4]::sys::backtrace::__rust_end_short_backtrace::<std[70759c8f55707aa4]::panicking::panic_handler::{closure#0}, !>
[INFO] [stdout]    8:     0x59dadc3c364c - __rustc[8fa7c3cbc660c2b3]::rust_begin_unwind
[INFO] [stdout]    9:     0x59dadc1af70b - core[df12db4294e9bfd3]::panicking::panic_fmt
[INFO] [stdout]   10:     0x59dadc1af62e - core[df12db4294e9bfd3]::panicking::assert_failed_inner
[INFO] [stdout]   11:     0x59dadc08ccb7 - core[df12db4294e9bfd3]::panicking::assert_failed::<core[df12db4294e9bfd3]::option::Option<http[b5ac79576280d03]::status::StatusCode>, core[df12db4294e9bfd3]::option::Option<http[b5ac79576280d03]::status::StatusCode>>
[INFO] [stdout]   12:     0x59dadc133cd6 - ruddr[78123139c68f36db]::interface::utilization::tests::test_utilization::{closure#0}
[INFO] [stdout]   13:     0x59dadc082404 - <tokio[3a4c6692ddb3b43d]::runtime::runtime::Runtime>::block_on::<core[df12db4294e9bfd3]::pin::Pin<&mut dyn core[df12db4294e9bfd3]::future::future::Future<Output = ()>>>
[INFO] [stdout]   14:     0x59dadc17c9b4 - <ruddr[78123139c68f36db]::interface::utilization::tests::test_utilization::{closure#0} as core[df12db4294e9bfd3]::ops::function::FnOnce<()>>::call_once
[INFO] [stdout]   15:     0x59dadc3de14b - test[9d35eded1c95d3be]::__rust_begin_short_backtrace::<core[df12db4294e9bfd3]::result::Result<(), alloc[2182bb758b4b3781]::string::String>, fn() -> core[df12db4294e9bfd3]::result::Result<(), alloc[2182bb758b4b3781]::string::String>>
[INFO] [stdout]   16:     0x59dadc3d9d32 - test[9d35eded1c95d3be]::run_test::{closure#0}
[INFO] [stdout]   17:     0x59dadc3d979c - std[70759c8f55707aa4]::sys::backtrace::__rust_begin_short_backtrace::<test[9d35eded1c95d3be]::run_test::{closure#1}, ()>
[INFO] [stdout]   18:     0x59dadc3f3efc - <std[70759c8f55707aa4]::thread::lifecycle::spawn_unchecked<test[9d35eded1c95d3be]::run_test::{closure#1}, ()>::{closure#1} as core[df12db4294e9bfd3]::ops::function::FnOnce<()>>::call_once::{shim:vtable#0}
[INFO] [stdout]   19:     0x59dadc3c4bd2 - <std[70759c8f55707aa4]::sys::thread::unix::Thread>::new::thread_start
[INFO] [stdout]   20:     0x72b7fe8a5dfa - <unknown>
[INFO] [stdout]   21:     0x72b7fe9393d4 - clone
[INFO] [stdout]   22:                0x0 - <unknown>
[INFO] [stdout] 
[INFO] [stdout] ---- interface::utilization::tests::test_utilizations stdout ----
[INFO] [stdout] 
[INFO] [stdout] thread 'interface::utilization::tests::test_utilizations' (3647) panicked at src/interface/utilization/tests.rs:23:5:
[INFO] [stdout] assertion `left == right` failed
[INFO] [stdout]   left: None
[INFO] [stdout]  right: Some(401)
[INFO] [stdout] stack backtrace:
[INFO] [stdout]    0:     0x59dadc39dba7 - <<std[70759c8f55707aa4]::sys::backtrace::BacktraceLock>::print::DisplayBacktrace as core[df12db4294e9bfd3]::fmt::Display>::fmt
[INFO] [stdout]    1:     0x59dadc1af87a - core[df12db4294e9bfd3]::fmt::write
[INFO] [stdout]    2:     0x59dadc39d15b - <alloc[2182bb758b4b3781]::vec::Vec<u8> as core[df12db4294e9bfd3]::io::write::Write>::write_fmt
[INFO] [stdout]    3:     0x59dadc39cc3f - std[70759c8f55707aa4]::panicking::default_hook::{closure#0}
[INFO] [stdout]    4:     0x59dadc39c86a - std[70759c8f55707aa4]::panicking::default_hook
[INFO] [stdout]    5:     0x59dadc39c3a2 - std[70759c8f55707aa4]::panicking::panic_with_hook
[INFO] [stdout]    6:     0x59dadc3c3181 - std[70759c8f55707aa4]::panicking::panic_handler::{closure#0}
[INFO] [stdout]    7:     0x59dadc3c3139 - std[70759c8f55707aa4]::sys::backtrace::__rust_end_short_backtrace::<std[70759c8f55707aa4]::panicking::panic_handler::{closure#0}, !>
[INFO] [stdout]    8:     0x59dadc3c364c - __rustc[8fa7c3cbc660c2b3]::rust_begin_unwind
[INFO] [stdout]    9:     0x59dadc1af70b - core[df12db4294e9bfd3]::panicking::panic_fmt
[INFO] [stdout]   10:     0x59dadc1af62e - core[df12db4294e9bfd3]::panicking::assert_failed_inner
[INFO] [stdout]   11:     0x59dadc08ccb7 - core[df12db4294e9bfd3]::panicking::assert_failed::<core[df12db4294e9bfd3]::option::Option<http[b5ac79576280d03]::status::StatusCode>, core[df12db4294e9bfd3]::option::Option<http[b5ac79576280d03]::status::StatusCode>>
[INFO] [stdout]   12:     0x59dadc135374 - ruddr[78123139c68f36db]::interface::utilization::tests::test_utilizations::{closure#0}
[INFO] [stdout]   13:     0x59dadc082404 - <tokio[3a4c6692ddb3b43d]::runtime::runtime::Runtime>::block_on::<core[df12db4294e9bfd3]::pin::Pin<&mut dyn core[df12db4294e9bfd3]::future::future::Future<Output = ()>>>
[INFO] [stdout]   14:     0x59dadc17cc94 - <ruddr[78123139c68f36db]::interface::utilization::tests::test_utilizations::{closure#0} as core[df12db4294e9bfd3]::ops::function::FnOnce<()>>::call_once
[INFO] [stdout]   15:     0x59dadc3de14b - test[9d35eded1c95d3be]::__rust_begin_short_backtrace::<core[df12db4294e9bfd3]::result::Result<(), alloc[2182bb758b4b3781]::string::String>, fn() -> core[df12db4294e9bfd3]::result::Result<(), alloc[2182bb758b4b3781]::string::String>>
[INFO] [stdout]   16:     0x59dadc3d9d32 - test[9d35eded1c95d3be]::run_test::{closure#0}
[INFO] [stdout]   17:     0x59dadc3d979c - std[70759c8f55707aa4]::sys::backtrace::__rust_begin_short_backtrace::<test[9d35eded1c95d3be]::run_test::{closure#1}, ()>
[INFO] [stdout]   18:     0x59dadc3f3efc - <std[70759c8f55707aa4]::thread::lifecycle::spawn_unchecked<test[9d35eded1c95d3be]::run_test::{closure#1}, ()>::{closure#1} as core[df12db4294e9bfd3]::ops::function::FnOnce<()>>::call_once::{shim:vtable#0}
[INFO] [stdout]   19:     0x59dadc3c4bd2 - <std[70759c8f55707aa4]::sys::thread::unix::Thread>::new::thread_start
[INFO] [stdout]   20:     0x72b7fe8a5dfa - <unknown>
[INFO] [stdout]   21:     0x72b7fe9393d4 - clone
[INFO] [stdout]   22:                0x0 - <unknown>
[INFO] [stdout] 
[INFO] [stdout] 
[INFO] [stdout] failures:
[INFO] [stdout]     client::client::tests::test_client_list
[INFO] [stdout]     client::client::tests::test_client_read
[INFO] [stdout]     client::request::tests::test_request_get
[INFO] [stdout]     interface::allocation::tests::test_allocation
[INFO] [stdout]     interface::allocation::tests::test_allocations
[INFO] [stdout]     interface::cost::tests::test_cost
[INFO] [stdout]     interface::cost::tests::test_costs
[INFO] [stdout]     interface::customer::tests::test_clients
[INFO] [stdout]     interface::customer::tests::test_customer
[INFO] [stdout]     interface::expense_item::tests::test_expense_item
[INFO] [stdout]     interface::expense_item::tests::test_expense_items
[INFO] [stdout]     interface::expense_report::tests::test_expense_report
[INFO] [stdout]     interface::expense_report::tests::test_expense_reports
[INFO] [stdout]     interface::member::tests::test_member
[INFO] [stdout]     interface::member::tests::test_members
[INFO] [stdout]     interface::project::tests::test_project
[INFO] [stdout]     interface::project::tests::test_projects
[INFO] [stdout]     interface::role::tests::test_role
[INFO] [stdout]     interface::role::tests::test_roles
[INFO] [stdout]     interface::time::tests::test_time_entries
[INFO] [stdout]     interface::time::tests::test_time_entry
[INFO] [stdout]     interface::utilization::tests::test_utilization
[INFO] [stdout]     interface::utilization::tests::test_utilizations
[INFO] [stdout] 
[INFO] [stdout] test result: FAILED. 59 passed; 23 failed; 0 ignored; 0 measured; 0 filtered out; finished in 0.26s
[INFO] [stdout] 
[INFO] [stderr] error: test failed, to rerun pass `--lib`
[INFO] running `Command { std: "docker" "inspect" "730e7a4e932790118c1dd8a98dd025cd6b5f1c887fb8c6c4fcaaf28d467bd87c", kill_on_drop: false }`
[INFO] running `Command { std: "docker" "rm" "-f" "730e7a4e932790118c1dd8a98dd025cd6b5f1c887fb8c6c4fcaaf28d467bd87c", kill_on_drop: false }`
[INFO] [stdout] 730e7a4e932790118c1dd8a98dd025cd6b5f1c887fb8c6c4fcaaf28d467bd87c
