[INFO] fetching crate rudb-pgwire 0.9.3...
[INFO] testing rudb-pgwire-0.9.3 against 1.99.0-beta.8+cargoflags=--release for beta-release-1.100-2
[INFO] extracting crate rudb-pgwire 0.9.3 into /workspace/builds/worker-7-tc1/source
[INFO] started tweaking crates.io crate rudb-pgwire 0.9.3
[INFO] removed 0 missing tests
[INFO] finished tweaking crates.io crate rudb-pgwire 0.9.3
[INFO] tweaked toml for crates.io crate rudb-pgwire 0.9.3 written to /workspace/builds/worker-7-tc1/source/Cargo.toml
[INFO] validating manifest of crates.io crate rudb-pgwire 0.9.3 on toolchain 1.99.0-beta.8
[INFO] running `Command { std: CARGO_HOME="/workspace/cargo-home" RUSTUP_HOME="/workspace/rustup-home" "/workspace/cargo-home/bin/cargo" "+1.99.0-beta.8" "metadata" "--manifest-path" "Cargo.toml" "--no-deps", kill_on_drop: false }`
[INFO] crate crates.io crate rudb-pgwire 0.9.3 already has a lockfile, it will not be regenerated
[INFO] running `Command { std: CARGO_HOME="/workspace/cargo-home" RUSTUP_HOME="/workspace/rustup-home" "/workspace/cargo-home/bin/cargo" "+1.99.0-beta.8" "fetch" "--manifest-path" "Cargo.toml", kill_on_drop: false }`
[INFO] running `Command { std: "docker" "create" "-v" "/var/lib/crater-agent-workspace/builds/worker-7-tc1/source:/opt/rustwide/workdir:ro,Z" "-v" "/var/lib/crater-agent-workspace/builds/worker-7-tc1/target:/opt/rustwide/target:rw,Z" "-v" "/var/lib/crater-agent-workspace/cargo-home:/opt/rustwide/cargo-home:ro,Z" "-v" "/var/lib/crater-agent-workspace/rustup-home:/opt/rustwide/rustup-home:ro,Z" "-m" "1610612736" "--network" "none" "ghcr.io/rust-lang/crates-build-env/linux@sha256:77db811e55d90add9212f6832c23229e3de5f1c1f9905e8cb07319ea15df73ac" "sleep" "infinity", kill_on_drop: false }`
[INFO] [stdout] 48fe1e2912b1d8d5f1f106221e7842cefeef80671eedf4b7652db598051bc171
[INFO] running `Command { std: "docker" "start" "48fe1e2912b1d8d5f1f106221e7842cefeef80671eedf4b7652db598051bc171", kill_on_drop: false }`
[INFO] running `Command { std: "docker" "inspect" "48fe1e2912b1d8d5f1f106221e7842cefeef80671eedf4b7652db598051bc171", kill_on_drop: false }`
[INFO] running `Command { std: "docker" "exec" "-e" "SOURCE_DIR=/opt/rustwide/workdir" "-e" "CARGO_HOME=/opt/rustwide/cargo-home" "-e" "RUSTUP_HOME=/opt/rustwide/rustup-home" "-e" "CARGO_TARGET_DIR=/opt/rustwide/target" "-w" "/opt/rustwide/workdir" "--user" "0:0" "48fe1e2912b1d8d5f1f106221e7842cefeef80671eedf4b7652db598051bc171" "/opt/rustwide/cargo-home/bin/cargo" "+1.99.0-beta.8" "metadata" "--no-deps" "--format-version=1", kill_on_drop: false }`
[INFO] running `Command { std: "docker" "inspect" "48fe1e2912b1d8d5f1f106221e7842cefeef80671eedf4b7652db598051bc171", kill_on_drop: false }`
[INFO] running `Command { std: "docker" "exec" "-e" "SOURCE_DIR=/opt/rustwide/workdir" "-e" "CARGO_HOME=/opt/rustwide/cargo-home" "-e" "RUSTUP_HOME=/opt/rustwide/rustup-home" "-e" "CARGO_TARGET_DIR=/opt/rustwide/target" "-e" "CARGO_INCREMENTAL=0" "-e" "RUST_BACKTRACE=full" "-e" "RUSTFLAGS=--cap-lints=warn" "-e" "RUSTDOCFLAGS=--cap-lints=warn" "-w" "/opt/rustwide/workdir" "--user" "0:0" "48fe1e2912b1d8d5f1f106221e7842cefeef80671eedf4b7652db598051bc171" "/opt/rustwide/cargo-home/bin/cargo" "+1.99.0-beta.8" "build" "--frozen" "--message-format=json" "--release", kill_on_drop: false }`
[INFO] [stderr]    Compiling rudb-pgwire v0.9.3 (/opt/rustwide/workdir)
[INFO] [stderr]     Finished `release` profile [optimized] target(s) in 1.52s
[INFO] running `Command { std: "docker" "inspect" "48fe1e2912b1d8d5f1f106221e7842cefeef80671eedf4b7652db598051bc171", kill_on_drop: false }`
[INFO] running `Command { std: "docker" "exec" "-e" "SOURCE_DIR=/opt/rustwide/workdir" "-e" "CARGO_HOME=/opt/rustwide/cargo-home" "-e" "RUSTUP_HOME=/opt/rustwide/rustup-home" "-e" "CARGO_TARGET_DIR=/opt/rustwide/target" "-e" "CARGO_INCREMENTAL=0" "-e" "RUST_BACKTRACE=full" "-e" "RUSTFLAGS=--cap-lints=warn" "-e" "RUSTDOCFLAGS=--cap-lints=warn" "-w" "/opt/rustwide/workdir" "--user" "0:0" "48fe1e2912b1d8d5f1f106221e7842cefeef80671eedf4b7652db598051bc171" "/opt/rustwide/cargo-home/bin/cargo" "+1.99.0-beta.8" "test" "--frozen" "--no-run" "--message-format=json" "--release", kill_on_drop: false }`
[INFO] [stderr]    Compiling rudb-pgwire v0.9.3 (/opt/rustwide/workdir)
[INFO] [stderr]     Finished `release` profile [optimized] target(s) in 4.94s
[INFO] running `Command { std: "docker" "inspect" "48fe1e2912b1d8d5f1f106221e7842cefeef80671eedf4b7652db598051bc171", kill_on_drop: false }`
[INFO] running `Command { std: "docker" "exec" "-e" "SOURCE_DIR=/opt/rustwide/workdir" "-e" "CARGO_HOME=/opt/rustwide/cargo-home" "-e" "RUSTUP_HOME=/opt/rustwide/rustup-home" "-e" "CARGO_TARGET_DIR=/opt/rustwide/target" "-e" "CARGO_INCREMENTAL=0" "-e" "RUST_BACKTRACE=full" "-e" "RUSTFLAGS=--cap-lints=warn" "-e" "RUSTDOCFLAGS=--cap-lints=warn" "-w" "/opt/rustwide/workdir" "--user" "0:0" "48fe1e2912b1d8d5f1f106221e7842cefeef80671eedf4b7652db598051bc171" "/opt/rustwide/cargo-home/bin/cargo" "+1.99.0-beta.8" "test" "--frozen" "--release", kill_on_drop: false }`
[INFO] [stderr]     Finished `release` profile [optimized] target(s) in 0.01s
[INFO] [stderr]      Running unittests src/lib.rs (/opt/rustwide/target/release/deps/rudb_pgwire-1e10caec335960fa)
[INFO] [stdout] 
[INFO] [stdout] running 77 tests
[INFO] [stdout] test auth::tests::password_messages ... ok
[INFO] [stdout] test backend::tests::every_message_round_trips ... ok
[INFO] [stdout] test backend::tests::a_partial_message_waits ... ok
[INFO] [stdout] test auth::tests::md5 ... ok
[INFO] [stdout] test base64::tests::what_postgres_rejects ... ok
[INFO] [stdout] test cancel::tests::a_cancel_request_matches_one_key ... ok
[INFO] [stdout] test backend::tests::the_bytes_are_the_bytes_of_postgres ... ok
[INFO] [stdout] test cancel::tests::the_key_length_follows_the_protocol ... ok
[INFO] [stdout] test cmdtag::tests::command_complete_has_the_tag ... ok
[INFO] [stdout] test base64::tests::round_trip ... ok
[INFO] [stdout] test cmdtag::tests::completion_strings ... ok
[INFO] [stdout] test cmdtag::tests::names_are_found_with_no_regard_to_case ... ok
[INFO] [stdout] test crypto::soft::vectors ... ok
[INFO] [stdout] test frame::tests::a_frame_waits_for_all_of_its_bytes ... ok
[INFO] [stdout] test auth::tests::the_rfc_7677_exchange ... ok
[INFO] [stdout] test cmdtag::tests::the_table_is_in_the_order_of_the_enum ... ok
[INFO] [stdout] test frame::tests::an_unknown_type_byte_fails_before_the_length_arrives ... ok
[INFO] [stdout] test frame::tests::each_type_has_the_limit_of_postgres ... ok
[INFO] [stdout] test auth::tests::mechanisms ... ok
[INFO] [stdout] test auth::tests::a_wrong_proof_fails ... ok
[INFO] [stdout] test frame::tests::startup_packets_fail_as_postgres_fails_them ... ok
[INFO] [stdout] test auth::tests::secrets ... ok
[INFO] [stdout] test auth::tests::a_doomed_exchange_fails_at_the_end ... ok
[INFO] [stdout] test auth::tests::channel_binding ... ok
[INFO] [stdout] test frontend::tests::bind_params_give_the_values_one_by_one ... ok
[INFO] [stdout] test frontend::tests::bind_reads_its_body_after_the_names ... ok
[INFO] [stdout] test frontend::tests::bad_bodies_fail_with_the_text_of_postgres ... ok
[INFO] [stdout] test frame::tests::startup_packets_round_trip ... ok
[INFO] [stdout] test frontend::tests::function_call_reads_its_body_after_the_lookup ... ok
[INFO] [stdout] test frontend::tests::every_message_round_trips ... ok
[INFO] [stdout] test frontend::tests::call_args_give_the_arguments_one_by_one ... ok
[INFO] [stdout] test names::tests::a_named_portal_is_not_replaced ... ok
[INFO] [stdout] test frontend::tests::a_bind_value_length_below_minus_one_is_too_long ... ok
[INFO] [stdout] test names::tests::portal_names_compare_on_63_bytes ... ok
[INFO] [stdout] test auth::tests::the_server_first_message ... ok
[INFO] [stdout] test names::tests::a_failed_parse_of_the_unnamed_statement_leaves_none ... ok
[INFO] [stdout] test names::tests::a_named_statement_is_not_replaced ... ok
[INFO] [stdout] test session::tests::a_skipped_message_is_not_read ... ok
[INFO] [stdout] test reader::tests::a_checked_string_fails_before_the_end_of_the_message ... ok
[INFO] [stdout] test reader::tests::the_bad_character_is_shown_as_postgres_shows_it ... ok
[INFO] [stdout] test auth::tests::no_initial_response_gets_an_empty_challenge ... ok
[INFO] [stdout] test session::tests::a_bad_type_byte_is_fatal_also_in_the_skip ... ok
[INFO] [stdout] test names::tests::the_end_of_a_transaction_keeps_the_held_cursors ... ok
[INFO] [stdout] test session::tests::a_new_session_starts_with_ready_for_query ... ok
[INFO] [stdout] test names::tests::close_and_deallocate ... ok
[INFO] [stdout] test session::tests::a_sync_with_a_body_is_a_simple_error ... ok
[INFO] [stdout] test session::tests::a_bad_simple_query_ends_with_ready_for_query ... ok
[INFO] [stdout] test session::tests::an_error_in_copy_in_from_execute_skips_to_sync ... ok
[INFO] [stdout] test session::tests::an_extended_error_skips_to_sync ... ok
[INFO] [stdout] test auth::tests::clear_text_passwords ... ok
[INFO] [stdout] test session::tests::copy_fail_ends_the_copy ... ok
[INFO] [stdout] test startup::tests::grease_option ... ok
[INFO] [stdout] test startup::tests::cancel_passes_through ... ok
[INFO] [stdout] test session::tests::copy_in_ignores_flush_and_sync ... ok
[INFO] [stdout] test session::tests::copy_messages_after_the_copy_are_ignored ... ok
[INFO] [stdout] test session::tests::the_query_string_is_checked_before_the_end_of_the_message ... ok
[INFO] [stdout] test session::tests::partial_input_waits_and_dropped_frames_are_used ... ok
[INFO] [stdout] test startup::tests::bad_replication_value_comes_before_layout ... ok
[INFO] [stdout] test startup::tests::encryption_requests ... ok
[INFO] [stdout] test startup::tests::log_errors_write_nothing ... ok
[INFO] [stdout] test names::tests::statement_names_compare_on_63_bytes ... ok
[INFO] [stdout] test startup::tests::missing_user_after_negotiation ... ok
[INFO] [stdout] test startup::tests::long_names_are_cut ... ok
[INFO] [stdout] test startup::tests::grease_version ... ok
[INFO] [stdout] test startup::tests::last_value_wins ... ok
[INFO] [stdout] test startup::tests::unencrypted_data ... ok
[INFO] [stdout] test startup::tests::plain_startup ... ok
[INFO] [stdout] test startup::tests::replication_values ... ok
[INFO] [stdout] test startup::tests::unsupported_major_version ... ok
[INFO] [stdout] test session::tests::a_bad_type_byte_in_copy_in_loses_the_sync ... ok
[INFO] [stdout] test startup::tests::versions_without_negotiation ... ok
[INFO] [stdout] test startup::tests::version_zero_gets_new_format ... ok
[INFO] [stdout] test startup::tests::old_major_version_gets_old_format ... ok
[INFO] [stdout] test auth::tests::mock_secret ... ok
[INFO] [stdout] test auth::tests::the_client_final_message ... ok
[INFO] [stdout] test auth::tests::the_initial_response_message ... ok
[INFO] [stdout] test auth::tests::the_client_first_message ... ok
[INFO] [stderr]      Running tests/fuzz_inputs.rs (/opt/rustwide/target/release/deps/fuzz_inputs-e9c8509a3a424fc6)
[INFO] [stdout] 
[INFO] [stdout] test result: ok. 77 passed; 0 failed; 0 ignored; 0 measured; 0 filtered out; finished in 0.32s
[INFO] [stdout] 
[INFO] [stdout] 
[INFO] [stdout] running 3 tests
[INFO] [stdout] test good_pipelines_answer_once_for_each_sync ... FAILED
[INFO] [stdout] test every_input_the_fuzzer_found_stays_fixed ... FAILED
[INFO] [stdout] test every_fuzzer_seed_gives_the_same_output_in_chunks ... FAILED
[INFO] [stdout] 
[INFO] [stdout] failures:
[INFO] [stdout] 
[INFO] [stdout] ---- good_pipelines_answer_once_for_each_sync stdout ----
[INFO] [stdout] 
[INFO] [stdout] thread 'good_pipelines_answer_once_for_each_sync' (303) panicked at tests/fuzz_inputs.rs:38:35:
[INFO] [stdout] cannot read /opt/rustwide/workdir/../../fuzz/seeds/pgwire/simple_query: No such file or directory (os error 2)
[INFO] [stdout] stack backtrace:
[INFO] [stdout]    0:     0x617245200ad1 - <<std[70759c8f55707aa4]::sys::backtrace::BacktraceLock>::print::DisplayBacktrace as core[df12db4294e9bfd3]::fmt::Display>::fmt
[INFO] [stdout]    1:     0x61724521549a - core[df12db4294e9bfd3]::fmt::write
[INFO] [stdout]    2:     0x61724520525c - <alloc[2182bb758b4b3781]::vec::Vec<u8> as core[df12db4294e9bfd3]::io::write::Write>::write_fmt
[INFO] [stdout]    3:     0x6172451dc466 - std[70759c8f55707aa4]::panicking::default_hook::{closure#0}
[INFO] [stdout]    4:     0x6172451f8d09 - std[70759c8f55707aa4]::panicking::default_hook
[INFO] [stdout]    5:     0x61724518e6b0 - test[9d35eded1c95d3be]::test_main_inner::<test[9d35eded1c95d3be]::test_main_static::{closure#0}>::{closure#0}
[INFO] [stdout]    6:     0x6172451f8ec2 - std[70759c8f55707aa4]::panicking::panic_with_hook
[INFO] [stdout]    7:     0x6172451dc512 - std[70759c8f55707aa4]::panicking::panic_handler::{closure#0}
[INFO] [stdout]    8:     0x6172451d5069 - std[70759c8f55707aa4]::sys::backtrace::__rust_end_short_backtrace::<std[70759c8f55707aa4]::panicking::panic_handler::{closure#0}, !>
[INFO] [stdout]    9:     0x6172451dd10d - __rustc[8fa7c3cbc660c2b3]::rust_begin_unwind
[INFO] [stdout]   10:     0x617245215bcc - core[df12db4294e9bfd3]::panicking::panic_fmt
[INFO] [stdout]   11:     0x617245179b69 - fuzz_inputs[a436557dceb7dcf6]::good_pipelines_answer_once_for_each_sync::{closure#0}
[INFO] [stdout]   12:     0x61724517cb04 - <fuzz_inputs[a436557dceb7dcf6]::good_pipelines_answer_once_for_each_sync::{closure#0} as core[df12db4294e9bfd3]::ops::function::FnOnce<()>>::call_once
[INFO] [stdout]   13:     0x61724518199b - test[9d35eded1c95d3be]::__rust_begin_short_backtrace::<core[df12db4294e9bfd3]::result::Result<(), alloc[2182bb758b4b3781]::string::String>, fn() -> core[df12db4294e9bfd3]::result::Result<(), alloc[2182bb758b4b3781]::string::String>>
[INFO] [stdout]   14:     0x61724518f005 - test[9d35eded1c95d3be]::run_test::{closure#0}
[INFO] [stdout]   15:     0x6172451888c4 - std[70759c8f55707aa4]::sys::backtrace::__rust_begin_short_backtrace::<test[9d35eded1c95d3be]::run_test::{closure#1}, ()>
[INFO] [stdout]   16:     0x617245192162 - <std[70759c8f55707aa4]::thread::lifecycle::spawn_unchecked<test[9d35eded1c95d3be]::run_test::{closure#1}, ()>::{closure#1} as core[df12db4294e9bfd3]::ops::function::FnOnce<()>>::call_once::{shim:vtable#0}
[INFO] [stdout]   17:     0x617245200089 - <std[70759c8f55707aa4]::sys::thread::unix::Thread>::new::thread_start
[INFO] [stdout]   18:     0x70268d453dfa - <unknown>
[INFO] [stdout]   19:     0x70268d4e73d4 - clone
[INFO] [stdout]   20:                0x0 - <unknown>
[INFO] [stdout] 
[INFO] [stdout] ---- every_input_the_fuzzer_found_stays_fixed stdout ----
[INFO] [stdout] 
[INFO] [stdout] thread 'every_input_the_fuzzer_found_stays_fixed' (302) panicked at tests/fuzz_inputs.rs:65:31:
[INFO] [stdout] cannot read /opt/rustwide/workdir/../../crates/rudb-pgwire/tests/crashers: No such file or directory (os error 2)
[INFO] [stdout] stack backtrace:
[INFO] [stdout]    0:     0x617245200ad1 - <<std[70759c8f55707aa4]::sys::backtrace::BacktraceLock>::print::DisplayBacktrace as core[df12db4294e9bfd3]::fmt::Display>::fmt
[INFO] [stdout]    1:     0x61724521549a - core[df12db4294e9bfd3]::fmt::write
[INFO] [stdout]    2:     0x61724520525c - <alloc[2182bb758b4b3781]::vec::Vec<u8> as core[df12db4294e9bfd3]::io::write::Write>::write_fmt
[INFO] [stdout]    3:     0x6172451dc466 - std[70759c8f55707aa4]::panicking::default_hook::{closure#0}
[INFO] [stdout]    4:     0x6172451f8d09 - std[70759c8f55707aa4]::panicking::default_hook
[INFO] [stdout]    5:     0x61724518e6b0 - test[9d35eded1c95d3be]::test_main_inner::<test[9d35eded1c95d3be]::test_main_static::{closure#0}>::{closure#0}
[INFO] [stdout]    6:     0x6172451f8ec2 - std[70759c8f55707aa4]::panicking::panic_with_hook
[INFO] [stdout]    7:     0x6172451dc512 - std[70759c8f55707aa4]::panicking::panic_handler::{closure#0}
[INFO] [stdout]    8:     0x6172451d5069 - std[70759c8f55707aa4]::sys::backtrace::__rust_end_short_backtrace::<std[70759c8f55707aa4]::panicking::panic_handler::{closure#0}, !>
[INFO] [stdout]    9:     0x6172451dd10d - __rustc[8fa7c3cbc660c2b3]::rust_begin_unwind
[INFO] [stdout]   10:     0x617245215bcc - core[df12db4294e9bfd3]::panicking::panic_fmt
[INFO] [stdout]   11:     0x617245179ac9 - fuzz_inputs[a436557dceb7dcf6]::files_in::{closure#0}
[INFO] [stdout]   12:     0x617245179d30 - fuzz_inputs[a436557dceb7dcf6]::files_in
[INFO] [stdout]   13:     0x61724517c498 - <fuzz_inputs[a436557dceb7dcf6]::every_input_the_fuzzer_found_stays_fixed::{closure#0} as core[df12db4294e9bfd3]::ops::function::FnOnce<()>>::call_once
[INFO] [stdout]   14:     0x61724518199b - test[9d35eded1c95d3be]::__rust_begin_short_backtrace::<core[df12db4294e9bfd3]::result::Result<(), alloc[2182bb758b4b3781]::string::String>, fn() -> core[df12db4294e9bfd3]::result::Result<(), alloc[2182bb758b4b3781]::string::String>>
[INFO] [stdout]   15:     0x61724518f005 - test[9d35eded1c95d3be]::run_test::{closure#0}
[INFO] [stdout]   16:     0x6172451888c4 - std[70759c8f55707aa4]::sys::backtrace::__rust_begin_short_backtrace::<test[9d35eded1c95d3be]::run_test::{closure#1}, ()>
[INFO] [stdout]   17:     0x617245192162 - <std[70759c8f55707aa4]::thread::lifecycle::spawn_unchecked<test[9d35eded1c95d3be]::run_test::{closure#1}, ()>::{closure#1} as core[df12db4294e9bfd3]::ops::function::FnOnce<()>>::call_once::{shim:vtable#0}
[INFO] [stdout]   18:     0x617245200089 - <std[70759c8f55707aa4]::sys::thread::unix::Thread>::new::thread_start
[INFO] [stdout]   19:     0x70268d453dfa - <unknown>
[INFO] [stdout]   20:     0x70268d4e73d4 - clone
[INFO] [stdout]   21:                0x0 - <unknown>
[INFO] [stdout] 
[INFO] [stdout] ---- every_fuzzer_seed_gives_the_same_output_in_chunks stdout ----
[INFO] [stdout] 
[INFO] [stdout] thread 'every_fuzzer_seed_gives_the_same_output_in_chunks' (301) panicked at tests/fuzz_inputs.rs:65:31:
[INFO] [stdout] cannot read /opt/rustwide/workdir/../../fuzz/seeds/pgwire: No such file or directory (os error 2)
[INFO] [stdout] stack backtrace:
[INFO] [stdout]    0:     0x617245200ad1 - <<std[70759c8f55707aa4]::sys::backtrace::BacktraceLock>::print::DisplayBacktrace as core[df12db4294e9bfd3]::fmt::Display>::fmt
[INFO] [stdout]    1:     0x61724521549a - core[df12db4294e9bfd3]::fmt::write
[INFO] [stdout]    2:     0x61724520525c - <alloc[2182bb758b4b3781]::vec::Vec<u8> as core[df12db4294e9bfd3]::io::write::Write>::write_fmt
[INFO] [stdout]    3:     0x6172451dc466 - std[70759c8f55707aa4]::panicking::default_hook::{closure#0}
[INFO] [stdout]    4:     0x6172451f8d09 - std[70759c8f55707aa4]::panicking::default_hook
[INFO] [stdout]    5:     0x61724518e6b0 - test[9d35eded1c95d3be]::test_main_inner::<test[9d35eded1c95d3be]::test_main_static::{closure#0}>::{closure#0}
[INFO] [stdout]    6:     0x6172451f8ec2 - std[70759c8f55707aa4]::panicking::panic_with_hook
[INFO] [stdout]    7:     0x6172451dc512 - std[70759c8f55707aa4]::panicking::panic_handler::{closure#0}
[INFO] [stdout]    8:     0x6172451d5069 - std[70759c8f55707aa4]::sys::backtrace::__rust_end_short_backtrace::<std[70759c8f55707aa4]::panicking::panic_handler::{closure#0}, !>
[INFO] [stdout]    9:     0x6172451dd10d - __rustc[8fa7c3cbc660c2b3]::rust_begin_unwind
[INFO] [stdout]   10:     0x617245215bcc - core[df12db4294e9bfd3]::panicking::panic_fmt
[INFO] [stdout]   11:     0x617245179ac9 - fuzz_inputs[a436557dceb7dcf6]::files_in::{closure#0}
[INFO] [stdout]   12:     0x617245179d30 - fuzz_inputs[a436557dceb7dcf6]::files_in
[INFO] [stdout]   13:     0x61724517cc33 - <fuzz_inputs[a436557dceb7dcf6]::every_fuzzer_seed_gives_the_same_output_in_chunks::{closure#0} as core[df12db4294e9bfd3]::ops::function::FnOnce<()>>::call_once
[INFO] [stdout]   14:     0x61724518199b - test[9d35eded1c95d3be]::__rust_begin_short_backtrace::<core[df12db4294e9bfd3]::result::Result<(), alloc[2182bb758b4b3781]::string::String>, fn() -> core[df12db4294e9bfd3]::result::Result<(), alloc[2182bb758b4b3781]::string::String>>
[INFO] [stdout]   15:     0x61724518f005 - test[9d35eded1c95d3be]::run_test::{closure#0}
[INFO] [stdout]   16:     0x6172451888c4 - std[70759c8f55707aa4]::sys::backtrace::__rust_begin_short_backtrace::<test[9d35eded1c95d3be]::run_test::{closure#1}, ()>
[INFO] [stdout]   17:     0x617245192162 - <std[70759c8f55707aa4]::thread::lifecycle::spawn_unchecked<test[9d35eded1c95d3be]::run_test::{closure#1}, ()>::{closure#1} as core[df12db4294e9bfd3]::ops::function::FnOnce<()>>::call_once::{shim:vtable#0}
[INFO] [stdout]   18:     0x617245200089 - <std[70759c8f55707aa4]::sys::thread::unix::Thread>::new::thread_start
[INFO] [stdout]   19:     0x70268d453dfa - <unknown>
[INFO] [stdout]   20:     0x70268d4e73d4 - clone
[INFO] [stdout]   21:                0x0 - <unknown>
[INFO] [stdout] 
[INFO] [stdout] 
[INFO] [stdout] failures:
[INFO] [stdout]     every_fuzzer_seed_gives_the_same_output_in_chunks
[INFO] [stdout]     every_input_the_fuzzer_found_stays_fixed
[INFO] [stdout]     good_pipelines_answer_once_for_each_sync
[INFO] [stdout] 
[INFO] [stdout] test result: FAILED. 0 passed; 3 failed; 0 ignored; 0 measured; 0 filtered out; finished in 0.00s
[INFO] [stdout] 
[INFO] [stderr] error: test failed, to rerun pass `--test fuzz_inputs`
[INFO] running `Command { std: "docker" "inspect" "48fe1e2912b1d8d5f1f106221e7842cefeef80671eedf4b7652db598051bc171", kill_on_drop: false }`
[INFO] running `Command { std: "docker" "rm" "-f" "48fe1e2912b1d8d5f1f106221e7842cefeef80671eedf4b7652db598051bc171", kill_on_drop: false }`
[INFO] [stdout] 48fe1e2912b1d8d5f1f106221e7842cefeef80671eedf4b7652db598051bc171
