[INFO] fetching crate rucksack-db 0.11.0...
[INFO] testing rucksack-db-0.11.0 against 1.100.0-beta.1+cargoflags=--release for beta-release-1.100-2
[INFO] extracting crate rucksack-db 0.11.0 into /workspace/builds/worker-6-tc2/source
[INFO] started tweaking crates.io crate rucksack-db 0.11.0
[INFO] finished tweaking crates.io crate rucksack-db 0.11.0
[INFO] tweaked toml for crates.io crate rucksack-db 0.11.0 written to /workspace/builds/worker-6-tc2/source/Cargo.toml
[INFO] validating manifest of crates.io crate rucksack-db 0.11.0 on toolchain 1.100.0-beta.1
[INFO] running `Command { std: CARGO_HOME="/workspace/cargo-home" RUSTUP_HOME="/workspace/rustup-home" "/workspace/cargo-home/bin/cargo" "+1.100.0-beta.1" "metadata" "--manifest-path" "Cargo.toml" "--no-deps", kill_on_drop: false }`
[INFO] crate crates.io crate rucksack-db 0.11.0 already has a lockfile, it will not be regenerated
[INFO] running `Command { std: CARGO_HOME="/workspace/cargo-home" RUSTUP_HOME="/workspace/rustup-home" "/workspace/cargo-home/bin/cargo" "+1.100.0-beta.1" "fetch" "--manifest-path" "Cargo.toml", kill_on_drop: false }`
[INFO] running `Command { std: "docker" "create" "-v" "/var/lib/crater-agent-workspace/builds/worker-6-tc2/source:/opt/rustwide/workdir:ro,Z" "-v" "/var/lib/crater-agent-workspace/builds/worker-6-tc2/target:/opt/rustwide/target:rw,Z" "-v" "/var/lib/crater-agent-workspace/cargo-home:/opt/rustwide/cargo-home:ro,Z" "-v" "/var/lib/crater-agent-workspace/rustup-home:/opt/rustwide/rustup-home:ro,Z" "-m" "1610612736" "--network" "none" "ghcr.io/rust-lang/crates-build-env/linux@sha256:77db811e55d90add9212f6832c23229e3de5f1c1f9905e8cb07319ea15df73ac" "sleep" "infinity", kill_on_drop: false }`
[INFO] [stdout] 955a4877ad5ce3a43c93c52b81272dd0f25092ae8adade9fbf2e44f95061fa5d
[INFO] running `Command { std: "docker" "start" "955a4877ad5ce3a43c93c52b81272dd0f25092ae8adade9fbf2e44f95061fa5d", kill_on_drop: false }`
[INFO] running `Command { std: "docker" "inspect" "955a4877ad5ce3a43c93c52b81272dd0f25092ae8adade9fbf2e44f95061fa5d", kill_on_drop: false }`
[INFO] running `Command { std: "docker" "exec" "-e" "SOURCE_DIR=/opt/rustwide/workdir" "-e" "CARGO_HOME=/opt/rustwide/cargo-home" "-e" "RUSTUP_HOME=/opt/rustwide/rustup-home" "-e" "CARGO_TARGET_DIR=/opt/rustwide/target" "-w" "/opt/rustwide/workdir" "--user" "0:0" "955a4877ad5ce3a43c93c52b81272dd0f25092ae8adade9fbf2e44f95061fa5d" "/opt/rustwide/cargo-home/bin/cargo" "+1.100.0-beta.1" "metadata" "--no-deps" "--format-version=1", kill_on_drop: false }`
[INFO] running `Command { std: "docker" "inspect" "955a4877ad5ce3a43c93c52b81272dd0f25092ae8adade9fbf2e44f95061fa5d", kill_on_drop: false }`
[INFO] running `Command { std: "docker" "exec" "-e" "SOURCE_DIR=/opt/rustwide/workdir" "-e" "CARGO_HOME=/opt/rustwide/cargo-home" "-e" "RUSTUP_HOME=/opt/rustwide/rustup-home" "-e" "CARGO_TARGET_DIR=/opt/rustwide/target" "-e" "CARGO_INCREMENTAL=0" "-e" "RUST_BACKTRACE=full" "-e" "RUSTFLAGS=--cap-lints=warn" "-e" "RUSTDOCFLAGS=--cap-lints=warn" "-w" "/opt/rustwide/workdir" "--user" "0:0" "955a4877ad5ce3a43c93c52b81272dd0f25092ae8adade9fbf2e44f95061fa5d" "/opt/rustwide/cargo-home/bin/cargo" "+1.100.0-beta.1" "build" "--frozen" "--message-format=json" "--release", kill_on_drop: false }`
[INFO] [stderr]    Compiling proc-macro2 v1.0.105
[INFO] [stderr]    Compiling quote v1.0.43
[INFO] [stderr]    Compiling libc v0.2.180
[INFO] [stderr]    Compiling typenum v1.17.0
[INFO] [stderr]    Compiling version_check v0.9.4
[INFO] [stderr]    Compiling zerocopy v0.8.33
[INFO] [stderr]    Compiling smallvec v1.15.1
[INFO] [stderr]    Compiling memchr v2.7.6
[INFO] [stderr]    Compiling subtle v2.5.0
[INFO] [stderr]    Compiling cpufeatures v0.2.11
[INFO] [stderr]    Compiling num-traits v0.2.17
[INFO] [stderr]    Compiling rustix v0.38.28
[INFO] [stderr]    Compiling opaque-debug v0.3.0
[INFO] [stderr]    Compiling anyhow v1.0.76
[INFO] [stderr]    Compiling itertools v0.13.0
[INFO] [stderr]    Compiling linux-raw-sys v0.4.12
[INFO] [stderr]    Compiling iana-time-zone v0.1.58
[INFO] [stderr]    Compiling bitflags v2.10.0
[INFO] [stderr]    Compiling bincode v2.0.1
[INFO] [stderr]    Compiling ryu v1.0.22
[INFO] [stderr]    Compiling fastrand v2.0.1
[INFO] [stderr]    Compiling hashbrown v0.14.5
[INFO] [stderr]    Compiling generic-array v0.14.7
[INFO] [stderr]    Compiling unix_mode v0.1.4
[INFO] [stderr]    Compiling zeroize v1.7.0
[INFO] [stderr]    Compiling base64 v0.21.5
[INFO] [stderr]    Compiling nom v7.1.3
[INFO] [stderr]    Compiling csv-core v0.1.11
[INFO] [stderr]    Compiling path-clean v1.0.1
[INFO] [stderr]    Compiling log v0.4.29
[INFO] [stderr]    Compiling secrecy v0.8.0
[INFO] [stderr]    Compiling heck v0.4.1
[INFO] [stderr]    Compiling csv v1.4.0
[INFO] [stderr]    Compiling syn v2.0.114
[INFO] [stderr]    Compiling inout v0.1.3
[INFO] [stderr]    Compiling getrandom v0.2.17
[INFO] [stderr]    Compiling dirs-sys v0.5.0
[INFO] [stderr]    Compiling getrandom v0.3.4
[INFO] [stderr]    Compiling dirs-sys v0.4.1
[INFO] [stderr]    Compiling parking_lot_core v0.9.12
[INFO] [stderr]    Compiling rand_core v0.6.4
[INFO] [stderr]    Compiling dirs v5.0.1
[INFO] [stderr]    Compiling uuid v1.19.0
[INFO] [stderr]    Compiling dirs v6.0.0
[INFO] [stderr]    Compiling shellexpand v3.1.1
[INFO] [stderr]    Compiling crypto-common v0.1.6
[INFO] [stderr]    Compiling cipher v0.4.4
[INFO] [stderr]    Compiling universal-hash v0.5.1
[INFO] [stderr]    Compiling aead v0.5.2
[INFO] [stderr]    Compiling polyval v0.6.1
[INFO] [stderr]    Compiling ghash v0.5.0
[INFO] [stderr]    Compiling tempfile v3.8.1
[INFO] [stderr]    Compiling ctr v0.9.2
[INFO] [stderr]    Compiling aes v0.8.3
[INFO] [stderr]    Compiling ppv-lite86 v0.2.21
[INFO] [stderr]    Compiling rand_chacha v0.3.1
[INFO] [stderr]    Compiling aes-gcm v0.10.3
[INFO] [stderr]    Compiling rand v0.8.5
[INFO] [stderr]    Compiling lipsum v0.9.1
[INFO] [stderr]    Compiling versions v6.3.2
[INFO] [stderr]    Compiling synstructure v0.13.2
[INFO] [stderr]    Compiling zerofrom-derive v0.1.6
[INFO] [stderr]    Compiling yoke-derive v0.8.1
[INFO] [stderr]    Compiling zerovec-derive v0.11.2
[INFO] [stderr]    Compiling displaydoc v0.2.5
[INFO] [stderr]    Compiling serde_derive v1.0.228
[INFO] [stderr]    Compiling random-number-macro-impl v0.1.7
[INFO] [stderr]    Compiling enum-iterator-derive v1.5.0
[INFO] [stderr]    Compiling random-number v0.1.8
[INFO] [stderr]    Compiling random-pick v1.2.16
[INFO] [stderr]    Compiling passwords v3.1.16
[INFO] [stderr]    Compiling enum-iterator v1.5.0
[INFO] [stderr]    Compiling zerofrom v0.1.6
[INFO] [stderr]    Compiling yoke v0.8.1
[INFO] [stderr]    Compiling zerovec v0.11.5
[INFO] [stderr]    Compiling zerotrie v0.2.3
[INFO] [stderr]    Compiling tinystr v0.8.2
[INFO] [stderr]    Compiling potential_utf v0.1.4
[INFO] [stderr]    Compiling icu_collections v2.1.1
[INFO] [stderr]    Compiling icu_locale_core v2.1.1
[INFO] [stderr]    Compiling serde v1.0.228
[INFO] [stderr]    Compiling chrono v0.4.43
[INFO] [stderr]    Compiling dashmap v5.5.3
[INFO] [stderr]    Compiling icu_provider v2.1.1
[INFO] [stderr]    Compiling icu_normalizer v2.1.1
[INFO] [stderr]    Compiling icu_properties v2.1.2
[INFO] [stderr]    Compiling idna_adapter v1.2.1
[INFO] [stderr]    Compiling idna v1.1.0
[INFO] [stderr]    Compiling rucksack-lib v0.10.0
[INFO] [stderr]    Compiling url v2.5.8
[INFO] [stderr]    Compiling rucksack-db v0.11.0 (/opt/rustwide/workdir)
[INFO] [stderr]     Finished `release` profile [optimized] target(s) in 39.59s
[INFO] running `Command { std: "docker" "inspect" "955a4877ad5ce3a43c93c52b81272dd0f25092ae8adade9fbf2e44f95061fa5d", kill_on_drop: false }`
[INFO] running `Command { std: "docker" "exec" "-e" "SOURCE_DIR=/opt/rustwide/workdir" "-e" "CARGO_HOME=/opt/rustwide/cargo-home" "-e" "RUSTUP_HOME=/opt/rustwide/rustup-home" "-e" "CARGO_TARGET_DIR=/opt/rustwide/target" "-e" "CARGO_INCREMENTAL=0" "-e" "RUST_BACKTRACE=full" "-e" "RUSTFLAGS=--cap-lints=warn" "-e" "RUSTDOCFLAGS=--cap-lints=warn" "-w" "/opt/rustwide/workdir" "--user" "0:0" "955a4877ad5ce3a43c93c52b81272dd0f25092ae8adade9fbf2e44f95061fa5d" "/opt/rustwide/cargo-home/bin/cargo" "+1.100.0-beta.1" "test" "--frozen" "--no-run" "--message-format=json" "--release", kill_on_drop: false }`
[INFO] [stderr]    Compiling rucksack-db v0.11.0 (/opt/rustwide/workdir)
[INFO] [stderr]     Finished `release` profile [optimized] target(s) in 10.61s
[INFO] running `Command { std: "docker" "inspect" "955a4877ad5ce3a43c93c52b81272dd0f25092ae8adade9fbf2e44f95061fa5d", kill_on_drop: false }`
[INFO] running `Command { std: "docker" "exec" "-e" "SOURCE_DIR=/opt/rustwide/workdir" "-e" "CARGO_HOME=/opt/rustwide/cargo-home" "-e" "RUSTUP_HOME=/opt/rustwide/rustup-home" "-e" "CARGO_TARGET_DIR=/opt/rustwide/target" "-e" "CARGO_INCREMENTAL=0" "-e" "RUST_BACKTRACE=full" "-e" "RUSTFLAGS=--cap-lints=warn" "-e" "RUSTDOCFLAGS=--cap-lints=warn" "-w" "/opt/rustwide/workdir" "--user" "0:0" "955a4877ad5ce3a43c93c52b81272dd0f25092ae8adade9fbf2e44f95061fa5d" "/opt/rustwide/cargo-home/bin/cargo" "+1.100.0-beta.1" "test" "--frozen" "--release", kill_on_drop: false }`
[INFO] [stderr]     Finished `release` profile [optimized] target(s) in 0.17s
[INFO] [stderr]      Running unittests src/lib.rs (/opt/rustwide/target/release/build/rucksack-db/91a04e0e707f8697/out/rucksack_db-91a04e0e707f8697)
[INFO] [stdout] 
[INFO] [stdout] running 262 tests
[INFO] [stdout] test crypto::tests::test_decrypt_corrupted_data ... ok
[INFO] [stdout] test crypto::tests::test_encrypt_decrypt_large_data ... ok
[INFO] [stdout] test crypto::tests::test_encrypt_deterministic_with_same_inputs ... ok
[INFO] [stdout] test crypto::tests::test_encrypt_different_with_different_salt ... ok
[INFO] [stdout] test crypto::tests::test_sized_key_bit256_exact ... ok
[INFO] [stdout] test crypto::tests::test_encrypt_different_with_different_password ... ok
[INFO] [stdout] test crypto::tests::test_sized_key_bit128_long ... ok
[INFO] [stdout] test crypto::tests::test_sized_nonce_exact ... ok
[INFO] [stdout] test crypto::tests::test_encrypt_decrypt_empty_data ... ok
[INFO] [stdout] test crypto::tests::test_sized_nonce_long ... ok
[INFO] [stdout] test crypto::tests::test_decrypt_with_wrong_salt ... ok
[INFO] [stdout] test crypto::tests::test_sized_key_bit128_short ... ok
[INFO] [stdout] test crypto::tests::test_sized_key_bit128_exact ... ok
[INFO] [stdout] test crypto::tests::test_sized_key_bit256_long ... ok
[INFO] [stdout] test crypto::tests::test_sized_key_bit256_short ... ok
[INFO] [stdout] test crypto::tests::test_encrypt_decrypt_roundtrip ... ok
[INFO] [stdout] test crypto::tests::test_sized_nonce_short ... ok
[INFO] [stdout] test crypto::tests::test_decrypt_with_wrong_password ... ok
[INFO] [stdout] test csv::firefox::tests::test_default_record ... ok
[INFO] [stdout] test csv::chrome::tests::test_roundtrip_conversion ... ok
[INFO] [stdout] test db::encrypted::tests::test_decrypt_error_handling ... ok
[INFO] [stdout] test csv::firefox::tests::test_from_decrypted ... ok
[INFO] [stdout] test csv::firefox::tests::test_from_decrypted_empty_name ... ok
[INFO] [stdout] test csv::firefox::tests::test_new ... ok
[INFO] [stdout] test db::encrypted::tests::test_decrypted_getter ... ok
[INFO] [stdout] test csv::writer::tests::test_to_bytes ... ok
[INFO] [stdout] test csv::firefox::tests::test_new_with_password ... ok
[INFO] [stdout] test csv::chrome::tests::test_from_decrypted ... ok
[INFO] [stdout] test csv::firefox::tests::test_to_decrypted_with_timestamps ... ok
[INFO] [stdout] test csv::chrome::tests::test_record_to_decrypted ... ok
[INFO] [stdout] test db::encrypted::tests::test_from_file_not_exists ... ok
[INFO] [stdout] test csv::firefox::tests::test_to_decrypted ... ok
[INFO] [stdout] test db::encrypted::tests::test_from_encrypted_basic ... ok
[INFO] [stdout] test db::encrypted::tests::test_from_encrypted_decryption_failure ... ok
[INFO] [stdout] test csv::reader::tests::test_from_path_nonexistent_file ... ok
[INFO] [stdout] test csv::reader::tests::test_from_path_valid_csv ... ok
[INFO] [stdout] test db::encrypted::tests::test_from_decrypted_basic ... ok
[INFO] [stdout] test db::encrypted::tests::test_bytes_getter ... ok
[INFO] [stdout] test db::encrypted::tests::test_new_from_file ... ok
[INFO] [stdout] test db::encrypted::tests::test_multiple_encrypt_decrypt_cycles ... ok
[INFO] [stdout] test db::encrypted::tests::test_from_decrypted_empty ... ok
[INFO] [stdout] test db::encrypted::tests::test_new_with_decrypted ... ok
[INFO] [stdout] test db::encrypted::tests::test_salt_getter ... ok
[INFO] [stdout] test db::encrypted::tests::test_read_updates_bytes ... ok
[INFO] [stdout] test db::encrypted::tests::test_encrypt_decrypt_roundtrip ... ok
[INFO] [stdout] test db::encrypted::tests::test_new_with_encrypted ... ok
[INFO] [stdout] test csv::writer::tests::test_to_bytes_write_data ... ok
[INFO] [stdout] test db::encrypted::tests::test_from_file_success ... ok
[INFO] [stdout] test db::encrypted::tests::test_large_data ... ok
[INFO] [stdout] test db::encrypted::tests::test_path_getter ... ok
[INFO] [stdout] test db::encrypted::tests::test_pwd_getter ... ok
[INFO] [stdout] test db::manager::tests::test_debug_impl ... ok
[INFO] [stdout] test db::encrypted::tests::test_write_and_read ... ok
[INFO] [stdout] test db::manager::tests::test_close_without_changes_no_write ... ok
[INFO] [stdout] test db::encrypted::tests::test_write_invalid_path ... FAILED
[INFO] [stdout] test db::manager::tests::test_new_db ... ok
[INFO] [stdout] test db::manager::tests::test_getters ... ok
[INFO] [stdout] test db::manager::tests::test_iter ... ok
[INFO] [stdout] test db::tests::test_version ... ok
[INFO] [stdout] test db::versioned::tests::db_bytes ... ok
[INFO] [stdout] test db::versioned::tests::test_clone ... ok
[INFO] [stdout] test db::versioned::tests::test_deserialise_basic ... ok
[INFO] [stdout] test db::versioned::tests::test_bytes_getter ... ok
[INFO] [stdout] test db::versioned::tests::test_deserialise_invalid_bytes ... ok
[INFO] [stdout] test db::versioned::tests::test_deserialise_empty_bytes ... ok
[INFO] [stdout] test db::versioned::tests::test_deserialise_truncated_bytes ... ok
[INFO] [stdout] test db::versioned::tests::test_equality ... ok
[INFO] [stdout] test db::manager::tests::test_collect_decrypted ... ok
[INFO] [stdout] test db::versioned::tests::test_hash_different_for_different_bytes ... ok
[INFO] [stdout] test db::versioned::tests::test_from_bytes ... ok
[INFO] [stdout] test db::manager::tests::test_delete_existing ... ok
[INFO] [stdout] test db::manager::tests::test_insert_duplicate_returns_existing ... ok
[INFO] [stdout] test db::manager::tests::test_get_metadata ... ok
[INFO] [stdout] test db::manager::tests::db_basics ... ok
[INFO] [stdout] test db::versioned::tests::test_new_empty_bytes ... ok
[INFO] [stdout] test db::manager::tests::test_get_nonexistent ... ok
[INFO] [stdout] test db::versioned::tests::test_new_large_bytes ... ok
[INFO] [stdout] test db::versioned::tests::test_new_basic ... ok
[INFO] [stdout] test db::versioned::tests::test_serialise_basic ... ok
[INFO] [stdout] test db::versioned::tests::test_hash_consistent ... ok
[INFO] [stdout] test db::versioned::tests::test_serialise_deserialise_large_data ... ok
[INFO] [stdout] test db::versioned::tests::test_serialise_deserialise_roundtrip ... ok
[INFO] [stdout] test db::versioned::tests::test_version_comparisons ... ok
[INFO] [stdout] test db::versioned::tests::test_version_parsing ... ok
[INFO] [stdout] test db::versioned::tests::test_version_with_prerelease ... ok
[INFO] [stdout] test records::shared::tests::test_key_basic ... ok
[INFO] [stdout] test db::versioned::tests::test_hash_empty_bytes ... ok
[INFO] [stdout] test db::versioned::tests::test_hash_known_value ... ok
[INFO] [stdout] test records::shared::tests::test_key_both_empty ... ok
[INFO] [stdout] test records::shared::tests::test_key_empty_user ... ok
[INFO] [stdout] test records::shared::tests::test_key_special_characters ... ok
[INFO] [stdout] test records::shared::tests::test_key_unicode ... ok
[INFO] [stdout] test records::shared::tests::test_trim_version_basic ... ok
[INFO] [stdout] test records::shared::tests::test_trim_version_removes_both ... ok
[INFO] [stdout] test records::shared::tests::test_trim_version_removes_metadata ... ok
[INFO] [stdout] test records::shared::tests::test_trim_version_removes_prerelease ... ok
[INFO] [stdout] test records::shared::tests::test_version_basic ... ok
[INFO] [stdout] test db::manager::tests::test_hash_map_getter ... ok
[INFO] [stdout] test db::manager::tests::test_version_tracking ... ok
[INFO] [stdout] test db::manager::tests::test_update_metadata ... ok
[INFO] [stdout] test records::shared::tests::test_key_empty_url ... ok
[INFO] [stdout] test db::manager::tests::test_insert_and_get ... ok
[INFO] [stdout] test db::manager::tests::test_delete_nonexistent ... ok
[INFO] [stdout] test db::manager::tests::test_get_metadata_nonexistent ... ok
[INFO] [stdout] test records::v030::tests::test_decode_hashmap_error ... ok
[INFO] [stdout] test records::v030::tests::test_decode_hashmap_empty ... ok
[INFO] [stdout] test records::shared::tests::test_version_comparisons_extended ... ok
[INFO] [stdout] test records::shared::tests::version_comparisons ... ok
[INFO] [stdout] test records::shared::tests::test_version_large_numbers ... ok
[INFO] [stdout] test records::v030::tests::test_decrypted_record_metadata ... ok
[INFO] [stdout] test records::shared::tests::test_version_zero ... ok
[INFO] [stdout] test records::shared::tests::test_version_with_metadata ... ok
[INFO] [stdout] test records::shared::tests::test_version_with_prerelease ... ok
[INFO] [stdout] test records::v030::tests::test_encrypt_decrypt_roundtrip ... ok
[INFO] [stdout] test records::shared::tests::test_version_with_dev_suffix ... ok
[INFO] [stdout] test records::shared::tests::test_version_with_rc_suffix ... ok
[INFO] [stdout] test records::v030::tests::test_encrypted_record_metadata ... ok
[INFO] [stdout] test records::v020::tests::password_records ... ok
[INFO] [stdout] test records::v030::tests::test_decode_hashmap ... ok
[INFO] [stdout] test records::v030::tests::test_decrypted_record_key ... ok
[INFO] [stdout] test records::v030::tests::test_migrate_decrypted_record_from_v020 ... ok
[INFO] [stdout] test records::v030::tests::test_version_constant ... ok
[INFO] [stdout] test records::v040::tests::test_decode_hashmap_empty ... ok
[INFO] [stdout] test records::v040::tests::test_encrypted_record_metadata ... ok
[INFO] [stdout] test records::v040::tests::test_decrypted_record_key ... ok
[INFO] [stdout] test records::v040::tests::test_encrypted_record_value ... ok
[INFO] [stdout] test db::manager::tests::test_init_creates_db ... ok
[INFO] [stdout] test records::v040::tests::test_decrypted_record_password ... ok
[INFO] [stdout] test records::v030::tests::test_migrate_metadata_from_v020 ... ok
[INFO] [stdout] test records::v040::tests::test_decrypted_record_user ... ok
[INFO] [stdout] test records::v040::tests::test_version_constant ... ok
[INFO] [stdout] test records::v050::tests::test_decode_hashmap ... ok
[INFO] [stdout] test records::v030::tests::test_encrypted_record_key ... ok
[INFO] [stdout] test records::v050::tests::test_decode_hashmap_empty ... ok
[INFO] [stdout] test records::v040::tests::test_decrypted_record_metadata ... ok
[INFO] [stdout] test records::v040::tests::test_encrypted_record_key ... ok
[INFO] [stdout] test records::v050::tests::test_decode_hashmap_error ... ok
[INFO] [stdout] test db::manager::tests::test_update_record ... ok
[INFO] [stdout] test records::v040::tests::password_records ... ok
[INFO] [stdout] test records::v040::tests::test_decode_hashmap ... ok
[INFO] [stdout] test records::v040::tests::test_decode_hashmap_error ... ok
[INFO] [stdout] test records::v050::tests::test_version_constant ... ok
[INFO] [stdout] test records::v050::tests::test_decode_hashmap_old_version ... ok
[INFO] [stdout] test records::v070::tests::password_records ... ok
[INFO] [stdout] test records::v070::tests::test_decode_hashmap_v070 ... ok
[INFO] [stdout] test records::v060::tests::password_records ... ok
[INFO] [stdout] test records::v070::tests::tags ... ok
[INFO] [stdout] test records::v070::tests::test_default_secrets ... ok
[INFO] [stdout] test records::v070::tests::test_default_metadata ... ok
[INFO] [stdout] test records::v070::tests::test_kinds ... ok
[INFO] [stdout] test records::v070::tests::test_migrate_decrypted_record_from_v060 ... ok
[INFO] [stdout] test records::v070::tests::test_migrate_hashmap_from_v060 ... ok
[INFO] [stdout] test records::v070::tests::test_migrate_encrypted_record_from_v060 ... ok
[INFO] [stdout] test records::v070::tests::test_encrypted_record_methods ... ok
[INFO] [stdout] test records::v070::tests::test_migrate_kind_from_v060 ... ok
[INFO] [stdout] test records::v070::tests::test_migrate_secrets_from_v060 ... ok
[INFO] [stdout] test records::v070::tests::test_key_function_empty ... ok
[INFO] [stdout] test records::v070::tests::test_decode_hashmap_empty ... ok
[INFO] [stdout] test records::v070::tests::test_encrypt_decrypt_roundtrip ... ok
[INFO] [stdout] test records::v070::tests::test_decode_hashmap_error ... ok
[INFO] [stdout] test records::v070::tests::test_name_from_key_empty ... ok
[INFO] [stdout] test records::v070::tests::test_decode_hashmap_from_v060 ... ok
[INFO] [stdout] test records::v070::tests::test_key_function ... ok
[INFO] [stdout] test records::v070::tests::test_kind_name ... ok
[INFO] [stdout] test records::v070::tests::test_new_tag ... ok
[INFO] [stdout] test records::v070::tests::test_name_from_key ... ok
[INFO] [stdout] test records::v070::tests::test_secrets_display_with_key ... ok
[INFO] [stdout] test records::v070::tests::test_secrets_zeroize ... ok
[INFO] [stdout] test records::v070::tests::test_decrypted_record_methods ... ok
[INFO] [stdout] test records::v070::tests::test_status_as_str ... ok
[INFO] [stdout] test records::v070::tests::test_secrets_display_with_certs ... ok
[INFO] [stdout] test records::v070::tests::test_secrets_display_with_keys ... ok
[INFO] [stdout] test records::v070::tests::test_secrets_from_user_pass ... ok
[INFO] [stdout] test records::v070::tests::test_types ... ok
[INFO] [stdout] test records::v070::tests::test_new_tags_empty ... ok
[INFO] [stdout] test records::v070::tests::test_secrets_display_with_account_id ... ok
[INFO] [stdout] test records::v070::tests::test_version_constant ... ok
[INFO] [stdout] test records::v080::tests::tags ... ok
[INFO] [stdout] test records::v080::tests::password_records ... ok
[INFO] [stdout] test records::v070::tests::test_tag_operations ... ok
[INFO] [stdout] test records::v080::tests::test_decode_hashmap_empty ... ok
[INFO] [stdout] test records::v070::tests::test_new_tags ... ok
[INFO] [stdout] test records::v080::tests::test_decode_hashmap_error ... ok
[INFO] [stdout] test records::v080::tests::test_migrate_secrets_from_v070 ... ok
[INFO] [stdout] test records::v080::tests::test_new_tag ... ok
[INFO] [stdout] test records::v080::tests::test_default_metadata ... ok
[INFO] [stdout] test records::v080::tests::test_decode_hashmap_from_v070 ... ok
[INFO] [stdout] test records::v080::tests::test_secrets_from_user_pass ... ok
[INFO] [stdout] test records::v080::tests::test_migrate_decrypted_record_from_v070 ... ok
[INFO] [stdout] test records::v080::tests::test_metadata_tag_operations ... ok
[INFO] [stdout] test records::v080::tests::test_new_tags ... ok
[INFO] [stdout] test records::v080::tests::test_migrate_hashmap_from_v070 ... ok
[INFO] [stdout] test records::v080::tests::test_encrypt_decrypt_roundtrip ... ok
[INFO] [stdout] test records::v080::tests::test_migrate_encrypted_record_from_v070 ... ok
[INFO] [stdout] test records::v080::tests::test_migrate_metadata_from_v070 ... ok
[INFO] [stdout] test records::v080::tests::test_key_function ... ok
[INFO] [stdout] test records::v080::tests::test_decode_hashmap_v080 ... ok
[INFO] [stdout] test records::v080::tests::test_version_constant ... ok
[INFO] [stdout] test records::v090::tests::test_decode_hashmap_empty ... ok
[INFO] [stdout] test records::v090::tests::test_decrypted_record_add_tag ... ok
[INFO] [stdout] test records::v090::tests::test_decrypted_record_history ... ok
[INFO] [stdout] test records::v080::tests::test_key_function_empty_fields ... ok
[INFO] [stdout] test records::v090::tests::test_decrypted_record_metadata ... ok
[INFO] [stdout] test records::v080::tests::test_default_secrets ... ok
[INFO] [stdout] test records::v090::tests::test_decrypted_record_name_or_user_with_name ... ok
[INFO] [stdout] test records::v090::tests::password_records ... ok
[INFO] [stdout] test records::v090::tests::tags ... ok
[INFO] [stdout] test records::v090::tests::test_decode_hashmap_v090 ... ok
[INFO] [stdout] test records::v090::tests::test_decrypted_record_add_tags ... ok
[INFO] [stdout] test records::v090::tests::test_decrypted_record_key ... ok
[INFO] [stdout] test records::v090::tests::test_decrypted_record_name_or_user_without_name ... ok
[INFO] [stdout] test records::v090::tests::test_decrypted_record_new ... ok
[INFO] [stdout] test records::v090::tests::test_decrypted_record_key_with_pass ... ok
[INFO] [stdout] test records::v090::tests::test_decrypted_record_set_name ... ok
[INFO] [stdout] test records::v090::tests::test_decrypted_record_set_password ... ok
[INFO] [stdout] test records::v090::tests::test_decrypted_record_set_status ... ok
[INFO] [stdout] test records::v090::tests::test_default_metadata ... ok
[INFO] [stdout] test records::v090::tests::test_encrypted_record_add_tag ... ok
[INFO] [stdout] test records::v090::tests::test_decrypted_record_set_kind ... ok
[INFO] [stdout] test records::v090::tests::test_encrypted_record_add_tags ... ok
[INFO] [stdout] test records::v090::tests::test_decrypted_record_default ... ok
[INFO] [stdout] test records::v090::tests::test_encrypt_decrypt_roundtrip ... ok
[INFO] [stdout] test records::v090::tests::test_encrypted_record_getters ... ok
[INFO] [stdout] test records::v090::tests::test_key_function ... ok
[INFO] [stdout] test records::v090::tests::test_encrypt_with_history ... ok
[INFO] [stdout] test records::v090::tests::test_key_function_empty_fields ... ok
[INFO] [stdout] test records::v080::tests::test_new_tags_empty ... ok
[INFO] [stdout] test records::v090::tests::test_decrypted_record_getters ... ok
[INFO] [stdout] test records::v090::tests::test_multiple_password_changes ... ok
[INFO] [stdout] test records::v090::tests::test_migrate_secrets_from_v080 ... ok
[INFO] [stdout] test records::v090::tests::test_new_history ... ok
[INFO] [stdout] test records::v090::tests::test_new_tag ... ok
[INFO] [stdout] test records::v090::tests::test_decrypted_record_set_url ... ok
[INFO] [stdout] test records::v090::tests::test_new_tags_empty ... ok
[INFO] [stdout] test records::v090::tests::test_decrypted_record_set_user ... ok
[INFO] [stdout] test db::versioned::tests::test_serialise_empty ... ok
[INFO] [stdout] test records::v090::tests::test_default_secrets ... ok
[INFO] [stdout] test records::v090::tests::test_new_tags ... ok
[INFO] [stdout] test records::v070::tests::test_migrate_metadata_from_v060 ... ok
[INFO] [stdout] test store::backend::backup::tests::test_copy_success ... ok
[INFO] [stdout] test records::v090::tests::test_secrets_from_user_pass ... ok
[INFO] [stdout] test store::backend::backup::tests::test_backup_name ... ok
[INFO] [stdout] test store::backend::backup::tests::test_backup_name_with_path ... ok
[INFO] [stdout] test store::backend::backup::tests::test_copy_nonexistent_file ... ok
[INFO] [stdout] test store::backend::backup::tests::test_latest_backup ... ok
[INFO] [stdout] test records::v090::tests::test_password_history_preserves_metadata ... ok
[INFO] [stdout] test testing::db::tests::test_setup ... ok
[INFO] [stdout] test tests::test_reexports ... ok
[INFO] [stdout] test store::backend::backup::tests::test_latest_no_backups ... ok
[INFO] [stdout] test store::backend::backup::tests::test_list_empty_directory ... ok
[INFO] [stdout] test store::backend::backup::tests::test_list_backups ... ok
[INFO] [stdout] test store::backend::backup::tests::test_restore_success ... ok
[INFO] [stdout] test testing::db::tests::test_new ... ok
[INFO] [stdout] test testing::db::tests::test_clone ... ok
[INFO] [stdout] test tests::test_version ... ok
[INFO] [stdout] test store::backend::backup::tests::test_restore_nonexistent_backup ... ok
[INFO] [stdout] test testing::db::tests::test_default ... ok
[INFO] [stdout] test testing::db::tests::test_teardown ... ok
[INFO] [stdout] test testing::db::tests::test_file_path ... ok
[INFO] [stdout] test testing::db::tests::test_data_path ... ok
[INFO] [stdout] test testing::db::tests::test_file_name ... ok
[INFO] [stdout] test testing::db::tests::test_backups_path ... ok
[INFO] [stdout] 
[INFO] [stdout] failures:
[INFO] [stdout] 
[INFO] [stdout] ---- db::encrypted::tests::test_write_invalid_path stdout ----
[INFO] [stdout] 
[INFO] [stdout] thread 'db::encrypted::tests::test_write_invalid_path' (1698) panicked at src/db/encrypted.rs:455:9:
[INFO] [stdout] Should fail to write to invalid path
[INFO] [stdout] stack backtrace:
[INFO] [stdout]    0:     0x609414b46891 - <<std[617be2ca0a6fd877]::sys::backtrace::BacktraceLock>::print::DisplayBacktrace as core[a373ad73a504971]::fmt::Display>::fmt
[INFO] [stdout]    1:     0x609414b5c38a - core[a373ad73a504971]::fmt::write
[INFO] [stdout]    2:     0x609414b4ae4c - <alloc[2e1b2a31b91974c5]::vec::Vec<u8> as core[a373ad73a504971]::io::write::Write>::write_fmt
[INFO] [stdout]    3:     0x609414b1f516 - std[617be2ca0a6fd877]::panicking::default_hook::{closure#0}
[INFO] [stdout]    4:     0x609414b3cc89 - std[617be2ca0a6fd877]::panicking::default_hook
[INFO] [stdout]    5:     0x609414a9d660 - test[aada8e7e76ba119b]::test_main_inner::{closure#0}
[INFO] [stdout]    6:     0x609414b3ce42 - std[617be2ca0a6fd877]::panicking::panic_with_hook
[INFO] [stdout]    7:     0x609414b1f5f4 - std[617be2ca0a6fd877]::panicking::panic_handler::{closure#0}
[INFO] [stdout]    8:     0x609414b17f89 - std[617be2ca0a6fd877]::sys::backtrace::__rust_end_short_backtrace::<std[617be2ca0a6fd877]::panicking::panic_handler::{closure#0}, !>
[INFO] [stdout]    9:     0x609414b201cd - __rustc[ea4f61d10b84890b]::rust_begin_unwind
[INFO] [stdout]   10:     0x609414b5cabc - core[a373ad73a504971]::panicking::panic_fmt
[INFO] [stdout]   11:     0x609414a677df - <rucksack_db[83d38dcf41db6f1]::db::encrypted::tests::test_write_invalid_path::{closure#0} as core[a373ad73a504971]::ops::function::FnOnce<()>>::call_once
[INFO] [stdout]   12:     0x609414a90aab - test[aada8e7e76ba119b]::__rust_begin_short_backtrace::<core[a373ad73a504971]::result::Result<(), alloc[2e1b2a31b91974c5]::string::String>, fn() -> core[a373ad73a504971]::result::Result<(), alloc[2e1b2a31b91974c5]::string::String>>
[INFO] [stdout]   13:     0x609414a9dc85 - test[aada8e7e76ba119b]::run_test::{closure#0}
[INFO] [stdout]   14:     0x609414a97574 - std[617be2ca0a6fd877]::sys::backtrace::__rust_begin_short_backtrace::<test[aada8e7e76ba119b]::run_test::{closure#1}, ()>
[INFO] [stdout]   15:     0x609414aa0d12 - <std[617be2ca0a6fd877]::thread::lifecycle::spawn_unchecked<test[aada8e7e76ba119b]::run_test::{closure#1}, ()>::{closure#1} as core[a373ad73a504971]::ops::function::FnOnce<()>>::call_once::{shim:vtable#0}
[INFO] [stdout]   16:     0x609414b457af - <std[617be2ca0a6fd877]::sys::thread::unix::Thread>::new::thread_start
[INFO] [stdout]   17:     0x7f6023dfedfa - <unknown>
[INFO] [stdout]   18:     0x7f6023e923d4 - clone
[INFO] [stdout]   19:                0x0 - <unknown>
[INFO] [stdout] 
[INFO] [stdout] 
[INFO] [stdout] failures:
[INFO] [stdout]     db::encrypted::tests::test_write_invalid_path
[INFO] [stdout] 
[INFO] [stdout] test result: FAILED. 261 passed; 1 failed; 0 ignored; 0 measured; 0 filtered out; finished in 0.07s
[INFO] [stdout] 
[INFO] [stderr] error: test failed, to rerun pass `--lib`
[INFO] running `Command { std: "docker" "inspect" "955a4877ad5ce3a43c93c52b81272dd0f25092ae8adade9fbf2e44f95061fa5d", kill_on_drop: false }`
[INFO] running `Command { std: "docker" "rm" "-f" "955a4877ad5ce3a43c93c52b81272dd0f25092ae8adade9fbf2e44f95061fa5d", kill_on_drop: false }`
[INFO] [stdout] 955a4877ad5ce3a43c93c52b81272dd0f25092ae8adade9fbf2e44f95061fa5d
