[INFO] fetching crate rubyrs 0.2.0...
[INFO] testing rubyrs-0.2.0 against 1.100.0-beta.1+cargoflags=--release for beta-release-1.100-2
[INFO] extracting crate rubyrs 0.2.0 into /workspace/builds/worker-7-tc2/source
[INFO] started tweaking crates.io crate rubyrs 0.2.0
[INFO] removed 0 missing examples
[INFO] removed 0 missing tests
[INFO] finished tweaking crates.io crate rubyrs 0.2.0
[INFO] tweaked toml for crates.io crate rubyrs 0.2.0 written to /workspace/builds/worker-7-tc2/source/Cargo.toml
[INFO] validating manifest of crates.io crate rubyrs 0.2.0 on toolchain 1.100.0-beta.1
[INFO] running `Command { std: CARGO_HOME="/workspace/cargo-home" RUSTUP_HOME="/workspace/rustup-home" "/workspace/cargo-home/bin/cargo" "+1.100.0-beta.1" "metadata" "--manifest-path" "Cargo.toml" "--no-deps", kill_on_drop: false }`
[INFO] crate crates.io crate rubyrs 0.2.0 already has a lockfile, it will not be regenerated
[INFO] running `Command { std: CARGO_HOME="/workspace/cargo-home" RUSTUP_HOME="/workspace/rustup-home" "/workspace/cargo-home/bin/cargo" "+1.100.0-beta.1" "fetch" "--manifest-path" "Cargo.toml", kill_on_drop: false }`
[INFO] running `Command { std: "docker" "create" "-v" "/var/lib/crater-agent-workspace/builds/worker-7-tc2/source:/opt/rustwide/workdir:ro,Z" "-v" "/var/lib/crater-agent-workspace/builds/worker-7-tc2/target:/opt/rustwide/target:rw,Z" "-v" "/var/lib/crater-agent-workspace/cargo-home:/opt/rustwide/cargo-home:ro,Z" "-v" "/var/lib/crater-agent-workspace/rustup-home:/opt/rustwide/rustup-home:ro,Z" "-m" "1610612736" "--network" "none" "ghcr.io/rust-lang/crates-build-env/linux@sha256:77db811e55d90add9212f6832c23229e3de5f1c1f9905e8cb07319ea15df73ac" "sleep" "infinity", kill_on_drop: false }`
[INFO] [stdout] 86005c3fac713988a54d7b9ebda5fb26125663cf9ac97f66050c2a7cffba4d75
[INFO] running `Command { std: "docker" "start" "86005c3fac713988a54d7b9ebda5fb26125663cf9ac97f66050c2a7cffba4d75", kill_on_drop: false }`
[INFO] running `Command { std: "docker" "inspect" "86005c3fac713988a54d7b9ebda5fb26125663cf9ac97f66050c2a7cffba4d75", kill_on_drop: false }`
[INFO] running `Command { std: "docker" "exec" "-e" "SOURCE_DIR=/opt/rustwide/workdir" "-e" "CARGO_HOME=/opt/rustwide/cargo-home" "-e" "RUSTUP_HOME=/opt/rustwide/rustup-home" "-e" "CARGO_TARGET_DIR=/opt/rustwide/target" "-w" "/opt/rustwide/workdir" "--user" "0:0" "86005c3fac713988a54d7b9ebda5fb26125663cf9ac97f66050c2a7cffba4d75" "/opt/rustwide/cargo-home/bin/cargo" "+1.100.0-beta.1" "metadata" "--no-deps" "--format-version=1", kill_on_drop: false }`
[INFO] running `Command { std: "docker" "inspect" "86005c3fac713988a54d7b9ebda5fb26125663cf9ac97f66050c2a7cffba4d75", kill_on_drop: false }`
[INFO] running `Command { std: "docker" "exec" "-e" "SOURCE_DIR=/opt/rustwide/workdir" "-e" "CARGO_HOME=/opt/rustwide/cargo-home" "-e" "RUSTUP_HOME=/opt/rustwide/rustup-home" "-e" "CARGO_TARGET_DIR=/opt/rustwide/target" "-e" "CARGO_INCREMENTAL=0" "-e" "RUST_BACKTRACE=full" "-e" "RUSTFLAGS=--cap-lints=warn" "-e" "RUSTDOCFLAGS=--cap-lints=warn" "-w" "/opt/rustwide/workdir" "--user" "0:0" "86005c3fac713988a54d7b9ebda5fb26125663cf9ac97f66050c2a7cffba4d75" "/opt/rustwide/cargo-home/bin/cargo" "+1.100.0-beta.1" "build" "--frozen" "--message-format=json" "--release", kill_on_drop: false }`
[INFO] [stderr]    Compiling memchr v2.8.0
[INFO] [stderr]    Compiling libc v0.2.186
[INFO] [stderr]    Compiling prettyplease v0.2.37
[INFO] [stderr]    Compiling regex-syntax v0.8.10
[INFO] [stderr]    Compiling cfg-if v1.0.4
[INFO] [stderr]    Compiling bindgen v0.72.1
[INFO] [stderr]    Compiling either v1.16.0
[INFO] [stderr]    Compiling object v0.37.3
[INFO] [stderr]    Compiling serde_core v1.0.228
[INFO] [stderr]    Compiling cc v1.2.62
[INFO] [stderr]    Compiling clang-sys v1.8.1
[INFO] [stderr]    Compiling log v0.4.29
[INFO] [stderr]    Compiling bitflags v2.11.1
[INFO] [stderr]    Compiling rustc-hash v2.1.2
[INFO] [stderr]    Compiling syn v2.0.117
[INFO] [stderr]    Compiling zmij v1.0.21
[INFO] [stderr]    Compiling libloading v0.8.9
[INFO] [stderr]    Compiling num-traits v0.2.19
[INFO] [stderr]    Compiling serde_json v1.0.150
[INFO] [stderr]    Compiling serde v1.0.228
[INFO] [stderr]    Compiling itoa v1.0.18
[INFO] [stderr]    Compiling thiserror v2.0.18
[INFO] [stderr]    Compiling itertools v0.13.0
[INFO] [stderr]    Compiling bit-vec v0.8.0
[INFO] [stderr]    Compiling signal-hook v0.3.18
[INFO] [stderr]    Compiling bit-set v0.8.0
[INFO] [stderr]    Compiling nom v7.1.3
[INFO] [stderr]    Compiling rubyrs-cext v0.2.0
[INFO] [stderr]    Compiling stacker v0.1.24
[INFO] [stderr]    Compiling rubyrs v0.2.0 (/opt/rustwide/workdir)
[INFO] [stderr]    Compiling aho-corasick v1.1.4
[INFO] [stderr]    Compiling num-integer v0.1.46
[INFO] [stderr]    Compiling regex-automata v0.4.14
[INFO] [stderr]    Compiling num-bigint v0.4.6
[INFO] [stderr]    Compiling cexpr v0.6.0
[INFO] [stderr]    Compiling regex v1.12.3
[INFO] [stderr]    Compiling serde_derive v1.0.228
[INFO] [stderr]    Compiling thiserror-impl v2.0.18
[INFO] [stderr]    Compiling ar_archive_writer v0.5.2
[INFO] [stderr]    Compiling psm v0.1.31
[INFO] [stderr]    Compiling cobs v0.3.0
[INFO] [stderr]    Compiling fancy-regex v0.18.0
[INFO] [stderr]    Compiling ruby-prism v1.9.0
[INFO] [stderr]    Compiling postcard v1.1.3
[INFO] [stderr]    Compiling ruby-prism-sys v1.9.0
[INFO] [stderr]     Finished `release` profile [optimized] target(s) in 2m 33s
[INFO] running `Command { std: "docker" "inspect" "86005c3fac713988a54d7b9ebda5fb26125663cf9ac97f66050c2a7cffba4d75", kill_on_drop: false }`
[INFO] running `Command { std: "docker" "exec" "-e" "SOURCE_DIR=/opt/rustwide/workdir" "-e" "CARGO_HOME=/opt/rustwide/cargo-home" "-e" "RUSTUP_HOME=/opt/rustwide/rustup-home" "-e" "CARGO_TARGET_DIR=/opt/rustwide/target" "-e" "CARGO_INCREMENTAL=0" "-e" "RUST_BACKTRACE=full" "-e" "RUSTFLAGS=--cap-lints=warn" "-e" "RUSTDOCFLAGS=--cap-lints=warn" "-w" "/opt/rustwide/workdir" "--user" "0:0" "86005c3fac713988a54d7b9ebda5fb26125663cf9ac97f66050c2a7cffba4d75" "/opt/rustwide/cargo-home/bin/cargo" "+1.100.0-beta.1" "test" "--frozen" "--no-run" "--message-format=json" "--release", kill_on_drop: false }`
[INFO] [stderr]    Compiling serde_json v1.0.150
[INFO] [stderr]    Compiling rubyrs v0.2.0 (/opt/rustwide/workdir)
[INFO] [stderr]     Finished `release` profile [optimized] target(s) in 1m 22s
[INFO] running `Command { std: "docker" "inspect" "86005c3fac713988a54d7b9ebda5fb26125663cf9ac97f66050c2a7cffba4d75", kill_on_drop: false }`
[INFO] running `Command { std: "docker" "exec" "-e" "SOURCE_DIR=/opt/rustwide/workdir" "-e" "CARGO_HOME=/opt/rustwide/cargo-home" "-e" "RUSTUP_HOME=/opt/rustwide/rustup-home" "-e" "CARGO_TARGET_DIR=/opt/rustwide/target" "-e" "CARGO_INCREMENTAL=0" "-e" "RUST_BACKTRACE=full" "-e" "RUSTFLAGS=--cap-lints=warn" "-e" "RUSTDOCFLAGS=--cap-lints=warn" "-w" "/opt/rustwide/workdir" "--user" "0:0" "86005c3fac713988a54d7b9ebda5fb26125663cf9ac97f66050c2a7cffba4d75" "/opt/rustwide/cargo-home/bin/cargo" "+1.100.0-beta.1" "test" "--frozen" "--release", kill_on_drop: false }`
[INFO] [stderr]     Finished `release` profile [optimized] target(s) in 0.11s
[INFO] [stderr]      Running unittests src/lib.rs (/opt/rustwide/target/release/build/rubyrs/fcae195b3b0d282b/out/rubyrs-fcae195b3b0d282b)
[INFO] [stdout] 
[INFO] [stdout] running 111 tests
[INFO] [stdout] test ast::tests::ast_errors_buffer_resets_between_calls ... ok
[INFO] [stdout] test const_marker::tests::strip_absolute_single_segment ... ok
[INFO] [stdout] test const_marker::tests::splat_tag_roundtrip_and_composition ... ok
[INFO] [stdout] test const_marker::tests::tag_then_strip_roundtrip ... ok
[INFO] [stdout] test ast::tests::empty_source_produces_no_errors ... ok
[INFO] [stdout] test ast::tests::whitespace_only_source_produces_no_errors ... ok
[INFO] [stdout] test ast::tests::defined_keyword_supported ... ok
[INFO] [stdout] test digest::tests::sha256_known_vectors ... ok
[INFO] [stdout] test ast::tests::ast_errors_collected_for_unsupported_node ... ok
[INFO] [stdout] test digest::tests::multi_block_input_is_padded_correctly ... ok
[INFO] [stdout] test const_marker::tests::tag_absolute_false_is_identity_no_realloc ... ok
[INFO] [stdout] test ast::tests::supported_source_produces_no_errors ... ok
[INFO] [stdout] test heap::tests::enc_compat_table ... ok
[INFO] [stdout] test ast::tests::comment_only_source_produces_no_errors ... ok
[INFO] [stdout] test heap::tests::hash_singleton_class_gc_walk ... ok
[INFO] [stdout] test heap::tests::rstr_encoding_tags ... ok
[INFO] [stdout] test heap::tests::array_obj_tag_and_ivars ... ok
[INFO] [stdout] test digest::tests::sha1_known_vectors ... ok
[INFO] [stdout] test output::tests::write_fmt_default_routes_through_write_bytes ... ok
[INFO] [stdout] test output::tests::std_sink_adapts_vec_io_write ... ok
[INFO] [stdout] test output::tests::output_error_message_round_trip ... ok
[INFO] [stdout] test output::tests::write_macro_works_on_box_dyn_output_sink ... ok
[INFO] [stdout] test intern::tests::fxhashmap_round_trips_symid_keys ... ok
[INFO] [stdout] test intern::tests::fxhasher_covers_all_write_widths ... ok
[INFO] [stdout] test output::tests::capture_sink_round_trip ... ok
[INFO] [stdout] test output::tests::null_sink_drops_writes ... ok
[INFO] [stdout] test signals::tests::install_true_publishes_shared_flag ... ok
[INFO] [stdout] test signals::tests::install_false_returns_fresh_flag_when_no_runtime_opted_in ... ok
[INFO] [stdout] test digest::tests::raw_routes_known_algorithms ... ok
[INFO] [stdout] test signals::tests::parse_signal_name_accepts_in_range_int ... ok
[INFO] [stdout] test value::preamble_cache_serde_tests::heap_variants_refuse_to_serialize ... ok
[INFO] [stdout] test value::preamble_cache_serde_tests::literal_variants_roundtrip ... ok
[INFO] [stdout] test signals::tests::parse_signal_name_rejects_out_of_range_int ... ok
[INFO] [stdout] test value::preamble_cache_serde_tests::binary_string_rebuilds_via_new_str_bytes ... ok
[INFO] [stdout] test heap::tests::inspect_escape_bytes_all_arms ... ok
[INFO] [stdout] test heap::tests::inspect_escape_utf8_bytes_mixed_runs ... ok
[INFO] [stdout] test preamble_lift_guard_tests::set_argv_defines_the_constant ... ok
[INFO] [stdout] test digest::tests::md5_known_vectors ... ok
[INFO] [stdout] test vm::gc::tests::check_alloc_traps_at_cap ... ok
[INFO] [stdout] test vm::gc::tests::check_alloc_passes_under_cap ... ok
[INFO] [stdout] test vm::bignum::tests::bigint_to_f64_sign_preserving_handles_saturation ... ok
[INFO] [stdout] test value::preamble_cache_serde_tests::utf8_string_rebuilds_via_new_str ... ok
[INFO] [stdout] test vm::cext::miri_tests::cext_reentrance_can_re_enter_multiple_times ... ok
[INFO] [stdout] test vm::bignum::tests::bigint_to_f64_sign_preserving_round_trips_in_range ... ok
[INFO] [stdout] test vm::cext::miri_tests::cext_reentrance_pattern_is_aliasing_clean ... ok
[INFO] [stdout] test vm::gc::tests::check_alloc_unlimited_passes ... ok
[INFO] [stdout] test vm::cext::miri_tests::cext_reentrance_nested_save_restore ... ok
[INFO] [stdout] test vm::gc::tests::check_frames_passes_under_cap ... ok
[INFO] [stdout] test vm::gc::tests::check_fuel_decrements_then_traps_at_zero ... ok
[INFO] [stdout] test vm::gc::tests::check_frames_traps_at_cap ... ok
[INFO] [stdout] test vm::gc::tests::maybe_gc_prunes_dead_binding_locals_and_roots_live_snapshots ... ok
[INFO] [stdout] test vm::gc::tests::maybe_gc_runs_under_stress_with_no_roots ... ok
[INFO] [stdout] test vm::gc::tests::maybe_gc_is_noop_when_not_due_and_not_stressed ... ok
[INFO] [stdout] test vm::gc::tests::maybe_gc_keeps_values_reachable_via_globals ... ok
[INFO] [stdout] test vm::gc::tests::trap_with_empty_frames_has_empty_backtrace ... ok
[INFO] [stdout] test vm::gc::tests::check_frames_max_dispatch_depth_traps_when_exceeded ... ok
[INFO] [stdout] test vm::gc::tests::check_fuel_passes_when_unlimited ... ok
[INFO] [stdout] test vm::gc::tests::check_frames_max_dispatch_depth_unlimited_passes ... ok
[INFO] [stdout] test preamble_lift_guard_tests::reset_keeps_preamble_filenames_in_vm_sources ... ok
[INFO] [stdout] test vm::iter::tests::define_method_block_capture_per_iter_distinct ... ok
[INFO] [stdout] test vm::iter::tests::array_each_with_index_break_value ... ok
[INFO] [stdout] test preamble_lift_guard_tests::preamble_defines_no_primitive_arm_collisions ... ok
[INFO] [stdout] test vm::iter::tests::counter_aggregation_through_each_writes_back_to_outer ... ok
[INFO] [stdout] test vm::iter::tests::array_each_break_no_value_returns_nil ... ok
[INFO] [stdout] test preamble_cache::tests::snapshot_roundtrip_via_runtime ... ok
[INFO] [stdout] test vm::iter::tests::array_each_break_returns_break_value ... ok
[INFO] [stdout] test preamble_lift_guard_tests::preamble_lift_guard_restores_on_panic_in_guarded_scope ... ok
[INFO] [stdout] test vm::kernel::time_parse_iso_tests::declines_anything_loose ... ok
[INFO] [stdout] test preamble_lift_guard_tests::preamble_lift_guard_restores_on_normal_scope_exit ... ok
[INFO] [stdout] test preamble_lift_guard_tests::drop_frees_class_graph ... ok
[INFO] [stdout] test vm::kernel::time_parse_iso_tests::accepts_the_iso_shapes ... ok
[INFO] [stdout] test vm::lookup::tests::call_cache_default_is_empty ... ok
[INFO] [stdout] test vm::lookup::tests::class_is_a_self_match ... ok
[INFO] [stdout] test vm::iter::tests::hash_each_next_continues ... ok
[INFO] [stdout] test vm::iter::tests::block_local_var_captured_per_iter ... ok
[INFO] [stdout] test vm::lookup::tests::class_is_a_walks_superclass_chain ... ok
[INFO] [stdout] test vm::lookup::tests::class_is_a_unrelated_returns_false ... ok
[INFO] [stdout] test vm::lookup::tests::lookup_method_cached_misses_after_method_gen_bump ... ok
[INFO] [stdout] test vm::lookup::tests::lookup_method_uncached_returns_none_for_missing ... ok
[INFO] [stdout] test vm::lookup::tests::lookup_method_uncached_hits_own_class ... ok
[INFO] [stdout] test vm::iter::tests::nested_block_writes_propagate_to_method_locals ... ok
[INFO] [stdout] test vm::lookup::tests::lookup_method_cached_megamorphic_evicts_lru_round_robin ... ok
[INFO] [stdout] test vm::lookup::tests::lookup_method_cached_fills_then_serves_from_cache ... ok
[INFO] [stdout] test vm::iter::tests::array_map_next_replaces_iteration_value ... ok
[INFO] [stdout] test vm::lookup::tests::lookup_method_uncached_walks_superclass_chain ... ok
[INFO] [stdout] test vm::iter::tests::array_select_break_truncates ... ok
[INFO] [stdout] test vm::lookup::tests::lookup_method_cached_polymorphic_keeps_all_ways ... ok
[INFO] [stdout] test vm::numeric::tests::fnv1a_64_matches_canonical_spec_vectors ... ok
[INFO] [stdout] test vm::iter::tests::nonlocal_return_from_block_exits_enclosing_method ... ok
[INFO] [stdout] test vm::iter::tests::nonlocal_return_from_nested_block_finds_enclosing_method ... ok
[INFO] [stdout] test vm::iter::tests::per_iter_lambda_capture_returns_distinct_values ... ok
[INFO] [stdout] test vm::raise::tests::normalize_exception_class_stamps_class_name_message ... ok
[INFO] [stdout] test vm::iter::tests::range_each_break_returns_value ... ok
[INFO] [stdout] test vm::raise::tests::normalize_exception_passes_object_through ... ok
[INFO] [stdout] test vm::sort::tests::reverse_input_is_n_log_n_not_quadratic ... ok
[INFO] [stdout] test vm::sort::tests::sorts_random_like_input ... ok
[INFO] [stdout] test vm::raise::tests::trap_to_exception_builds_exception_for_registered_class ... ok
[INFO] [stdout] test vm::raise::tests::normalize_exception_wraps_string_as_runtime_error ... ok
[INFO] [stdout] test vm::raise::tests::normalize_exception_string_without_class_passes_through ... ok
[INFO] [stdout] test vm::raise::tests::trap_to_exception_returns_none_for_resource_exhausted ... ok
[INFO] [stdout] test vm::raise::tests::trap_to_exception_returns_none_for_syntax_error ... ok
[INFO] [stdout] test vm::raise::tests::trap_to_exception_returns_none_for_uncaught ... ok
[INFO] [stdout] test vm::sort::tests::stable_on_equal_keys ... ok
[INFO] [stdout] test vm::sort::tests::error_leaves_items_untouched ... ok
[INFO] [stdout] test vm::sort::tests::sorts_reverse_input ... ok
[INFO] [stdout] test vm::raise::tests::trap_to_exception_returns_none_when_class_missing ... ok
[INFO] [stdout] test vm::sort::tests::presorted_input_costs_n_minus_1_comparisons ... ok
[INFO] [stdout] test preamble_lift_guard_tests::eval_clears_per_eval_working_counters_post_run ... ok
[INFO] [stdout] test vm::iter::tests::yield_from_nested_block_resolves_enclosing_method ... ok
[INFO] [stdout] test preamble_cache::tests::corrupt_blob_falls_back_to_live ... ok
[INFO] [stdout] test vm::numeric::tests::integer_chr_encoding_utf8_covers_all_branches ... ok
[INFO] [stdout] 
[INFO] [stdout] test result: ok. 111 passed; 0 failed; 0 ignored; 0 measured; 0 filtered out; finished in 0.27s
[INFO] [stdout] 
[INFO] [stderr]      Running unittests src/main.rs (/opt/rustwide/target/release/build/rubyrs/375992ba52b96d76/out/rubyrs-375992ba52b96d76)
[INFO] [stdout] 
[INFO] [stdout] running 0 tests
[INFO] [stdout] 
[INFO] [stdout] test result: ok. 0 passed; 0 failed; 0 ignored; 0 measured; 0 filtered out; finished in 0.00s
[INFO] [stdout] 
[INFO] [stderr]      Running tests/autoload_phase1.rs (/opt/rustwide/target/release/build/rubyrs/a7b6fd27fbc0ee3a/out/autoload_phase1-a7b6fd27fbc0ee3a)
[INFO] [stdout] 
[INFO] [stdout] running 4 tests
[INFO] [stdout] test autoload_to_missing_path_raises_loaderror_at_first_reference ... ok
[INFO] [stdout] test autoload_subsequent_reference_does_not_re_require ... ok
[INFO] [stdout] test autoload_entry_cleared_after_fire ... ok
[INFO] [stdout] test autoload_fires_require_on_first_reference ... ok
[INFO] [stderr]      Running tests/cext_bcrypt.rs (/opt/rustwide/target/release/build/rubyrs/f7fd8adbb1380f3f/out/cext_bcrypt-f7fd8adbb1380f3f)
[INFO] [stdout] 
[INFO] [stdout] test result: ok. 4 passed; 0 failed; 0 ignored; 0 measured; 0 filtered out; finished in 0.08s
[INFO] [stdout] 
[INFO] [stdout] 
[INFO] [stdout] running 1 test
[INFO] [stdout] test bcrypt_reference_vectors_round_trip ... FAILED
[INFO] [stdout] 
[INFO] [stdout] failures:
[INFO] [stdout] 
[INFO] [stdout] ---- bcrypt_reference_vectors_round_trip stdout ----
[INFO] [stdout] 
[INFO] [stdout] thread 'bcrypt_reference_vectors_round_trip' (3069) panicked at tests/cext_bcrypt.rs:75:5:
[INFO] [stdout] build.sh failed.
[INFO] [stdout] stdout:
[INFO] [stdout] 
[INFO] [stdout] stderr:
[INFO] [stdout] error: could not find `Cargo.toml` in `/opt` or any parent directory
[INFO] [stdout] 
[INFO] [stdout] stack backtrace:
[INFO] [stdout]    0:     0x58ec0f5dbc91 - <<std[617be2ca0a6fd877]::sys::backtrace::BacktraceLock>::print::DisplayBacktrace as core[a373ad73a504971]::fmt::Display>::fmt
[INFO] [stdout]    1:     0x58ec0f5efbda - core[a373ad73a504971]::fmt::write
[INFO] [stdout]    2:     0x58ec0f5dfecc - <alloc[2e1b2a31b91974c5]::vec::Vec<u8> as core[a373ad73a504971]::io::write::Write>::write_fmt
[INFO] [stdout]    3:     0x58ec0f5b7a96 - std[617be2ca0a6fd877]::panicking::default_hook::{closure#0}
[INFO] [stdout]    4:     0x58ec0f5d4149 - std[617be2ca0a6fd877]::panicking::default_hook
[INFO] [stdout]    5:     0x58ec0f570370 - test[aada8e7e76ba119b]::test_main_inner::{closure#0}
[INFO] [stdout]    6:     0x58ec0f5d4302 - std[617be2ca0a6fd877]::panicking::panic_with_hook
[INFO] [stdout]    7:     0x58ec0f5b7b42 - std[617be2ca0a6fd877]::panicking::panic_handler::{closure#0}
[INFO] [stdout]    8:     0x58ec0f5b0859 - std[617be2ca0a6fd877]::sys::backtrace::__rust_end_short_backtrace::<std[617be2ca0a6fd877]::panicking::panic_handler::{closure#0}, !>
[INFO] [stdout]    9:     0x58ec0f5b874d - __rustc[ea4f61d10b84890b]::rust_begin_unwind
[INFO] [stdout]   10:     0x58ec0f5f030c - core[a373ad73a504971]::panicking::panic_fmt
[INFO] [stdout]   11:     0x58ec0f5632af - <cext_bcrypt[2fbfd85e05f2ab5c]::bcrypt_reference_vectors_round_trip::{closure#0} as core[a373ad73a504971]::ops::function::FnOnce<()>>::call_once
[INFO] [stdout]   12:     0x58ec0f5637bb - test[aada8e7e76ba119b]::__rust_begin_short_backtrace::<core[a373ad73a504971]::result::Result<(), alloc[2e1b2a31b91974c5]::string::String>, fn() -> core[a373ad73a504971]::result::Result<(), alloc[2e1b2a31b91974c5]::string::String>>
[INFO] [stdout]   13:     0x58ec0f570995 - test[aada8e7e76ba119b]::run_test::{closure#0}
[INFO] [stdout]   14:     0x58ec0f56a284 - std[617be2ca0a6fd877]::sys::backtrace::__rust_begin_short_backtrace::<test[aada8e7e76ba119b]::run_test::{closure#1}, ()>
[INFO] [stdout]   15:     0x58ec0f573a22 - <std[617be2ca0a6fd877]::thread::lifecycle::spawn_unchecked<test[aada8e7e76ba119b]::run_test::{closure#1}, ()>::{closure#1} as core[a373ad73a504971]::ops::function::FnOnce<()>>::call_once::{shim:vtable#0}
[INFO] [stdout]   16:     0x58ec0f5db30f - <std[617be2ca0a6fd877]::sys::thread::unix::Thread>::new::thread_start
[INFO] [stdout]   17:     0x7f6fc1d95dfa - <unknown>
[INFO] [stdout]   18:     0x7f6fc1e293d4 - clone
[INFO] [stdout]   19:                0x0 - <unknown>
[INFO] [stdout] 
[INFO] [stdout] 
[INFO] [stdout] failures:
[INFO] [stdout]     bcrypt_reference_vectors_round_trip
[INFO] [stdout] 
[INFO] [stdout] test result: FAILED. 0 passed; 1 failed; 0 ignored; 0 measured; 0 filtered out; finished in 0.13s
[INFO] [stdout] 
[INFO] [stderr] error: test failed, to rerun pass `--test cext_bcrypt`
[INFO] running `Command { std: "docker" "inspect" "86005c3fac713988a54d7b9ebda5fb26125663cf9ac97f66050c2a7cffba4d75", kill_on_drop: false }`
[INFO] running `Command { std: "docker" "rm" "-f" "86005c3fac713988a54d7b9ebda5fb26125663cf9ac97f66050c2a7cffba4d75", kill_on_drop: false }`
[INFO] [stdout] 86005c3fac713988a54d7b9ebda5fb26125663cf9ac97f66050c2a7cffba4d75
