[INFO] fetching crate rubyrs-gapscan 0.1.0...
[INFO] testing rubyrs-gapscan-0.1.0 against 1.100.0-beta.1+cargoflags=--release for beta-release-1.100-2
[INFO] extracting crate rubyrs-gapscan 0.1.0 into /workspace/builds/worker-4-tc2/source
[INFO] started tweaking crates.io crate rubyrs-gapscan 0.1.0
[INFO] removed 0 missing tests
[INFO] finished tweaking crates.io crate rubyrs-gapscan 0.1.0
[INFO] tweaked toml for crates.io crate rubyrs-gapscan 0.1.0 written to /workspace/builds/worker-4-tc2/source/Cargo.toml
[INFO] validating manifest of crates.io crate rubyrs-gapscan 0.1.0 on toolchain 1.100.0-beta.1
[INFO] running `Command { std: CARGO_HOME="/workspace/cargo-home" RUSTUP_HOME="/workspace/rustup-home" "/workspace/cargo-home/bin/cargo" "+1.100.0-beta.1" "metadata" "--manifest-path" "Cargo.toml" "--no-deps", kill_on_drop: false }`
[INFO] crate crates.io crate rubyrs-gapscan 0.1.0 already has a lockfile, it will not be regenerated
[INFO] running `Command { std: CARGO_HOME="/workspace/cargo-home" RUSTUP_HOME="/workspace/rustup-home" "/workspace/cargo-home/bin/cargo" "+1.100.0-beta.1" "fetch" "--manifest-path" "Cargo.toml", kill_on_drop: false }`
[INFO] running `Command { std: "docker" "create" "-v" "/var/lib/crater-agent-workspace/builds/worker-4-tc2/source:/opt/rustwide/workdir:ro,Z" "-v" "/var/lib/crater-agent-workspace/builds/worker-4-tc2/target:/opt/rustwide/target:rw,Z" "-v" "/var/lib/crater-agent-workspace/cargo-home:/opt/rustwide/cargo-home:ro,Z" "-v" "/var/lib/crater-agent-workspace/rustup-home:/opt/rustwide/rustup-home:ro,Z" "-m" "1610612736" "--network" "none" "ghcr.io/rust-lang/crates-build-env/linux@sha256:77db811e55d90add9212f6832c23229e3de5f1c1f9905e8cb07319ea15df73ac" "sleep" "infinity", kill_on_drop: false }`
[INFO] [stdout] b42f81e37717c9e7c47f725b1db5d6bdab53c9687eb3086ab98dfa198d5f63d9
[INFO] running `Command { std: "docker" "start" "b42f81e37717c9e7c47f725b1db5d6bdab53c9687eb3086ab98dfa198d5f63d9", kill_on_drop: false }`
[INFO] running `Command { std: "docker" "inspect" "b42f81e37717c9e7c47f725b1db5d6bdab53c9687eb3086ab98dfa198d5f63d9", kill_on_drop: false }`
[INFO] running `Command { std: "docker" "exec" "-e" "SOURCE_DIR=/opt/rustwide/workdir" "-e" "CARGO_HOME=/opt/rustwide/cargo-home" "-e" "RUSTUP_HOME=/opt/rustwide/rustup-home" "-e" "CARGO_TARGET_DIR=/opt/rustwide/target" "-w" "/opt/rustwide/workdir" "--user" "0:0" "b42f81e37717c9e7c47f725b1db5d6bdab53c9687eb3086ab98dfa198d5f63d9" "/opt/rustwide/cargo-home/bin/cargo" "+1.100.0-beta.1" "metadata" "--no-deps" "--format-version=1", kill_on_drop: false }`
[INFO] running `Command { std: "docker" "inspect" "b42f81e37717c9e7c47f725b1db5d6bdab53c9687eb3086ab98dfa198d5f63d9", kill_on_drop: false }`
[INFO] running `Command { std: "docker" "exec" "-e" "SOURCE_DIR=/opt/rustwide/workdir" "-e" "CARGO_HOME=/opt/rustwide/cargo-home" "-e" "RUSTUP_HOME=/opt/rustwide/rustup-home" "-e" "CARGO_TARGET_DIR=/opt/rustwide/target" "-e" "CARGO_INCREMENTAL=0" "-e" "RUST_BACKTRACE=full" "-e" "RUSTFLAGS=--cap-lints=warn" "-e" "RUSTDOCFLAGS=--cap-lints=warn" "-w" "/opt/rustwide/workdir" "--user" "0:0" "b42f81e37717c9e7c47f725b1db5d6bdab53c9687eb3086ab98dfa198d5f63d9" "/opt/rustwide/cargo-home/bin/cargo" "+1.100.0-beta.1" "build" "--frozen" "--message-format=json" "--release", kill_on_drop: false }`
[INFO] [stderr]    Compiling quote v1.0.45
[INFO] [stderr]    Compiling regex-syntax v0.8.10
[INFO] [stderr]    Compiling bindgen v0.72.1
[INFO] [stderr]    Compiling either v1.16.0
[INFO] [stderr]    Compiling cc v1.2.62
[INFO] [stderr]    Compiling clang-sys v1.8.1
[INFO] [stderr]    Compiling libloading v0.8.9
[INFO] [stderr]    Compiling nom v7.1.3
[INFO] [stderr]    Compiling serde_core v1.0.228
[INFO] [stderr]    Compiling bitflags v2.11.1
[INFO] [stderr]    Compiling rustc-hash v2.1.2
[INFO] [stderr]    Compiling serde_json v1.0.150
[INFO] [stderr]    Compiling serde v1.0.228
[INFO] [stderr]    Compiling rubyrs-gapscan v0.1.0 (/opt/rustwide/workdir)
[INFO] [stderr]    Compiling syn v2.0.117
[INFO] [stderr]    Compiling itertools v0.13.0
[INFO] [stderr]    Compiling regex-automata v0.4.14
[INFO] [stderr]    Compiling rubyrs-cext v0.1.0
[INFO] [stderr]    Compiling rubyrs v0.1.0
[INFO] [stderr]    Compiling cexpr v0.6.0
[INFO] [stderr]    Compiling regex v1.12.3
[INFO] [stderr]    Compiling prettyplease v0.2.37
[INFO] [stderr]    Compiling serde_derive v1.0.228
[INFO] [stderr]    Compiling ruby-prism v1.9.0
[INFO] [stderr]    Compiling ruby-prism-sys v1.9.0
[INFO] [stderr]     Finished `release` profile [optimized] target(s) in 1m 10s
[INFO] running `Command { std: "docker" "inspect" "b42f81e37717c9e7c47f725b1db5d6bdab53c9687eb3086ab98dfa198d5f63d9", kill_on_drop: false }`
[INFO] running `Command { std: "docker" "exec" "-e" "SOURCE_DIR=/opt/rustwide/workdir" "-e" "CARGO_HOME=/opt/rustwide/cargo-home" "-e" "RUSTUP_HOME=/opt/rustwide/rustup-home" "-e" "CARGO_TARGET_DIR=/opt/rustwide/target" "-e" "CARGO_INCREMENTAL=0" "-e" "RUST_BACKTRACE=full" "-e" "RUSTFLAGS=--cap-lints=warn" "-e" "RUSTDOCFLAGS=--cap-lints=warn" "-w" "/opt/rustwide/workdir" "--user" "0:0" "b42f81e37717c9e7c47f725b1db5d6bdab53c9687eb3086ab98dfa198d5f63d9" "/opt/rustwide/cargo-home/bin/cargo" "+1.100.0-beta.1" "test" "--frozen" "--no-run" "--message-format=json" "--release", kill_on_drop: false }`
[INFO] [stderr]    Compiling rubyrs-gapscan v0.1.0 (/opt/rustwide/workdir)
[INFO] [stderr]     Finished `release` profile [optimized] target(s) in 1.66s
[INFO] running `Command { std: "docker" "inspect" "b42f81e37717c9e7c47f725b1db5d6bdab53c9687eb3086ab98dfa198d5f63d9", kill_on_drop: false }`
[INFO] running `Command { std: "docker" "exec" "-e" "SOURCE_DIR=/opt/rustwide/workdir" "-e" "CARGO_HOME=/opt/rustwide/cargo-home" "-e" "RUSTUP_HOME=/opt/rustwide/rustup-home" "-e" "CARGO_TARGET_DIR=/opt/rustwide/target" "-e" "CARGO_INCREMENTAL=0" "-e" "RUST_BACKTRACE=full" "-e" "RUSTFLAGS=--cap-lints=warn" "-e" "RUSTDOCFLAGS=--cap-lints=warn" "-w" "/opt/rustwide/workdir" "--user" "0:0" "b42f81e37717c9e7c47f725b1db5d6bdab53c9687eb3086ab98dfa198d5f63d9" "/opt/rustwide/cargo-home/bin/cargo" "+1.100.0-beta.1" "test" "--frozen" "--release", kill_on_drop: false }`
[INFO] [stderr]     Finished `release` profile [optimized] target(s) in 0.06s
[INFO] [stderr]      Running unittests src/lib.rs (/opt/rustwide/target/release/build/rubyrs-gapscan/f0413908af6002ed/out/rubyrs_gapscan-f0413908af6002ed)
[INFO] [stdout] 
[INFO] [stdout] running 4 tests
[INFO] [stdout] test md_tests::excerpt_with_single_backtick_uses_double_fence ... ok
[INFO] [stdout] test md_tests::excerpt_with_newline_falls_back_to_escaped_plain ... ok
[INFO] [stdout] test md_tests::plain_excerpt_uses_single_backticks ... ok
[INFO] [stdout] test md_tests::excerpt_with_double_backtick_uses_triple_fence ... ok
[INFO] [stdout] 
[INFO] [stdout] test result: ok. 4 passed; 0 failed; 0 ignored; 0 measured; 0 filtered out; finished in 0.00s
[INFO] [stdout] 
[INFO] [stderr]      Running unittests src/main.rs (/opt/rustwide/target/release/build/rubyrs-gapscan/4e432c28d961096c/out/rubyrs_gapscan-4e432c28d961096c)
[INFO] [stdout] 
[INFO] [stdout] running 0 tests
[INFO] [stdout] 
[INFO] [stdout] test result: ok. 0 passed; 0 failed; 0 ignored; 0 measured; 0 filtered out; finished in 0.00s
[INFO] [stdout] 
[INFO] [stderr]      Running tests/scan.rs (/opt/rustwide/target/release/build/rubyrs-gapscan/4c56f4d33df4ce48/out/scan-4c56f4d33df4ce48)
[INFO] [stdout] 
[INFO] [stdout] running 16 tests
[INFO] [stdout] test parse_json_rejects_future_schema_version ... ok
[INFO] [stdout] test parse_json_rejects_wrong_tool_tag ... ok
[INFO] [stdout] test diff_honours_scan_time_classification_for_cross_version_runs ... ok
[INFO] [stdout] test brewfile_example_is_fully_inside_subset ... FAILED
[INFO] [stdout] test parse_json_rejects_missing_envelope ... ok
[INFO] [stdout] test classify_returns_expected_for_known_classes ... ok
[INFO] [stdout] test scan_propagates_missing_root_path ... ok
[INFO] [stdout] test fixture_exercises_exact_missing_class_set ... ok
[INFO] [stdout] test scan_does_not_follow_symlinked_directories ... ok
[INFO] [stdout] test diff_detects_closed_and_new_gaps ... ok
[INFO] [stdout] test scan_follows_symlink_to_root_rb_file ... ok
[INFO] [stdout] test single_file_root_reports_filename_not_empty_path ... ok
[INFO] [stdout] test files_with_errors_uses_root_relative_paths ... ok
[INFO] [stdout] test scan_skips_spec_and_test_dirs_by_default ... ok
[INFO] [stdout] test scan_dangling_symlink_root_still_errors ... ok
[INFO] [stdout] test json_roundtrip_preserves_essentials ... ok
[INFO] [stdout] 
[INFO] [stdout] failures:
[INFO] [stdout] 
[INFO] [stdout] ---- brewfile_example_is_fully_inside_subset stdout ----
[INFO] [stdout] 
[INFO] [stdout] thread 'brewfile_example_is_fully_inside_subset' (1211) panicked at tests/scan.rs:106:5:
[INFO] [stdout] expected brewfile at /opt/crates/rubyrs/examples/brewfile/Brewfile.rb
[INFO] [stdout] stack backtrace:
[INFO] [stdout]    0:     0x62ea0e8f3cb1 - <<std[617be2ca0a6fd877]::sys::backtrace::BacktraceLock>::print::DisplayBacktrace as core[a373ad73a504971]::fmt::Display>::fmt
[INFO] [stdout]    1:     0x62ea0e909a1a - core[a373ad73a504971]::fmt::write
[INFO] [stdout]    2:     0x62ea0e8f81bc - <alloc[2e1b2a31b91974c5]::vec::Vec<u8> as core[a373ad73a504971]::io::write::Write>::write_fmt
[INFO] [stdout]    3:     0x62ea0e8cde06 - std[617be2ca0a6fd877]::panicking::default_hook::{closure#0}
[INFO] [stdout]    4:     0x62ea0e8eb3e9 - std[617be2ca0a6fd877]::panicking::default_hook
[INFO] [stdout]    5:     0x62ea0e7fbd60 - test[aada8e7e76ba119b]::test_main_inner::{closure#0}
[INFO] [stdout]    6:     0x62ea0e8eb5a2 - std[617be2ca0a6fd877]::panicking::panic_with_hook
[INFO] [stdout]    7:     0x62ea0e8cdeb2 - std[617be2ca0a6fd877]::panicking::panic_handler::{closure#0}
[INFO] [stdout]    8:     0x62ea0e8c6819 - std[617be2ca0a6fd877]::sys::backtrace::__rust_end_short_backtrace::<std[617be2ca0a6fd877]::panicking::panic_handler::{closure#0}, !>
[INFO] [stdout]    9:     0x62ea0e8cebad - __rustc[ea4f61d10b84890b]::rust_begin_unwind
[INFO] [stdout]   10:     0x62ea0e90a17c - core[a373ad73a504971]::panicking::panic_fmt
[INFO] [stdout]   11:     0x62ea0e7e7bbf - <scan[15f8b26efa5c5d29]::brewfile_example_is_fully_inside_subset::{closure#0} as core[a373ad73a504971]::ops::function::FnOnce<()>>::call_once
[INFO] [stdout]   12:     0x62ea0e7ef1ab - test[aada8e7e76ba119b]::__rust_begin_short_backtrace::<core[a373ad73a504971]::result::Result<(), alloc[2e1b2a31b91974c5]::string::String>, fn() -> core[a373ad73a504971]::result::Result<(), alloc[2e1b2a31b91974c5]::string::String>>
[INFO] [stdout]   13:     0x62ea0e7fc385 - test[aada8e7e76ba119b]::run_test::{closure#0}
[INFO] [stdout]   14:     0x62ea0e7f5c74 - std[617be2ca0a6fd877]::sys::backtrace::__rust_begin_short_backtrace::<test[aada8e7e76ba119b]::run_test::{closure#1}, ()>
[INFO] [stdout]   15:     0x62ea0e7ff412 - <std[617be2ca0a6fd877]::thread::lifecycle::spawn_unchecked<test[aada8e7e76ba119b]::run_test::{closure#1}, ()>::{closure#1} as core[a373ad73a504971]::ops::function::FnOnce<()>>::call_once::{shim:vtable#0}
[INFO] [stdout]   16:     0x62ea0e8f301f - <std[617be2ca0a6fd877]::sys::thread::unix::Thread>::new::thread_start
[INFO] [stdout]   17:     0x7323f6c21dfa - <unknown>
[INFO] [stdout]   18:     0x7323f6cb53d4 - clone
[INFO] [stdout]   19:                0x0 - <unknown>
[INFO] [stdout] 
[INFO] [stdout] 
[INFO] [stdout] failures:
[INFO] [stdout]     brewfile_example_is_fully_inside_subset
[INFO] [stdout] 
[INFO] [stdout] test result: FAILED. 15 passed; 1 failed; 0 ignored; 0 measured; 0 filtered out; finished in 0.01s
[INFO] [stdout] 
[INFO] [stderr] error: test failed, to rerun pass `--test scan`
[INFO] running `Command { std: "docker" "inspect" "b42f81e37717c9e7c47f725b1db5d6bdab53c9687eb3086ab98dfa198d5f63d9", kill_on_drop: false }`
[INFO] running `Command { std: "docker" "rm" "-f" "b42f81e37717c9e7c47f725b1db5d6bdab53c9687eb3086ab98dfa198d5f63d9", kill_on_drop: false }`
[INFO] [stdout] b42f81e37717c9e7c47f725b1db5d6bdab53c9687eb3086ab98dfa198d5f63d9
