[INFO] fetching crate ruby-merge 0.2.0...
[INFO] testing ruby-merge-0.2.0 against 1.100.0-beta.1+cargoflags=--release for beta-release-1.100-2
[INFO] extracting crate ruby-merge 0.2.0 into /workspace/builds/worker-6-tc2/source
[INFO] started tweaking crates.io crate ruby-merge 0.2.0
[INFO] removed 0 missing tests
[INFO] finished tweaking crates.io crate ruby-merge 0.2.0
[INFO] tweaked toml for crates.io crate ruby-merge 0.2.0 written to /workspace/builds/worker-6-tc2/source/Cargo.toml
[INFO] validating manifest of crates.io crate ruby-merge 0.2.0 on toolchain 1.100.0-beta.1
[INFO] running `Command { std: CARGO_HOME="/workspace/cargo-home" RUSTUP_HOME="/workspace/rustup-home" "/workspace/cargo-home/bin/cargo" "+1.100.0-beta.1" "metadata" "--manifest-path" "Cargo.toml" "--no-deps", kill_on_drop: false }`
[INFO] crate crates.io crate ruby-merge 0.2.0 already has a lockfile, it will not be regenerated
[INFO] running `Command { std: CARGO_HOME="/workspace/cargo-home" RUSTUP_HOME="/workspace/rustup-home" "/workspace/cargo-home/bin/cargo" "+1.100.0-beta.1" "fetch" "--manifest-path" "Cargo.toml", kill_on_drop: false }`
[INFO] running `Command { std: "docker" "create" "-v" "/var/lib/crater-agent-workspace/builds/worker-6-tc2/source:/opt/rustwide/workdir:ro,Z" "-v" "/var/lib/crater-agent-workspace/builds/worker-6-tc2/target:/opt/rustwide/target:rw,Z" "-v" "/var/lib/crater-agent-workspace/cargo-home:/opt/rustwide/cargo-home:ro,Z" "-v" "/var/lib/crater-agent-workspace/rustup-home:/opt/rustwide/rustup-home:ro,Z" "-m" "1610612736" "--network" "none" "ghcr.io/rust-lang/crates-build-env/linux@sha256:77db811e55d90add9212f6832c23229e3de5f1c1f9905e8cb07319ea15df73ac" "sleep" "infinity", kill_on_drop: false }`
[INFO] [stdout] 51d97753161a0f7673d0de0c3bc06a13e499a6bc1cc803857aab705500ac202d
[INFO] running `Command { std: "docker" "start" "51d97753161a0f7673d0de0c3bc06a13e499a6bc1cc803857aab705500ac202d", kill_on_drop: false }`
[INFO] running `Command { std: "docker" "inspect" "51d97753161a0f7673d0de0c3bc06a13e499a6bc1cc803857aab705500ac202d", kill_on_drop: false }`
[INFO] running `Command { std: "docker" "exec" "-e" "SOURCE_DIR=/opt/rustwide/workdir" "-e" "CARGO_HOME=/opt/rustwide/cargo-home" "-e" "RUSTUP_HOME=/opt/rustwide/rustup-home" "-e" "CARGO_TARGET_DIR=/opt/rustwide/target" "-w" "/opt/rustwide/workdir" "--user" "0:0" "51d97753161a0f7673d0de0c3bc06a13e499a6bc1cc803857aab705500ac202d" "/opt/rustwide/cargo-home/bin/cargo" "+1.100.0-beta.1" "metadata" "--no-deps" "--format-version=1", kill_on_drop: false }`
[INFO] running `Command { std: "docker" "inspect" "51d97753161a0f7673d0de0c3bc06a13e499a6bc1cc803857aab705500ac202d", kill_on_drop: false }`
[INFO] running `Command { std: "docker" "exec" "-e" "SOURCE_DIR=/opt/rustwide/workdir" "-e" "CARGO_HOME=/opt/rustwide/cargo-home" "-e" "RUSTUP_HOME=/opt/rustwide/rustup-home" "-e" "CARGO_TARGET_DIR=/opt/rustwide/target" "-e" "CARGO_INCREMENTAL=0" "-e" "RUST_BACKTRACE=full" "-e" "RUSTFLAGS=--cap-lints=warn" "-e" "RUSTDOCFLAGS=--cap-lints=warn" "-w" "/opt/rustwide/workdir" "--user" "0:0" "51d97753161a0f7673d0de0c3bc06a13e499a6bc1cc803857aab705500ac202d" "/opt/rustwide/cargo-home/bin/cargo" "+1.100.0-beta.1" "build" "--frozen" "--message-format=json" "--release", kill_on_drop: false }`
[INFO] [stderr]    Compiling libc v0.2.185
[INFO] [stderr]    Compiling serde_json v1.0.149
[INFO] [stderr]    Compiling tree-sitter-language v0.1.7
[INFO] [stderr]    Compiling syn v2.0.117
[INFO] [stderr]    Compiling typenum v1.20.0
[INFO] [stderr]    Compiling getrandom v0.2.17
[INFO] [stderr]    Compiling rustix v1.1.4
[INFO] [stderr]    Compiling tiny-keccak v2.0.2
[INFO] [stderr]    Compiling regex-syntax v0.8.10
[INFO] [stderr]    Compiling zerocopy v0.8.48
[INFO] [stderr]    Compiling zstd-safe v7.2.4
[INFO] [stderr]    Compiling once_cell v1.21.4
[INFO] [stderr]    Compiling rustls v0.23.38
[INFO] [stderr]    Compiling http v1.4.0
[INFO] [stderr]    Compiling ahash v0.8.12
[INFO] [stderr]    Compiling dirs-sys v0.5.0
[INFO] [stderr]    Compiling jobserver v0.1.34
[INFO] [stderr]    Compiling hybrid-array v0.4.10
[INFO] [stderr]    Compiling cc v1.2.60
[INFO] [stderr]    Compiling const-random-macro v0.1.16
[INFO] [stderr]    Compiling crypto-common v0.2.1
[INFO] [stderr]    Compiling block-buffer v0.12.0
[INFO] [stderr]    Compiling const-random v0.1.18
[INFO] [stderr]    Compiling ureq-proto v0.6.0
[INFO] [stderr]    Compiling serde_derive v1.0.228
[INFO] [stderr]    Compiling regex-automata v0.4.14
[INFO] [stderr]    Compiling ring v0.17.14
[INFO] [stderr]    Compiling zstd-sys v2.0.16+zstd.1.5.7
[INFO] [stderr]    Compiling tree-sitter v0.26.8
[INFO] [stderr]    Compiling digest v0.11.2
[INFO] [stderr]    Compiling thiserror-impl v2.0.18
[INFO] [stderr]    Compiling xattr v1.6.1
[INFO] [stderr]    Compiling serde v1.0.228
[INFO] [stderr]    Compiling webpki-roots v1.0.7
[INFO] [stderr]    Compiling filetime v0.2.27
[INFO] [stderr]    Compiling regex v1.12.3
[INFO] [stderr]    Compiling tree-sitter-language-pack v1.6.2
[INFO] [stderr]    Compiling streaming-iterator v0.1.9
[INFO] [stderr]    Compiling sha2 v0.11.0
[INFO] [stderr]    Compiling tar v0.4.45
[INFO] [stderr]    Compiling thiserror v2.0.18
[INFO] [stderr]    Compiling dirs v6.0.0
[INFO] [stderr]    Compiling libloading v0.9.0
[INFO] [stderr]    Compiling regex-lite v0.1.9
[INFO] [stderr]    Compiling rustls-webpki v0.103.12
[INFO] [stderr]    Compiling ureq v3.3.0
[INFO] [stderr]    Compiling zstd v0.13.3
[INFO] [stderr]    Compiling tree-haver v0.2.0
[INFO] [stderr]    Compiling ast-merge v0.2.0
[INFO] [stderr]    Compiling ruby-merge v0.2.0 (/opt/rustwide/workdir)
[INFO] [stderr]     Finished `release` profile [optimized] target(s) in 3m 36s
[INFO] running `Command { std: "docker" "inspect" "51d97753161a0f7673d0de0c3bc06a13e499a6bc1cc803857aab705500ac202d", kill_on_drop: false }`
[INFO] running `Command { std: "docker" "exec" "-e" "SOURCE_DIR=/opt/rustwide/workdir" "-e" "CARGO_HOME=/opt/rustwide/cargo-home" "-e" "RUSTUP_HOME=/opt/rustwide/rustup-home" "-e" "CARGO_TARGET_DIR=/opt/rustwide/target" "-e" "CARGO_INCREMENTAL=0" "-e" "RUST_BACKTRACE=full" "-e" "RUSTFLAGS=--cap-lints=warn" "-e" "RUSTDOCFLAGS=--cap-lints=warn" "-w" "/opt/rustwide/workdir" "--user" "0:0" "51d97753161a0f7673d0de0c3bc06a13e499a6bc1cc803857aab705500ac202d" "/opt/rustwide/cargo-home/bin/cargo" "+1.100.0-beta.1" "test" "--frozen" "--no-run" "--message-format=json" "--release", kill_on_drop: false }`
[INFO] [stderr]    Compiling ruby-merge v0.2.0 (/opt/rustwide/workdir)
[INFO] [stderr]     Finished `release` profile [optimized] target(s) in 9.22s
[INFO] running `Command { std: "docker" "inspect" "51d97753161a0f7673d0de0c3bc06a13e499a6bc1cc803857aab705500ac202d", kill_on_drop: false }`
[INFO] running `Command { std: "docker" "exec" "-e" "SOURCE_DIR=/opt/rustwide/workdir" "-e" "CARGO_HOME=/opt/rustwide/cargo-home" "-e" "RUSTUP_HOME=/opt/rustwide/rustup-home" "-e" "CARGO_TARGET_DIR=/opt/rustwide/target" "-e" "CARGO_INCREMENTAL=0" "-e" "RUST_BACKTRACE=full" "-e" "RUSTFLAGS=--cap-lints=warn" "-e" "RUSTDOCFLAGS=--cap-lints=warn" "-w" "/opt/rustwide/workdir" "--user" "0:0" "51d97753161a0f7673d0de0c3bc06a13e499a6bc1cc803857aab705500ac202d" "/opt/rustwide/cargo-home/bin/cargo" "+1.100.0-beta.1" "test" "--frozen" "--release", kill_on_drop: false }`
[INFO] [stderr]     Finished `release` profile [optimized] target(s) in 0.12s
[INFO] [stderr]      Running unittests src/lib.rs (/opt/rustwide/target/release/build/ruby-merge/334e5bda22f77453/out/ruby_merge-334e5bda22f77453)
[INFO] [stdout] 
[INFO] [stdout] running 0 tests
[INFO] [stdout] 
[INFO] [stdout] test result: ok. 0 passed; 0 failed; 0 ignored; 0 measured; 0 filtered out; finished in 0.00s
[INFO] [stdout] 
[INFO] [stderr]      Running tests/fixtures.rs (/opt/rustwide/target/release/build/ruby-merge/fe2533a12c9f3e25/out/fixtures-fe2533a12c9f3e25)
[INFO] [stdout] 
[INFO] [stdout] running 1 test
[INFO] [stdout] test conforms_to_ruby_fixtures ... FAILED
[INFO] [stdout] 
[INFO] [stdout] failures:
[INFO] [stdout] 
[INFO] [stdout] ---- conforms_to_ruby_fixtures stdout ----
[INFO] [stdout] 
[INFO] [stdout] thread 'conforms_to_ruby_fixtures' (1546) panicked at tests/fixtures.rs:37:58:
[INFO] [stdout] fixture should be readable: Os { code: 2, kind: NotFound, message: "No such file or directory" }
[INFO] [stdout] stack backtrace:
[INFO] [stdout]    0:     0x5d98f16c1d91 - <<std[617be2ca0a6fd877]::sys::backtrace::BacktraceLock>::print::DisplayBacktrace as core[a373ad73a504971]::fmt::Display>::fmt
[INFO] [stdout]    1:     0x5d98f16d8d6a - core[a373ad73a504971]::fmt::write
[INFO] [stdout]    2:     0x5d98f16c66cc - <alloc[2e1b2a31b91974c5]::vec::Vec<u8> as core[a373ad73a504971]::io::write::Write>::write_fmt
[INFO] [stdout]    3:     0x5d98f169af06 - std[617be2ca0a6fd877]::panicking::default_hook::{closure#0}
[INFO] [stdout]    4:     0x5d98f16b9089 - std[617be2ca0a6fd877]::panicking::default_hook
[INFO] [stdout]    5:     0x5d98f1439f70 - test[aada8e7e76ba119b]::test_main_inner::{closure#0}
[INFO] [stdout]    6:     0x5d98f16b9242 - std[617be2ca0a6fd877]::panicking::panic_with_hook
[INFO] [stdout]    7:     0x5d98f169afb2 - std[617be2ca0a6fd877]::panicking::panic_handler::{closure#0}
[INFO] [stdout]    8:     0x5d98f16937f9 - std[617be2ca0a6fd877]::sys::backtrace::__rust_end_short_backtrace::<std[617be2ca0a6fd877]::panicking::panic_handler::{closure#0}, !>
[INFO] [stdout]    9:     0x5d98f169c04d - __rustc[ea4f61d10b84890b]::rust_begin_unwind
[INFO] [stdout]   10:     0x5d98f16d94cc - core[a373ad73a504971]::panicking::panic_fmt
[INFO] [stdout]   11:     0x5d98f16d92a2 - core[a373ad73a504971]::result::unwrap_failed
[INFO] [stdout]   12:     0x5d98f140b0b2 - fixtures[3b3f58031f27ac97]::read_fixture
[INFO] [stdout]   13:     0x5d98f140b1c4 - fixtures[3b3f58031f27ac97]::conforms_to_ruby_fixtures
[INFO] [stdout]   14:     0x5d98f1415ea9 - <fixtures[3b3f58031f27ac97]::conforms_to_ruby_fixtures::{closure#0} as core[a373ad73a504971]::ops::function::FnOnce<()>>::call_once
[INFO] [stdout]   15:     0x5d98f142d3bb - test[aada8e7e76ba119b]::__rust_begin_short_backtrace::<core[a373ad73a504971]::result::Result<(), alloc[2e1b2a31b91974c5]::string::String>, fn() -> core[a373ad73a504971]::result::Result<(), alloc[2e1b2a31b91974c5]::string::String>>
[INFO] [stdout]   16:     0x5d98f143a595 - test[aada8e7e76ba119b]::run_test::{closure#0}
[INFO] [stdout]   17:     0x5d98f1433e84 - std[617be2ca0a6fd877]::sys::backtrace::__rust_begin_short_backtrace::<test[aada8e7e76ba119b]::run_test::{closure#1}, ()>
[INFO] [stdout]   18:     0x5d98f143d622 - <std[617be2ca0a6fd877]::thread::lifecycle::spawn_unchecked<test[aada8e7e76ba119b]::run_test::{closure#1}, ()>::{closure#1} as core[a373ad73a504971]::ops::function::FnOnce<()>>::call_once::{shim:vtable#0}
[INFO] [stdout]   19:     0x5d98f16c0b8f - <std[617be2ca0a6fd877]::sys::thread::unix::Thread>::new::thread_start
[INFO] [stdout]   20:     0x788d9064fdfa - <unknown>
[INFO] [stdout]   21:     0x788d906e33d4 - clone
[INFO] [stdout]   22:                0x0 - <unknown>
[INFO] [stdout] 
[INFO] [stdout] 
[INFO] [stdout] failures:
[INFO] [stdout]     conforms_to_ruby_fixtures
[INFO] [stdout] 
[INFO] [stdout] test result: FAILED. 0 passed; 1 failed; 0 ignored; 0 measured; 0 filtered out; finished in 0.01s
[INFO] [stdout] 
[INFO] [stderr] error: test failed, to rerun pass `--test fixtures`
[INFO] running `Command { std: "docker" "inspect" "51d97753161a0f7673d0de0c3bc06a13e499a6bc1cc803857aab705500ac202d", kill_on_drop: false }`
[INFO] running `Command { std: "docker" "rm" "-f" "51d97753161a0f7673d0de0c3bc06a13e499a6bc1cc803857aab705500ac202d", kill_on_drop: false }`
[INFO] [stdout] 51d97753161a0f7673d0de0c3bc06a13e499a6bc1cc803857aab705500ac202d
