[INFO] fetching crate ruapc-rdma 0.2.0-alpha.6...
[INFO] testing ruapc-rdma-0.2.0-alpha.6 against 1.100.0-beta.1+cargoflags=--release for beta-release-1.100-2
[INFO] extracting crate ruapc-rdma 0.2.0-alpha.6 into /workspace/builds/worker-0-tc2/source
[INFO] started tweaking crates.io crate ruapc-rdma 0.2.0-alpha.6
[INFO] finished tweaking crates.io crate ruapc-rdma 0.2.0-alpha.6
[INFO] tweaked toml for crates.io crate ruapc-rdma 0.2.0-alpha.6 written to /workspace/builds/worker-0-tc2/source/Cargo.toml
[INFO] validating manifest of crates.io crate ruapc-rdma 0.2.0-alpha.6 on toolchain 1.100.0-beta.1
[INFO] running `Command { std: CARGO_HOME="/workspace/cargo-home" RUSTUP_HOME="/workspace/rustup-home" "/workspace/cargo-home/bin/cargo" "+1.100.0-beta.1" "metadata" "--manifest-path" "Cargo.toml" "--no-deps", kill_on_drop: false }`
[INFO] crate crates.io crate ruapc-rdma 0.2.0-alpha.6 already has a lockfile, it will not be regenerated
[INFO] running `Command { std: CARGO_HOME="/workspace/cargo-home" RUSTUP_HOME="/workspace/rustup-home" "/workspace/cargo-home/bin/cargo" "+1.100.0-beta.1" "fetch" "--manifest-path" "Cargo.toml", kill_on_drop: false }`
[INFO] [stderr] warning: `package.homepage` is redundant with `package.repository`
[INFO] [stderr]   --> Cargo.toml:76:12
[INFO] [stderr]    |
[INFO] [stderr] 76 | homepage = "https://github.com/SF-Zhou/ruapc"
[INFO] [stderr]    |            ^^^^^^^^^^^^^^^^^^^^^^^^^^^^^^^^^^
[INFO] [stderr] ...
[INFO] [stderr] 81 | repository = "https://github.com/SF-Zhou/ruapc"
[INFO] [stderr]    |              ----------------------------------
[INFO] [stderr]    |
[INFO] [stderr]    = note: `cargo::redundant_homepage` is set to `warn` by default
[INFO] [stderr] help: consider removing `package.homepage`
[INFO] [stderr] warning: `ruapc-rdma` (manifest) generated 1 warning
[INFO] running `Command { std: "docker" "create" "-v" "/var/lib/crater-agent-workspace/builds/worker-0-tc2/source:/opt/rustwide/workdir:ro,Z" "-v" "/var/lib/crater-agent-workspace/builds/worker-0-tc2/target:/opt/rustwide/target:rw,Z" "-v" "/var/lib/crater-agent-workspace/cargo-home:/opt/rustwide/cargo-home:ro,Z" "-v" "/var/lib/crater-agent-workspace/rustup-home:/opt/rustwide/rustup-home:ro,Z" "-m" "1610612736" "--network" "none" "ghcr.io/rust-lang/crates-build-env/linux@sha256:77db811e55d90add9212f6832c23229e3de5f1c1f9905e8cb07319ea15df73ac" "sleep" "infinity", kill_on_drop: false }`
[INFO] [stdout] ca78a043839e3a01cb9fbf49f75bcc77a53b15a2bb02fb90bdd2fe4322f4bfcc
[INFO] running `Command { std: "docker" "start" "ca78a043839e3a01cb9fbf49f75bcc77a53b15a2bb02fb90bdd2fe4322f4bfcc", kill_on_drop: false }`
[INFO] running `Command { std: "docker" "inspect" "ca78a043839e3a01cb9fbf49f75bcc77a53b15a2bb02fb90bdd2fe4322f4bfcc", kill_on_drop: false }`
[INFO] running `Command { std: "docker" "exec" "-e" "SOURCE_DIR=/opt/rustwide/workdir" "-e" "CARGO_HOME=/opt/rustwide/cargo-home" "-e" "RUSTUP_HOME=/opt/rustwide/rustup-home" "-e" "CARGO_TARGET_DIR=/opt/rustwide/target" "-w" "/opt/rustwide/workdir" "--user" "0:0" "ca78a043839e3a01cb9fbf49f75bcc77a53b15a2bb02fb90bdd2fe4322f4bfcc" "/opt/rustwide/cargo-home/bin/cargo" "+1.100.0-beta.1" "metadata" "--no-deps" "--format-version=1", kill_on_drop: false }`
[INFO] running `Command { std: "docker" "inspect" "ca78a043839e3a01cb9fbf49f75bcc77a53b15a2bb02fb90bdd2fe4322f4bfcc", kill_on_drop: false }`
[INFO] running `Command { std: "docker" "exec" "-e" "SOURCE_DIR=/opt/rustwide/workdir" "-e" "CARGO_HOME=/opt/rustwide/cargo-home" "-e" "RUSTUP_HOME=/opt/rustwide/rustup-home" "-e" "CARGO_TARGET_DIR=/opt/rustwide/target" "-e" "CARGO_INCREMENTAL=0" "-e" "RUST_BACKTRACE=full" "-e" "RUSTFLAGS=--cap-lints=warn" "-e" "RUSTDOCFLAGS=--cap-lints=warn" "-w" "/opt/rustwide/workdir" "--user" "0:0" "ca78a043839e3a01cb9fbf49f75bcc77a53b15a2bb02fb90bdd2fe4322f4bfcc" "/opt/rustwide/cargo-home/bin/cargo" "+1.100.0-beta.1" "build" "--frozen" "--message-format=json" "--release", kill_on_drop: false }`
[INFO] [stderr] warning: `package.homepage` is redundant with `package.repository`
[INFO] [stderr]   --> Cargo.toml:76:12
[INFO] [stderr]    |
[INFO] [stderr] 76 | homepage = "https://github.com/SF-Zhou/ruapc"
[INFO] [stderr]    |            ^^^^^^^^^^^^^^^^^^^^^^^^^^^^^^^^^^
[INFO] [stderr] ...
[INFO] [stderr] 81 | repository = "https://github.com/SF-Zhou/ruapc"
[INFO] [stderr]    |              ----------------------------------
[INFO] [stderr]    |
[INFO] [stderr]    = note: `cargo::redundant_homepage` is set to `warn` by default
[INFO] [stderr] help: consider removing `package.homepage`
[INFO] [stderr] warning: `ruapc-rdma` (manifest) generated 1 warning
[INFO] [stderr]    Compiling syn v3.0.9
[INFO] [stderr]    Compiling libc v0.2.190
[INFO] [stderr]    Compiling glob v0.3.4
[INFO] [stderr]    Compiling prettyplease v0.2.37
[INFO] [stderr]    Compiling cfg-if v1.0.5
[INFO] [stderr]    Compiling smallvec v1.16.3
[INFO] [stderr]    Compiling regex-syntax v0.8.11
[INFO] [stderr]    Compiling minimal-lexical v0.2.1
[INFO] [stderr]    Compiling serde v1.0.229
[INFO] [stderr]    Compiling bindgen v0.72.1
[INFO] [stderr]    Compiling ref-cast v1.0.27
[INFO] [stderr]    Compiling either v1.19.0
[INFO] [stderr]    Compiling serde_json v1.0.154
[INFO] [stderr]    Compiling memchr v2.8.3
[INFO] [stderr]    Compiling rustc-hash v2.1.3
[INFO] [stderr]    Compiling libloading v0.8.9
[INFO] [stderr]    Compiling itertools v0.13.0
[INFO] [stderr]    Compiling log v0.4.34
[INFO] [stderr]    Compiling bitflags v2.13.2
[INFO] [stderr]    Compiling hashbrown v0.14.5
[INFO] [stderr]    Compiling dyn-clone v1.0.20
[INFO] [stderr]    Compiling strum_macros v0.28.0
[INFO] [stderr]    Compiling enumflags2_derive v0.7.12
[INFO] [stderr]    Compiling foldhash v0.1.5
[INFO] [stderr]    Compiling aliasable v0.1.3
[INFO] [stderr]    Compiling clang-sys v1.9.1
[INFO] [stderr]    Compiling nom v7.1.3
[INFO] [stderr]    Compiling parking_lot_core v0.9.12
[INFO] [stderr]    Compiling errno v0.3.14
[INFO] [stderr]    Compiling mio v1.2.4
[INFO] [stderr]    Compiling socket2 v0.6.5
[INFO] [stderr]    Compiling signal-hook-registry v1.4.8
[INFO] [stderr]    Compiling regex-automata v0.4.18
[INFO] [stderr]    Compiling parking_lot v0.12.5
[INFO] [stderr]    Compiling dashmap v6.2.1
[INFO] [stderr]    Compiling strum v0.28.0
[INFO] [stderr]    Compiling cexpr v0.6.0
[INFO] [stderr]    Compiling serde_derive_internals v0.30.0
[INFO] [stderr]    Compiling serde_derive v1.0.229
[INFO] [stderr]    Compiling ref-cast-impl v1.0.27
[INFO] [stderr]    Compiling tokio-macros v2.7.2
[INFO] [stderr]    Compiling schemars_derive v1.2.3
[INFO] [stderr]    Compiling regex v1.13.1
[INFO] [stderr]    Compiling tokio v1.53.2
[INFO] [stderr]    Compiling schemars v1.2.3
[INFO] [stderr]    Compiling enumflags2 v0.7.12
[INFO] [stderr]    Compiling ruapc-rdma v0.2.0-alpha.6 (/opt/rustwide/workdir)
[INFO] [stderr]    Compiling ruapc-bufpool v0.2.0-alpha.6
[INFO] [stderr]     Finished `release` profile [optimized] target(s) in 42.59s
[INFO] running `Command { std: "docker" "inspect" "ca78a043839e3a01cb9fbf49f75bcc77a53b15a2bb02fb90bdd2fe4322f4bfcc", kill_on_drop: false }`
[INFO] running `Command { std: "docker" "exec" "-e" "SOURCE_DIR=/opt/rustwide/workdir" "-e" "CARGO_HOME=/opt/rustwide/cargo-home" "-e" "RUSTUP_HOME=/opt/rustwide/rustup-home" "-e" "CARGO_TARGET_DIR=/opt/rustwide/target" "-e" "CARGO_INCREMENTAL=0" "-e" "RUST_BACKTRACE=full" "-e" "RUSTFLAGS=--cap-lints=warn" "-e" "RUSTDOCFLAGS=--cap-lints=warn" "-w" "/opt/rustwide/workdir" "--user" "0:0" "ca78a043839e3a01cb9fbf49f75bcc77a53b15a2bb02fb90bdd2fe4322f4bfcc" "/opt/rustwide/cargo-home/bin/cargo" "+1.100.0-beta.1" "test" "--frozen" "--no-run" "--message-format=json" "--release", kill_on_drop: false }`
[INFO] [stderr] warning: `package.homepage` is redundant with `package.repository`
[INFO] [stderr]   --> Cargo.toml:76:12
[INFO] [stderr]    |
[INFO] [stderr] 76 | homepage = "https://github.com/SF-Zhou/ruapc"
[INFO] [stderr]    |            ^^^^^^^^^^^^^^^^^^^^^^^^^^^^^^^^^^
[INFO] [stderr] ...
[INFO] [stderr] 81 | repository = "https://github.com/SF-Zhou/ruapc"
[INFO] [stderr]    |              ----------------------------------
[INFO] [stderr]    |
[INFO] [stderr]    = note: `cargo::redundant_homepage` is set to `warn` by default
[INFO] [stderr] help: consider removing `package.homepage`
[INFO] [stderr] warning: `ruapc-rdma` (manifest) generated 1 warning
[INFO] [stderr]    Compiling serde_json v1.0.154
[INFO] [stderr]    Compiling schemars v1.2.3
[INFO] [stderr]    Compiling ruapc-bufpool v0.2.0-alpha.6
[INFO] [stderr]    Compiling ruapc-rdma v0.2.0-alpha.6 (/opt/rustwide/workdir)
[INFO] [stderr]     Finished `release` profile [optimized] target(s) in 15.86s
[INFO] running `Command { std: "docker" "inspect" "ca78a043839e3a01cb9fbf49f75bcc77a53b15a2bb02fb90bdd2fe4322f4bfcc", kill_on_drop: false }`
[INFO] running `Command { std: "docker" "exec" "-e" "SOURCE_DIR=/opt/rustwide/workdir" "-e" "CARGO_HOME=/opt/rustwide/cargo-home" "-e" "RUSTUP_HOME=/opt/rustwide/rustup-home" "-e" "CARGO_TARGET_DIR=/opt/rustwide/target" "-e" "CARGO_INCREMENTAL=0" "-e" "RUST_BACKTRACE=full" "-e" "RUSTFLAGS=--cap-lints=warn" "-e" "RUSTDOCFLAGS=--cap-lints=warn" "-w" "/opt/rustwide/workdir" "--user" "0:0" "ca78a043839e3a01cb9fbf49f75bcc77a53b15a2bb02fb90bdd2fe4322f4bfcc" "/opt/rustwide/cargo-home/bin/cargo" "+1.100.0-beta.1" "test" "--frozen" "--release", kill_on_drop: false }`
[INFO] [stderr] warning: `package.homepage` is redundant with `package.repository`
[INFO] [stderr]   --> Cargo.toml:76:12
[INFO] [stderr]    |
[INFO] [stderr] 76 | homepage = "https://github.com/SF-Zhou/ruapc"
[INFO] [stderr]    |            ^^^^^^^^^^^^^^^^^^^^^^^^^^^^^^^^^^
[INFO] [stderr] ...
[INFO] [stderr] 81 | repository = "https://github.com/SF-Zhou/ruapc"
[INFO] [stderr]    |              ----------------------------------
[INFO] [stderr]    |
[INFO] [stderr]    = note: `cargo::redundant_homepage` is set to `warn` by default
[INFO] [stderr] help: consider removing `package.homepage`
[INFO] [stderr] warning: `ruapc-rdma` (manifest) generated 1 warning
[INFO] [stderr]     Finished `release` profile [optimized] target(s) in 0.08s
[INFO] [stderr]      Running unittests src/lib.rs (/opt/rustwide/target/release/build/ruapc-rdma/facffe7f67cfe78d/out/ruapc_rdma-facffe7f67cfe78d)
[INFO] [stdout] 
[INFO] [stdout] running 118 tests
[INFO] [stdout] test error::tests::test_error ... ok
[INFO] [stdout] test error::tests::test_error_display ... ok
[INFO] [stdout] test ffi::flags::tests::test_flags_serde_roundtrip ... ok
[INFO] [stdout] test ffi::gid::tests::test_gid_as_bits ... ok
[INFO] [stdout] test ffi::gid::tests::test_gid_is_loopback ... ok
[INFO] [stdout] test ffi::flags::tests::test_flag_names_and_iteration ... ok
[INFO] [stdout] test ffi::gid::tests::test_gid_null ... ok
[INFO] [stdout] test ffi::gid::tests::test_gid_debug ... ok
[INFO] [stdout] test ffi::gid::tests::test_gid_subnet_interface ... ok
[INFO] [stdout] test ffi::gid::tests::test_gid_serialize_deserialize ... ok
[INFO] [stdout] test ffi::port_attr::tests::calculates_aggregate_bandwidth ... ok
[INFO] [stdout] test ffi::flags::tests::test_port_cap_flags2_abi_layout ... ok
[INFO] [stdout] test ffi::gid::tests::test_gid_as_ipv6 ... ok
[INFO] [stdout] test ffi::gid::tests::test_gid_equality ... ok
[INFO] [stdout] test ffi::wc::tests::test_wc_succ ... ok
[INFO] [stdout] test ffi::wc::tests::test_wc_type_checks ... ok
[INFO] [stdout] test ffi::wc::tests::test_wc_imm_none ... ok
[INFO] [stdout] test ffi::wc::tests::test_wc_debug ... ok
[INFO] [stdout] test types::device_info::tests::test_port_bandwidth ... ok
[INFO] [stdout] test types::device_info::tests::test_port_find_gid ... ok
[INFO] [stdout] test types::device_info::tests::test_port_is_usable ... ok
[INFO] [stdout] test types::device_info::tests::test_rocev2_link_local_gid_not_usable ... ok
[INFO] [stdout] test types::device_info::tests::test_rocev2_routable_gids_usable ... ok
[INFO] [stdout] test types::fw_ver::tests::test_fw_ver_deserialize_truncates ... ok
[INFO] [stdout] test types::fw_ver::tests::test_fw_ver_display ... ok
[INFO] [stdout] test error::tests::test_error_from_kind ... ok
[INFO] [stdout] test types::fw_ver::tests::test_fw_ver_serialize_deserialize_roundtrip ... ok
[INFO] [stdout] test types::fw_ver::tests::test_fw_ver_full_length ... ok
[INFO] [stdout] test types::fw_ver::tests::test_fw_ver_serialize ... ok
[INFO] [stdout] test fd_poll::tests::test_poll_readable ... ok
[INFO] [stdout] test ffi::wc::tests::test_wc_imm_some ... ok
[INFO] [stdout] test types::device_info::tests::test_rocev2_loopback_gid_not_usable ... ok
[INFO] [stdout] test types::guid::tests::test_guid_case_insensitive ... ok
[INFO] [stdout] test types::guid::tests::test_guid_debug ... ok
[INFO] [stdout] test types::guid::tests::test_guid_deserialize ... ok
[INFO] [stdout] test test_utils::tests::test_context_dropped_while_children_alive ... FAILED
[INFO] [stdout] test types::guid::tests::test_guid_deserialize_invalid_format ... ok
[INFO] [stdout] test types::guid::tests::test_guid_deserialize_invalid_hex ... ok
[INFO] [stdout] test test_utils::tests::test_multiple_cqs_shared_context ... FAILED
[INFO] [stdout] test types::device_info::tests::test_link_local_prefix_usable_for_ib_and_rocev1 ... ok
[INFO] [stdout] test types::guid::tests::test_guid_display ... ok
[INFO] [stdout] test types::device_info::tests::test_usable_keeps_index_and_type ... ok
[INFO] [stdout] test types::guid::tests::test_guid_serialize ... ok
[INFO] [stdout] test types::fw_ver::tests::test_fw_ver_deserialize ... ok
[INFO] [stdout] test types::guid::tests::test_guid_serialize_deserialize_roundtrip ... ok
[INFO] [stdout] test types::link_layer::tests::test_link_layer_as_str ... ok
[INFO] [stdout] test types::link_layer::tests::test_link_layer_display ... ok
[INFO] [stdout] test types::link_layer::tests::test_link_layer_from ... ok
[INFO] [stdout] test types::link_layer::tests::test_link_layer_from_u8 ... ok
[INFO] [stdout] test types::link_layer::tests::test_link_layer_is_ethernet ... ok
[INFO] [stdout] test types::link_layer::tests::test_link_layer_is_infiniband ... ok
[INFO] [stdout] test types::link_layer::tests::test_link_layer_serialize_deserialize ... ok
[INFO] [stdout] test ffi::port_attr::tests::decodes_active_speed ... ok
[INFO] [stdout] test ffi::port_attr::tests::decodes_active_width ... ok
[INFO] [stdout] test types::link_layer::tests::test_link_layer_to_u8 ... ok
[INFO] [stdout] test types::wrid::tests::debug_prints_raw_identity_without_guessing_the_layout ... ok
[INFO] [stdout] test types::wrid::tests::raw_identity_places_type_below_the_full_sequence ... ok
[INFO] [stdout] test verbs::completion_queue::identities::tests::qpn_lease_blocks_reuse_until_the_old_watermark_is_returned ... ok
[INFO] [stdout] test types::wrid::tests::type_and_sequence_roundtrip_at_fixed_width_boundaries ... ok
[INFO] [stdout] test verbs::completion_queue::identities::tests::poisoned_send_transaction_preserves_watermark_on_drop ... FAILED
[INFO] [stdout] test verbs::completion_queue::identities::tests::retirement_order_never_lowers_the_shared_floor ... ok
[INFO] [stdout] test verbs::comp_channel::tests::test_comp_channel_create ... FAILED
[INFO] [stdout] test verbs::comp_channel::tests::test_comp_channel_set_nonblock ... FAILED
[INFO] [stdout] test verbs::completion_queue::identities::tests::qpn_reuse_starts_above_both_directions_and_failed_posts ... ok
[INFO] [stdout] test verbs::completion_queue::identities::tests::concurrent_qpn_reuse_cannot_observe_a_preallocated_floor ... ok
[INFO] [stdout] test verbs::completion_queue::tests::cq_rejects_nonpositive_requested_capacity ... FAILED
[INFO] [stdout] test verbs::completion_queue::identities::tests::unused_incarnations_advance_without_growing_the_registry ... ok
[INFO] [stdout] test verbs::completion_queue::tests::completion_requires_its_original_cq_qpn_and_incarnation ... FAILED
[INFO] [stdout] test verbs::completion_queue::identities::tests::retired_qpns_do_not_accumulate_registry_entries ... ok
[INFO] [stdout] test verbs::completion_queue::tests::fixed_sequence_decoding_does_not_replace_cq_authentication ... FAILED
[INFO] [stdout] test verbs::completion_queue::identities::tests::exhaustion_preserves_the_qpn_watermark_without_wrapping ... ok
[INFO] [stdout] test verbs::completion_queue::tests::lease_drop_preserves_both_directions_and_unused_incarnations ... FAILED
[INFO] [stdout] test fd_poll::tests::test_poll_timeout ... ok
[INFO] [stdout] test verbs::completion_queue::identities::tests::send_guard_serializes_the_entire_posting_transaction ... ok
[INFO] [stdout] test verbs::context::tests::test_context_debug ... FAILED
[INFO] [stdout] test verbs::context::tests::test_context_query_gid ... FAILED
[INFO] [stdout] test verbs::context::tests::test_context_query_port ... FAILED
[INFO] [stdout] test types::fw_ver::tests::test_fw_ver_empty ... ok
[INFO] [stdout] test verbs::completion_queue::tests::test_cq_create_without_channel ... FAILED
[INFO] [stdout] test verbs::device::tests::test_device_available ... FAILED
[INFO] [stdout] test verbs::completion_queue::tests::test_cq_req_notify ... FAILED
[INFO] [stdout] test verbs::completion_queue::identities::tests::send_sequence_exhaustion_never_wraps ... ok
[INFO] [stdout] test verbs::completion_queue::tests::test_cq_create_with_channel ... FAILED
[INFO] [stdout] test verbs::completion_queue::identities::tests::concurrent_sequences_are_unique_at_the_exhaustion_boundary ... ok
[INFO] [stdout] test verbs::completion_queue::tests::test_cq_poll_empty ... FAILED
[INFO] [stdout] test verbs::device::tests::test_device_debug ... FAILED
[INFO] [stdout] test verbs::device::tests::test_device_info ... FAILED
[INFO] [stdout] test verbs::context::tests::test_context_query_device ... FAILED
[INFO] [stdout] test verbs::qp_connection::tests::roce_uses_grh_and_preserves_negotiated_psns_and_read_limits ... ok
[INFO] [stdout] test verbs::memory_region::tests::rejects_offset_addressing_for_owned_buffer_operations ... FAILED
[INFO] [stdout] test verbs::queue_pair::read::tests::dropped_receiver_cannot_release_inflight_memory ... ok
[INFO] [stdout] test verbs::queue_pair::read::tests::only_last_completion_returns_owned_memory ... ok
[INFO] [stdout] test verbs::memory_region::tests::test_memory_region_debug ... FAILED
[INFO] [stdout] test verbs::memory_region::tests::test_memory_region_register ... FAILED
[INFO] [stdout] test verbs::memory_region::tests::test_memory_region_memory_keeps_alive ... FAILED
[INFO] [stdout] test verbs::queue_pair::read::tests::partial_failure_after_early_completions_settles_once ... ok
[INFO] [stdout] test verbs::queue_pair::read::tests::cancelled_poster_accounts_the_unposted_suffix ... ok
[INFO] [stdout] test verbs::queue_pair::read::tests::unposted_cancel_recovers_memory_and_closes_receiver ... ok
[INFO] [stdout] test verbs::queue_pair::read::tests::validates_bounds_overflow_and_cross_request_overlap ... ok
[INFO] [stdout] test verbs::queue_pair::tests::modify_error_reports_provider_errno_and_target_state ... ok
[INFO] [stdout] test verbs::protection_domain::tests::test_protection_domain_debug ... FAILED
[INFO] [stdout] test verbs::qp_connection::tests::rejects_invalid_connection_parameters ... ok
[INFO] [stdout] test verbs::queue_pair::tests::failed_second_cq_registration_releases_only_its_own_partial_lease ... FAILED
[INFO] [stdout] test verbs::queue_pair::tests::cq_capacity_does_not_limit_qps_with_no_posted_work ... FAILED
[INFO] [stdout] test verbs::qp_connection::tests::infiniband_uses_unicast_lid_without_grh ... ok
[INFO] [stdout] test verbs::queue_pair::tests::qp_identities_are_registered_after_creation_and_retire_after_destruction ... FAILED
[INFO] [stdout] test verbs::queue_pair::read::tests::timeout_notifies_once_and_holds_memory_through_flush ... ok
[INFO] [stdout] test verbs::protection_domain::tests::test_protection_domain_alloc ... FAILED
[INFO] [stdout] test verbs::queue_pair::tests::qp_creation_rejects_unowned_resources_and_foreign_contexts ... FAILED
[INFO] [stdout] test verbs::queue_pair::tests::signaling_preserves_flags_and_forces_window_tail_completion ... ok
[INFO] [stdout] test verbs::wr_slots::tests::collision_returns_buffer_without_disturbing_the_live_request ... ok
[INFO] [stdout] test verbs::queue_pair::tests::separate_cqs_preserve_independent_retired_floors ... FAILED
[INFO] [stdout] test verbs::queue_pair::tests::selective_sweep_skips_previous_incarnations_and_already_completed_work ... ok
[INFO] [stdout] test verbs::wr_slots::tests::test_take_without_insert ... ok
[INFO] [stdout] test verbs::wr_slots::tests::test_wrap_around_reuses_slots ... ok
[INFO] [stdout] test verbs::wr_slots::tests::test_insert_take_roundtrip ... ok
[INFO] [stdout] test verbs::completion_queue::identities::tests::registry_has_no_cq_capacity_or_dense_qpn_requirement ... ok
[INFO] [stdout] test verbs::wr_slots::tests::test_concurrent_post_and_complete ... ok
[INFO] [stdout] 
[INFO] [stdout] failures:
[INFO] [stdout] 
[INFO] [stdout] ---- test_utils::tests::test_context_dropped_while_children_alive stdout ----
[INFO] [stdout] 
[INFO] [stdout] thread 'test_utils::tests::test_context_dropped_while_children_alive' (1551) panicked at src/test_utils.rs:10:45:
[INFO] [stdout] no RDMA devices: IBDeviceNotFound
[INFO] [stdout] stack backtrace:
[INFO] [stdout]    0:     0x5822ffd347f1 - <<std[617be2ca0a6fd877]::sys::backtrace::BacktraceLock>::print::DisplayBacktrace as core[a373ad73a504971]::fmt::Display>::fmt
[INFO] [stdout]    1:     0x5822ffd49dba - core[a373ad73a504971]::fmt::write
[INFO] [stdout]    2:     0x5822ffd38b1c - <alloc[2e1b2a31b91974c5]::vec::Vec<u8> as core[a373ad73a504971]::io::write::Write>::write_fmt
[INFO] [stdout]    3:     0x5822ffd10436 - std[617be2ca0a6fd877]::panicking::default_hook::{closure#0}
[INFO] [stdout]    4:     0x5822ffd2c919 - std[617be2ca0a6fd877]::panicking::default_hook
[INFO] [stdout]    5:     0x5822ffcb5a70 - test[aada8e7e76ba119b]::test_main_inner::{closure#0}
[INFO] [stdout]    6:     0x5822ffd2cc42 - std[617be2ca0a6fd877]::panicking::panic_with_hook
[INFO] [stdout]    7:     0x5822ffd104e2 - std[617be2ca0a6fd877]::panicking::panic_handler::{closure#0}
[INFO] [stdout]    8:     0x5822ffd09069 - std[617be2ca0a6fd877]::sys::backtrace::__rust_end_short_backtrace::<std[617be2ca0a6fd877]::panicking::panic_handler::{closure#0}, !>
[INFO] [stdout]    9:     0x5822ffd110ed - __rustc[ea4f61d10b84890b]::rust_begin_unwind
[INFO] [stdout]   10:     0x5822ffd4a51c - core[a373ad73a504971]::panicking::panic_fmt
[INFO] [stdout]   11:     0x5822ffd4a2f2 - core[a373ad73a504971]::result::unwrap_failed
[INFO] [stdout]   12:     0x5822ffc9fc16 - ruapc_rdma[1b8952cf6135a451]::test_utils::open_device
[INFO] [stdout]   13:     0x5822ffc71b69 - <ruapc_rdma[1b8952cf6135a451]::test_utils::tests::test_context_dropped_while_children_alive::{closure#0} as core[a373ad73a504971]::ops::function::FnOnce<()>>::call_once
[INFO] [stdout]   14:     0x5822ffca8ebb - test[aada8e7e76ba119b]::__rust_begin_short_backtrace::<core[a373ad73a504971]::result::Result<(), alloc[2e1b2a31b91974c5]::string::String>, fn() -> core[a373ad73a504971]::result::Result<(), alloc[2e1b2a31b91974c5]::string::String>>
[INFO] [stdout]   15:     0x5822ffcb6095 - test[aada8e7e76ba119b]::run_test::{closure#0}
[INFO] [stdout]   16:     0x5822ffcaf984 - std[617be2ca0a6fd877]::sys::backtrace::__rust_begin_short_backtrace::<test[aada8e7e76ba119b]::run_test::{closure#1}, ()>
[INFO] [stdout]   17:     0x5822ffcb9122 - <std[617be2ca0a6fd877]::thread::lifecycle::spawn_unchecked<test[aada8e7e76ba119b]::run_test::{closure#1}, ()>::{closure#1} as core[a373ad73a504971]::ops::function::FnOnce<()>>::call_once::{shim:vtable#0}
[INFO] [stdout]   18:     0x5822ffd33cdf - <std[617be2ca0a6fd877]::sys::thread::unix::Thread>::new::thread_start
[INFO] [stdout]   19:     0x70cf89ab7dfa - <unknown>
[INFO] [stdout]   20:     0x70cf89b4b3d4 - clone
[INFO] [stdout]   21:                0x0 - <unknown>
[INFO] [stdout] 
[INFO] [stdout] ---- test_utils::tests::test_multiple_cqs_shared_context stdout ----
[INFO] [stdout] 
[INFO] [stdout] thread 'test_utils::tests::test_multiple_cqs_shared_context' (1552) panicked at src/test_utils.rs:10:45:
[INFO] [stdout] no RDMA devices: IBDeviceNotFound
[INFO] [stdout] stack backtrace:
[INFO] [stdout]    0:     0x5822ffd347f1 - <<std[617be2ca0a6fd877]::sys::backtrace::BacktraceLock>::print::DisplayBacktrace as core[a373ad73a504971]::fmt::Display>::fmt
[INFO] [stdout]    1:     0x5822ffd49dba - core[a373ad73a504971]::fmt::write
[INFO] [stdout]    2:     0x5822ffd38b1c - <alloc[2e1b2a31b91974c5]::vec::Vec<u8> as core[a373ad73a504971]::io::write::Write>::write_fmt
[INFO] [stdout]    3:     0x5822ffd10436 - std[617be2ca0a6fd877]::panicking::default_hook::{closure#0}
[INFO] [stdout]    4:     0x5822ffd2c919 - std[617be2ca0a6fd877]::panicking::default_hook
[INFO] [stdout]    5:     0x5822ffcb5a70 - test[aada8e7e76ba119b]::test_main_inner::{closure#0}
[INFO] [stdout]    6:     0x5822ffd2cc42 - std[617be2ca0a6fd877]::panicking::panic_with_hook
[INFO] [stdout]    7:     0x5822ffd104e2 - std[617be2ca0a6fd877]::panicking::panic_handler::{closure#0}
[INFO] [stdout]    8:     0x5822ffd09069 - std[617be2ca0a6fd877]::sys::backtrace::__rust_end_short_backtrace::<std[617be2ca0a6fd877]::panicking::panic_handler::{closure#0}, !>
[INFO] [stdout]    9:     0x5822ffd110ed - __rustc[ea4f61d10b84890b]::rust_begin_unwind
[INFO] [stdout]   10:     0x5822ffd4a51c - core[a373ad73a504971]::panicking::panic_fmt
[INFO] [stdout]   11:     0x5822ffd4a2f2 - core[a373ad73a504971]::result::unwrap_failed
[INFO] [stdout]   12:     0x5822ffc9fc16 - ruapc_rdma[1b8952cf6135a451]::test_utils::open_device
[INFO] [stdout]   13:     0x5822ffc7169d - <ruapc_rdma[1b8952cf6135a451]::test_utils::tests::test_multiple_cqs_shared_context::{closure#0} as core[a373ad73a504971]::ops::function::FnOnce<()>>::call_once
[INFO] [stdout]   14:     0x5822ffca8ebb - test[aada8e7e76ba119b]::__rust_begin_short_backtrace::<core[a373ad73a504971]::result::Result<(), alloc[2e1b2a31b91974c5]::string::String>, fn() -> core[a373ad73a504971]::result::Result<(), alloc[2e1b2a31b91974c5]::string::String>>
[INFO] [stdout]   15:     0x5822ffcb6095 - test[aada8e7e76ba119b]::run_test::{closure#0}
[INFO] [stdout]   16:     0x5822ffcaf984 - std[617be2ca0a6fd877]::sys::backtrace::__rust_begin_short_backtrace::<test[aada8e7e76ba119b]::run_test::{closure#1}, ()>
[INFO] [stdout]   17:     0x5822ffcb9122 - <std[617be2ca0a6fd877]::thread::lifecycle::spawn_unchecked<test[aada8e7e76ba119b]::run_test::{closure#1}, ()>::{closure#1} as core[a373ad73a504971]::ops::function::FnOnce<()>>::call_once::{shim:vtable#0}
[INFO] [stdout]   18:     0x5822ffd33cdf - <std[617be2ca0a6fd877]::sys::thread::unix::Thread>::new::thread_start
[INFO] [stdout]   19:     0x70cf89ab7dfa - <unknown>
[INFO] [stdout]   20:     0x70cf89b4b3d4 - clone
[INFO] [stdout]   21:                0x0 - <unknown>
[INFO] [stdout] 
[INFO] [stdout] ---- verbs::completion_queue::identities::tests::poisoned_send_transaction_preserves_watermark_on_drop stdout ----
[INFO] [stdout] 
[INFO] [stdout] thread 'verbs::completion_queue::identities::tests::poisoned_send_transaction_preserves_watermark_on_drop' (1592) panicked at src/test_utils.rs:10:45:
[INFO] [stdout] no RDMA devices: IBDeviceNotFound
[INFO] [stdout] stack backtrace:
[INFO] [stdout]    0:     0x5822ffd347f1 - <<std[617be2ca0a6fd877]::sys::backtrace::BacktraceLock>::print::DisplayBacktrace as core[a373ad73a504971]::fmt::Display>::fmt
[INFO] [stdout]    1:     0x5822ffd49dba - core[a373ad73a504971]::fmt::write
[INFO] [stdout]    2:     0x5822ffd38b1c - <alloc[2e1b2a31b91974c5]::vec::Vec<u8> as core[a373ad73a504971]::io::write::Write>::write_fmt
[INFO] [stdout]    3:     0x5822ffd10436 - std[617be2ca0a6fd877]::panicking::default_hook::{closure#0}
[INFO] [stdout]    4:     0x5822ffd2c919 - std[617be2ca0a6fd877]::panicking::default_hook
[INFO] [stdout]    5:     0x5822ffcb5a70 - test[aada8e7e76ba119b]::test_main_inner::{closure#0}
[INFO] [stdout]    6:     0x5822ffd2cc42 - std[617be2ca0a6fd877]::panicking::panic_with_hook
[INFO] [stdout]    7:     0x5822ffd104e2 - std[617be2ca0a6fd877]::panicking::panic_handler::{closure#0}
[INFO] [stdout]    8:     0x5822ffd09069 - std[617be2ca0a6fd877]::sys::backtrace::__rust_end_short_backtrace::<std[617be2ca0a6fd877]::panicking::panic_handler::{closure#0}, !>
[INFO] [stdout]    9:     0x5822ffd110ed - __rustc[ea4f61d10b84890b]::rust_begin_unwind
[INFO] [stdout]   10:     0x5822ffd4a51c - core[a373ad73a504971]::panicking::panic_fmt
[INFO] [stdout]   11:     0x5822ffd4a2f2 - core[a373ad73a504971]::result::unwrap_failed
[INFO] [stdout]   12:     0x5822ffc9fc16 - ruapc_rdma[1b8952cf6135a451]::test_utils::open_device
[INFO] [stdout]   13:     0x5822ffc83fb9 - ruapc_rdma[1b8952cf6135a451]::verbs::completion_queue::identities::tests::poisoned_send_transaction_preserves_watermark_on_drop
[INFO] [stdout]   14:     0x5822ffc87d29 - <ruapc_rdma[1b8952cf6135a451]::verbs::completion_queue::identities::tests::poisoned_send_transaction_preserves_watermark_on_drop::{closure#0} as core[a373ad73a504971]::ops::function::FnOnce<()>>::call_once
[INFO] [stdout]   15:     0x5822ffca8ebb - test[aada8e7e76ba119b]::__rust_begin_short_backtrace::<core[a373ad73a504971]::result::Result<(), alloc[2e1b2a31b91974c5]::string::String>, fn() -> core[a373ad73a504971]::result::Result<(), alloc[2e1b2a31b91974c5]::string::String>>
[INFO] [stdout]   16:     0x5822ffcb6095 - test[aada8e7e76ba119b]::run_test::{closure#0}
[INFO] [stdout]   17:     0x5822ffcaf984 - std[617be2ca0a6fd877]::sys::backtrace::__rust_begin_short_backtrace::<test[aada8e7e76ba119b]::run_test::{closure#1}, ()>
[INFO] [stdout]   18:     0x5822ffcb9122 - <std[617be2ca0a6fd877]::thread::lifecycle::spawn_unchecked<test[aada8e7e76ba119b]::run_test::{closure#1}, ()>::{closure#1} as core[a373ad73a504971]::ops::function::FnOnce<()>>::call_once::{shim:vtable#0}
[INFO] [stdout]   19:     0x5822ffd33cdf - <std[617be2ca0a6fd877]::sys::thread::unix::Thread>::new::thread_start
[INFO] [stdout]   20:     0x70cf89ab7dfa - <unknown>
[INFO] [stdout]   21:     0x70cf89b4b3d4 - clone
[INFO] [stdout]   22:                0x0 - <unknown>
[INFO] [stdout] 
[INFO] [stdout] ---- verbs::comp_channel::tests::test_comp_channel_create stdout ----
[INFO] [stdout] 
[INFO] [stdout] thread 'verbs::comp_channel::tests::test_comp_channel_create' (1587) panicked at src/test_utils.rs:10:45:
[INFO] [stdout] no RDMA devices: IBDeviceNotFound
[INFO] [stdout] stack backtrace:
[INFO] [stdout]    0:     0x5822ffd347f1 - <<std[617be2ca0a6fd877]::sys::backtrace::BacktraceLock>::print::DisplayBacktrace as core[a373ad73a504971]::fmt::Display>::fmt
[INFO] [stdout]    1:     0x5822ffd49dba - core[a373ad73a504971]::fmt::write
[INFO] [stdout]    2:     0x5822ffd38b1c - <alloc[2e1b2a31b91974c5]::vec::Vec<u8> as core[a373ad73a504971]::io::write::Write>::write_fmt
[INFO] [stdout]    3:     0x5822ffd10436 - std[617be2ca0a6fd877]::panicking::default_hook::{closure#0}
[INFO] [stdout]    4:     0x5822ffd2c919 - std[617be2ca0a6fd877]::panicking::default_hook
[INFO] [stdout]    5:     0x5822ffcb5a70 - test[aada8e7e76ba119b]::test_main_inner::{closure#0}
[INFO] [stdout]    6:     0x5822ffd2cc42 - std[617be2ca0a6fd877]::panicking::panic_with_hook
[INFO] [stdout]    7:     0x5822ffd104e2 - std[617be2ca0a6fd877]::panicking::panic_handler::{closure#0}
[INFO] [stdout]    8:     0x5822ffd09069 - std[617be2ca0a6fd877]::sys::backtrace::__rust_end_short_backtrace::<std[617be2ca0a6fd877]::panicking::panic_handler::{closure#0}, !>
[INFO] [stdout]    9:     0x5822ffd110ed - __rustc[ea4f61d10b84890b]::rust_begin_unwind
[INFO] [stdout]   10:     0x5822ffd4a51c - core[a373ad73a504971]::panicking::panic_fmt
[INFO] [stdout]   11:     0x5822ffd4a2f2 - core[a373ad73a504971]::result::unwrap_failed
[INFO] [stdout]   12:     0x5822ffc9fc16 - ruapc_rdma[1b8952cf6135a451]::test_utils::open_device
[INFO] [stdout]   13:     0x5822ffca0b25 - <ruapc_rdma[1b8952cf6135a451]::verbs::comp_channel::tests::test_comp_channel_create::{closure#0} as core[a373ad73a504971]::ops::function::FnOnce<()>>::call_once
[INFO] [stdout]   14:     0x5822ffca8ebb - test[aada8e7e76ba119b]::__rust_begin_short_backtrace::<core[a373ad73a504971]::result::Result<(), alloc[2e1b2a31b91974c5]::string::String>, fn() -> core[a373ad73a504971]::result::Result<(), alloc[2e1b2a31b91974c5]::string::String>>
[INFO] [stdout]   15:     0x5822ffcb6095 - test[aada8e7e76ba119b]::run_test::{closure#0}
[INFO] [stdout]   16:     0x5822ffcaf984 - std[617be2ca0a6fd877]::sys::backtrace::__rust_begin_short_backtrace::<test[aada8e7e76ba119b]::run_test::{closure#1}, ()>
[INFO] [stdout]   17:     0x5822ffcb9122 - <std[617be2ca0a6fd877]::thread::lifecycle::spawn_unchecked<test[aada8e7e76ba119b]::run_test::{closure#1}, ()>::{closure#1} as core[a373ad73a504971]::ops::function::FnOnce<()>>::call_once::{shim:vtable#0}
[INFO] [stdout]   18:     0x5822ffd33cdf - <std[617be2ca0a6fd877]::sys::thread::unix::Thread>::new::thread_start
[INFO] [stdout]   19:     0x70cf89ab7dfa - <unknown>
[INFO] [stdout]   20:     0x70cf89b4b3d4 - clone
[INFO] [stdout]   21:                0x0 - <unknown>
[INFO] [stdout] 
[INFO] [stdout] ---- verbs::comp_channel::tests::test_comp_channel_set_nonblock stdout ----
[INFO] [stdout] 
[INFO] [stdout] thread 'verbs::comp_channel::tests::test_comp_channel_set_nonblock' (1588) panicked at src/test_utils.rs:10:45:
[INFO] [stdout] no RDMA devices: IBDeviceNotFound
[INFO] [stdout] stack backtrace:
[INFO] [stdout]    0:     0x5822ffd347f1 - <<std[617be2ca0a6fd877]::sys::backtrace::BacktraceLock>::print::DisplayBacktrace as core[a373ad73a504971]::fmt::Display>::fmt
[INFO] [stdout]    1:     0x5822ffd49dba - core[a373ad73a504971]::fmt::write
[INFO] [stdout]    2:     0x5822ffd38b1c - <alloc[2e1b2a31b91974c5]::vec::Vec<u8> as core[a373ad73a504971]::io::write::Write>::write_fmt
[INFO] [stdout]    3:     0x5822ffd10436 - std[617be2ca0a6fd877]::panicking::default_hook::{closure#0}
[INFO] [stdout]    4:     0x5822ffd2c919 - std[617be2ca0a6fd877]::panicking::default_hook
[INFO] [stdout]    5:     0x5822ffcb5a70 - test[aada8e7e76ba119b]::test_main_inner::{closure#0}
[INFO] [stdout]    6:     0x5822ffd2cc42 - std[617be2ca0a6fd877]::panicking::panic_with_hook
[INFO] [stdout]    7:     0x5822ffd104e2 - std[617be2ca0a6fd877]::panicking::panic_handler::{closure#0}
[INFO] [stdout]    8:     0x5822ffd09069 - std[617be2ca0a6fd877]::sys::backtrace::__rust_end_short_backtrace::<std[617be2ca0a6fd877]::panicking::panic_handler::{closure#0}, !>
[INFO] [stdout]    9:     0x5822ffd110ed - __rustc[ea4f61d10b84890b]::rust_begin_unwind
[INFO] [stdout]   10:     0x5822ffd4a51c - core[a373ad73a504971]::panicking::panic_fmt
[INFO] [stdout]   11:     0x5822ffd4a2f2 - core[a373ad73a504971]::result::unwrap_failed
[INFO] [stdout]   12:     0x5822ffc9fc16 - ruapc_rdma[1b8952cf6135a451]::test_utils::open_device
[INFO] [stdout]   13:     0x5822ffca0c88 - <ruapc_rdma[1b8952cf6135a451]::verbs::comp_channel::tests::test_comp_channel_set_nonblock::{closure#0} as core[a373ad73a504971]::ops::function::FnOnce<()>>::call_once
[INFO] [stdout]   14:     0x5822ffca8ebb - test[aada8e7e76ba119b]::__rust_begin_short_backtrace::<core[a373ad73a504971]::result::Result<(), alloc[2e1b2a31b91974c5]::string::String>, fn() -> core[a373ad73a504971]::result::Result<(), alloc[2e1b2a31b91974c5]::string::String>>
[INFO] [stdout]   15:     0x5822ffcb6095 - test[aada8e7e76ba119b]::run_test::{closure#0}
[INFO] [stdout]   16:     0x5822ffcaf984 - std[617be2ca0a6fd877]::sys::backtrace::__rust_begin_short_backtrace::<test[aada8e7e76ba119b]::run_test::{closure#1}, ()>
[INFO] [stdout]   17:     0x5822ffcb9122 - <std[617be2ca0a6fd877]::thread::lifecycle::spawn_unchecked<test[aada8e7e76ba119b]::run_test::{closure#1}, ()>::{closure#1} as core[a373ad73a504971]::ops::function::FnOnce<()>>::call_once::{shim:vtable#0}
[INFO] [stdout]   18:     0x5822ffd33cdf - <std[617be2ca0a6fd877]::sys::thread::unix::Thread>::new::thread_start
[INFO] [stdout]   19:     0x70cf89ab7dfa - <unknown>
[INFO] [stdout]   20:     0x70cf89b4b3d4 - clone
[INFO] [stdout]   21:                0x0 - <unknown>
[INFO] [stdout] 
[INFO] [stdout] ---- verbs::completion_queue::tests::cq_rejects_nonpositive_requested_capacity stdout ----
[INFO] [stdout] 
[INFO] [stdout] thread 'verbs::completion_queue::tests::cq_rejects_nonpositive_requested_capacity' (1612) panicked at src/test_utils.rs:10:45:
[INFO] [stdout] no RDMA devices: IBDeviceNotFound
[INFO] [stdout] stack backtrace:
[INFO] [stdout]    0:     0x5822ffd347f1 - <<std[617be2ca0a6fd877]::sys::backtrace::BacktraceLock>::print::DisplayBacktrace as core[a373ad73a504971]::fmt::Display>::fmt
[INFO] [stdout]    1:     0x5822ffd49dba - core[a373ad73a504971]::fmt::write
[INFO] [stdout]    2:     0x5822ffd38b1c - <alloc[2e1b2a31b91974c5]::vec::Vec<u8> as core[a373ad73a504971]::io::write::Write>::write_fmt
[INFO] [stdout]    3:     0x5822ffd10436 - std[617be2ca0a6fd877]::panicking::default_hook::{closure#0}
[INFO] [stdout]    4:     0x5822ffd2c919 - std[617be2ca0a6fd877]::panicking::default_hook
[INFO] [stdout]    5:     0x5822ffcb5a70 - test[aada8e7e76ba119b]::test_main_inner::{closure#0}
[INFO] [stdout]    6:     0x5822ffd2cc42 - std[617be2ca0a6fd877]::panicking::panic_with_hook
[INFO] [stdout]    7:     0x5822ffd104e2 - std[617be2ca0a6fd877]::panicking::panic_handler::{closure#0}
[INFO] [stdout]    8:     0x5822ffd09069 - std[617be2ca0a6fd877]::sys::backtrace::__rust_end_short_backtrace::<std[617be2ca0a6fd877]::panicking::panic_handler::{closure#0}, !>
[INFO] [stdout]    9:     0x5822ffd110ed - __rustc[ea4f61d10b84890b]::rust_begin_unwind
[INFO] [stdout]   10:     0x5822ffd4a51c - core[a373ad73a504971]::panicking::panic_fmt
[INFO] [stdout]   11:     0x5822ffd4a2f2 - core[a373ad73a504971]::result::unwrap_failed
[INFO] [stdout]   12:     0x5822ffc9fc16 - ruapc_rdma[1b8952cf6135a451]::test_utils::open_device
[INFO] [stdout]   13:     0x5822ffc85189 - <ruapc_rdma[1b8952cf6135a451]::verbs::completion_queue::tests::cq_rejects_nonpositive_requested_capacity::{closure#0} as core[a373ad73a504971]::ops::function::FnOnce<()>>::call_once
[INFO] [stdout]   14:     0x5822ffca8ebb - test[aada8e7e76ba119b]::__rust_begin_short_backtrace::<core[a373ad73a504971]::result::Result<(), alloc[2e1b2a31b91974c5]::string::String>, fn() -> core[a373ad73a504971]::result::Result<(), alloc[2e1b2a31b91974c5]::string::String>>
[INFO] [stdout]   15:     0x5822ffcb6095 - test[aada8e7e76ba119b]::run_test::{closure#0}
[INFO] [stdout]   16:     0x5822ffcaf984 - std[617be2ca0a6fd877]::sys::backtrace::__rust_begin_short_backtrace::<test[aada8e7e76ba119b]::run_test::{closure#1}, ()>
[INFO] [stdout]   17:     0x5822ffcb9122 - <std[617be2ca0a6fd877]::thread::lifecycle::spawn_unchecked<test[aada8e7e76ba119b]::run_test::{closure#1}, ()>::{closure#1} as core[a373ad73a504971]::ops::function::FnOnce<()>>::call_once::{shim:vtable#0}
[INFO] [stdout]   18:     0x5822ffd33cdf - <std[617be2ca0a6fd877]::sys::thread::unix::Thread>::new::thread_start
[INFO] [stdout]   19:     0x70cf89ab7dfa - <unknown>
[INFO] [stdout]   20:     0x70cf89b4b3d4 - clone
[INFO] [stdout]   21:                0x0 - <unknown>
[INFO] [stdout] 
[INFO] [stdout] ---- verbs::completion_queue::tests::completion_requires_its_original_cq_qpn_and_incarnation stdout ----
[INFO] [stdout] 
[INFO] [stdout] thread 'verbs::completion_queue::tests::completion_requires_its_original_cq_qpn_and_incarnation' (1611) panicked at src/test_utils.rs:10:45:
[INFO] [stdout] no RDMA devices: IBDeviceNotFound
[INFO] [stdout] stack backtrace:
[INFO] [stdout]    0:     0x5822ffd347f1 - <<std[617be2ca0a6fd877]::sys::backtrace::BacktraceLock>::print::DisplayBacktrace as core[a373ad73a504971]::fmt::Display>::fmt
[INFO] [stdout]    1:     0x5822ffd49dba - core[a373ad73a504971]::fmt::write
[INFO] [stdout]    2:     0x5822ffd38b1c - <alloc[2e1b2a31b91974c5]::vec::Vec<u8> as core[a373ad73a504971]::io::write::Write>::write_fmt
[INFO] [stdout]    3:     0x5822ffd10436 - std[617be2ca0a6fd877]::panicking::default_hook::{closure#0}
[INFO] [stdout]    4:     0x5822ffd2c919 - std[617be2ca0a6fd877]::panicking::default_hook
[INFO] [stdout]    5:     0x5822ffcb5a70 - test[aada8e7e76ba119b]::test_main_inner::{closure#0}
[INFO] [stdout]    6:     0x5822ffd2cc42 - std[617be2ca0a6fd877]::panicking::panic_with_hook
[INFO] [stdout]    7:     0x5822ffd104e2 - std[617be2ca0a6fd877]::panicking::panic_handler::{closure#0}
[INFO] [stdout]    8:     0x5822ffd09069 - std[617be2ca0a6fd877]::sys::backtrace::__rust_end_short_backtrace::<std[617be2ca0a6fd877]::panicking::panic_handler::{closure#0}, !>
[INFO] [stdout]    9:     0x5822ffd110ed - __rustc[ea4f61d10b84890b]::rust_begin_unwind
[INFO] [stdout]   10:     0x5822ffd4a51c - core[a373ad73a504971]::panicking::panic_fmt
[INFO] [stdout]   11:     0x5822ffd4a2f2 - core[a373ad73a504971]::result::unwrap_failed
[INFO] [stdout]   12:     0x5822ffc9fc16 - ruapc_rdma[1b8952cf6135a451]::test_utils::open_device
[INFO] [stdout]   13:     0x5822ffc8539f - <ruapc_rdma[1b8952cf6135a451]::verbs::completion_queue::tests::completion_requires_its_original_cq_qpn_and_incarnation::{closure#0} as core[a373ad73a504971]::ops::function::FnOnce<()>>::call_once
[INFO] [stdout]   14:     0x5822ffca8ebb - test[aada8e7e76ba119b]::__rust_begin_short_backtrace::<core[a373ad73a504971]::result::Result<(), alloc[2e1b2a31b91974c5]::string::String>, fn() -> core[a373ad73a504971]::result::Result<(), alloc[2e1b2a31b91974c5]::string::String>>
[INFO] [stdout]   15:     0x5822ffcb6095 - test[aada8e7e76ba119b]::run_test::{closure#0}
[INFO] [stdout]   16:     0x5822ffcaf984 - std[617be2ca0a6fd877]::sys::backtrace::__rust_begin_short_backtrace::<test[aada8e7e76ba119b]::run_test::{closure#1}, ()>
[INFO] [stdout]   17:     0x5822ffcb9122 - <std[617be2ca0a6fd877]::thread::lifecycle::spawn_unchecked<test[aada8e7e76ba119b]::run_test::{closure#1}, ()>::{closure#1} as core[a373ad73a504971]::ops::function::FnOnce<()>>::call_once::{shim:vtable#0}
[INFO] [stdout]   18:     0x5822ffd33cdf - <std[617be2ca0a6fd877]::sys::thread::unix::Thread>::new::thread_start
[INFO] [stdout]   19:     0x70cf89ab7dfa - <unknown>
[INFO] [stdout]   20:     0x70cf89b4b3d4 - clone
[INFO] [stdout]   21:                0x0 - <unknown>
[INFO] [stdout] 
[INFO] [stdout] ---- verbs::completion_queue::tests::fixed_sequence_decoding_does_not_replace_cq_authentication stdout ----
[INFO] [stdout] 
[INFO] [stdout] thread 'verbs::completion_queue::tests::fixed_sequence_decoding_does_not_replace_cq_authentication' (1613) panicked at src/test_utils.rs:10:45:
[INFO] [stdout] no RDMA devices: IBDeviceNotFound
[INFO] [stdout] stack backtrace:
[INFO] [stdout]    0:     0x5822ffd347f1 - <<std[617be2ca0a6fd877]::sys::backtrace::BacktraceLock>::print::DisplayBacktrace as core[a373ad73a504971]::fmt::Display>::fmt
[INFO] [stdout]    1:     0x5822ffd49dba - core[a373ad73a504971]::fmt::write
[INFO] [stdout]    2:     0x5822ffd38b1c - <alloc[2e1b2a31b91974c5]::vec::Vec<u8> as core[a373ad73a504971]::io::write::Write>::write_fmt
[INFO] [stdout]    3:     0x5822ffd10436 - std[617be2ca0a6fd877]::panicking::default_hook::{closure#0}
[INFO] [stdout]    4:     0x5822ffd2c919 - std[617be2ca0a6fd877]::panicking::default_hook
[INFO] [stdout]    5:     0x5822ffcb5a70 - test[aada8e7e76ba119b]::test_main_inner::{closure#0}
[INFO] [stdout]    6:     0x5822ffd2cc42 - std[617be2ca0a6fd877]::panicking::panic_with_hook
[INFO] [stdout]    7:     0x5822ffd104e2 - std[617be2ca0a6fd877]::panicking::panic_handler::{closure#0}
[INFO] [stdout]    8:     0x5822ffd09069 - std[617be2ca0a6fd877]::sys::backtrace::__rust_end_short_backtrace::<std[617be2ca0a6fd877]::panicking::panic_handler::{closure#0}, !>
[INFO] [stdout]    9:     0x5822ffd110ed - __rustc[ea4f61d10b84890b]::rust_begin_unwind
[INFO] [stdout]   10:     0x5822ffd4a51c - core[a373ad73a504971]::panicking::panic_fmt
[INFO] [stdout]   11:     0x5822ffd4a2f2 - core[a373ad73a504971]::result::unwrap_failed
[INFO] [stdout]   12:     0x5822ffc9fc16 - ruapc_rdma[1b8952cf6135a451]::test_utils::open_device
[INFO] [stdout]   13:     0x5822ffc85baa - <ruapc_rdma[1b8952cf6135a451]::verbs::completion_queue::tests::fixed_sequence_decoding_does_not_replace_cq_authentication::{closure#0} as core[a373ad73a504971]::ops::function::FnOnce<()>>::call_once
[INFO] [stdout]   14:     0x5822ffca8ebb - test[aada8e7e76ba119b]::__rust_begin_short_backtrace::<core[a373ad73a504971]::result::Result<(), alloc[2e1b2a31b91974c5]::string::String>, fn() -> core[a373ad73a504971]::result::Result<(), alloc[2e1b2a31b91974c5]::string::String>>
[INFO] [stdout]   15:     0x5822ffcb6095 - test[aada8e7e76ba119b]::run_test::{closure#0}
[INFO] [stdout]   16:     0x5822ffcaf984 - std[617be2ca0a6fd877]::sys::backtrace::__rust_begin_short_backtrace::<test[aada8e7e76ba119b]::run_test::{closure#1}, ()>
[INFO] [stdout]   17:     0x5822ffcb9122 - <std[617be2ca0a6fd877]::thread::lifecycle::spawn_unchecked<test[aada8e7e76ba119b]::run_test::{closure#1}, ()>::{closure#1} as core[a373ad73a504971]::ops::function::FnOnce<()>>::call_once::{shim:vtable#0}
[INFO] [stdout]   18:     0x5822ffd33cdf - <std[617be2ca0a6fd877]::sys::thread::unix::Thread>::new::thread_start
[INFO] [stdout]   19:     0x70cf89ab7dfa - <unknown>
[INFO] [stdout]   20:     0x70cf89b4b3d4 - clone
[INFO] [stdout]   21:                0x0 - <unknown>
[INFO] [stdout] 
[INFO] [stdout] ---- verbs::completion_queue::tests::lease_drop_preserves_both_directions_and_unused_incarnations stdout ----
[INFO] [stdout] 
[INFO] [stdout] thread 'verbs::completion_queue::tests::lease_drop_preserves_both_directions_and_unused_incarnations' (1614) panicked at src/test_utils.rs:10:45:
[INFO] [stdout] no RDMA devices: IBDeviceNotFound
[INFO] [stdout] stack backtrace:
[INFO] [stdout]    0:     0x5822ffd347f1 - <<std[617be2ca0a6fd877]::sys::backtrace::BacktraceLock>::print::DisplayBacktrace as core[a373ad73a504971]::fmt::Display>::fmt
[INFO] [stdout]    1:     0x5822ffd49dba - core[a373ad73a504971]::fmt::write
[INFO] [stdout]    2:     0x5822ffd38b1c - <alloc[2e1b2a31b91974c5]::vec::Vec<u8> as core[a373ad73a504971]::io::write::Write>::write_fmt
[INFO] [stdout]    3:     0x5822ffd10436 - std[617be2ca0a6fd877]::panicking::default_hook::{closure#0}
[INFO] [stdout]    4:     0x5822ffd2c919 - std[617be2ca0a6fd877]::panicking::default_hook
[INFO] [stdout]    5:     0x5822ffcb5a70 - test[aada8e7e76ba119b]::test_main_inner::{closure#0}
[INFO] [stdout]    6:     0x5822ffd2cc42 - std[617be2ca0a6fd877]::panicking::panic_with_hook
[INFO] [stdout]    7:     0x5822ffd104e2 - std[617be2ca0a6fd877]::panicking::panic_handler::{closure#0}
[INFO] [stdout]    8:     0x5822ffd09069 - std[617be2ca0a6fd877]::sys::backtrace::__rust_end_short_backtrace::<std[617be2ca0a6fd877]::panicking::panic_handler::{closure#0}, !>
[INFO] [stdout]    9:     0x5822ffd110ed - __rustc[ea4f61d10b84890b]::rust_begin_unwind
[INFO] [stdout]   10:     0x5822ffd4a51c - core[a373ad73a504971]::panicking::panic_fmt
[INFO] [stdout]   11:     0x5822ffd4a2f2 - core[a373ad73a504971]::result::unwrap_failed
[INFO] [stdout]   12:     0x5822ffc9fc16 - ruapc_rdma[1b8952cf6135a451]::test_utils::open_device
[INFO] [stdout]   13:     0x5822ffc86031 - <ruapc_rdma[1b8952cf6135a451]::verbs::completion_queue::tests::lease_drop_preserves_both_directions_and_unused_incarnations::{closure#0} as core[a373ad73a504971]::ops::function::FnOnce<()>>::call_once
[INFO] [stdout]   14:     0x5822ffca8ebb - test[aada8e7e76ba119b]::__rust_begin_short_backtrace::<core[a373ad73a504971]::result::Result<(), alloc[2e1b2a31b91974c5]::string::String>, fn() -> core[a373ad73a504971]::result::Result<(), alloc[2e1b2a31b91974c5]::string::String>>
[INFO] [stdout]   15:     0x5822ffcb6095 - test[aada8e7e76ba119b]::run_test::{closure#0}
[INFO] [stdout]   16:     0x5822ffcaf984 - std[617be2ca0a6fd877]::sys::backtrace::__rust_begin_short_backtrace::<test[aada8e7e76ba119b]::run_test::{closure#1}, ()>
[INFO] [stdout]   17:     0x5822ffcb9122 - <std[617be2ca0a6fd877]::thread::lifecycle::spawn_unchecked<test[aada8e7e76ba119b]::run_test::{closure#1}, ()>::{closure#1} as core[a373ad73a504971]::ops::function::FnOnce<()>>::call_once::{shim:vtable#0}
[INFO] [stdout]   18:     0x5822ffd33cdf - <std[617be2ca0a6fd877]::sys::thread::unix::Thread>::new::thread_start
[INFO] [stdout]   19:     0x70cf89ab7dfa - <unknown>
[INFO] [stdout]   20:     0x70cf89b4b3d4 - clone
[INFO] [stdout]   21:                0x0 - <unknown>
[INFO] [stdout] 
[INFO] [stdout] ---- verbs::context::tests::test_context_debug stdout ----
[INFO] [stdout] 
[INFO] [stdout] thread 'verbs::context::tests::test_context_debug' (1619) panicked at src/test_utils.rs:10:45:
[INFO] [stdout] no RDMA devices: IBDeviceNotFound
[INFO] [stdout] stack backtrace:
[INFO] [stdout]    0:     0x5822ffd347f1 - <<std[617be2ca0a6fd877]::sys::backtrace::BacktraceLock>::print::DisplayBacktrace as core[a373ad73a504971]::fmt::Display>::fmt
[INFO] [stdout]    1:     0x5822ffd49dba - core[a373ad73a504971]::fmt::write
[INFO] [stdout]    2:     0x5822ffd38b1c - <alloc[2e1b2a31b91974c5]::vec::Vec<u8> as core[a373ad73a504971]::io::write::Write>::write_fmt
[INFO] [stdout]    3:     0x5822ffd10436 - std[617be2ca0a6fd877]::panicking::default_hook::{closure#0}
[INFO] [stdout]    4:     0x5822ffd2c919 - std[617be2ca0a6fd877]::panicking::default_hook
[INFO] [stdout]    5:     0x5822ffcb5a70 - test[aada8e7e76ba119b]::test_main_inner::{closure#0}
[INFO] [stdout]    6:     0x5822ffd2cc42 - std[617be2ca0a6fd877]::panicking::panic_with_hook
[INFO] [stdout]    7:     0x5822ffd104e2 - std[617be2ca0a6fd877]::panicking::panic_handler::{closure#0}
[INFO] [stdout]    8:     0x5822ffd09069 - std[617be2ca0a6fd877]::sys::backtrace::__rust_end_short_backtrace::<std[617be2ca0a6fd877]::panicking::panic_handler::{closure#0}, !>
[INFO] [stdout]    9:     0x5822ffd110ed - __rustc[ea4f61d10b84890b]::rust_begin_unwind
[INFO] [stdout]   10:     0x5822ffd4a51c - core[a373ad73a504971]::panicking::panic_fmt
[INFO] [stdout]   11:     0x5822ffd4a2f2 - core[a373ad73a504971]::result::unwrap_failed
[INFO] [stdout]   12:     0x5822ffc9fc16 - ruapc_rdma[1b8952cf6135a451]::test_utils::open_device
[INFO] [stdout]   13:     0x5822ffc6a604 - ruapc_rdma[1b8952cf6135a451]::verbs::context::tests::ctx
[INFO] [stdout]   14:     0x5822ffc6b2d9 - <ruapc_rdma[1b8952cf6135a451]::verbs::context::tests::test_context_debug::{closure#0} as core[a373ad73a504971]::ops::function::FnOnce<()>>::call_once
[INFO] [stdout]   15:     0x5822ffca8ebb - test[aada8e7e76ba119b]::__rust_begin_short_backtrace::<core[a373ad73a504971]::result::Result<(), alloc[2e1b2a31b91974c5]::string::String>, fn() -> core[a373ad73a504971]::result::Result<(), alloc[2e1b2a31b91974c5]::string::String>>
[INFO] [stdout]   16:     0x5822ffcb6095 - test[aada8e7e76ba119b]::run_test::{closure#0}
[INFO] [stdout]   17:     0x5822ffcaf984 - std[617be2ca0a6fd877]::sys::backtrace::__rust_begin_short_backtrace::<test[aada8e7e76ba119b]::run_test::{closure#1}, ()>
[INFO] [stdout]   18:     0x5822ffcb9122 - <std[617be2ca0a6fd877]::thread::lifecycle::spawn_unchecked<test[aada8e7e76ba119b]::run_test::{closure#1}, ()>::{closure#1} as core[a373ad73a504971]::ops::function::FnOnce<()>>::call_once::{shim:vtable#0}
[INFO] [stdout]   19:     0x5822ffd33cdf - <std[617be2ca0a6fd877]::sys::thread::unix::Thread>::new::thread_start
[INFO] [stdout]   20:     0x70cf89ab7dfa - <unknown>
[INFO] [stdout]   21:     0x70cf89b4b3d4 - clone
[INFO] [stdout]   22:                0x0 - <unknown>
[INFO] [stdout] 
[INFO] [stdout] ---- verbs::context::tests::test_context_query_gid stdout ----
[INFO] [stdout] 
[INFO] [stdout] thread 'verbs::context::tests::test_context_query_gid' (1621) panicked at src/test_utils.rs:10:45:
[INFO] [stdout] no RDMA devices: IBDeviceNotFound
[INFO] [stdout] stack backtrace:
[INFO] [stdout]    0:     0x5822ffd347f1 - <<std[617be2ca0a6fd877]::sys::backtrace::BacktraceLock>::print::DisplayBacktrace as core[a373ad73a504971]::fmt::Display>::fmt
[INFO] [stdout]    1:     0x5822ffd49dba - core[a373ad73a504971]::fmt::write
[INFO] [stdout]    2:     0x5822ffd38b1c - <alloc[2e1b2a31b91974c5]::vec::Vec<u8> as core[a373ad73a504971]::io::write::Write>::write_fmt
[INFO] [stdout]    3:     0x5822ffd10436 - std[617be2ca0a6fd877]::panicking::default_hook::{closure#0}
[INFO] [stdout]    4:     0x5822ffd2c919 - std[617be2ca0a6fd877]::panicking::default_hook
[INFO] [stdout]    5:     0x5822ffcb5a70 - test[aada8e7e76ba119b]::test_main_inner::{closure#0}
[INFO] [stdout]    6:     0x5822ffd2cc42 - std[617be2ca0a6fd877]::panicking::panic_with_hook
[INFO] [stdout]    7:     0x5822ffd104e2 - std[617be2ca0a6fd877]::panicking::panic_handler::{closure#0}
[INFO] [stdout]    8:     0x5822ffd09069 - std[617be2ca0a6fd877]::sys::backtrace::__rust_end_short_backtrace::<std[617be2ca0a6fd877]::panicking::panic_handler::{closure#0}, !>
[INFO] [stdout]    9:     0x5822ffd110ed - __rustc[ea4f61d10b84890b]::rust_begin_unwind
[INFO] [stdout]   10:     0x5822ffd4a51c - core[a373ad73a504971]::panicking::panic_fmt
[INFO] [stdout]   11:     0x5822ffd4a2f2 - core[a373ad73a504971]::result::unwrap_failed
[INFO] [stdout]   12:     0x5822ffc9fc16 - ruapc_rdma[1b8952cf6135a451]::test_utils::open_device
[INFO] [stdout]   13:     0x5822ffc6a604 - ruapc_rdma[1b8952cf6135a451]::verbs::context::tests::ctx
[INFO] [stdout]   14:     0x5822ffc6b792 - <ruapc_rdma[1b8952cf6135a451]::verbs::context::tests::test_context_query_gid::{closure#0} as core[a373ad73a504971]::ops::function::FnOnce<()>>::call_once
[INFO] [stdout]   15:     0x5822ffca8ebb - test[aada8e7e76ba119b]::__rust_begin_short_backtrace::<core[a373ad73a504971]::result::Result<(), alloc[2e1b2a31b91974c5]::string::String>, fn() -> core[a373ad73a504971]::result::Result<(), alloc[2e1b2a31b91974c5]::string::String>>
[INFO] [stdout]   16:     0x5822ffcb6095 - test[aada8e7e76ba119b]::run_test::{closure#0}
[INFO] [stdout]   17:     0x5822ffcaf984 - std[617be2ca0a6fd877]::sys::backtrace::__rust_begin_short_backtrace::<test[aada8e7e76ba119b]::run_test::{closure#1}, ()>
[INFO] [stdout]   18:     0x5822ffcb9122 - <std[617be2ca0a6fd877]::thread::lifecycle::spawn_unchecked<test[aada8e7e76ba119b]::run_test::{closure#1}, ()>::{closure#1} as core[a373ad73a504971]::ops::function::FnOnce<()>>::call_once::{shim:vtable#0}
[INFO] [stdout]   19:     0x5822ffd33cdf - <std[617be2ca0a6fd877]::sys::thread::unix::Thread>::new::thread_start
[INFO] [stdout]   20:     0x70cf89ab7dfa - <unknown>
[INFO] [stdout]   21:     0x70cf89b4b3d4 - clone
[INFO] [stdout]   22:                0x0 - <unknown>
[INFO] [stdout] 
[INFO] [stdout] ---- verbs::context::tests::test_context_query_port stdout ----
[INFO] [stdout] 
[INFO] [stdout] thread 'verbs::context::tests::test_context_query_port' (1622) panicked at src/test_utils.rs:10:45:
[INFO] [stdout] no RDMA devices: IBDeviceNotFound
[INFO] [stdout] stack backtrace:
[INFO] [stdout]    0:     0x5822ffd347f1 - <<std[617be2ca0a6fd877]::sys::backtrace::BacktraceLock>::print::DisplayBacktrace as core[a373ad73a504971]::fmt::Display>::fmt
[INFO] [stdout]    1:     0x5822ffd49dba - core[a373ad73a504971]::fmt::write
[INFO] [stdout]    2:     0x5822ffd38b1c - <alloc[2e1b2a31b91974c5]::vec::Vec<u8> as core[a373ad73a504971]::io::write::Write>::write_fmt
[INFO] [stdout]    3:     0x5822ffd10436 - std[617be2ca0a6fd877]::panicking::default_hook::{closure#0}
[INFO] [stdout]    4:     0x5822ffd2c919 - std[617be2ca0a6fd877]::panicking::default_hook
[INFO] [stdout]    5:     0x5822ffcb5a70 - test[aada8e7e76ba119b]::test_main_inner::{closure#0}
[INFO] [stdout]    6:     0x5822ffd2cc42 - std[617be2ca0a6fd877]::panicking::panic_with_hook
[INFO] [stdout]    7:     0x5822ffd104e2 - std[617be2ca0a6fd877]::panicking::panic_handler::{closure#0}
[INFO] [stdout]    8:     0x5822ffd09069 - std[617be2ca0a6fd877]::sys::backtrace::__rust_end_short_backtrace::<std[617be2ca0a6fd877]::panicking::panic_handler::{closure#0}, !>
[INFO] [stdout]    9:     0x5822ffd110ed - __rustc[ea4f61d10b84890b]::rust_begin_unwind
[INFO] [stdout]   10:     0x5822ffd4a51c - core[a373ad73a504971]::panicking::panic_fmt
[INFO] [stdout]   11:     0x5822ffd4a2f2 - core[a373ad73a504971]::result::unwrap_failed
[INFO] [stdout]   12:     0x5822ffc9fc16 - ruapc_rdma[1b8952cf6135a451]::test_utils::open_device
[INFO] [stdout]   13:     0x5822ffc6a604 - ruapc_rdma[1b8952cf6135a451]::verbs::context::tests::ctx
[INFO] [stdout]   14:     0x5822ffc6b8d2 - <ruapc_rdma[1b8952cf6135a451]::verbs::context::tests::test_context_query_port::{closure#0} as core[a373ad73a504971]::ops::function::FnOnce<()>>::call_once
[INFO] [stdout]   15:     0x5822ffca8ebb - test[aada8e7e76ba119b]::__rust_begin_short_backtrace::<core[a373ad73a504971]::result::Result<(), alloc[2e1b2a31b91974c5]::string::String>, fn() -> core[a373ad73a504971]::result::Result<(), alloc[2e1b2a31b91974c5]::string::String>>
[INFO] [stdout]   16:     0x5822ffcb6095 - test[aada8e7e76ba119b]::run_test::{closure#0}
[INFO] [stdout]   17:     0x5822ffcaf984 - std[617be2ca0a6fd877]::sys::backtrace::__rust_begin_short_backtrace::<test[aada8e7e76ba119b]::run_test::{closure#1}, ()>
[INFO] [stdout]   18:     0x5822ffcb9122 - <std[617be2ca0a6fd877]::thread::lifecycle::spawn_unchecked<test[aada8e7e76ba119b]::run_test::{closure#1}, ()>::{closure#1} as core[a373ad73a504971]::ops::function::FnOnce<()>>::call_once::{shim:vtable#0}
[INFO] [stdout]   19:     0x5822ffd33cdf - <std[617be2ca0a6fd877]::sys::thread::unix::Thread>::new::thread_start
[INFO] [stdout]   20:     0x70cf89ab7dfa - <unknown>
[INFO] [stdout]   21:     0x70cf89b4b3d4 - clone
[INFO] [stdout]   22:                0x0 - <unknown>
[INFO] [stdout] 
[INFO] [stdout] ---- verbs::completion_queue::tests::test_cq_create_without_channel stdout ----
[INFO] [stdout] 
[INFO] [stdout] thread 'verbs::completion_queue::tests::test_cq_create_without_channel' (1616) panicked at src/test_utils.rs:10:45:
[INFO] [stdout] no RDMA devices: IBDeviceNotFound
[INFO] [stdout] stack backtrace:
[INFO] [stdout]    0:     0x5822ffd347f1 - <<std[617be2ca0a6fd877]::sys::backtrace::BacktraceLock>::print::DisplayBacktrace as core[a373ad73a504971]::fmt::Display>::fmt
[INFO] [stdout]    1:     0x5822ffd49dba - core[a373ad73a504971]::fmt::write
[INFO] [stdout]    2:     0x5822ffd38b1c - <alloc[2e1b2a31b91974c5]::vec::Vec<u8> as core[a373ad73a504971]::io::write::Write>::write_fmt
[INFO] [stdout]    3:     0x5822ffd10436 - std[617be2ca0a6fd877]::panicking::default_hook::{closure#0}
[INFO] [stdout]    4:     0x5822ffd2c919 - std[617be2ca0a6fd877]::panicking::default_hook
[INFO] [stdout]    5:     0x5822ffcb5a70 - test[aada8e7e76ba119b]::test_main_inner::{closure#0}
[INFO] [stdout]    6:     0x5822ffd2cc42 - std[617be2ca0a6fd877]::panicking::panic_with_hook
[INFO] [stdout]    7:     0x5822ffd104e2 - std[617be2ca0a6fd877]::panicking::panic_handler::{closure#0}
[INFO] [stdout]    8:     0x5822ffd09069 - std[617be2ca0a6fd877]::sys::backtrace::__rust_end_short_backtrace::<std[617be2ca0a6fd877]::panicking::panic_handler::{closure#0}, !>
[INFO] [stdout]    9:     0x5822ffd110ed - __rustc[ea4f61d10b84890b]::rust_begin_unwind
[INFO] [stdout]   10:     0x5822ffd4a51c - core[a373ad73a504971]::panicking::panic_fmt
[INFO] [stdout]   11:     0x5822ffd4a2f2 - core[a373ad73a504971]::result::unwrap_failed
[INFO] [stdout]   12:     0x5822ffc9fc16 - ruapc_rdma[1b8952cf6135a451]::test_utils::open_device
[INFO] [stdout]   13:     0x5822ffc84f75 - <ruapc_rdma[1b8952cf6135a451]::verbs::completion_queue::tests::test_cq_create_without_channel::{closure#0} as core[a373ad73a504971]::ops::function::FnOnce<()>>::call_once
[INFO] [stdout]   14:     0x5822ffca8ebb - test[aada8e7e76ba119b]::__rust_begin_short_backtrace::<core[a373ad73a504971]::result::Result<(), alloc[2e1b2a31b91974c5]::string::String>, fn() -> core[a373ad73a504971]::result::Result<(), alloc[2e1b2a31b91974c5]::string::String>>
[INFO] [stdout]   15:     0x5822ffcb6095 - test[aada8e7e76ba119b]::run_test::{closure#0}
[INFO] [stdout]   16:     0x5822ffcaf984 - std[617be2ca0a6fd877]::sys::backtrace::__rust_begin_short_backtrace::<test[aada8e7e76ba119b]::run_test::{closure#1}, ()>
[INFO] [stdout]   17:     0x5822ffcb9122 - <std[617be2ca0a6fd877]::thread::lifecycle::spawn_unchecked<test[aada8e7e76ba119b]::run_test::{closure#1}, ()>::{closure#1} as core[a373ad73a504971]::ops::function::FnOnce<()>>::call_once::{shim:vtable#0}
[INFO] [stdout]   18:     0x5822ffd33cdf - <std[617be2ca0a6fd877]::sys::thread::unix::Thread>::new::thread_start
[INFO] [stdout]   19:     0x70cf89ab7dfa - <unknown>
[INFO] [stdout]   20:     0x70cf89b4b3d4 - clone
[INFO] [stdout]   21:                0x0 - <unknown>
[INFO] [stdout] 
[INFO] [stdout] ---- verbs::device::tests::test_device_available stdout ----
[INFO] [stdout] 
[INFO] [stdout] thread 'verbs::device::tests::test_device_available' (1623) panicked at src/verbs/device.rs:231:49:
[INFO] [stdout] no RDMA devices: IBDeviceNotFound
[INFO] [stdout] stack backtrace:
[INFO] [stdout]    0:     0x5822ffd347f1 - <<std[617be2ca0a6fd877]::sys::backtrace::BacktraceLock>::print::DisplayBacktrace as core[a373ad73a504971]::fmt::Display>::fmt
[INFO] [stdout]    1:     0x5822ffd49dba - core[a373ad73a504971]::fmt::write
[INFO] [stdout]    2:     0x5822ffd38b1c - <alloc[2e1b2a31b91974c5]::vec::Vec<u8> as core[a373ad73a504971]::io::write::Write>::write_fmt
[INFO] [stdout]    3:     0x5822ffd10436 - std[617be2ca0a6fd877]::panicking::default_hook::{closure#0}
[INFO] [stdout]    4:     0x5822ffd2c919 - std[617be2ca0a6fd877]::panicking::default_hook
[INFO] [stdout]    5:     0x5822ffcb5a70 - test[aada8e7e76ba119b]::test_main_inner::{closure#0}
[INFO] [stdout]    6:     0x5822ffd2cc42 - std[617be2ca0a6fd877]::panicking::panic_with_hook
[INFO] [stdout]    7:     0x5822ffd104e2 - std[617be2ca0a6fd877]::panicking::panic_handler::{closure#0}
[INFO] [stdout]    8:     0x5822ffd09069 - std[617be2ca0a6fd877]::sys::backtrace::__rust_end_short_backtrace::<std[617be2ca0a6fd877]::panicking::panic_handler::{closure#0}, !>
[INFO] [stdout]    9:     0x5822ffd110ed - __rustc[ea4f61d10b84890b]::rust_begin_unwind
[INFO] [stdout]   10:     0x5822ffd4a51c - core[a373ad73a504971]::panicking::panic_fmt
[INFO] [stdout]   11:     0x5822ffd4a2f2 - core[a373ad73a504971]::result::unwrap_failed
[INFO] [stdout]   12:     0x5822ffc7c7cc - <ruapc_rdma[1b8952cf6135a451]::verbs::device::tests::test_device_available::{closure#0} as core[a373ad73a504971]::ops::function::FnOnce<()>>::call_once
[INFO] [stdout]   13:     0x5822ffca8ebb - test[aada8e7e76ba119b]::__rust_begin_short_backtrace::<core[a373ad73a504971]::result::Result<(), alloc[2e1b2a31b91974c5]::string::String>, fn() -> core[a373ad73a504971]::result::Result<(), alloc[2e1b2a31b91974c5]::string::String>>
[INFO] [stdout]   14:     0x5822ffcb6095 - test[aada8e7e76ba119b]::run_test::{closure#0}
[INFO] [stdout]   15:     0x5822ffcaf984 - std[617be2ca0a6fd877]::sys::backtrace::__rust_begin_short_backtrace::<test[aada8e7e76ba119b]::run_test::{closure#1}, ()>
[INFO] [stdout]   16:     0x5822ffcb9122 - <std[617be2ca0a6fd877]::thread::lifecycle::spawn_unchecked<test[aada8e7e76ba119b]::run_test::{closure#1}, ()>::{closure#1} as core[a373ad73a504971]::ops::function::FnOnce<()>>::call_once::{shim:vtable#0}
[INFO] [stdout]   17:     0x5822ffd33cdf - <std[617be2ca0a6fd877]::sys::thread::unix::Thread>::new::thread_start
[INFO] [stdout]   18:     0x70cf89ab7dfa - <unknown>
[INFO] [stdout]   19:     0x70cf89b4b3d4 - clone
[INFO] [stdout]   20:                0x0 - <unknown>
[INFO] [stdout] 
[INFO] [stdout] ---- verbs::completion_queue::tests::test_cq_req_notify stdout ----
[INFO] [stdout] 
[INFO] [stdout] thread 'verbs::completion_queue::tests::test_cq_req_notify' (1618) panicked at src/test_utils.rs:10:45:
[INFO] [stdout] no RDMA devices: IBDeviceNotFound
[INFO] [stdout] stack backtrace:
[INFO] [stdout]    0:     0x5822ffd347f1 - <<std[617be2ca0a6fd877]::sys::backtrace::BacktraceLock>::print::DisplayBacktrace as core[a373ad73a504971]::fmt::Display>::fmt
[INFO] [stdout]    1:     0x5822ffd49dba - core[a373ad73a504971]::fmt::write
[INFO] [stdout]    2:     0x5822ffd38b1c - <alloc[2e1b2a31b91974c5]::vec::Vec<u8> as core[a373ad73a504971]::io::write::Write>::write_fmt
[INFO] [stdout]    3:     0x5822ffd10436 - std[617be2ca0a6fd877]::panicking::default_hook::{closure#0}
[INFO] [stdout]    4:     0x5822ffd2c919 - std[617be2ca0a6fd877]::panicking::default_hook
[INFO] [stdout]    5:     0x5822ffcb5a70 - test[aada8e7e76ba119b]::test_main_inner::{closure#0}
[INFO] [stdout]    6:     0x5822ffd2cc42 - std[617be2ca0a6fd877]::panicking::panic_with_hook
[INFO] [stdout]    7:     0x5822ffd104e2 - std[617be2ca0a6fd877]::panicking::panic_handler::{closure#0}
[INFO] [stdout]    8:     0x5822ffd09069 - std[617be2ca0a6fd877]::sys::backtrace::__rust_end_short_backtrace::<std[617be2ca0a6fd877]::panicking::panic_handler::{closure#0}, !>
[INFO] [stdout]    9:     0x5822ffd110ed - __rustc[ea4f61d10b84890b]::rust_begin_unwind
[INFO] [stdout]   10:     0x5822ffd4a51c - core[a373ad73a504971]::panicking::panic_fmt
[INFO] [stdout]   11:     0x5822ffd4a2f2 - core[a373ad73a504971]::result::unwrap_failed
[INFO] [stdout]   12:     0x5822ffc9fc16 - ruapc_rdma[1b8952cf6135a451]::test_utils::open_device
[INFO] [stdout]   13:     0x5822ffc84ada - <ruapc_rdma[1b8952cf6135a451]::verbs::completion_queue::tests::test_cq_req_notify::{closure#0} as core[a373ad73a504971]::ops::function::FnOnce<()>>::call_once
[INFO] [stdout]   14:     0x5822ffca8ebb - test[aada8e7e76ba119b]::__rust_begin_short_backtrace::<core[a373ad73a504971]::result::Result<(), alloc[2e1b2a31b91974c5]::string::String>, fn() -> core[a373ad73a504971]::result::Result<(), alloc[2e1b2a31b91974c5]::string::String>>
[INFO] [stdout]   15:     0x5822ffcb6095 - test[aada8e7e76ba119b]::run_test::{closure#0}
[INFO] [stdout]   16:     0x5822ffcaf984 - std[617be2ca0a6fd877]::sys::backtrace::__rust_begin_short_backtrace::<test[aada8e7e76ba119b]::run_test::{closure#1}, ()>
[INFO] [stdout]   17:     0x5822ffcb9122 - <std[617be2ca0a6fd877]::thread::lifecycle::spawn_unchecked<test[aada8e7e76ba119b]::run_test::{closure#1}, ()>::{closure#1} as core[a373ad73a504971]::ops::function::FnOnce<()>>::call_once::{shim:vtable#0}
[INFO] [stdout]   18:     0x5822ffd33cdf - <std[617be2ca0a6fd877]::sys::thread::unix::Thread>::new::thread_start
[INFO] [stdout]   19:     0x70cf89ab7dfa - <unknown>
[INFO] [stdout]   20:     0x70cf89b4b3d4 - clone
[INFO] [stdout]   21:                0x0 - <unknown>
[INFO] [stdout] 
[INFO] [stdout] ---- verbs::completion_queue::tests::test_cq_create_with_channel stdout ----
[INFO] [stdout] 
[INFO] [stdout] thread 'verbs::completion_queue::tests::test_cq_create_with_channel' (1615) panicked at src/test_utils.rs:10:45:
[INFO] [stdout] no RDMA devices: IBDeviceNotFound
[INFO] [stdout] stack backtrace:
[INFO] [stdout]    0:     0x5822ffd347f1 - <<std[617be2ca0a6fd877]::sys::backtrace::BacktraceLock>::print::DisplayBacktrace as core[a373ad73a504971]::fmt::Display>::fmt
[INFO] [stdout]    1:     0x5822ffd49dba - core[a373ad73a504971]::fmt::write
[INFO] [stdout]    2:     0x5822ffd38b1c - <alloc[2e1b2a31b91974c5]::vec::Vec<u8> as core[a373ad73a504971]::io::write::Write>::write_fmt
[INFO] [stdout]    3:     0x5822ffd10436 - std[617be2ca0a6fd877]::panicking::default_hook::{closure#0}
[INFO] [stdout]    4:     0x5822ffd2c919 - std[617be2ca0a6fd877]::panicking::default_hook
[INFO] [stdout]    5:     0x5822ffcb5a70 - test[aada8e7e76ba119b]::test_main_inner::{closure#0}
[INFO] [stdout]    6:     0x5822ffd2cc42 - std[617be2ca0a6fd877]::panicking::panic_with_hook
[INFO] [stdout]    7:     0x5822ffd104e2 - std[617be2ca0a6fd877]::panicking::panic_handler::{closure#0}
[INFO] [stdout]    8:     0x5822ffd09069 - std[617be2ca0a6fd877]::sys::backtrace::__rust_end_short_backtrace::<std[617be2ca0a6fd877]::panicking::panic_handler::{closure#0}, !>
[INFO] [stdout]    9:     0x5822ffd110ed - __rustc[ea4f61d10b84890b]::rust_begin_unwind
[INFO] [stdout]   10:     0x5822ffd4a51c - core[a373ad73a504971]::panicking::panic_fmt
[INFO] [stdout]   11:     0x5822ffd4a2f2 - core[a373ad73a504971]::result::unwrap_failed
[INFO] [stdout]   12:     0x5822ffc9fc16 - ruapc_rdma[1b8952cf6135a451]::test_utils::open_device
[INFO] [stdout]   13:     0x5822ffc84d65 - <ruapc_rdma[1b8952cf6135a451]::verbs::completion_queue::tests::test_cq_create_with_channel::{closure#0} as core[a373ad73a504971]::ops::function::FnOnce<()>>::call_once
[INFO] [stdout]   14:     0x5822ffca8ebb - test[aada8e7e76ba119b]::__rust_begin_short_backtrace::<core[a373ad73a504971]::result::Result<(), alloc[2e1b2a31b91974c5]::string::String>, fn() -> core[a373ad73a504971]::result::Result<(), alloc[2e1b2a31b91974c5]::string::String>>
[INFO] [stdout]   15:     0x5822ffcb6095 - test[aada8e7e76ba119b]::run_test::{closure#0}
[INFO] [stdout]   16:     0x5822ffcaf984 - std[617be2ca0a6fd877]::sys::backtrace::__rust_begin_short_backtrace::<test[aada8e7e76ba119b]::run_test::{closure#1}, ()>
[INFO] [stdout]   17:     0x5822ffcb9122 - <std[617be2ca0a6fd877]::thread::lifecycle::spawn_unchecked<test[aada8e7e76ba119b]::run_test::{closure#1}, ()>::{closure#1} as core[a373ad73a504971]::ops::function::FnOnce<()>>::call_once::{shim:vtable#0}
[INFO] [stdout]   18:     0x5822ffd33cdf - <std[617be2ca0a6fd877]::sys::thread::unix::Thread>::new::thread_start
[INFO] [stdout]   19:     0x70cf89ab7dfa - <unknown>
[INFO] [stdout]   20:     0x70cf89b4b3d4 - clone
[INFO] [stdout]   21:                0x0 - <unknown>
[INFO] [stdout] 
[INFO] [stdout] ---- verbs::completion_queue::tests::test_cq_poll_empty stdout ----
[INFO] [stdout] 
[INFO] [stdout] thread 'verbs::completion_queue::tests::test_cq_poll_empty' (1617) panicked at src/test_utils.rs:10:45:
[INFO] [stdout] no RDMA devices: IBDeviceNotFound
[INFO] [stdout] stack backtrace:
[INFO] [stdout]    0:     0x5822ffd347f1 - <<std[617be2ca0a6fd877]::sys::backtrace::BacktraceLock>::print::DisplayBacktrace as core[a373ad73a504971]::fmt::Display>::fmt
[INFO] [stdout]    1:     0x5822ffd49dba - core[a373ad73a504971]::fmt::write
[INFO] [stdout]    2:     0x5822ffd38b1c - <alloc[2e1b2a31b91974c5]::vec::Vec<u8> as core[a373ad73a504971]::io::write::Write>::write_fmt
[INFO] [stdout]    3:     0x5822ffd10436 - std[617be2ca0a6fd877]::panicking::default_hook::{closure#0}
[INFO] [stdout]    4:     0x5822ffd2c919 - std[617be2ca0a6fd877]::panicking::default_hook
[INFO] [stdout]    5:     0x5822ffcb5a70 - test[aada8e7e76ba119b]::test_main_inner::{closure#0}
[INFO] [stdout]    6:     0x5822ffd2cc42 - std[617be2ca0a6fd877]::panicking::panic_with_hook
[INFO] [stdout]    7:     0x5822ffd104e2 - std[617be2ca0a6fd877]::panicking::panic_handler::{closure#0}
[INFO] [stdout]    8:     0x5822ffd09069 - std[617be2ca0a6fd877]::sys::backtrace::__rust_end_short_backtrace::<std[617be2ca0a6fd877]::panicking::panic_handler::{closure#0}, !>
[INFO] [stdout]    9:     0x5822ffd110ed - __rustc[ea4f61d10b84890b]::rust_begin_unwind
[INFO] [stdout]   10:     0x5822ffd4a51c - core[a373ad73a504971]::panicking::panic_fmt
[INFO] [stdout]   11:     0x5822ffd4a2f2 - core[a373ad73a504971]::result::unwrap_failed
[INFO] [stdout]   12:     0x5822ffc9fc16 - ruapc_rdma[1b8952cf6135a451]::test_utils::open_device
[INFO] [stdout]   13:     0x5822ffc846ba - <ruapc_rdma[1b8952cf6135a451]::verbs::completion_queue::tests::test_cq_poll_empty::{closure#0} as core[a373ad73a504971]::ops::function::FnOnce<()>>::call_once
[INFO] [stdout]   14:     0x5822ffca8ebb - test[aada8e7e76ba119b]::__rust_begin_short_backtrace::<core[a373ad73a504971]::result::Result<(), alloc[2e1b2a31b91974c5]::string::String>, fn() -> core[a373ad73a504971]::result::Result<(), alloc[2e1b2a31b91974c5]::string::String>>
[INFO] [stdout]   15:     0x5822ffcb6095 - test[aada8e7e76ba119b]::run_test::{closure#0}
[INFO] [stdout]   16:     0x5822ffcaf984 - std[617be2ca0a6fd877]::sys::backtrace::__rust_begin_short_backtrace::<test[aada8e7e76ba119b]::run_test::{closure#1}, ()>
[INFO] [stdout]   17:     0x5822ffcb9122 - <std[617be2ca0a6fd877]::thread::lifecycle::spawn_unchecked<test[aada8e7e76ba119b]::run_test::{closure#1}, ()>::{closure#1} as core[a373ad73a504971]::ops::function::FnOnce<()>>::call_once::{shim:vtable#0}
[INFO] [stdout]   18:     0x5822ffd33cdf - <std[617be2ca0a6fd877]::sys::thread::unix::Thread>::new::thread_start
[INFO] [stdout]   19:     0x70cf89ab7dfa - <unknown>
[INFO] [stdout]   20:     0x70cf89b4b3d4 - clone
[INFO] [stdout]   21:                0x0 - <unknown>
[INFO] [stdout] 
[INFO] [stdout] ---- verbs::device::tests::test_device_debug stdout ----
[INFO] [stdout] 
[INFO] [stdout] thread 'verbs::device::tests::test_device_debug' (1624) panicked at src/verbs/device.rs:246:49:
[INFO] [stdout] called `Result::unwrap()` on an `Err` value: IBDeviceNotFound
[INFO] [stdout] stack backtrace:
[INFO] [stdout]    0:     0x5822ffd347f1 - <<std[617be2ca0a6fd877]::sys::backtrace::BacktraceLock>::print::DisplayBacktrace as core[a373ad73a504971]::fmt::Display>::fmt
[INFO] [stdout]    1:     0x5822ffd49dba - core[a373ad73a504971]::fmt::write
[INFO] [stdout]    2:     0x5822ffd38b1c - <alloc[2e1b2a31b91974c5]::vec::Vec<u8> as core[a373ad73a504971]::io::write::Write>::write_fmt
[INFO] [stdout]    3:     0x5822ffd10436 - std[617be2ca0a6fd877]::panicking::default_hook::{closure#0}
[INFO] [stdout]    4:     0x5822ffd2c919 - std[617be2ca0a6fd877]::panicking::default_hook
[INFO] [stdout]    5:     0x5822ffcb5a70 - test[aada8e7e76ba119b]::test_main_inner::{closure#0}
[INFO] [stdout]    6:     0x5822ffd2cc42 - std[617be2ca0a6fd877]::panicking::panic_with_hook
[INFO] [stdout]    7:     0x5822ffd104e2 - std[617be2ca0a6fd877]::panicking::panic_handler::{closure#0}
[INFO] [stdout]    8:     0x5822ffd09069 - std[617be2ca0a6fd877]::sys::backtrace::__rust_end_short_backtrace::<std[617be2ca0a6fd877]::panicking::panic_handler::{closure#0}, !>
[INFO] [stdout]    9:     0x5822ffd110ed - __rustc[ea4f61d10b84890b]::rust_begin_unwind
[INFO] [stdout]   10:     0x5822ffd4a51c - core[a373ad73a504971]::panicking::panic_fmt
[INFO] [stdout]   11:     0x5822ffd4a2f2 - core[a373ad73a504971]::result::unwrap_failed
[INFO] [stdout]   12:     0x5822ffc7c614 - <ruapc_rdma[1b8952cf6135a451]::verbs::device::tests::test_device_debug::{closure#0} as core[a373ad73a504971]::ops::function::FnOnce<()>>::call_once
[INFO] [stdout]   13:     0x5822ffca8ebb - test[aada8e7e76ba119b]::__rust_begin_short_backtrace::<core[a373ad73a504971]::result::Result<(), alloc[2e1b2a31b91974c5]::string::String>, fn() -> core[a373ad73a504971]::result::Result<(), alloc[2e1b2a31b91974c5]::string::String>>
[INFO] [stdout]   14:     0x5822ffcb6095 - test[aada8e7e76ba119b]::run_test::{closure#0}
[INFO] [stdout]   15:     0x5822ffcaf984 - std[617be2ca0a6fd877]::sys::backtrace::__rust_begin_short_backtrace::<test[aada8e7e76ba119b]::run_test::{closure#1}, ()>
[INFO] [stdout]   16:     0x5822ffcb9122 - <std[617be2ca0a6fd877]::thread::lifecycle::spawn_unchecked<test[aada8e7e76ba119b]::run_test::{closure#1}, ()>::{closure#1} as core[a373ad73a504971]::ops::function::FnOnce<()>>::call_once::{shim:vtable#0}
[INFO] [stdout]   17:     0x5822ffd33cdf - <std[617be2ca0a6fd877]::sys::thread::unix::Thread>::new::thread_start
[INFO] [stdout]   18:     0x70cf89ab7dfa - <unknown>
[INFO] [stdout]   19:     0x70cf89b4b3d4 - clone
[INFO] [stdout]   20:                0x0 - <unknown>
[INFO] [stdout] 
[INFO] [stdout] ---- verbs::device::tests::test_device_info stdout ----
[INFO] [stdout] 
[INFO] [stdout] thread 'verbs::device::tests::test_device_info' (1625) panicked at src/verbs/device.rs:237:49:
[INFO] [stdout] called `Result::unwrap()` on an `Err` value: IBDeviceNotFound
[INFO] [stdout] stack backtrace:
[INFO] [stdout]    0:     0x5822ffd347f1 - <<std[617be2ca0a6fd877]::sys::backtrace::BacktraceLock>::print::DisplayBacktrace as core[a373ad73a504971]::fmt::Display>::fmt
[INFO] [stdout]    1:     0x5822ffd49dba - core[a373ad73a504971]::fmt::write
[INFO] [stdout]    2:     0x5822ffd38b1c - <alloc[2e1b2a31b91974c5]::vec::Vec<u8> as core[a373ad73a504971]::io::write::Write>::write_fmt
[INFO] [stdout]    3:     0x5822ffd10436 - std[617be2ca0a6fd877]::panicking::default_hook::{closure#0}
[INFO] [stdout]    4:     0x5822ffd2c919 - std[617be2ca0a6fd877]::panicking::default_hook
[INFO] [stdout]    5:     0x5822ffcb5a70 - test[aada8e7e76ba119b]::test_main_inner::{closure#0}
[INFO] [stdout]    6:     0x5822ffd2cc42 - std[617be2ca0a6fd877]::panicking::panic_with_hook
[INFO] [stdout]    7:     0x5822ffd104e2 - std[617be2ca0a6fd877]::panicking::panic_handler::{closure#0}
[INFO] [stdout]    8:     0x5822ffd09069 - std[617be2ca0a6fd877]::sys::backtrace::__rust_end_short_backtrace::<std[617be2ca0a6fd877]::panicking::panic_handler::{closure#0}, !>
[INFO] [stdout]    9:     0x5822ffd110ed - __rustc[ea4f61d10b84890b]::rust_begin_unwind
[INFO] [stdout]   10:     0x5822ffd4a51c - core[a373ad73a504971]::panicking::panic_fmt
[INFO] [stdout]   11:     0x5822ffd4a2f2 - core[a373ad73a504971]::result::unwrap_failed
[INFO] [stdout]   12:     0x5822ffc7c3fc - <ruapc_rdma[1b8952cf6135a451]::verbs::device::tests::test_device_info::{closure#0} as core[a373ad73a504971]::ops::function::FnOnce<()>>::call_once
[INFO] [stdout]   13:     0x5822ffca8ebb - test[aada8e7e76ba119b]::__rust_begin_short_backtrace::<core[a373ad73a504971]::result::Result<(), alloc[2e1b2a31b91974c5]::string::String>, fn() -> core[a373ad73a504971]::result::Result<(), alloc[2e1b2a31b91974c5]::string::String>>
[INFO] [stdout]   14:     0x5822ffcb6095 - test[aada8e7e76ba119b]::run_test::{closure#0}
[INFO] [stdout]   15:     0x5822ffcaf984 - std[617be2ca0a6fd877]::sys::backtrace::__rust_begin_short_backtrace::<test[aada8e7e76ba119b]::run_test::{closure#1}, ()>
[INFO] [stdout]   16:     0x5822ffcb9122 - <std[617be2ca0a6fd877]::thread::lifecycle::spawn_unchecked<test[aada8e7e76ba119b]::run_test::{closure#1}, ()>::{closure#1} as core[a373ad73a504971]::ops::function::FnOnce<()>>::call_once::{shim:vtable#0}
[INFO] [stdout]   17:     0x5822ffd33cdf - <std[617be2ca0a6fd877]::sys::thread::unix::Thread>::new::thread_start
[INFO] [stdout]   18:     0x70cf89ab7dfa - <unknown>
[INFO] [stdout]   19:     0x70cf89b4b3d4 - clone
[INFO] [stdout]   20:                0x0 - <unknown>
[INFO] [stdout] 
[INFO] [stdout] ---- verbs::context::tests::test_context_query_device stdout ----
[INFO] [stdout] 
[INFO] [stdout] thread 'verbs::context::tests::test_context_query_device' (1620) panicked at src/test_utils.rs:10:45:
[INFO] [stdout] no RDMA devices: IBDeviceNotFound
[INFO] [stdout] stack backtrace:
[INFO] [stdout]    0:     0x5822ffd347f1 - <<std[617be2ca0a6fd877]::sys::backtrace::BacktraceLock>::print::DisplayBacktrace as core[a373ad73a504971]::fmt::Display>::fmt
[INFO] [stdout]    1:     0x5822ffd49dba - core[a373ad73a504971]::fmt::write
[INFO] [stdout]    2:     0x5822ffd38b1c - <alloc[2e1b2a31b91974c5]::vec::Vec<u8> as core[a373ad73a504971]::io::write::Write>::write_fmt
[INFO] [stdout]    3:     0x5822ffd10436 - std[617be2ca0a6fd877]::panicking::default_hook::{closure#0}
[INFO] [stdout]    4:     0x5822ffd2c919 - std[617be2ca0a6fd877]::panicking::default_hook
[INFO] [stdout]    5:     0x5822ffcb5a70 - test[aada8e7e76ba119b]::test_main_inner::{closure#0}
[INFO] [stdout]    6:     0x5822ffd2cc42 - std[617be2ca0a6fd877]::panicking::panic_with_hook
[INFO] [stdout]    7:     0x5822ffd104e2 - std[617be2ca0a6fd877]::panicking::panic_handler::{closure#0}
[INFO] [stdout]    8:     0x5822ffd09069 - std[617be2ca0a6fd877]::sys::backtrace::__rust_end_short_backtrace::<std[617be2ca0a6fd877]::panicking::panic_handler::{closure#0}, !>
[INFO] [stdout]    9:     0x5822ffd110ed - __rustc[ea4f61d10b84890b]::rust_begin_unwind
[INFO] [stdout]   10:     0x5822ffd4a51c - core[a373ad73a504971]::panicking::panic_fmt
[INFO] [stdout]   11:     0x5822ffd4a2f2 - core[a373ad73a504971]::result::unwrap_failed
[INFO] [stdout]   12:     0x5822ffc9fc16 - ruapc_rdma[1b8952cf6135a451]::test_utils::open_device
[INFO] [stdout]   13:     0x5822ffc6a604 - ruapc_rdma[1b8952cf6135a451]::verbs::context::tests::ctx
[INFO] [stdout]   14:     0x5822ffc6ba32 - <ruapc_rdma[1b8952cf6135a451]::verbs::context::tests::test_context_query_device::{closure#0} as core[a373ad73a504971]::ops::function::FnOnce<()>>::call_once
[INFO] [stdout]   15:     0x5822ffca8ebb - test[aada8e7e76ba119b]::__rust_begin_short_backtrace::<core[a373ad73a504971]::result::Result<(), alloc[2e1b2a31b91974c5]::string::String>, fn() -> core[a373ad73a504971]::result::Result<(), alloc[2e1b2a31b91974c5]::string::String>>
[INFO] [stdout]   16:     0x5822ffcb6095 - test[aada8e7e76ba119b]::run_test::{closure#0}
[INFO] [stdout]   17:     0x5822ffcaf984 - std[617be2ca0a6fd877]::sys::backtrace::__rust_begin_short_backtrace::<test[aada8e7e76ba119b]::run_test::{closure#1}, ()>
[INFO] [stdout]   18:     0x5822ffcb9122 - <std[617be2ca0a6fd877]::thread::lifecycle::spawn_unchecked<test[aada8e7e76ba119b]::run_test::{closure#1}, ()>::{closure#1} as core[a373ad73a504971]::ops::function::FnOnce<()>>::call_once::{shim:vtable#0}
[INFO] [stdout]   19:     0x5822ffd33cdf - <std[617be2ca0a6fd877]::sys::thread::unix::Thread>::new::thread_start
[INFO] [stdout]   20:     0x70cf89ab7dfa - <unknown>
[INFO] [stdout]   21:     0x70cf89b4b3d4 - clone
[INFO] [stdout]   22:                0x0 - <unknown>
[INFO] [stdout] 
[INFO] [stdout] ---- verbs::memory_region::tests::rejects_offset_addressing_for_owned_buffer_operations stdout ----
[INFO] [stdout] 
[INFO] [stdout] thread 'verbs::memory_region::tests::rejects_offset_addressing_for_owned_buffer_operations' (1626) panicked at src/test_utils.rs:10:45:
[INFO] [stdout] no RDMA devices: IBDeviceNotFound
[INFO] [stdout] stack backtrace:
[INFO] [stdout]    0:     0x5822ffd347f1 - <<std[617be2ca0a6fd877]::sys::backtrace::BacktraceLock>::print::DisplayBacktrace as core[a373ad73a504971]::fmt::Display>::fmt
[INFO] [stdout]    1:     0x5822ffd49dba - core[a373ad73a504971]::fmt::write
[INFO] [stdout]    2:     0x5822ffd38b1c - <alloc[2e1b2a31b91974c5]::vec::Vec<u8> as core[a373ad73a504971]::io::write::Write>::write_fmt
[INFO] [stdout]    3:     0x5822ffd10436 - std[617be2ca0a6fd877]::panicking::default_hook::{closure#0}
[INFO] [stdout]    4:     0x5822ffd2c919 - std[617be2ca0a6fd877]::panicking::default_hook
[INFO] [stdout]    5:     0x5822ffcb5a70 - test[aada8e7e76ba119b]::test_main_inner::{closure#0}
[INFO] [stdout]    6:     0x5822ffd2cc42 - std[617be2ca0a6fd877]::panicking::panic_with_hook
[INFO] [stdout]    7:     0x5822ffd104e2 - std[617be2ca0a6fd877]::panicking::panic_handler::{closure#0}
[INFO] [stdout]    8:     0x5822ffd09069 - std[617be2ca0a6fd877]::sys::backtrace::__rust_end_short_backtrace::<std[617be2ca0a6fd877]::panicking::panic_handler::{closure#0}, !>
[INFO] [stdout]    9:     0x5822ffd110ed - __rustc[ea4f61d10b84890b]::rust_begin_unwind
[INFO] [stdout]   10:     0x5822ffd4a51c - core[a373ad73a504971]::panicking::panic_fmt
[INFO] [stdout]   11:     0x5822ffd4a2f2 - core[a373ad73a504971]::result::unwrap_failed
[INFO] [stdout]   12:     0x5822ffc9fc16 - ruapc_rdma[1b8952cf6135a451]::test_utils::open_device
[INFO] [stdout]   13:     0x5822ffc9a077 - <ruapc_rdma[1b8952cf6135a451]::verbs::memory_region::tests::rejects_offset_addressing_for_owned_buffer_operations::{closure#0} as core[a373ad73a504971]::ops::function::FnOnce<()>>::call_once
[INFO] [stdout]   14:     0x5822ffca8ebb - test[aada8e7e76ba119b]::__rust_begin_short_backtrace::<core[a373ad73a504971]::result::Result<(), alloc[2e1b2a31b91974c5]::string::String>, fn() -> core[a373ad73a504971]::result::Result<(), alloc[2e1b2a31b91974c5]::string::String>>
[INFO] [stdout]   15:     0x5822ffcb6095 - test[aada8e7e76ba119b]::run_test::{closure#0}
[INFO] [stdout]   16:     0x5822ffcaf984 - std[617be2ca0a6fd877]::sys::backtrace::__rust_begin_short_backtrace::<test[aada8e7e76ba119b]::run_test::{closure#1}, ()>
[INFO] [stdout]   17:     0x5822ffcb9122 - <std[617be2ca0a6fd877]::thread::lifecycle::spawn_unchecked<test[aada8e7e76ba119b]::run_test::{closure#1}, ()>::{closure#1} as core[a373ad73a504971]::ops::function::FnOnce<()>>::call_once::{shim:vtable#0}
[INFO] [stdout]   18:     0x5822ffd33cdf - <std[617be2ca0a6fd877]::sys::thread::unix::Thread>::new::thread_start
[INFO] [stdout]   19:     0x70cf89ab7dfa - <unknown>
[INFO] [stdout]   20:     0x70cf89b4b3d4 - clone
[INFO] [stdout]   21:                0x0 - <unknown>
[INFO] [stdout] 
[INFO] [stdout] ---- verbs::memory_region::tests::test_memory_region_debug stdout ----
[INFO] [stdout] 
[INFO] [stdout] thread 'verbs::memory_region::tests::test_memory_region_debug' (1627) panicked at src/test_utils.rs:10:45:
[INFO] [stdout] no RDMA devices: IBDeviceNotFound
[INFO] [stdout] stack backtrace:
[INFO] [stdout]    0:     0x5822ffd347f1 - <<std[617be2ca0a6fd877]::sys::backtrace::BacktraceLock>::print::DisplayBacktrace as core[a373ad73a504971]::fmt::Display>::fmt
[INFO] [stdout]    1:     0x5822ffd49dba - core[a373ad73a504971]::fmt::write
[INFO] [stdout]    2:     0x5822ffd38b1c - <alloc[2e1b2a31b91974c5]::vec::Vec<u8> as core[a373ad73a504971]::io::write::Write>::write_fmt
[INFO] [stdout]    3:     0x5822ffd10436 - std[617be2ca0a6fd877]::panicking::default_hook::{closure#0}
[INFO] [stdout]    4:     0x5822ffd2c919 - std[617be2ca0a6fd877]::panicking::default_hook
[INFO] [stdout]    5:     0x5822ffcb5a70 - test[aada8e7e76ba119b]::test_main_inner::{closure#0}
[INFO] [stdout]    6:     0x5822ffd2cc42 - std[617be2ca0a6fd877]::panicking::panic_with_hook
[INFO] [stdout]    7:     0x5822ffd104e2 - std[617be2ca0a6fd877]::panicking::panic_handler::{closure#0}
[INFO] [stdout]    8:     0x5822ffd09069 - std[617be2ca0a6fd877]::sys::backtrace::__rust_end_short_backtrace::<std[617be2ca0a6fd877]::panicking::panic_handler::{closure#0}, !>
[INFO] [stdout]    9:     0x5822ffd110ed - __rustc[ea4f61d10b84890b]::rust_begin_unwind
[INFO] [stdout]   10:     0x5822ffd4a51c - core[a373ad73a504971]::panicking::panic_fmt
[INFO] [stdout]   11:     0x5822ffd4a2f2 - core[a373ad73a504971]::result::unwrap_failed
[INFO] [stdout]   12:     0x5822ffc9fc16 - ruapc_rdma[1b8952cf6135a451]::test_utils::open_device
[INFO] [stdout]   13:     0x5822ffc9962e - <ruapc_rdma[1b8952cf6135a451]::verbs::memory_region::tests::test_memory_region_debug::{closure#0} as core[a373ad73a504971]::ops::function::FnOnce<()>>::call_once
[INFO] [stdout]   14:     0x5822ffca8ebb - test[aada8e7e76ba119b]::__rust_begin_short_backtrace::<core[a373ad73a504971]::result::Result<(), alloc[2e1b2a31b91974c5]::string::String>, fn() -> core[a373ad73a504971]::result::Result<(), alloc[2e1b2a31b91974c5]::string::String>>
[INFO] [stdout]   15:     0x5822ffcb6095 - test[aada8e7e76ba119b]::run_test::{closure#0}
[INFO] [stdout]   16:     0x5822ffcaf984 - std[617be2ca0a6fd877]::sys::backtrace::__rust_begin_short_backtrace::<test[aada8e7e76ba119b]::run_test::{closure#1}, ()>
[INFO] [stdout]   17:     0x5822ffcb9122 - <std[617be2ca0a6fd877]::thread::lifecycle::spawn_unchecked<test[aada8e7e76ba119b]::run_test::{closure#1}, ()>::{closure#1} as core[a373ad73a504971]::ops::function::FnOnce<()>>::call_once::{shim:vtable#0}
[INFO] [stdout]   18:     0x5822ffd33cdf - <std[617be2ca0a6fd877]::sys::thread::unix::Thread>::new::thread_start
[INFO] [stdout]   19:     0x70cf89ab7dfa - <unknown>
[INFO] [stdout]   20:     0x70cf89b4b3d4 - clone
[INFO] [stdout]   21:                0x0 - <unknown>
[INFO] [stdout] 
[INFO] [stdout] ---- verbs::memory_region::tests::test_memory_region_register stdout ----
[INFO] [stdout] 
[INFO] [stdout] thread 'verbs::memory_region::tests::test_memory_region_register' (1629) panicked at src/test_utils.rs:10:45:
[INFO] [stdout] no RDMA devices: IBDeviceNotFound
[INFO] [stdout] stack backtrace:
[INFO] [stdout]    0:     0x5822ffd347f1 - <<std[617be2ca0a6fd877]::sys::backtrace::BacktraceLock>::print::DisplayBacktrace as core[a373ad73a504971]::fmt::Display>::fmt
[INFO] [stdout]    1:     0x5822ffd49dba - core[a373ad73a504971]::fmt::write
[INFO] [stdout]    2:     0x5822ffd38b1c - <alloc[2e1b2a31b91974c5]::vec::Vec<u8> as core[a373ad73a504971]::io::write::Write>::write_fmt
[INFO] [stdout]    3:     0x5822ffd10436 - std[617be2ca0a6fd877]::panicking::default_hook::{closure#0}
[INFO] [stdout]    4:     0x5822ffd2c919 - std[617be2ca0a6fd877]::panicking::default_hook
[INFO] [stdout]    5:     0x5822ffcb5a70 - test[aada8e7e76ba119b]::test_main_inner::{closure#0}
[INFO] [stdout]    6:     0x5822ffd2cc42 - std[617be2ca0a6fd877]::panicking::panic_with_hook
[INFO] [stdout]    7:     0x5822ffd104e2 - std[617be2ca0a6fd877]::panicking::panic_handler::{closure#0}
[INFO] [stdout]    8:     0x5822ffd09069 - std[617be2ca0a6fd877]::sys::backtrace::__rust_end_short_backtrace::<std[617be2ca0a6fd877]::panicking::panic_handler::{closure#0}, !>
[INFO] [stdout]    9:     0x5822ffd110ed - __rustc[ea4f61d10b84890b]::rust_begin_unwind
[INFO] [stdout]   10:     0x5822ffd4a51c - core[a373ad73a504971]::panicking::panic_fmt
[INFO] [stdout]   11:     0x5822ffd4a2f2 - core[a373ad73a504971]::result::unwrap_failed
[INFO] [stdout]   12:     0x5822ffc9fc16 - ruapc_rdma[1b8952cf6135a451]::test_utils::open_device
[INFO] [stdout]   13:     0x5822ffc999cc - <ruapc_rdma[1b8952cf6135a451]::verbs::memory_region::tests::test_memory_region_register::{closure#0} as core[a373ad73a504971]::ops::function::FnOnce<()>>::call_once
[INFO] [stdout]   14:     0x5822ffca8ebb - test[aada8e7e76ba119b]::__rust_begin_short_backtrace::<core[a373ad73a504971]::result::Result<(), alloc[2e1b2a31b91974c5]::string::String>, fn() -> core[a373ad73a504971]::result::Result<(), alloc[2e1b2a31b91974c5]::string::String>>
[INFO] [stdout]   15:     0x5822ffcb6095 - test[aada8e7e76ba119b]::run_test::{closure#0}
[INFO] [stdout]   16:     0x5822ffcaf984 - std[617be2ca0a6fd877]::sys::backtrace::__rust_begin_short_backtrace::<test[aada8e7e76ba119b]::run_test::{closure#1}, ()>
[INFO] [stdout]   17:     0x5822ffcb9122 - <std[617be2ca0a6fd877]::thread::lifecycle::spawn_unchecked<test[aada8e7e76ba119b]::run_test::{closure#1}, ()>::{closure#1} as core[a373ad73a504971]::ops::function::FnOnce<()>>::call_once::{shim:vtable#0}
[INFO] [stdout]   18:     0x5822ffd33cdf - <std[617be2ca0a6fd877]::sys::thread::unix::Thread>::new::thread_start
[INFO] [stdout]   19:     0x70cf89ab7dfa - <unknown>
[INFO] [stdout]   20:     0x70cf89b4b3d4 - clone
[INFO] [stdout]   21:                0x0 - <unknown>
[INFO] [stdout] 
[INFO] [stdout] ---- verbs::memory_region::tests::test_memory_region_memory_keeps_alive stdout ----
[INFO] [stdout] 
[INFO] [stdout] thread 'verbs::memory_region::tests::test_memory_region_memory_keeps_alive' (1628) panicked at src/test_utils.rs:10:45:
[INFO] [stdout] no RDMA devices: IBDeviceNotFound
[INFO] [stdout] stack backtrace:
[INFO] [stdout]    0:     0x5822ffd347f1 - <<std[617be2ca0a6fd877]::sys::backtrace::BacktraceLock>::print::DisplayBacktrace as core[a373ad73a504971]::fmt::Display>::fmt
[INFO] [stdout]    1:     0x5822ffd49dba - core[a373ad73a504971]::fmt::write
[INFO] [stdout]    2:     0x5822ffd38b1c - <alloc[2e1b2a31b91974c5]::vec::Vec<u8> as core[a373ad73a504971]::io::write::Write>::write_fmt
[INFO] [stdout]    3:     0x5822ffd10436 - std[617be2ca0a6fd877]::panicking::default_hook::{closure#0}
[INFO] [stdout]    4:     0x5822ffd2c919 - std[617be2ca0a6fd877]::panicking::default_hook
[INFO] [stdout]    5:     0x5822ffcb5a70 - test[aada8e7e76ba119b]::test_main_inner::{closure#0}
[INFO] [stdout]    6:     0x5822ffd2cc42 - std[617be2ca0a6fd877]::panicking::panic_with_hook
[INFO] [stdout]    7:     0x5822ffd104e2 - std[617be2ca0a6fd877]::panicking::panic_handler::{closure#0}
[INFO] [stdout]    8:     0x5822ffd09069 - std[617be2ca0a6fd877]::sys::backtrace::__rust_end_short_backtrace::<std[617be2ca0a6fd877]::panicking::panic_handler::{closure#0}, !>
[INFO] [stdout]    9:     0x5822ffd110ed - __rustc[ea4f61d10b84890b]::rust_begin_unwind
[INFO] [stdout]   10:     0x5822ffd4a51c - core[a373ad73a504971]::panicking::panic_fmt
[INFO] [stdout]   11:     0x5822ffd4a2f2 - core[a373ad73a504971]::result::unwrap_failed
[INFO] [stdout]   12:     0x5822ffc9fc16 - ruapc_rdma[1b8952cf6135a451]::test_utils::open_device
[INFO] [stdout]   13:     0x5822ffc99d1c - <ruapc_rdma[1b8952cf6135a451]::verbs::memory_region::tests::test_memory_region_memory_keeps_alive::{closure#0} as core[a373ad73a504971]::ops::function::FnOnce<()>>::call_once
[INFO] [stdout]   14:     0x5822ffca8ebb - test[aada8e7e76ba119b]::__rust_begin_short_backtrace::<core[a373ad73a504971]::result::Result<(), alloc[2e1b2a31b91974c5]::string::String>, fn() -> core[a373ad73a504971]::result::Result<(), alloc[2e1b2a31b91974c5]::string::String>>
[INFO] [stdout]   15:     0x5822ffcb6095 - test[aada8e7e76ba119b]::run_test::{closure#0}
[INFO] [stdout]   16:     0x5822ffcaf984 - std[617be2ca0a6fd877]::sys::backtrace::__rust_begin_short_backtrace::<test[aada8e7e76ba119b]::run_test::{closure#1}, ()>
[INFO] [stdout]   17:     0x5822ffcb9122 - <std[617be2ca0a6fd877]::thread::lifecycle::spawn_unchecked<test[aada8e7e76ba119b]::run_test::{closure#1}, ()>::{closure#1} as core[a373ad73a504971]::ops::function::FnOnce<()>>::call_once::{shim:vtable#0}
[INFO] [stdout]   18:     0x5822ffd33cdf - <std[617be2ca0a6fd877]::sys::thread::unix::Thread>::new::thread_start
[INFO] [stdout]   19:     0x70cf89ab7dfa - <unknown>
[INFO] [stdout]   20:     0x70cf89b4b3d4 - clone
[INFO] [stdout]   21:                0x0 - <unknown>
[INFO] [stdout] 
[INFO] [stdout] ---- verbs::protection_domain::tests::test_protection_domain_debug stdout ----
[INFO] [stdout] 
[INFO] [stdout] thread 'verbs::protection_domain::tests::test_protection_domain_debug' (1631) panicked at src/test_utils.rs:10:45:
[INFO] [stdout] no RDMA devices: IBDeviceNotFound
[INFO] [stdout] stack backtrace:
[INFO] [stdout]    0:     0x5822ffd347f1 - <<std[617be2ca0a6fd877]::sys::backtrace::BacktraceLock>::print::DisplayBacktrace as core[a373ad73a504971]::fmt::Display>::fmt
[INFO] [stdout]    1:     0x5822ffd49dba - core[a373ad73a504971]::fmt::write
[INFO] [stdout]    2:     0x5822ffd38b1c - <alloc[2e1b2a31b91974c5]::vec::Vec<u8> as core[a373ad73a504971]::io::write::Write>::write_fmt
[INFO] [stdout]    3:     0x5822ffd10436 - std[617be2ca0a6fd877]::panicking::default_hook::{closure#0}
[INFO] [stdout]    4:     0x5822ffd2c919 - std[617be2ca0a6fd877]::panicking::default_hook
[INFO] [stdout]    5:     0x5822ffcb5a70 - test[aada8e7e76ba119b]::test_main_inner::{closure#0}
[INFO] [stdout]    6:     0x5822ffd2cc42 - std[617be2ca0a6fd877]::panicking::panic_with_hook
[INFO] [stdout]    7:     0x5822ffd104e2 - std[617be2ca0a6fd877]::panicking::panic_handler::{closure#0}
[INFO] [stdout]    8:     0x5822ffd09069 - std[617be2ca0a6fd877]::sys::backtrace::__rust_end_short_backtrace::<std[617be2ca0a6fd877]::panicking::panic_handler::{closure#0}, !>
[INFO] [stdout]    9:     0x5822ffd110ed - __rustc[ea4f61d10b84890b]::rust_begin_unwind
[INFO] [stdout]   10:     0x5822ffd4a51c - core[a373ad73a504971]::panicking::panic_fmt
[INFO] [stdout]   11:     0x5822ffd4a2f2 - core[a373ad73a504971]::result::unwrap_failed
[INFO] [stdout]   12:     0x5822ffc9fc16 - ruapc_rdma[1b8952cf6135a451]::test_utils::open_device
[INFO] [stdout]   13:     0x5822ffc730a1 - <ruapc_rdma[1b8952cf6135a451]::verbs::protection_domain::tests::test_protection_domain_debug::{closure#0} as core[a373ad73a504971]::ops::function::FnOnce<()>>::call_once
[INFO] [stdout]   14:     0x5822ffca8ebb - test[aada8e7e76ba119b]::__rust_begin_short_backtrace::<core[a373ad73a504971]::result::Result<(), alloc[2e1b2a31b91974c5]::string::String>, fn() -> core[a373ad73a504971]::result::Result<(), alloc[2e1b2a31b91974c5]::string::String>>
[INFO] [stdout]   15:     0x5822ffcb6095 - test[aada8e7e76ba119b]::run_test::{closure#0}
[INFO] [stdout]   16:     0x5822ffcaf984 - std[617be2ca0a6fd877]::sys::backtrace::__rust_begin_short_backtrace::<test[aada8e7e76ba119b]::run_test::{closure#1}, ()>
[INFO] [stdout]   17:     0x5822ffcb9122 - <std[617be2ca0a6fd877]::thread::lifecycle::spawn_unchecked<test[aada8e7e76ba119b]::run_test::{closure#1}, ()>::{closure#1} as core[a373ad73a504971]::ops::function::FnOnce<()>>::call_once::{shim:vtable#0}
[INFO] [stdout]   18:     0x5822ffd33cdf - <std[617be2ca0a6fd877]::sys::thread::unix::Thread>::new::thread_start
[INFO] [stdout]   19:     0x70cf89ab7dfa - <unknown>
[INFO] [stdout]   20:     0x70cf89b4b3d4 - clone
[INFO] [stdout]   21:                0x0 - <unknown>
[INFO] [stdout] 
[INFO] [stdout] ---- verbs::queue_pair::tests::failed_second_cq_registration_releases_only_its_own_partial_lease stdout ----
[INFO] [stdout] 
[INFO] [stdout] thread 'verbs::queue_pair::tests::failed_second_cq_registration_releases_only_its_own_partial_lease' (1643) panicked at src/test_utils.rs:10:45:
[INFO] [stdout] no RDMA devices: IBDeviceNotFound
[INFO] [stdout] stack backtrace:
[INFO] [stdout]    0:     0x5822ffd347f1 - <<std[617be2ca0a6fd877]::sys::backtrace::BacktraceLock>::print::DisplayBacktrace as core[a373ad73a504971]::fmt::Display>::fmt
[INFO] [stdout]    1:     0x5822ffd49dba - core[a373ad73a504971]::fmt::write
[INFO] [stdout]    2:     0x5822ffd38b1c - <alloc[2e1b2a31b91974c5]::vec::Vec<u8> as core[a373ad73a504971]::io::write::Write>::write_fmt
[INFO] [stdout]    3:     0x5822ffd10436 - std[617be2ca0a6fd877]::panicking::default_hook::{closure#0}
[INFO] [stdout]    4:     0x5822ffd2c919 - std[617be2ca0a6fd877]::panicking::default_hook
[INFO] [stdout]    5:     0x5822ffcb5a70 - test[aada8e7e76ba119b]::test_main_inner::{closure#0}
[INFO] [stdout]    6:     0x5822ffd2cc42 - std[617be2ca0a6fd877]::panicking::panic_with_hook
[INFO] [stdout]    7:     0x5822ffd104e2 - std[617be2ca0a6fd877]::panicking::panic_handler::{closure#0}
[INFO] [stdout]    8:     0x5822ffd09069 - std[617be2ca0a6fd877]::sys::backtrace::__rust_end_short_backtrace::<std[617be2ca0a6fd877]::panicking::panic_handler::{closure#0}, !>
[INFO] [stdout]    9:     0x5822ffd110ed - __rustc[ea4f61d10b84890b]::rust_begin_unwind
[INFO] [stdout]   10:     0x5822ffd4a51c - core[a373ad73a504971]::panicking::panic_fmt
[INFO] [stdout]   11:     0x5822ffd4a2f2 - core[a373ad73a504971]::result::unwrap_failed
[INFO] [stdout]   12:     0x5822ffc9fc16 - ruapc_rdma[1b8952cf6135a451]::test_utils::open_device
[INFO] [stdout]   13:     0x5822ffc9156f - <ruapc_rdma[1b8952cf6135a451]::verbs::queue_pair::tests::failed_second_cq_registration_releases_only_its_own_partial_lease::{closure#0} as core[a373ad73a504971]::ops::function::FnOnce<()>>::call_once
[INFO] [stdout]   14:     0x5822ffca8ebb - test[aada8e7e76ba119b]::__rust_begin_short_backtrace::<core[a373ad73a504971]::result::Result<(), alloc[2e1b2a31b91974c5]::string::String>, fn() -> core[a373ad73a504971]::result::Result<(), alloc[2e1b2a31b91974c5]::string::String>>
[INFO] [stdout]   15:     0x5822ffcb6095 - test[aada8e7e76ba119b]::run_test::{closure#0}
[INFO] [stdout]   16:     0x5822ffcaf984 - std[617be2ca0a6fd877]::sys::backtrace::__rust_begin_short_backtrace::<test[aada8e7e76ba119b]::run_test::{closure#1}, ()>
[INFO] [stdout]   17:     0x5822ffcb9122 - <std[617be2ca0a6fd877]::thread::lifecycle::spawn_unchecked<test[aada8e7e76ba119b]::run_test::{closure#1}, ()>::{closure#1} as core[a373ad73a504971]::ops::function::FnOnce<()>>::call_once::{shim:vtable#0}
[INFO] [stdout]   18:     0x5822ffd33cdf - <std[617be2ca0a6fd877]::sys::thread::unix::Thread>::new::thread_start
[INFO] [stdout]   19:     0x70cf89ab7dfa - <unknown>
[INFO] [stdout]   20:     0x70cf89b4b3d4 - clone
[INFO] [stdout]   21:                0x0 - <unknown>
[INFO] [stdout] 
[INFO] [stdout] ---- verbs::queue_pair::tests::cq_capacity_does_not_limit_qps_with_no_posted_work stdout ----
[INFO] [stdout] 
[INFO] [stdout] thread 'verbs::queue_pair::tests::cq_capacity_does_not_limit_qps_with_no_posted_work' (1642) panicked at src/test_utils.rs:10:45:
[INFO] [stdout] no RDMA devices: IBDeviceNotFound
[INFO] [stdout] stack backtrace:
[INFO] [stdout]    0:     0x5822ffd347f1 - <<std[617be2ca0a6fd877]::sys::backtrace::BacktraceLock>::print::DisplayBacktrace as core[a373ad73a504971]::fmt::Display>::fmt
[INFO] [stdout]    1:     0x5822ffd49dba - core[a373ad73a504971]::fmt::write
[INFO] [stdout]    2:     0x5822ffd38b1c - <alloc[2e1b2a31b91974c5]::vec::Vec<u8> as core[a373ad73a504971]::io::write::Write>::write_fmt
[INFO] [stdout]    3:     0x5822ffd10436 - std[617be2ca0a6fd877]::panicking::default_hook::{closure#0}
[INFO] [stdout]    4:     0x5822ffd2c919 - std[617be2ca0a6fd877]::panicking::default_hook
[INFO] [stdout]    5:     0x5822ffcb5a70 - test[aada8e7e76ba119b]::test_main_inner::{closure#0}
[INFO] [stdout]    6:     0x5822ffd2cc42 - std[617be2ca0a6fd877]::panicking::panic_with_hook
[INFO] [stdout]    7:     0x5822ffd104e2 - std[617be2ca0a6fd877]::panicking::panic_handler::{closure#0}
[INFO] [stdout]    8:     0x5822ffd09069 - std[617be2ca0a6fd877]::sys::backtrace::__rust_end_short_backtrace::<std[617be2ca0a6fd877]::panicking::panic_handler::{closure#0}, !>
[INFO] [stdout]    9:     0x5822ffd110ed - __rustc[ea4f61d10b84890b]::rust_begin_unwind
[INFO] [stdout]   10:     0x5822ffd4a51c - core[a373ad73a504971]::panicking::panic_fmt
[INFO] [stdout]   11:     0x5822ffd4a2f2 - core[a373ad73a504971]::result::unwrap_failed
[INFO] [stdout]   12:     0x5822ffc9fc16 - ruapc_rdma[1b8952cf6135a451]::test_utils::open_device
[INFO] [stdout]   13:     0x5822ffc908f3 - <ruapc_rdma[1b8952cf6135a451]::verbs::queue_pair::tests::cq_capacity_does_not_limit_qps_with_no_posted_work::{closure#0} as core[a373ad73a504971]::ops::function::FnOnce<()>>::call_once
[INFO] [stdout]   14:     0x5822ffca8ebb - test[aada8e7e76ba119b]::__rust_begin_short_backtrace::<core[a373ad73a504971]::result::Result<(), alloc[2e1b2a31b91974c5]::string::String>, fn() -> core[a373ad73a504971]::result::Result<(), alloc[2e1b2a31b91974c5]::string::String>>
[INFO] [stdout]   15:     0x5822ffcb6095 - test[aada8e7e76ba119b]::run_test::{closure#0}
[INFO] [stdout]   16:     0x5822ffcaf984 - std[617be2ca0a6fd877]::sys::backtrace::__rust_begin_short_backtrace::<test[aada8e7e76ba119b]::run_test::{closure#1}, ()>
[INFO] [stdout]   17:     0x5822ffcb9122 - <std[617be2ca0a6fd877]::thread::lifecycle::spawn_unchecked<test[aada8e7e76ba119b]::run_test::{closure#1}, ()>::{closure#1} as core[a373ad73a504971]::ops::function::FnOnce<()>>::call_once::{shim:vtable#0}
[INFO] [stdout]   18:     0x5822ffd33cdf - <std[617be2ca0a6fd877]::sys::thread::unix::Thread>::new::thread_start
[INFO] [stdout]   19:     0x70cf89ab7dfa - <unknown>
[INFO] [stdout]   20:     0x70cf89b4b3d4 - clone
[INFO] [stdout]   21:                0x0 - <unknown>
[INFO] [stdout] 
[INFO] [stdout] ---- verbs::queue_pair::tests::qp_identities_are_registered_after_creation_and_retire_after_destruction stdout ----
[INFO] [stdout] 
[INFO] [stdout] thread 'verbs::queue_pair::tests::qp_identities_are_registered_after_creation_and_retire_after_destruction' (1646) panicked at src/test_utils.rs:10:45:
[INFO] [stdout] no RDMA devices: IBDeviceNotFound
[INFO] [stdout] stack backtrace:
[INFO] [stdout]    0:     0x5822ffd347f1 - <<std[617be2ca0a6fd877]::sys::backtrace::BacktraceLock>::print::DisplayBacktrace as core[a373ad73a504971]::fmt::Display>::fmt
[INFO] [stdout]    1:     0x5822ffd49dba - core[a373ad73a504971]::fmt::write
[INFO] [stdout]    2:     0x5822ffd38b1c - <alloc[2e1b2a31b91974c5]::vec::Vec<u8> as core[a373ad73a504971]::io::write::Write>::write_fmt
[INFO] [stdout]    3:     0x5822ffd10436 - std[617be2ca0a6fd877]::panicking::default_hook::{closure#0}
[INFO] [stdout]    4:     0x5822ffd2c919 - std[617be2ca0a6fd877]::panicking::default_hook
[INFO] [stdout]    5:     0x5822ffcb5a70 - test[aada8e7e76ba119b]::test_main_inner::{closure#0}
[INFO] [stdout]    6:     0x5822ffd2cc42 - std[617be2ca0a6fd877]::panicking::panic_with_hook
[INFO] [stdout]    7:     0x5822ffd104e2 - std[617be2ca0a6fd877]::panicking::panic_handler::{closure#0}
[INFO] [stdout]    8:     0x5822ffd09069 - std[617be2ca0a6fd877]::sys::backtrace::__rust_end_short_backtrace::<std[617be2ca0a6fd877]::panicking::panic_handler::{closure#0}, !>
[INFO] [stdout]    9:     0x5822ffd110ed - __rustc[ea4f61d10b84890b]::rust_begin_unwind
[INFO] [stdout]   10:     0x5822ffd4a51c - core[a373ad73a504971]::panicking::panic_fmt
[INFO] [stdout]   11:     0x5822ffd4a2f2 - core[a373ad73a504971]::result::unwrap_failed
[INFO] [stdout]   12:     0x5822ffc9fc16 - ruapc_rdma[1b8952cf6135a451]::test_utils::open_device
[INFO] [stdout]   13:     0x5822ffc91d81 - <ruapc_rdma[1b8952cf6135a451]::verbs::queue_pair::tests::qp_identities_are_registered_after_creation_and_retire_after_destruction::{closure#0} as core[a373ad73a504971]::ops::function::FnOnce<()>>::call_once
[INFO] [stdout]   14:     0x5822ffca8ebb - test[aada8e7e76ba119b]::__rust_begin_short_backtrace::<core[a373ad73a504971]::result::Result<(), alloc[2e1b2a31b91974c5]::string::String>, fn() -> core[a373ad73a504971]::result::Result<(), alloc[2e1b2a31b91974c5]::string::String>>
[INFO] [stdout]   15:     0x5822ffcb6095 - test[aada8e7e76ba119b]::run_test::{closure#0}
[INFO] [stdout]   16:     0x5822ffcaf984 - std[617be2ca0a6fd877]::sys::backtrace::__rust_begin_short_backtrace::<test[aada8e7e76ba119b]::run_test::{closure#1}, ()>
[INFO] [stdout]   17:     0x5822ffcb9122 - <std[617be2ca0a6fd877]::thread::lifecycle::spawn_unchecked<test[aada8e7e76ba119b]::run_test::{closure#1}, ()>::{closure#1} as core[a373ad73a504971]::ops::function::FnOnce<()>>::call_once::{shim:vtable#0}
[INFO] [stdout]   18:     0x5822ffd33cdf - <std[617be2ca0a6fd877]::sys::thread::unix::Thread>::new::thread_start
[INFO] [stdout]   19:     0x70cf89ab7dfa - <unknown>
[INFO] [stdout]   20:     0x70cf89b4b3d4 - clone
[INFO] [stdout]   21:                0x0 - <unknown>
[INFO] [stdout] 
[INFO] [stdout] ---- verbs::protection_domain::tests::test_protection_domain_alloc stdout ----
[INFO] [stdout] 
[INFO] [stdout] thread 'verbs::protection_domain::tests::test_protection_domain_alloc' (1630) panicked at src/test_utils.rs:10:45:
[INFO] [stdout] no RDMA devices: IBDeviceNotFound
[INFO] [stdout] stack backtrace:
[INFO] [stdout]    0:     0x5822ffd347f1 - <<std[617be2ca0a6fd877]::sys::backtrace::BacktraceLock>::print::DisplayBacktrace as core[a373ad73a504971]::fmt::Display>::fmt
[INFO] [stdout]    1:     0x5822ffd49dba - core[a373ad73a504971]::fmt::write
[INFO] [stdout]    2:     0x5822ffd38b1c - <alloc[2e1b2a31b91974c5]::vec::Vec<u8> as core[a373ad73a504971]::io::write::Write>::write_fmt
[INFO] [stdout]    3:     0x5822ffd10436 - std[617be2ca0a6fd877]::panicking::default_hook::{closure#0}
[INFO] [stdout]    4:     0x5822ffd2c919 - std[617be2ca0a6fd877]::panicking::default_hook
[INFO] [stdout]    5:     0x5822ffcb5a70 - test[aada8e7e76ba119b]::test_main_inner::{closure#0}
[INFO] [stdout]    6:     0x5822ffd2cc42 - std[617be2ca0a6fd877]::panicking::panic_with_hook
[INFO] [stdout]    7:     0x5822ffd104e2 - std[617be2ca0a6fd877]::panicking::panic_handler::{closure#0}
[INFO] [stdout]    8:     0x5822ffd09069 - std[617be2ca0a6fd877]::sys::backtrace::__rust_end_short_backtrace::<std[617be2ca0a6fd877]::panicking::panic_handler::{closure#0}, !>
[INFO] [stdout]    9:     0x5822ffd110ed - __rustc[ea4f61d10b84890b]::rust_begin_unwind
[INFO] [stdout]   10:     0x5822ffd4a51c - core[a373ad73a504971]::panicking::panic_fmt
[INFO] [stdout]   11:     0x5822ffd4a2f2 - core[a373ad73a504971]::result::unwrap_failed
[INFO] [stdout]   12:     0x5822ffc9fc16 - ruapc_rdma[1b8952cf6135a451]::test_utils::open_device
[INFO] [stdout]   13:     0x5822ffc72f35 - <ruapc_rdma[1b8952cf6135a451]::verbs::protection_domain::tests::test_protection_domain_alloc::{closure#0} as core[a373ad73a504971]::ops::function::FnOnce<()>>::call_once
[INFO] [stdout]   14:     0x5822ffca8ebb - test[aada8e7e76ba119b]::__rust_begin_short_backtrace::<core[a373ad73a504971]::result::Result<(), alloc[2e1b2a31b91974c5]::string::String>, fn() -> core[a373ad73a504971]::result::Result<(), alloc[2e1b2a31b91974c5]::string::String>>
[INFO] [stdout]   15:     0x5822ffcb6095 - test[aada8e7e76ba119b]::run_test::{closure#0}
[INFO] [stdout]   16:     0x5822ffcaf984 - std[617be2ca0a6fd877]::sys::backtrace::__rust_begin_short_backtrace::<test[aada8e7e76ba119b]::run_test::{closure#1}, ()>
[INFO] [stdout]   17:     0x5822ffcb9122 - <std[617be2ca0a6fd877]::thread::lifecycle::spawn_unchecked<test[aada8e7e76ba119b]::run_test::{closure#1}, ()>::{closure#1} as core[a373ad73a504971]::ops::function::FnOnce<()>>::call_once::{shim:vtable#0}
[INFO] [stdout]   18:     0x5822ffd33cdf - <std[617be2ca0a6fd877]::sys::thread::unix::Thread>::new::thread_start
[INFO] [stdout]   19:     0x70cf89ab7dfa - <unknown>
[INFO] [stdout]   20:     0x70cf89b4b3d4 - clone
[INFO] [stdout]   21:                0x0 - <unknown>
[INFO] [stdout] 
[INFO] [stdout] ---- verbs::queue_pair::tests::qp_creation_rejects_unowned_resources_and_foreign_contexts stdout ----
[INFO] [stdout] 
[INFO] [stdout] thread 'verbs::queue_pair::tests::qp_creation_rejects_unowned_resources_and_foreign_contexts' (1645) panicked at src/test_utils.rs:10:45:
[INFO] [stdout] no RDMA devices: IBDeviceNotFound
[INFO] [stdout] stack backtrace:
[INFO] [stdout]    0:     0x5822ffd347f1 - <<std[617be2ca0a6fd877]::sys::backtrace::BacktraceLock>::print::DisplayBacktrace as core[a373ad73a504971]::fmt::Display>::fmt
[INFO] [stdout]    1:     0x5822ffd49dba - core[a373ad73a504971]::fmt::write
[INFO] [stdout]    2:     0x5822ffd38b1c - <alloc[2e1b2a31b91974c5]::vec::Vec<u8> as core[a373ad73a504971]::io::write::Write>::write_fmt
[INFO] [stdout]    3:     0x5822ffd10436 - std[617be2ca0a6fd877]::panicking::default_hook::{closure#0}
[INFO] [stdout]    4:     0x5822ffd2c919 - std[617be2ca0a6fd877]::panicking::default_hook
[INFO] [stdout]    5:     0x5822ffcb5a70 - test[aada8e7e76ba119b]::test_main_inner::{closure#0}
[INFO] [stdout]    6:     0x5822ffd2cc42 - std[617be2ca0a6fd877]::panicking::panic_with_hook
[INFO] [stdout]    7:     0x5822ffd104e2 - std[617be2ca0a6fd877]::panicking::panic_handler::{closure#0}
[INFO] [stdout]    8:     0x5822ffd09069 - std[617be2ca0a6fd877]::sys::backtrace::__rust_end_short_backtrace::<std[617be2ca0a6fd877]::panicking::panic_handler::{closure#0}, !>
[INFO] [stdout]    9:     0x5822ffd110ed - __rustc[ea4f61d10b84890b]::rust_begin_unwind
[INFO] [stdout]   10:     0x5822ffd4a51c - core[a373ad73a504971]::panicking::panic_fmt
[INFO] [stdout]   11:     0x5822ffd4a2f2 - core[a373ad73a504971]::result::unwrap_failed
[INFO] [stdout]   12:     0x5822ffc9fc16 - ruapc_rdma[1b8952cf6135a451]::test_utils::open_device
[INFO] [stdout]   13:     0x5822ffc90fd0 - <ruapc_rdma[1b8952cf6135a451]::verbs::queue_pair::tests::qp_creation_rejects_unowned_resources_and_foreign_contexts::{closure#0} as core[a373ad73a504971]::ops::function::FnOnce<()>>::call_once
[INFO] [stdout]   14:     0x5822ffca8ebb - test[aada8e7e76ba119b]::__rust_begin_short_backtrace::<core[a373ad73a504971]::result::Result<(), alloc[2e1b2a31b91974c5]::string::String>, fn() -> core[a373ad73a504971]::result::Result<(), alloc[2e1b2a31b91974c5]::string::String>>
[INFO] [stdout]   15:     0x5822ffcb6095 - test[aada8e7e76ba119b]::run_test::{closure#0}
[INFO] [stdout]   16:     0x5822ffcaf984 - std[617be2ca0a6fd877]::sys::backtrace::__rust_begin_short_backtrace::<test[aada8e7e76ba119b]::run_test::{closure#1}, ()>
[INFO] [stdout]   17:     0x5822ffcb9122 - <std[617be2ca0a6fd877]::thread::lifecycle::spawn_unchecked<test[aada8e7e76ba119b]::run_test::{closure#1}, ()>::{closure#1} as core[a373ad73a504971]::ops::function::FnOnce<()>>::call_once::{shim:vtable#0}
[INFO] [stdout]   18:     0x5822ffd33cdf - <std[617be2ca0a6fd877]::sys::thread::unix::Thread>::new::thread_start
[INFO] [stdout]   19:     0x70cf89ab7dfa - <unknown>
[INFO] [stdout]   20:     0x70cf89b4b3d4 - clone
[INFO] [stdout]   21:                0x0 - <unknown>
[INFO] [stdout] 
[INFO] [stdout] ---- verbs::queue_pair::tests::separate_cqs_preserve_independent_retired_floors stdout ----
[INFO] [stdout] 
[INFO] [stdout] thread 'verbs::queue_pair::tests::separate_cqs_preserve_independent_retired_floors' (1648) panicked at src/test_utils.rs:10:45:
[INFO] [stdout] no RDMA devices: IBDeviceNotFound
[INFO] [stdout] stack backtrace:
[INFO] [stdout]    0:     0x5822ffd347f1 - <<std[617be2ca0a6fd877]::sys::backtrace::BacktraceLock>::print::DisplayBacktrace as core[a373ad73a504971]::fmt::Display>::fmt
[INFO] [stdout]    1:     0x5822ffd49dba - core[a373ad73a504971]::fmt::write
[INFO] [stdout]    2:     0x5822ffd38b1c - <alloc[2e1b2a31b91974c5]::vec::Vec<u8> as core[a373ad73a504971]::io::write::Write>::write_fmt
[INFO] [stdout]    3:     0x5822ffd10436 - std[617be2ca0a6fd877]::panicking::default_hook::{closure#0}
[INFO] [stdout]    4:     0x5822ffd2c919 - std[617be2ca0a6fd877]::panicking::default_hook
[INFO] [stdout]    5:     0x5822ffcb5a70 - test[aada8e7e76ba119b]::test_main_inner::{closure#0}
[INFO] [stdout]    6:     0x5822ffd2cc42 - std[617be2ca0a6fd877]::panicking::panic_with_hook
[INFO] [stdout]    7:     0x5822ffd104e2 - std[617be2ca0a6fd877]::panicking::panic_handler::{closure#0}
[INFO] [stdout]    8:     0x5822ffd09069 - std[617be2ca0a6fd877]::sys::backtrace::__rust_end_short_backtrace::<std[617be2ca0a6fd877]::panicking::panic_handler::{closure#0}, !>
[INFO] [stdout]    9:     0x5822ffd110ed - __rustc[ea4f61d10b84890b]::rust_begin_unwind
[INFO] [stdout]   10:     0x5822ffd4a51c - core[a373ad73a504971]::panicking::panic_fmt
[INFO] [stdout]   11:     0x5822ffd4a2f2 - core[a373ad73a504971]::result::unwrap_failed
[INFO] [stdout]   12:     0x5822ffc9fc16 - ruapc_rdma[1b8952cf6135a451]::test_utils::open_device
[INFO] [stdout]   13:     0x5822ffc8fd51 - <ruapc_rdma[1b8952cf6135a451]::verbs::queue_pair::tests::separate_cqs_preserve_independent_retired_floors::{closure#0} as core[a373ad73a504971]::ops::function::FnOnce<()>>::call_once
[INFO] [stdout]   14:     0x5822ffca8ebb - test[aada8e7e76ba119b]::__rust_begin_short_backtrace::<core[a373ad73a504971]::result::Result<(), alloc[2e1b2a31b91974c5]::string::String>, fn() -> core[a373ad73a504971]::result::Result<(), alloc[2e1b2a31b91974c5]::string::String>>
[INFO] [stdout]   15:     0x5822ffcb6095 - test[aada8e7e76ba119b]::run_test::{closure#0}
[INFO] [stdout]   16:     0x5822ffcaf984 - std[617be2ca0a6fd877]::sys::backtrace::__rust_begin_short_backtrace::<test[aada8e7e76ba119b]::run_test::{closure#1}, ()>
[INFO] [stdout]   17:     0x5822ffcb9122 - <std[617be2ca0a6fd877]::thread::lifecycle::spawn_unchecked<test[aada8e7e76ba119b]::run_test::{closure#1}, ()>::{closure#1} as core[a373ad73a504971]::ops::function::FnOnce<()>>::call_once::{shim:vtable#0}
[INFO] [stdout]   18:     0x5822ffd33cdf - <std[617be2ca0a6fd877]::sys::thread::unix::Thread>::new::thread_start
[INFO] [stdout]   19:     0x70cf89ab7dfa - <unknown>
[INFO] [stdout]   20:     0x70cf89b4b3d4 - clone
[INFO] [stdout]   21:                0x0 - <unknown>
[INFO] [stdout] 
[INFO] [stdout] 
[INFO] [stdout] failures:
[INFO] [stdout]     test_utils::tests::test_context_dropped_while_children_alive
[INFO] [stdout]     test_utils::tests::test_multiple_cqs_shared_context
[INFO] [stdout]     verbs::comp_channel::tests::test_comp_channel_create
[INFO] [stdout]     verbs::comp_channel::tests::test_comp_channel_set_nonblock
[INFO] [stdout]     verbs::completion_queue::identities::tests::poisoned_send_transaction_preserves_watermark_on_drop
[INFO] [stdout]     verbs::completion_queue::tests::completion_requires_its_original_cq_qpn_and_incarnation
[INFO] [stdout]     verbs::completion_queue::tests::cq_rejects_nonpositive_requested_capacity
[INFO] [stdout]     verbs::completion_queue::tests::fixed_sequence_decoding_does_not_replace_cq_authentication
[INFO] [stdout]     verbs::completion_queue::tests::lease_drop_preserves_both_directions_and_unused_incarnations
[INFO] [stdout]     verbs::completion_queue::tests::test_cq_create_with_channel
[INFO] [stdout]     verbs::completion_queue::tests::test_cq_create_without_channel
[INFO] [stdout]     verbs::completion_queue::tests::test_cq_poll_empty
[INFO] [stdout]     verbs::completion_queue::tests::test_cq_req_notify
[INFO] [stdout]     verbs::context::tests::test_context_debug
[INFO] [stdout]     verbs::context::tests::test_context_query_device
[INFO] [stdout]     verbs::context::tests::test_context_query_gid
[INFO] [stdout]     verbs::context::tests::test_context_query_port
[INFO] [stdout]     verbs::device::tests::test_device_available
[INFO] [stdout]     verbs::device::tests::test_device_debug
[INFO] [stdout]     verbs::device::tests::test_device_info
[INFO] [stdout]     verbs::memory_region::tests::rejects_offset_addressing_for_owned_buffer_operations
[INFO] [stdout]     verbs::memory_region::tests::test_memory_region_debug
[INFO] [stdout]     verbs::memory_region::tests::test_memory_region_memory_keeps_alive
[INFO] [stdout]     verbs::memory_region::tests::test_memory_region_register
[INFO] [stdout]     verbs::protection_domain::tests::test_protection_domain_alloc
[INFO] [stdout]     verbs::protection_domain::tests::test_protection_domain_debug
[INFO] [stdout]     verbs::queue_pair::tests::cq_capacity_does_not_limit_qps_with_no_posted_work
[INFO] [stdout]     verbs::queue_pair::tests::failed_second_cq_registration_releases_only_its_own_partial_lease
[INFO] [stdout]     verbs::queue_pair::tests::qp_creation_rejects_unowned_resources_and_foreign_contexts
[INFO] [stdout]     verbs::queue_pair::tests::qp_identities_are_registered_after_creation_and_retire_after_destruction
[INFO] [stdout]     verbs::queue_pair::tests::separate_cqs_preserve_independent_retired_floors
[INFO] [stdout] 
[INFO] [stdout] test result: FAILED. 87 passed; 31 failed; 0 ignored; 0 measured; 0 filtered out; finished in 0.05s
[INFO] [stdout] 
[INFO] [stderr] error: test failed, to rerun pass `--lib`
[INFO] running `Command { std: "docker" "inspect" "ca78a043839e3a01cb9fbf49f75bcc77a53b15a2bb02fb90bdd2fe4322f4bfcc", kill_on_drop: false }`
[INFO] running `Command { std: "docker" "rm" "-f" "ca78a043839e3a01cb9fbf49f75bcc77a53b15a2bb02fb90bdd2fe4322f4bfcc", kill_on_drop: false }`
[INFO] [stdout] ca78a043839e3a01cb9fbf49f75bcc77a53b15a2bb02fb90bdd2fe4322f4bfcc
