[INFO] fetching crate rtsp-runtime 0.7.1...
[INFO] testing rtsp-runtime-0.7.1 against 1.99.0-beta.8+cargoflags=--release for beta-release-1.100-2
[INFO] extracting crate rtsp-runtime 0.7.1 into /workspace/builds/worker-7-tc1/source
[INFO] started tweaking crates.io crate rtsp-runtime 0.7.1
[INFO] removed 0 missing tests
[INFO] finished tweaking crates.io crate rtsp-runtime 0.7.1
[INFO] tweaked toml for crates.io crate rtsp-runtime 0.7.1 written to /workspace/builds/worker-7-tc1/source/Cargo.toml
[INFO] validating manifest of crates.io crate rtsp-runtime 0.7.1 on toolchain 1.99.0-beta.8
[INFO] running `Command { std: CARGO_HOME="/workspace/cargo-home" RUSTUP_HOME="/workspace/rustup-home" "/workspace/cargo-home/bin/cargo" "+1.99.0-beta.8" "metadata" "--manifest-path" "Cargo.toml" "--no-deps", kill_on_drop: false }`
[INFO] crate crates.io crate rtsp-runtime 0.7.1 already has a lockfile, it will not be regenerated
[INFO] running `Command { std: CARGO_HOME="/workspace/cargo-home" RUSTUP_HOME="/workspace/rustup-home" "/workspace/cargo-home/bin/cargo" "+1.99.0-beta.8" "fetch" "--manifest-path" "Cargo.toml", kill_on_drop: false }`
[INFO] [stderr]     Updating crates.io index
[INFO] [stderr]  Downloading crates ...
[INFO] [stderr]   Downloaded cc v1.4.1
[INFO] [stderr]   Downloaded broadcast-auth v0.4.0
[INFO] [stderr]   Downloaded rtsp-types v0.1.3
[INFO] [stderr]   Downloaded http-auth v0.1.10
[INFO] [stderr]   Downloaded sdp-types v0.2.0
[INFO] [stderr]   Downloaded headers v0.4.2
[INFO] running `Command { std: "docker" "create" "-v" "/var/lib/crater-agent-workspace/builds/worker-7-tc1/source:/opt/rustwide/workdir:ro,Z" "-v" "/var/lib/crater-agent-workspace/builds/worker-7-tc1/target:/opt/rustwide/target:rw,Z" "-v" "/var/lib/crater-agent-workspace/cargo-home:/opt/rustwide/cargo-home:ro,Z" "-v" "/var/lib/crater-agent-workspace/rustup-home:/opt/rustwide/rustup-home:ro,Z" "-m" "1610612736" "--network" "none" "ghcr.io/rust-lang/crates-build-env/linux@sha256:77db811e55d90add9212f6832c23229e3de5f1c1f9905e8cb07319ea15df73ac" "sleep" "infinity", kill_on_drop: false }`
[INFO] [stdout] ef61203859a664f696db29e886b7dea711d3c006e68685c1f5dd2f4d76d03c9f
[INFO] running `Command { std: "docker" "start" "ef61203859a664f696db29e886b7dea711d3c006e68685c1f5dd2f4d76d03c9f", kill_on_drop: false }`
[INFO] running `Command { std: "docker" "inspect" "ef61203859a664f696db29e886b7dea711d3c006e68685c1f5dd2f4d76d03c9f", kill_on_drop: false }`
[INFO] running `Command { std: "docker" "exec" "-e" "SOURCE_DIR=/opt/rustwide/workdir" "-e" "CARGO_HOME=/opt/rustwide/cargo-home" "-e" "RUSTUP_HOME=/opt/rustwide/rustup-home" "-e" "CARGO_TARGET_DIR=/opt/rustwide/target" "-w" "/opt/rustwide/workdir" "--user" "0:0" "ef61203859a664f696db29e886b7dea711d3c006e68685c1f5dd2f4d76d03c9f" "/opt/rustwide/cargo-home/bin/cargo" "+1.99.0-beta.8" "metadata" "--no-deps" "--format-version=1", kill_on_drop: false }`
[INFO] running `Command { std: "docker" "inspect" "ef61203859a664f696db29e886b7dea711d3c006e68685c1f5dd2f4d76d03c9f", kill_on_drop: false }`
[INFO] running `Command { std: "docker" "exec" "-e" "SOURCE_DIR=/opt/rustwide/workdir" "-e" "CARGO_HOME=/opt/rustwide/cargo-home" "-e" "RUSTUP_HOME=/opt/rustwide/rustup-home" "-e" "CARGO_TARGET_DIR=/opt/rustwide/target" "-e" "CARGO_INCREMENTAL=0" "-e" "RUST_BACKTRACE=full" "-e" "RUSTFLAGS=--cap-lints=warn" "-e" "RUSTDOCFLAGS=--cap-lints=warn" "-w" "/opt/rustwide/workdir" "--user" "0:0" "ef61203859a664f696db29e886b7dea711d3c006e68685c1f5dd2f4d76d03c9f" "/opt/rustwide/cargo-home/bin/cargo" "+1.99.0-beta.8" "build" "--frozen" "--message-format=json" "--release", kill_on_drop: false }`
[INFO] [stderr]    Compiling zerovec-derive v0.11.3
[INFO] [stderr]    Compiling displaydoc v0.2.7
[INFO] [stderr]    Compiling futures-sink v0.3.34
[INFO] [stderr]    Compiling futures-core v0.3.34
[INFO] [stderr]    Compiling getrandom v0.2.17
[INFO] [stderr]    Compiling futures-macro v0.3.34
[INFO] [stderr]    Compiling digest v0.11.3
[INFO] [stderr]    Compiling ppv-lite86 v0.2.21
[INFO] [stderr]    Compiling hashbrown v0.17.1
[INFO] [stderr]    Compiling futures-channel v0.3.34
[INFO] [stderr]    Compiling rand_core v0.6.4
[INFO] [stderr]    Compiling headers-core v0.3.0
[INFO] [stderr]    Compiling sha1 v0.10.7
[INFO] [stderr]    Compiling thiserror-impl v2.0.21
[INFO] [stderr]    Compiling headers v0.4.2
[INFO] [stderr]    Compiling rand_chacha v0.3.1
[INFO] [stderr]    Compiling zerotrie v0.2.4
[INFO] [stderr]    Compiling futures-util v0.3.34
[INFO] [stderr]    Compiling sha2 v0.11.0
[INFO] [stderr]    Compiling rand v0.8.7
[INFO] [stderr]    Compiling lru v0.18.5
[INFO] [stderr]    Compiling zerovec v0.11.6
[INFO] [stderr]    Compiling tinyvec v1.12.0
[INFO] [stderr]    Compiling md-5 v0.11.0
[INFO] [stderr]    Compiling hmac v0.13.0
[INFO] [stderr]    Compiling thiserror v2.0.21
[INFO] [stderr]    Compiling base64 v0.23.1
[INFO] [stderr]    Compiling http-auth v0.1.10
[INFO] [stderr]    Compiling tinystr v0.8.3
[INFO] [stderr]    Compiling potential_utf v0.1.5
[INFO] [stderr]    Compiling icu_collections v2.2.0
[INFO] [stderr]    Compiling icu_locale_core v2.2.0
[INFO] [stderr]    Compiling icu_provider v2.2.0
[INFO] [stderr]    Compiling icu_properties v2.2.0
[INFO] [stderr]    Compiling icu_normalizer v2.2.0
[INFO] [stderr]    Compiling futures-executor v0.3.33
[INFO] [stderr]    Compiling futures v0.3.33
[INFO] [stderr]    Compiling cookie-factory v0.3.3
[INFO] [stderr]    Compiling idna_adapter v1.2.2
[INFO] [stderr]    Compiling idna v1.1.0
[INFO] [stderr]    Compiling url v2.5.8
[INFO] [stderr]    Compiling rtsp-types v0.1.3
[INFO] [stderr]    Compiling broadcast-auth v0.4.0
[INFO] [stderr]    Compiling rtsp-runtime v0.7.1 (/opt/rustwide/workdir)
[INFO] [stderr]     Finished `release` profile [optimized] target(s) in 46.32s
[INFO] running `Command { std: "docker" "inspect" "ef61203859a664f696db29e886b7dea711d3c006e68685c1f5dd2f4d76d03c9f", kill_on_drop: false }`
[INFO] running `Command { std: "docker" "exec" "-e" "SOURCE_DIR=/opt/rustwide/workdir" "-e" "CARGO_HOME=/opt/rustwide/cargo-home" "-e" "RUSTUP_HOME=/opt/rustwide/rustup-home" "-e" "CARGO_TARGET_DIR=/opt/rustwide/target" "-e" "CARGO_INCREMENTAL=0" "-e" "RUST_BACKTRACE=full" "-e" "RUSTFLAGS=--cap-lints=warn" "-e" "RUSTDOCFLAGS=--cap-lints=warn" "-w" "/opt/rustwide/workdir" "--user" "0:0" "ef61203859a664f696db29e886b7dea711d3c006e68685c1f5dd2f4d76d03c9f" "/opt/rustwide/cargo-home/bin/cargo" "+1.99.0-beta.8" "test" "--frozen" "--no-run" "--message-format=json" "--release", kill_on_drop: false }`
[INFO] [stderr]    Compiling getrandom v0.2.17
[INFO] [stderr]    Compiling parking_lot_core v0.9.12
[INFO] [stderr]    Compiling errno v0.3.14
[INFO] [stderr]    Compiling tokio-macros v2.7.2
[INFO] [stderr]    Compiling socket2 v0.6.5
[INFO] [stderr]    Compiling mio v1.2.2
[INFO] [stderr]    Compiling bstr v1.13.0
[INFO] [stderr]    Compiling rand_core v0.6.4
[INFO] [stderr]    Compiling signal-hook-registry v1.4.8
[INFO] [stderr]    Compiling parking_lot v0.12.5
[INFO] [stderr]    Compiling rand_chacha v0.3.1
[INFO] [stderr]    Compiling sdp-types v0.2.0
[INFO] [stderr]    Compiling tokio v1.53.2
[INFO] [stderr]    Compiling rand v0.8.7
[INFO] [stderr]    Compiling http-auth v0.1.10
[INFO] [stderr]    Compiling broadcast-auth v0.4.0
[INFO] [stderr]    Compiling rtsp-runtime v0.7.1 (/opt/rustwide/workdir)
[INFO] [stderr]     Finished `release` profile [optimized] target(s) in 45.69s
[INFO] running `Command { std: "docker" "inspect" "ef61203859a664f696db29e886b7dea711d3c006e68685c1f5dd2f4d76d03c9f", kill_on_drop: false }`
[INFO] running `Command { std: "docker" "exec" "-e" "SOURCE_DIR=/opt/rustwide/workdir" "-e" "CARGO_HOME=/opt/rustwide/cargo-home" "-e" "RUSTUP_HOME=/opt/rustwide/rustup-home" "-e" "CARGO_TARGET_DIR=/opt/rustwide/target" "-e" "CARGO_INCREMENTAL=0" "-e" "RUST_BACKTRACE=full" "-e" "RUSTFLAGS=--cap-lints=warn" "-e" "RUSTDOCFLAGS=--cap-lints=warn" "-w" "/opt/rustwide/workdir" "--user" "0:0" "ef61203859a664f696db29e886b7dea711d3c006e68685c1f5dd2f4d76d03c9f" "/opt/rustwide/cargo-home/bin/cargo" "+1.99.0-beta.8" "test" "--frozen" "--release", kill_on_drop: false }`
[INFO] [stderr]     Finished `release` profile [optimized] target(s) in 0.17s
[INFO] [stderr]      Running unittests src/lib.rs (/opt/rustwide/target/release/deps/rtsp_runtime-38e0b2f6c9a0054b)
[INFO] [stdout] 
[INFO] [stdout] running 59 tests
[INFO] [stdout] test client::tests::a_zero_timeout_is_a_warning_and_the_default_not_a_busy_loop ... ok
[INFO] [stdout] test client::tests::a_response_fed_one_byte_at_a_time_is_still_decoded ... ok
[INFO] [stdout] test auth::tests::bearer_authorization_is_computed ... ok
[INFO] [stdout] test client::tests::auth_retry_replays_original_body_and_content_type ... ok
[INFO] [stdout] test auth::tests::basic_authorization_is_computed ... ok
[INFO] [stdout] test client::tests::announce_emits_request_with_sdp_content_type ... ok
[INFO] [stdout] test client::tests::an_unusable_session_header_is_observable_not_silent ... ok
[INFO] [stdout] test client::tests::inbound_buffer_is_capped_against_an_unterminated_header ... ok
[INFO] [stdout] test client::tests::client_session_debug_does_not_leak_embedded_credentials_secret ... ok
[INFO] [stdout] test client::tests::cseq_increments ... ok
[INFO] [stdout] test client::tests::head_cap_holds_for_a_70_kib_run_of_a_and_for_9000_header_lines ... ok
[INFO] [stdout] test auth::tests::digest_authorization_contains_required_fields ... ok
[INFO] [stdout] test client::tests::an_unterminated_header_over_the_head_cap_is_rejected ... ok
[INFO] [stdout] test client::tests::no_keepalive_before_setup_or_after_teardown ... ok
[INFO] [stdout] test client::tests::play_in_init_bites ... ok
[INFO] [stdout] test client::tests::record_fails_from_init_state ... ok
[INFO] [stdout] test client::tests::nonce_rotation_without_stale_is_picked_up_on_the_first_retry ... ok
[INFO] [stdout] test client::tests::record_transitions_to_recording_state ... ok
[INFO] [stdout] test client::tests::keepalive_uses_the_rfc_default_timeout_when_none_was_declared ... ok
[INFO] [stdout] test client::tests::the_keepalive_interval_is_floored_and_fires_at_most_once_per_interval ... ok
[INFO] [stdout] test client::tests::odd_received_session_ids_are_echoed_verbatim ... ok
[INFO] [stdout] test framing::tests::the_cap_applies_to_any_unterminated_shape ... ok
[INFO] [stdout] test headers_util::tests::stale_is_found_as_the_first_parameter_after_the_scheme ... ok
[INFO] [stdout] test client::tests::stale_quoted_rechallenge_refreshes_nonce_after_a_prior_retry ... ok
[INFO] [stdout] test interleaved::tests::frame_channel_byte_reflects_channel ... ok
[INFO] [stdout] test client::tests::keepalive_is_due_at_half_the_session_timeout ... ok
[INFO] [stdout] test client::tests::session_warnings_are_capped_but_counted ... ok
[INFO] [stdout] test client::tests::setup_allowed_in_init ... ok
[INFO] [stdout] test client::tests::unknown_cseq_is_skipped_without_discarding_earlier_events ... ok
[INFO] [stdout] test framing::tests::finds_crlf_and_lf_terminators_and_resumes_across_a_split ... ok
[INFO] [stdout] test headers_util::tests::stale_is_not_confused_by_a_comma_inside_a_quoted_realm ... ok
[INFO] [stdout] test interleaved::tests::slice_to_bytes_matches_to_bytes_for_the_same_payload ... ok
[INFO] [stdout] test headers_util::tests::stale_matches_the_existing_cases ... ok
[INFO] [stdout] test interleaved::tests::slice_to_bytes_rejects_an_over_long_payload ... ok
[INFO] [stdout] test rfc2326_lex::tests::ranges_check_digits_and_bounds ... ok
[INFO] [stdout] test rfc2326_lex::tests::splitting_respects_quoted_strings_and_quoted_pairs ... ok
[INFO] [stdout] test rfc2326_lex::tests::tokens_follow_the_tspecials_list ... ok
[INFO] [stdout] test rfc2326_lex::tests::unquote_and_emit_round_trip ... ok
[INFO] [stdout] test interleaved::tests::single_frame_round_trip ... ok
[INFO] [stdout] test interleaved::tests::header_only_partial_is_remainder ... ok
[INFO] [stdout] test interleaved::tests::two_frames_plus_partial_returns_two_and_remainder ... ok
[INFO] [stdout] test interleaved::tests::wrong_magic_bites ... ok
[INFO] [stdout] test server::tests::play_in_init_returns_455 ... ok
[INFO] [stdout] test server::tests::request_with_wrong_session_header_gets_454 ... ok
[INFO] [stdout] test server::tests::setup_transitions_init_to_ready ... ok
[INFO] [stdout] test server::tests::session_ids_differ_across_sessions_and_carry_64_bits ... ok
[INFO] [stdout] test server::tests::setup_answers_exactly_one_transport ... ok
[INFO] [stdout] test session_header::tests::an_unbalanced_quote_falls_back_to_the_first_semicolon ... ok
[INFO] [stdout] test server::tests::unparseable_transport_gets_461 ... ok
[INFO] [stdout] test session_header::tests::a_received_lone_quote_id_parses_but_is_not_emittable ... ok
[INFO] [stdout] test session_header::tests::canonical_output_round_trips_and_is_idempotent ... ok
[INFO] [stdout] test state::tests::client_play_from_init_bites ... ok
[INFO] [stdout] test state::tests::client_teardown_any_to_init ... ok
[INFO] [stdout] test state::tests::state_neutral_methods_never_change_state ... ok
[INFO] [stdout] test session_header::tests::the_interop_table ... ok
[INFO] [stdout] test session_header::tests::the_serializer_never_emits_control_characters ... ok
[INFO] [stdout] test state::tests::client_pause_from_ready_bites ... ok
[INFO] [stdout] test state::tests::client_setup_from_init_is_ready ... ok
[INFO] [stdout] test state::tests::server_play_from_init_bites ... ok
[INFO] [stdout] 
[INFO] [stdout] test result: ok. 59 passed; 0 failed; 0 ignored; 0 measured; 0 filtered out; finished in 0.02s
[INFO] [stdout] 
[INFO] [stderr]      Running tests/client_push_methods.rs (/opt/rustwide/target/release/deps/client_push_methods-9a68422d885822c0)
[INFO] [stdout] 
[INFO] [stdout] running 0 tests
[INFO] [stdout] 
[INFO] [stdout] test result: ok. 0 passed; 0 failed; 0 ignored; 0 measured; 0 filtered out; finished in 0.00s
[INFO] [stdout] 
[INFO] [stderr]      Running tests/golden_wire.rs (/opt/rustwide/target/release/deps/golden_wire-509f739835026640)
[INFO] [stdout] 
[INFO] [stdout] running 2 tests
[INFO] [stdout] test session_transcript_is_byte_identical ... ok
[INFO] [stdout] test transport_parse_and_header_goldens ... ok
[INFO] [stdout] 
[INFO] [stdout] test result: ok. 2 passed; 0 failed; 0 ignored; 0 measured; 0 filtered out; finished in 0.01s
[INFO] [stdout] 
[INFO] [stderr]      Running tests/integration.rs (/opt/rustwide/target/release/deps/integration-bbbfd6fdba9e7fc4)
[INFO] [stdout] 
[INFO] [stdout] running 9 tests
[INFO] [stdout] test gate3_digest_auth_bites ... ok
[INFO] [stdout] test gate4b_client_emits_media_data_for_interleaved ... ok
[INFO] [stdout] test gate5_transport_round_trip_bites ... ok
[INFO] [stdout] test gate3b_stale_rechallenge_refreshes_nonce ... ok
[INFO] [stdout] test gate6_server_transitions_bite ... ok
[INFO] [stdout] test gate2_illegal_method_in_state_bites ... ok
[INFO] [stdout] test gate1_client_full_session_replay ... ok
[INFO] [stdout] test gate7_sdp_parse ... FAILED
[INFO] [stdout] test gate4_interleaved_framing_bites ... ok
[INFO] [stdout] 
[INFO] [stdout] failures:
[INFO] [stdout] 
[INFO] [stdout] ---- gate7_sdp_parse stdout ----
[INFO] [stdout] 
[INFO] [stdout] thread 'gate7_sdp_parse' (1270) panicked at tests/integration.rs:345:62:
[INFO] [stdout] read sdp fixture: Os { code: 2, kind: NotFound, message: "No such file or directory" }
[INFO] [stdout] stack backtrace:
[INFO] [stdout]    0:     0x5ca983ca2b91 - <<std[70759c8f55707aa4]::sys::backtrace::BacktraceLock>::print::DisplayBacktrace as core[df12db4294e9bfd3]::fmt::Display>::fmt
[INFO] [stdout]    1:     0x5ca983cb7d0a - core[df12db4294e9bfd3]::fmt::write
[INFO] [stdout]    2:     0x5ca983ca70dc - <alloc[2182bb758b4b3781]::vec::Vec<u8> as core[df12db4294e9bfd3]::io::write::Write>::write_fmt
[INFO] [stdout]    3:     0x5ca983c7ee66 - std[70759c8f55707aa4]::panicking::default_hook::{closure#0}
[INFO] [stdout]    4:     0x5ca983c9afd9 - std[70759c8f55707aa4]::panicking::default_hook
[INFO] [stdout]    5:     0x5ca983be2680 - test[9d35eded1c95d3be]::test_main_inner::<test[9d35eded1c95d3be]::test_main_static::{closure#0}>::{closure#0}
[INFO] [stdout]    6:     0x5ca983c9b192 - std[70759c8f55707aa4]::panicking::panic_with_hook
[INFO] [stdout]    7:     0x5ca983c7ef12 - std[70759c8f55707aa4]::panicking::panic_handler::{closure#0}
[INFO] [stdout]    8:     0x5ca983c77ad9 - std[70759c8f55707aa4]::sys::backtrace::__rust_end_short_backtrace::<std[70759c8f55707aa4]::panicking::panic_handler::{closure#0}, !>
[INFO] [stdout]    9:     0x5ca983c7fb0d - __rustc[8fa7c3cbc660c2b3]::rust_begin_unwind
[INFO] [stdout]   10:     0x5ca983cb843c - core[df12db4294e9bfd3]::panicking::panic_fmt
[INFO] [stdout]   11:     0x5ca983cb8212 - core[df12db4294e9bfd3]::result::unwrap_failed
[INFO] [stdout]   12:     0x5ca983bc44f8 - <integration[d45266ace73ff1d3]::gate7_sdp_parse::{closure#0} as core[df12db4294e9bfd3]::ops::function::FnOnce<()>>::call_once
[INFO] [stdout]   13:     0x5ca983bd596b - test[9d35eded1c95d3be]::__rust_begin_short_backtrace::<core[df12db4294e9bfd3]::result::Result<(), alloc[2182bb758b4b3781]::string::String>, fn() -> core[df12db4294e9bfd3]::result::Result<(), alloc[2182bb758b4b3781]::string::String>>
[INFO] [stdout]   14:     0x5ca983be2fd5 - test[9d35eded1c95d3be]::run_test::{closure#0}
[INFO] [stdout]   15:     0x5ca983bdc894 - std[70759c8f55707aa4]::sys::backtrace::__rust_begin_short_backtrace::<test[9d35eded1c95d3be]::run_test::{closure#1}, ()>
[INFO] [stdout]   16:     0x5ca983be6132 - <std[70759c8f55707aa4]::thread::lifecycle::spawn_unchecked<test[9d35eded1c95d3be]::run_test::{closure#1}, ()>::{closure#1} as core[df12db4294e9bfd3]::ops::function::FnOnce<()>>::call_once::{shim:vtable#0}
[INFO] [stdout]   17:     0x5ca983ca2149 - <std[70759c8f55707aa4]::sys::thread::unix::Thread>::new::thread_start
[INFO] [stdout]   18:     0x75cb1ded6dfa - <unknown>
[INFO] [stdout]   19:     0x75cb1df6a3d4 - clone
[INFO] [stdout]   20:                0x0 - <unknown>
[INFO] [stdout] 
[INFO] [stdout] 
[INFO] [stdout] failures:
[INFO] [stdout]     gate7_sdp_parse
[INFO] [stdout] 
[INFO] [stdout] test result: FAILED. 8 passed; 1 failed; 0 ignored; 0 measured; 0 filtered out; finished in 0.01s
[INFO] [stdout] 
[INFO] [stderr] error: test failed, to rerun pass `--test integration`
[INFO] running `Command { std: "docker" "inspect" "ef61203859a664f696db29e886b7dea711d3c006e68685c1f5dd2f4d76d03c9f", kill_on_drop: false }`
[INFO] running `Command { std: "docker" "rm" "-f" "ef61203859a664f696db29e886b7dea711d3c006e68685c1f5dd2f4d76d03c9f", kill_on_drop: false }`
[INFO] [stdout] ef61203859a664f696db29e886b7dea711d3c006e68685c1f5dd2f4d76d03c9f
