[INFO] fetching crate rtsc 0.4.5...
[INFO] testing rtsc-0.4.5 against 1.100.0-beta.1+cargoflags=--release for beta-release-1.100-2
[INFO] extracting crate rtsc 0.4.5 into /workspace/builds/worker-0-tc2/source
[INFO] removed /workspace/builds/worker-0-tc2/source/rust-toolchain.toml
[INFO] started tweaking crates.io crate rtsc 0.4.5
[INFO] finished tweaking crates.io crate rtsc 0.4.5
[INFO] tweaked toml for crates.io crate rtsc 0.4.5 written to /workspace/builds/worker-0-tc2/source/Cargo.toml
[INFO] validating manifest of crates.io crate rtsc 0.4.5 on toolchain 1.100.0-beta.1
[INFO] running `Command { std: CARGO_HOME="/workspace/cargo-home" RUSTUP_HOME="/workspace/rustup-home" "/workspace/cargo-home/bin/cargo" "+1.100.0-beta.1" "metadata" "--manifest-path" "Cargo.toml" "--no-deps", kill_on_drop: false }`
[INFO] crate crates.io crate rtsc 0.4.5 already has a lockfile, it will not be regenerated
[INFO] running `Command { std: CARGO_HOME="/workspace/cargo-home" RUSTUP_HOME="/workspace/rustup-home" "/workspace/cargo-home/bin/cargo" "+1.100.0-beta.1" "fetch" "--manifest-path" "Cargo.toml", kill_on_drop: false }`
[INFO] running `Command { std: "docker" "create" "-v" "/var/lib/crater-agent-workspace/builds/worker-0-tc2/source:/opt/rustwide/workdir:ro,Z" "-v" "/var/lib/crater-agent-workspace/builds/worker-0-tc2/target:/opt/rustwide/target:rw,Z" "-v" "/var/lib/crater-agent-workspace/cargo-home:/opt/rustwide/cargo-home:ro,Z" "-v" "/var/lib/crater-agent-workspace/rustup-home:/opt/rustwide/rustup-home:ro,Z" "-m" "1610612736" "--network" "none" "ghcr.io/rust-lang/crates-build-env/linux@sha256:77db811e55d90add9212f6832c23229e3de5f1c1f9905e8cb07319ea15df73ac" "sleep" "infinity", kill_on_drop: false }`
[INFO] [stdout] edbda4094dc95be458e4c3c119619227ca244834f4cb648f08b7982a49f41d2c
[INFO] running `Command { std: "docker" "start" "edbda4094dc95be458e4c3c119619227ca244834f4cb648f08b7982a49f41d2c", kill_on_drop: false }`
[INFO] running `Command { std: "docker" "inspect" "edbda4094dc95be458e4c3c119619227ca244834f4cb648f08b7982a49f41d2c", kill_on_drop: false }`
[INFO] running `Command { std: "docker" "exec" "-e" "SOURCE_DIR=/opt/rustwide/workdir" "-e" "CARGO_HOME=/opt/rustwide/cargo-home" "-e" "RUSTUP_HOME=/opt/rustwide/rustup-home" "-e" "CARGO_TARGET_DIR=/opt/rustwide/target" "-w" "/opt/rustwide/workdir" "--user" "0:0" "edbda4094dc95be458e4c3c119619227ca244834f4cb648f08b7982a49f41d2c" "/opt/rustwide/cargo-home/bin/cargo" "+1.100.0-beta.1" "metadata" "--no-deps" "--format-version=1", kill_on_drop: false }`
[INFO] running `Command { std: "docker" "inspect" "edbda4094dc95be458e4c3c119619227ca244834f4cb648f08b7982a49f41d2c", kill_on_drop: false }`
[INFO] running `Command { std: "docker" "exec" "-e" "SOURCE_DIR=/opt/rustwide/workdir" "-e" "CARGO_HOME=/opt/rustwide/cargo-home" "-e" "RUSTUP_HOME=/opt/rustwide/rustup-home" "-e" "CARGO_TARGET_DIR=/opt/rustwide/target" "-e" "CARGO_INCREMENTAL=0" "-e" "RUST_BACKTRACE=full" "-e" "RUSTFLAGS=--cap-lints=warn" "-e" "RUSTDOCFLAGS=--cap-lints=warn" "-w" "/opt/rustwide/workdir" "--user" "0:0" "edbda4094dc95be458e4c3c119619227ca244834f4cb648f08b7982a49f41d2c" "/opt/rustwide/cargo-home/bin/cargo" "+1.100.0-beta.1" "build" "--frozen" "--message-format=json" "--release", kill_on_drop: false }`
[INFO] [stderr]    Compiling proc-macro2 v1.0.101
[INFO] [stderr]    Compiling quote v1.0.41
[INFO] [stderr]    Compiling unicode-ident v1.0.20
[INFO] [stderr]    Compiling libc v0.2.177
[INFO] [stderr]    Compiling syn v1.0.109
[INFO] [stderr]    Compiling fnv v1.0.7
[INFO] [stderr]    Compiling ident_case v1.0.1
[INFO] [stderr]    Compiling strsim v0.10.0
[INFO] [stderr]    Compiling cfg-if v1.0.4
[INFO] [stderr]    Compiling parking_lot_core v0.9.12
[INFO] [stderr]    Compiling thiserror v1.0.69
[INFO] [stderr]    Compiling smallvec v1.15.1
[INFO] [stderr]    Compiling bitflags v2.10.0
[INFO] [stderr]    Compiling once_cell v1.21.3
[INFO] [stderr]    Compiling pin-project-lite v0.2.16
[INFO] [stderr]    Compiling lock_api v0.4.14
[INFO] [stderr]    Compiling object-id v0.1.4
[INFO] [stderr]    Compiling tracing-core v0.1.34
[INFO] [stderr]    Compiling syn v2.0.107
[INFO] [stderr]    Compiling nix v0.27.1
[INFO] [stderr]    Compiling linux-futex v1.0.0
[INFO] [stderr]    Compiling parking_lot_rt v0.12.1
[INFO] [stderr]    Compiling darling_core v0.13.4
[INFO] [stderr]    Compiling darling_macro v0.13.4
[INFO] [stderr]    Compiling thiserror-impl v1.0.69
[INFO] [stderr]    Compiling tracing-attributes v0.1.30
[INFO] [stderr]    Compiling pin-project-internal v1.1.10
[INFO] [stderr]    Compiling darling v0.13.4
[INFO] [stderr]    Compiling rtsc-derive v0.1.0
[INFO] [stderr]    Compiling pin-project v1.1.10
[INFO] [stderr]    Compiling bma-ts v0.2.2
[INFO] [stderr]    Compiling tracing v0.1.41
[INFO] [stderr]    Compiling rtsc v0.4.5 (/opt/rustwide/workdir)
[INFO] [stdout] warning: hiding a lifetime that's elided elsewhere is confusing
[INFO] [stdout]    --> src/event_map.rs:104:27
[INFO] [stdout]     |
[INFO] [stdout] 104 |     pub fn get_closest_to(&self, key: K) -> Option<EventValue<K, V, D>> {
[INFO] [stdout]     |                           ^^^^^                    ^^^^^^^^^^^^^^^^^^^ the same lifetime is hidden here
[INFO] [stdout]     |                           |
[INFO] [stdout]     |                           the lifetime is elided here
[INFO] [stdout]     |
[INFO] [stdout]     = help: the same lifetime is referred to in inconsistent ways, making the signature confusing
[INFO] [stdout]     = note: `#[warn(mismatched_lifetime_syntaxes)]` on by default
[INFO] [stdout] help: use `'_` for type paths
[INFO] [stdout]     |
[INFO] [stdout] 104 |     pub fn get_closest_to(&self, key: K) -> Option<EventValue<'_, K, V, D>> {
[INFO] [stdout]     |                                                               +++
[INFO] [stdout] 
[INFO] [stdout] 
[INFO] [stdout] warning: hiding a lifetime that's elided elsewhere is confusing
[INFO] [stdout]    --> src/pi.rs:302:32
[INFO] [stdout]     |
[INFO] [stdout] 302 | pub fn block_forever<T>(guard: MutexGuard<T>) -> &mut T {
[INFO] [stdout]     |                                ^^^^^^^^^^^^^     ^^^^^^ the same lifetime is elided here
[INFO] [stdout]     |                                |
[INFO] [stdout]     |                                the lifetime is hidden here
[INFO] [stdout]     |
[INFO] [stdout]     = help: the same lifetime is referred to in inconsistent ways, making the signature confusing
[INFO] [stdout] help: use `'_` for type paths
[INFO] [stdout]     |
[INFO] [stdout] 302 | pub fn block_forever<T>(guard: MutexGuard<'_, T>) -> &mut T {
[INFO] [stdout]     |                                           +++
[INFO] [stdout] 
[INFO] [stdout] 
[INFO] [stderr]     Finished `release` profile [optimized] target(s) in 13.20s
[INFO] running `Command { std: "docker" "inspect" "edbda4094dc95be458e4c3c119619227ca244834f4cb648f08b7982a49f41d2c", kill_on_drop: false }`
[INFO] running `Command { std: "docker" "exec" "-e" "SOURCE_DIR=/opt/rustwide/workdir" "-e" "CARGO_HOME=/opt/rustwide/cargo-home" "-e" "RUSTUP_HOME=/opt/rustwide/rustup-home" "-e" "CARGO_TARGET_DIR=/opt/rustwide/target" "-e" "CARGO_INCREMENTAL=0" "-e" "RUST_BACKTRACE=full" "-e" "RUSTFLAGS=--cap-lints=warn" "-e" "RUSTDOCFLAGS=--cap-lints=warn" "-w" "/opt/rustwide/workdir" "--user" "0:0" "edbda4094dc95be458e4c3c119619227ca244834f4cb648f08b7982a49f41d2c" "/opt/rustwide/cargo-home/bin/cargo" "+1.100.0-beta.1" "test" "--frozen" "--no-run" "--message-format=json" "--release", kill_on_drop: false }`
[INFO] [stderr]    Compiling tokio-macros v2.6.0
[INFO] [stderr]    Compiling similar v2.7.0
[INFO] [stderr]    Compiling console v0.15.11
[INFO] [stdout] warning: hiding a lifetime that's elided elsewhere is confusing
[INFO] [stdout]    --> src/event_map.rs:104:27
[INFO] [stdout]     |
[INFO] [stdout] 104 |     pub fn get_closest_to(&self, key: K) -> Option<EventValue<K, V, D>> {
[INFO] [stdout]     |                           ^^^^^                    ^^^^^^^^^^^^^^^^^^^ the same lifetime is hidden here
[INFO] [stdout]     |                           |
[INFO] [stdout]     |                           the lifetime is elided here
[INFO] [stdout]     |
[INFO] [stdout]     = help: the same lifetime is referred to in inconsistent ways, making the signature confusing
[INFO] [stdout]     = note: `#[warn(mismatched_lifetime_syntaxes)]` on by default
[INFO] [stdout] help: use `'_` for type paths
[INFO] [stdout]     |
[INFO] [stdout] 104 |     pub fn get_closest_to(&self, key: K) -> Option<EventValue<'_, K, V, D>> {
[INFO] [stdout]     |                                                               +++
[INFO] [stdout] 
[INFO] [stdout] 
[INFO] [stdout] warning: hiding a lifetime that's elided elsewhere is confusing
[INFO] [stdout]    --> src/pi.rs:302:32
[INFO] [stdout]     |
[INFO] [stdout] 302 | pub fn block_forever<T>(guard: MutexGuard<T>) -> &mut T {
[INFO] [stdout]     |                                ^^^^^^^^^^^^^     ^^^^^^ the same lifetime is elided here
[INFO] [stdout]     |                                |
[INFO] [stdout]     |                                the lifetime is hidden here
[INFO] [stdout]     |
[INFO] [stdout]     = help: the same lifetime is referred to in inconsistent ways, making the signature confusing
[INFO] [stdout] help: use `'_` for type paths
[INFO] [stdout]     |
[INFO] [stdout] 302 | pub fn block_forever<T>(guard: MutexGuard<'_, T>) -> &mut T {
[INFO] [stdout]     |                                           +++
[INFO] [stdout] 
[INFO] [stdout] 
[INFO] [stderr]    Compiling tokio v1.48.0
[INFO] [stderr]    Compiling insta v1.43.2
[INFO] [stderr]    Compiling rtsc v0.4.5 (/opt/rustwide/workdir)
[INFO] [stdout] warning: unused import: `crate::channel_bounded`
[INFO] [stdout]    --> src/channel.rs:112:9
[INFO] [stdout]     |
[INFO] [stdout] 112 |     use crate::channel_bounded;
[INFO] [stdout]     |         ^^^^^^^^^^^^^^^^^^^^^^
[INFO] [stdout]     |
[INFO] [stdout]     = note: `#[warn(unused_imports)]` (part of `#[warn(unused)]`) on by default
[INFO] [stdout] 
[INFO] [stdout] 
[INFO] [stdout] warning: unused import: `crate::policy_channel_bounded`
[INFO] [stdout]    --> src/policy_channel.rs:183:9
[INFO] [stdout]     |
[INFO] [stdout] 183 |     use crate::policy_channel_bounded;
[INFO] [stdout]     |         ^^^^^^^^^^^^^^^^^^^^^^^^^^^^^
[INFO] [stdout] 
[INFO] [stdout] 
[INFO] [stdout] warning: hiding a lifetime that's elided elsewhere is confusing
[INFO] [stdout]    --> src/event_map.rs:104:27
[INFO] [stdout]     |
[INFO] [stdout] 104 |     pub fn get_closest_to(&self, key: K) -> Option<EventValue<K, V, D>> {
[INFO] [stdout]     |                           ^^^^^                    ^^^^^^^^^^^^^^^^^^^ the same lifetime is hidden here
[INFO] [stdout]     |                           |
[INFO] [stdout]     |                           the lifetime is elided here
[INFO] [stdout]     |
[INFO] [stdout]     = help: the same lifetime is referred to in inconsistent ways, making the signature confusing
[INFO] [stdout]     = note: `#[warn(mismatched_lifetime_syntaxes)]` on by default
[INFO] [stdout] help: use `'_` for type paths
[INFO] [stdout]     |
[INFO] [stdout] 104 |     pub fn get_closest_to(&self, key: K) -> Option<EventValue<'_, K, V, D>> {
[INFO] [stdout]     |                                                               +++
[INFO] [stdout] 
[INFO] [stdout] 
[INFO] [stdout] warning: hiding a lifetime that's elided elsewhere is confusing
[INFO] [stdout]    --> src/pi.rs:302:32
[INFO] [stdout]     |
[INFO] [stdout] 302 | pub fn block_forever<T>(guard: MutexGuard<T>) -> &mut T {
[INFO] [stdout]     |                                ^^^^^^^^^^^^^     ^^^^^^ the same lifetime is elided here
[INFO] [stdout]     |                                |
[INFO] [stdout]     |                                the lifetime is hidden here
[INFO] [stdout]     |
[INFO] [stdout]     = help: the same lifetime is referred to in inconsistent ways, making the signature confusing
[INFO] [stdout] help: use `'_` for type paths
[INFO] [stdout]     |
[INFO] [stdout] 302 | pub fn block_forever<T>(guard: MutexGuard<'_, T>) -> &mut T {
[INFO] [stdout]     |                                           +++
[INFO] [stdout] 
[INFO] [stdout] 
[INFO] [stderr]     Finished `release` profile [optimized] target(s) in 14.01s
[INFO] running `Command { std: "docker" "inspect" "edbda4094dc95be458e4c3c119619227ca244834f4cb648f08b7982a49f41d2c", kill_on_drop: false }`
[INFO] running `Command { std: "docker" "exec" "-e" "SOURCE_DIR=/opt/rustwide/workdir" "-e" "CARGO_HOME=/opt/rustwide/cargo-home" "-e" "RUSTUP_HOME=/opt/rustwide/rustup-home" "-e" "CARGO_TARGET_DIR=/opt/rustwide/target" "-e" "CARGO_INCREMENTAL=0" "-e" "RUST_BACKTRACE=full" "-e" "RUSTFLAGS=--cap-lints=warn" "-e" "RUSTDOCFLAGS=--cap-lints=warn" "-w" "/opt/rustwide/workdir" "--user" "0:0" "edbda4094dc95be458e4c3c119619227ca244834f4cb648f08b7982a49f41d2c" "/opt/rustwide/cargo-home/bin/cargo" "+1.100.0-beta.1" "test" "--frozen" "--release", kill_on_drop: false }`
[INFO] [stderr] warning: hiding a lifetime that's elided elsewhere is confusing
[INFO] [stderr]    --> src/event_map.rs:104:27
[INFO] [stderr]     |
[INFO] [stderr] 104 |     pub fn get_closest_to(&self, key: K) -> Option<EventValue<K, V, D>> {
[INFO] [stderr]     |                           ^^^^^                    ^^^^^^^^^^^^^^^^^^^ the same lifetime is hidden here
[INFO] [stderr]     |                           |
[INFO] [stderr]     |                           the lifetime is elided here
[INFO] [stderr]     |
[INFO] [stderr]     = help: the same lifetime is referred to in inconsistent ways, making the signature confusing
[INFO] [stderr]     = note: `#[warn(mismatched_lifetime_syntaxes)]` on by default
[INFO] [stderr] help: use `'_` for type paths
[INFO] [stderr]     |
[INFO] [stderr] 104 |     pub fn get_closest_to(&self, key: K) -> Option<EventValue<'_, K, V, D>> {
[INFO] [stderr]     |                                                               +++
[INFO] [stderr] 
[INFO] [stderr] warning: hiding a lifetime that's elided elsewhere is confusing
[INFO] [stderr]    --> src/pi.rs:302:32
[INFO] [stderr]     |
[INFO] [stderr] 302 | pub fn block_forever<T>(guard: MutexGuard<T>) -> &mut T {
[INFO] [stderr]     |                                ^^^^^^^^^^^^^     ^^^^^^ the same lifetime is elided here
[INFO] [stderr]     |                                |
[INFO] [stderr]     |                                the lifetime is hidden here
[INFO] [stderr]     |
[INFO] [stderr]     = help: the same lifetime is referred to in inconsistent ways, making the signature confusing
[INFO] [stderr] help: use `'_` for type paths
[INFO] [stderr]     |
[INFO] [stderr] 302 | pub fn block_forever<T>(guard: MutexGuard<'_, T>) -> &mut T {
[INFO] [stderr]     |                                           +++
[INFO] [stderr] 
[INFO] [stderr] warning: unused import: `crate::channel_bounded`
[INFO] [stderr]    --> src/channel.rs:112:9
[INFO] [stderr]     |
[INFO] [stderr] 112 |     use crate::channel_bounded;
[INFO] [stderr]     |         ^^^^^^^^^^^^^^^^^^^^^^
[INFO] [stderr]     |
[INFO] [stderr]     = note: `#[warn(unused_imports)]` (part of `#[warn(unused)]`) on by default
[INFO] [stderr] 
[INFO] [stderr] warning: unused import: `crate::policy_channel_bounded`
[INFO] [stderr]    --> src/policy_channel.rs:183:9
[INFO] [stderr]     |
[INFO] [stderr] 183 |     use crate::policy_channel_bounded;
[INFO] [stderr]     |         ^^^^^^^^^^^^^^^^^^^^^^^^^^^^^
[INFO] [stderr] 
[INFO] [stderr] warning: `rtsc` (lib) generated 2 warnings (run `cargo fix --lib -p rtsc` to apply 2 suggestions)
[INFO] [stderr] warning: `rtsc` (lib test) generated 4 warnings (2 duplicates) (run `cargo fix --lib -p rtsc --tests` to apply 2 suggestions)
[INFO] [stderr]     Finished `release` profile [optimized] target(s) in 0.06s
[INFO] [stderr]      Running unittests src/lib.rs (/opt/rustwide/target/release/build/rtsc/d9519c14db3b4dab/out/rtsc-d9519c14db3b4dab)
[INFO] [stdout] 
[INFO] [stdout] running 50 tests
[INFO] [stdout] test cell::datacell::test::test_datacell_other_mutex ... ok
[INFO] [stdout] test cell::datacell::test::test_datacell_close ... ok
[INFO] [stdout] test buf::test::test_data_buffer_other_mutex ... ok
[INFO] [stdout] test cell::datacell::test::test_datacell_try_get ... ok
[INFO] [stdout] test cell::coupler::test::test_coupler_other_mutex ... ok
[INFO] [stdout] test buf::test::test_data_buffer ... ok
[INFO] [stdout] test cell::triplecoupler::test::test_coupler_try_get ... ok
[INFO] [stdout] test channel::test::test_other_mutex ... ok
[INFO] [stdout] test cell::coupler::test::test_coupler_close ... ok
[INFO] [stdout] test cell::coupler::test::test_coupler_try_get ... ok
[INFO] [stdout] test cell::triplecoupler::test::test_coupler_close ... ok
[INFO] [stdout] test cell::ttlcell::test::test_take_replace ... ok
[INFO] [stdout] test event_map::test::test_event_map ... ok
[INFO] [stdout] test pdeque::test::test_dp_single ... ok
[INFO] [stdout] test pi::tests::test_block_forever ... ok
[INFO] [stdout] test cell::ttlcell::test::test_get_set ... ok
[INFO] [stdout] test cell::datacell::test::test_datacell_close_empty ... ok
[INFO] [stdout] test cell::triplecoupler::test::test_coupler_other_mutex ... ok
[INFO] [stdout] test cell::datacell::test::test_datacell ... ok
[INFO] [stdout] test cell::triplecoupler::test::test_coupler ... ok
[INFO] [stdout] test cell::coupler::test::test_coupler ... ok
[INFO] [stdout] test cell::ttlcell::test::test_take_with ... ok
[INFO] [stdout] test pi::tests::test_condvar_timeout_wait_loop_notify_all ... FAILED
[INFO] [stdout] test policy_channel::test::test_other_mutex ... ok
[INFO] [stdout] test channel::test::test_tx_ordering ... ok
[INFO] [stdout] test channel_async::test::test_tx_ordering ... ok
[INFO] [stdout] test channel::test::test_rx_ordering ... ok
[INFO] [stdout] test channel_async::test::test_rx_ordering ... ok
[INFO] [stdout] test policy_channel_async::test::test_poisoning ... ok
[INFO] [stdout] test policy_channel::test::test_delivery_policy_single ... ok
[INFO] [stdout] test semaphore::test::test_semaphore ... ok
[INFO] [stdout] test channel::test::test_delivery ... ok
[INFO] [stdout] test semaphore::test::test_semaphore_other_mutex ... ok
[INFO] [stdout] test channel_async::test::test_delivery ... ok
[INFO] [stdout] test time::test::test_fits ... ok
[INFO] [stdout] test time::test::test_ticks ... ok
[INFO] [stdout] test semaphore::test::test_semaphore_multithread ... ok
[INFO] [stdout] test policy_channel::test::test_delivery_policy_optional ... ok
[INFO] [stdout] test policy_channel_async::test::test_delivery_policy_single ... ok
[INFO] [stdout] test policy_channel_async::test::test_sync_send_async_recv ... ok
[INFO] [stdout] test policy_channel_async::test::test_sync_send_sync_recv ... ok
[INFO] [stdout] test policy_channel_async::test::test_delivery_policy_optional ... ok
[INFO] [stdout] test pi::tests::test_condvar_timeout_wait_loop_notify_one ... FAILED
[INFO] [stdout] test pi::tests::test_mutex_lock_loop ... ok
[INFO] [stdout] test pi::tests::test_condvar_wait_notify_all_loop ... ok
[INFO] [stdout] test pi::tests::test_condvar_wait_notify_one_loop ... ok
[INFO] [stdout] test pi::tests::test_mutex_try_lock_loop ... ok
[INFO] [stdout] test channel::test::test_poisoning ... FAILED
[INFO] [stdout] test policy_channel::test::test_poisoning ... FAILED
[INFO] [stdout] test channel_async::test::test_poisoning ... ok
[INFO] [stdout] 
[INFO] [stdout] failures:
[INFO] [stdout] 
[INFO] [stdout] ---- pi::tests::test_condvar_timeout_wait_loop_notify_all stdout ----
[INFO] [stdout] 
[INFO] [stdout] thread '<unnamed>' (1099) panicked at src/pi.rs:515:25:
[INFO] [stdout] timed out
[INFO] [stdout] stack backtrace:
[INFO] [stdout]    0:     0x618774cb7f41 - <<std[617be2ca0a6fd877]::sys::backtrace::BacktraceLock>::print::DisplayBacktrace as core[a373ad73a504971]::fmt::Display>::fmt
[INFO] [stdout]    1:     0x618774ccf0ca - core[a373ad73a504971]::fmt::write
[INFO] [stdout]    2:     0x618774cbc71c - <alloc[2e1b2a31b91974c5]::vec::Vec<u8> as core[a373ad73a504971]::io::write::Write>::write_fmt
[INFO] [stdout]    3:     0x618774c915b6 - std[617be2ca0a6fd877]::panicking::default_hook::{closure#0}
[INFO] [stdout]    4:     0x618774caf529 - std[617be2ca0a6fd877]::panicking::default_hook
[INFO] [stdout]    5:     0x618774c46820 - test[aada8e7e76ba119b]::test_main_inner::{closure#0}
[INFO] [stdout]    6:     0x618774caf852 - std[617be2ca0a6fd877]::panicking::panic_with_hook
[INFO] [stdout]    7:     0x618774c91694 - std[617be2ca0a6fd877]::panicking::panic_handler::{closure#0}
[INFO] [stdout]    8:     0x618774c89e99 - std[617be2ca0a6fd877]::sys::backtrace::__rust_end_short_backtrace::<std[617be2ca0a6fd877]::panicking::panic_handler::{closure#0}, !>
[INFO] [stdout]    9:     0x618774c9230d - __rustc[ea4f61d10b84890b]::rust_begin_unwind
[INFO] [stdout]   10:     0x618774ccf82c - core[a373ad73a504971]::panicking::panic_fmt
[INFO] [stdout]   11:     0x618774ba5136 - std[617be2ca0a6fd877]::sys::backtrace::__rust_begin_short_backtrace::<rtsc[67ecba0ac2ff3f76]::pi::tests::test_condvar_timeout_wait_loop_notify_all::{closure#0}, ()>
[INFO] [stdout]   12:     0x618774b851ee - <std[617be2ca0a6fd877]::thread::lifecycle::spawn_unchecked<rtsc[67ecba0ac2ff3f76]::pi::tests::test_condvar_timeout_wait_loop_notify_all::{closure#0}, ()>::{closure#1} as core[a373ad73a504971]::ops::function::FnOnce<()>>::call_once::{shim:vtable#0}
[INFO] [stdout]   13:     0x618774cb6f0f - <std[617be2ca0a6fd877]::sys::thread::unix::Thread>::new::thread_start
[INFO] [stdout]   14:     0x78a2b3956dfa - <unknown>
[INFO] [stdout]   15:     0x78a2b39ea3d4 - clone
[INFO] [stdout]   16:                0x0 - <unknown>
[INFO] [stdout] 
[INFO] [stdout] thread 'pi::tests::test_condvar_timeout_wait_loop_notify_all' (1039) panicked at src/pi.rs:529:31:
[INFO] [stdout] called `Result::unwrap()` on an `Err` value: Any { .. }
[INFO] [stdout] stack backtrace:
[INFO] [stdout]    0:     0x618774cb7f41 - <<std[617be2ca0a6fd877]::sys::backtrace::BacktraceLock>::print::DisplayBacktrace as core[a373ad73a504971]::fmt::Display>::fmt
[INFO] [stdout]    1:     0x618774ccf0ca - core[a373ad73a504971]::fmt::write
[INFO] [stdout]    2:     0x618774cbc71c - <alloc[2e1b2a31b91974c5]::vec::Vec<u8> as core[a373ad73a504971]::io::write::Write>::write_fmt
[INFO] [stdout]    3:     0x618774c915b6 - std[617be2ca0a6fd877]::panicking::default_hook::{closure#0}
[INFO] [stdout]    4:     0x618774caf529 - std[617be2ca0a6fd877]::panicking::default_hook
[INFO] [stdout]    5:     0x618774c46820 - test[aada8e7e76ba119b]::test_main_inner::{closure#0}
[INFO] [stdout]    6:     0x618774caf852 - std[617be2ca0a6fd877]::panicking::panic_with_hook
[INFO] [stdout]    7:     0x618774c91662 - std[617be2ca0a6fd877]::panicking::panic_handler::{closure#0}
[INFO] [stdout]    8:     0x618774c89e99 - std[617be2ca0a6fd877]::sys::backtrace::__rust_end_short_backtrace::<std[617be2ca0a6fd877]::panicking::panic_handler::{closure#0}, !>
[INFO] [stdout]    9:     0x618774c9230d - __rustc[ea4f61d10b84890b]::rust_begin_unwind
[INFO] [stdout]   10:     0x618774ccf82c - core[a373ad73a504971]::panicking::panic_fmt
[INFO] [stdout]   11:     0x618774ccf602 - core[a373ad73a504971]::result::unwrap_failed
[INFO] [stdout]   12:     0x618774bbadfb - <rtsc[67ecba0ac2ff3f76]::pi::tests::test_condvar_timeout_wait_loop_notify_all::{closure#0} as core[a373ad73a504971]::ops::function::FnOnce<()>>::call_once
[INFO] [stdout]   13:     0x618774c39c6b - test[aada8e7e76ba119b]::__rust_begin_short_backtrace::<core[a373ad73a504971]::result::Result<(), alloc[2e1b2a31b91974c5]::string::String>, fn() -> core[a373ad73a504971]::result::Result<(), alloc[2e1b2a31b91974c5]::string::String>>
[INFO] [stdout]   14:     0x618774c46e45 - test[aada8e7e76ba119b]::run_test::{closure#0}
[INFO] [stdout]   15:     0x618774c40734 - std[617be2ca0a6fd877]::sys::backtrace::__rust_begin_short_backtrace::<test[aada8e7e76ba119b]::run_test::{closure#1}, ()>
[INFO] [stdout]   16:     0x618774c49ed2 - <std[617be2ca0a6fd877]::thread::lifecycle::spawn_unchecked<test[aada8e7e76ba119b]::run_test::{closure#1}, ()>::{closure#1} as core[a373ad73a504971]::ops::function::FnOnce<()>>::call_once::{shim:vtable#0}
[INFO] [stdout]   17:     0x618774cb6f0f - <std[617be2ca0a6fd877]::sys::thread::unix::Thread>::new::thread_start
[INFO] [stdout]   18:     0x78a2b3956dfa - <unknown>
[INFO] [stdout]   19:     0x78a2b39ea3d4 - clone
[INFO] [stdout]   20:                0x0 - <unknown>
[INFO] [stdout] 
[INFO] [stdout] ---- pi::tests::test_condvar_timeout_wait_loop_notify_one stdout ----
[INFO] [stdout] 
[INFO] [stdout] thread '<unnamed>' (21078) panicked at src/pi.rs:470:25:
[INFO] [stdout] timed out
[INFO] [stdout] stack backtrace:
[INFO] [stdout]    0:     0x618774cb7f41 - <<std[617be2ca0a6fd877]::sys::backtrace::BacktraceLock>::print::DisplayBacktrace as core[a373ad73a504971]::fmt::Display>::fmt
[INFO] [stdout]    1:     0x618774ccf0ca - core[a373ad73a504971]::fmt::write
[INFO] [stdout]    2:     0x618774cbc71c - <alloc[2e1b2a31b91974c5]::vec::Vec<u8> as core[a373ad73a504971]::io::write::Write>::write_fmt
[INFO] [stdout]    3:     0x618774c915b6 - std[617be2ca0a6fd877]::panicking::default_hook::{closure#0}
[INFO] [stdout]    4:     0x618774caf529 - std[617be2ca0a6fd877]::panicking::default_hook
[INFO] [stdout]    5:     0x618774c46820 - test[aada8e7e76ba119b]::test_main_inner::{closure#0}
[INFO] [stdout]    6:     0x618774caf852 - std[617be2ca0a6fd877]::panicking::panic_with_hook
[INFO] [stdout]    7:     0x618774c91694 - std[617be2ca0a6fd877]::panicking::panic_handler::{closure#0}
[INFO] [stdout]    8:     0x618774c89e99 - std[617be2ca0a6fd877]::sys::backtrace::__rust_end_short_backtrace::<std[617be2ca0a6fd877]::panicking::panic_handler::{closure#0}, !>
[INFO] [stdout]    9:     0x618774c9230d - __rustc[ea4f61d10b84890b]::rust_begin_unwind
[INFO] [stdout]   10:     0x618774ccf82c - core[a373ad73a504971]::panicking::panic_fmt
[INFO] [stdout]   11:     0x618774ba5256 - std[617be2ca0a6fd877]::sys::backtrace::__rust_begin_short_backtrace::<rtsc[67ecba0ac2ff3f76]::pi::tests::test_condvar_timeout_wait_loop_notify_one::{closure#0}, ()>
[INFO] [stdout]   12:     0x618774b8535e - <std[617be2ca0a6fd877]::thread::lifecycle::spawn_unchecked<rtsc[67ecba0ac2ff3f76]::pi::tests::test_condvar_timeout_wait_loop_notify_one::{closure#0}, ()>::{closure#1} as core[a373ad73a504971]::ops::function::FnOnce<()>>::call_once::{shim:vtable#0}
[INFO] [stdout]   13:     0x618774cb6f0f - <std[617be2ca0a6fd877]::sys::thread::unix::Thread>::new::thread_start
[INFO] [stdout]   14:     0x78a2b3956dfa - <unknown>
[INFO] [stdout]   15:     0x78a2b39ea3d4 - clone
[INFO] [stdout]   16:                0x0 - <unknown>
[INFO] [stdout] 
[INFO] [stdout] thread '<unnamed>' (21079) panicked at src/pi.rs:470:25:
[INFO] [stdout] timed out
[INFO] [stdout] stack backtrace:
[INFO] [stdout]    0:     0x618774cb7f41 - <<std[617be2ca0a6fd877]::sys::backtrace::BacktraceLock>::print::DisplayBacktrace as core[a373ad73a504971]::fmt::Display>::fmt
[INFO] [stdout]    1:     0x618774ccf0ca - core[a373ad73a504971]::fmt::write
[INFO] [stdout]    2:     0x618774cbc71c - <alloc[2e1b2a31b91974c5]::vec::Vec<u8> as core[a373ad73a504971]::io::write::Write>::write_fmt
[INFO] [stdout]    3:     0x618774c915b6 - std[617be2ca0a6fd877]::panicking::default_hook::{closure#0}
[INFO] [stdout]    4:     0x618774caf529 - std[617be2ca0a6fd877]::panicking::default_hook
[INFO] [stdout]    5:     0x618774c46820 - test[aada8e7e76ba119b]::test_main_inner::{closure#0}
[INFO] [stdout]    6:     0x618774caf852 - std[617be2ca0a6fd877]::panicking::panic_with_hook
[INFO] [stdout]    7:     0x618774c91694 - std[617be2ca0a6fd877]::panicking::panic_handler::{closure#0}
[INFO] [stdout]    8:     0x618774c89e99 - std[617be2ca0a6fd877]::sys::backtrace::__rust_end_short_backtrace::<std[617be2ca0a6fd877]::panicking::panic_handler::{closure#0}, !>
[INFO] [stdout]    9:     0x618774c9230d - __rustc[ea4f61d10b84890b]::rust_begin_unwind
[INFO] [stdout]   10:     0x618774ccf82c - core[a373ad73a504971]::panicking::panic_fmt
[INFO] [stdout]   11:     0x618774ba5256 - std[617be2ca0a6fd877]::sys::backtrace::__rust_begin_short_backtrace::<rtsc[67ecba0ac2ff3f76]::pi::tests::test_condvar_timeout_wait_loop_notify_one::{closure#0}, ()>
[INFO] [stdout]   12:     0x618774b8535e - <std[617be2ca0a6fd877]::thread::lifecycle::spawn_unchecked<rtsc[67ecba0ac2ff3f76]::pi::tests::test_condvar_timeout_wait_loop_notify_one::{closure#0}, ()>::{closure#1} as core[a373ad73a504971]::ops::function::FnOnce<()>>::call_once::{shim:vtable#0}
[INFO] [stdout]   13:     0x618774cb6f0f - <std[617be2ca0a6fd877]::sys::thread::unix::Thread>::new::thread_start
[INFO] [stdout]   14:     0x78a2b3956dfa - <unknown>
[INFO] [stdout]   15:     0x78a2b39ea3d4 - clone
[INFO] [stdout]   16:                0x0 - <unknown>
[INFO] [stdout] 
[INFO] [stdout] thread '<unnamed>' (21076) panicked at src/pi.rs:470:25:
[INFO] [stdout] timed out
[INFO] [stdout] stack backtrace:
[INFO] [stdout]    0:     0x618774cb7f41 - <<std[617be2ca0a6fd877]::sys::backtrace::BacktraceLock>::print::DisplayBacktrace as core[a373ad73a504971]::fmt::Display>::fmt
[INFO] [stdout]    1:     0x618774ccf0ca - core[a373ad73a504971]::fmt::write
[INFO] [stdout]    2:     0x618774cbc71c - <alloc[2e1b2a31b91974c5]::vec::Vec<u8> as core[a373ad73a504971]::io::write::Write>::write_fmt
[INFO] [stdout]    3:     0x618774c915b6 - std[617be2ca0a6fd877]::panicking::default_hook::{closure#0}
[INFO] [stdout]    4:     0x618774caf529 - std[617be2ca0a6fd877]::panicking::default_hook
[INFO] [stdout]    5:     0x618774c46820 - test[aada8e7e76ba119b]::test_main_inner::{closure#0}
[INFO] [stdout]    6:     0x618774caf852 - std[617be2ca0a6fd877]::panicking::panic_with_hook
[INFO] [stdout]    7:     0x618774c91694 - std[617be2ca0a6fd877]::panicking::panic_handler::{closure#0}
[INFO] [stdout]    8:     0x618774c89e99 - std[617be2ca0a6fd877]::sys::backtrace::__rust_end_short_backtrace::<std[617be2ca0a6fd877]::panicking::panic_handler::{closure#0}, !>
[INFO] [stdout]    9:     0x618774c9230d - __rustc[ea4f61d10b84890b]::rust_begin_unwind
[INFO] [stdout]   10:     0x618774ccf82c - core[a373ad73a504971]::panicking::panic_fmt
[INFO] [stdout]   11:     0x618774ba5256 - std[617be2ca0a6fd877]::sys::backtrace::__rust_begin_short_backtrace::<rtsc[67ecba0ac2ff3f76]::pi::tests::test_condvar_timeout_wait_loop_notify_one::{closure#0}, ()>
[INFO] [stdout]   12:     0x618774b8535e - <std[617be2ca0a6fd877]::thread::lifecycle::spawn_unchecked<rtsc[67ecba0ac2ff3f76]::pi::tests::test_condvar_timeout_wait_loop_notify_one::{closure#0}, ()>::{closure#1} as core[a373ad73a504971]::ops::function::FnOnce<()>>::call_once::{shim:vtable#0}
[INFO] [stdout]   13:     0x618774cb6f0f - <std[617be2ca0a6fd877]::sys::thread::unix::Thread>::new::thread_start
[INFO] [stdout]   14:     0x78a2b3956dfa - <unknown>
[INFO] [stdout]   15:     0x78a2b39ea3d4 - clone
[INFO] [stdout]   16:                0x0 - <unknown>
[INFO] [stdout] 
[INFO] [stdout] thread '<unnamed>' (21074) panicked at src/pi.rs:470:25:
[INFO] [stdout] timed out
[INFO] [stdout] stack backtrace:
[INFO] [stdout]    0:     0x618774cb7f41 - <<std[617be2ca0a6fd877]::sys::backtrace::BacktraceLock>::print::DisplayBacktrace as core[a373ad73a504971]::fmt::Display>::fmt
[INFO] [stdout]    1:     0x618774ccf0ca - core[a373ad73a504971]::fmt::write
[INFO] [stdout]    2:     0x618774cbc71c - <alloc[2e1b2a31b91974c5]::vec::Vec<u8> as core[a373ad73a504971]::io::write::Write>::write_fmt
[INFO] [stdout]    3:     0x618774c915b6 - std[617be2ca0a6fd877]::panicking::default_hook::{closure#0}
[INFO] [stdout]    4:     0x618774caf529 - std[617be2ca0a6fd877]::panicking::default_hook
[INFO] [stdout]    5:     0x618774c46820 - test[aada8e7e76ba119b]::test_main_inner::{closure#0}
[INFO] [stdout]    6:     0x618774caf852 - std[617be2ca0a6fd877]::panicking::panic_with_hook
[INFO] [stdout]    7:     0x618774c91694 - std[617be2ca0a6fd877]::panicking::panic_handler::{closure#0}
[INFO] [stdout]    8:     0x618774c89e99 - std[617be2ca0a6fd877]::sys::backtrace::__rust_end_short_backtrace::<std[617be2ca0a6fd877]::panicking::panic_handler::{closure#0}, !>
[INFO] [stdout]    9:     0x618774c9230d - __rustc[ea4f61d10b84890b]::rust_begin_unwind
[INFO] [stdout]   10:     0x618774ccf82c - core[a373ad73a504971]::panicking::panic_fmt
[INFO] [stdout]   11:     0x618774ba5256 - std[617be2ca0a6fd877]::sys::backtrace::__rust_begin_short_backtrace::<rtsc[67ecba0ac2ff3f76]::pi::tests::test_condvar_timeout_wait_loop_notify_one::{closure#0}, ()>
[INFO] [stdout]   12:     0x618774b8535e - <std[617be2ca0a6fd877]::thread::lifecycle::spawn_unchecked<rtsc[67ecba0ac2ff3f76]::pi::tests::test_condvar_timeout_wait_loop_notify_one::{closure#0}, ()>::{closure#1} as core[a373ad73a504971]::ops::function::FnOnce<()>>::call_once::{shim:vtable#0}
[INFO] [stdout]   13:     0x618774cb6f0f - <std[617be2ca0a6fd877]::sys::thread::unix::Thread>::new::thread_start
[INFO] [stdout]   14:     0x78a2b3956dfa - <unknown>
[INFO] [stdout]   15:     0x78a2b39ea3d4 - clone
[INFO] [stdout]   16:                0x0 - <unknown>
[INFO] [stdout] 
[INFO] [stdout] thread '<unnamed>' (21075) panicked at src/pi.rs:470:25:
[INFO] [stdout] timed out
[INFO] [stdout] stack backtrace:
[INFO] [stdout]    0:     0x618774cb7f41 - <<std[617be2ca0a6fd877]::sys::backtrace::BacktraceLock>::print::DisplayBacktrace as core[a373ad73a504971]::fmt::Display>::fmt
[INFO] [stdout]    1:     0x618774ccf0ca - core[a373ad73a504971]::fmt::write
[INFO] [stdout]    2:     0x618774cbc71c - <alloc[2e1b2a31b91974c5]::vec::Vec<u8> as core[a373ad73a504971]::io::write::Write>::write_fmt
[INFO] [stdout]    3:     0x618774c915b6 - std[617be2ca0a6fd877]::panicking::default_hook::{closure#0}
[INFO] [stdout]    4:     0x618774caf529 - std[617be2ca0a6fd877]::panicking::default_hook
[INFO] [stdout]    5:     0x618774c46820 - test[aada8e7e76ba119b]::test_main_inner::{closure#0}
[INFO] [stdout]    6:     0x618774caf852 - std[617be2ca0a6fd877]::panicking::panic_with_hook
[INFO] [stdout]    7:     0x618774c91694 - std[617be2ca0a6fd877]::panicking::panic_handler::{closure#0}
[INFO] [stdout]    8:     0x618774c89e99 - std[617be2ca0a6fd877]::sys::backtrace::__rust_end_short_backtrace::<std[617be2ca0a6fd877]::panicking::panic_handler::{closure#0}, !>
[INFO] [stdout]    9:     0x618774c9230d - __rustc[ea4f61d10b84890b]::rust_begin_unwind
[INFO] [stdout]   10:     0x618774ccf82c - core[a373ad73a504971]::panicking::panic_fmt
[INFO] [stdout]   11:     0x618774ba5256 - std[617be2ca0a6fd877]::sys::backtrace::__rust_begin_short_backtrace::<rtsc[67ecba0ac2ff3f76]::pi::tests::test_condvar_timeout_wait_loop_notify_one::{closure#0}, ()>
[INFO] [stdout]   12:     0x618774b8535e - <std[617be2ca0a6fd877]::thread::lifecycle::spawn_unchecked<rtsc[67ecba0ac2ff3f76]::pi::tests::test_condvar_timeout_wait_loop_notify_one::{closure#0}, ()>::{closure#1} as core[a373ad73a504971]::ops::function::FnOnce<()>>::call_once::{shim:vtable#0}
[INFO] [stdout]   13:     0x618774cb6f0f - <std[617be2ca0a6fd877]::sys::thread::unix::Thread>::new::thread_start
[INFO] [stdout]   14:     0x78a2b3956dfa - <unknown>
[INFO] [stdout]   15:     0x78a2b39ea3d4 - clone
[INFO] [stdout]   16:                0x0 - <unknown>
[INFO] [stdout] 
[INFO] [stdout] thread '<unnamed>' (21080) panicked at src/pi.rs:470:25:
[INFO] [stdout] timed out
[INFO] [stdout] stack backtrace:
[INFO] [stdout]    0:     0x618774cb7f41 - <<std[617be2ca0a6fd877]::sys::backtrace::BacktraceLock>::print::DisplayBacktrace as core[a373ad73a504971]::fmt::Display>::fmt
[INFO] [stdout]    1:     0x618774ccf0ca - core[a373ad73a504971]::fmt::write
[INFO] [stdout]    2:     0x618774cbc71c - <alloc[2e1b2a31b91974c5]::vec::Vec<u8> as core[a373ad73a504971]::io::write::Write>::write_fmt
[INFO] [stdout]    3:     0x618774c915b6 - std[617be2ca0a6fd877]::panicking::default_hook::{closure#0}
[INFO] [stdout]    4:     0x618774caf529 - std[617be2ca0a6fd877]::panicking::default_hook
[INFO] [stdout]    5:     0x618774c46820 - test[aada8e7e76ba119b]::test_main_inner::{closure#0}
[INFO] [stdout]    6:     0x618774caf852 - std[617be2ca0a6fd877]::panicking::panic_with_hook
[INFO] [stdout]    7:     0x618774c91694 - std[617be2ca0a6fd877]::panicking::panic_handler::{closure#0}
[INFO] [stdout]    8:     0x618774c89e99 - std[617be2ca0a6fd877]::sys::backtrace::__rust_end_short_backtrace::<std[617be2ca0a6fd877]::panicking::panic_handler::{closure#0}, !>
[INFO] [stdout]    9:     0x618774c9230d - __rustc[ea4f61d10b84890b]::rust_begin_unwind
[INFO] [stdout]   10:     0x618774ccf82c - core[a373ad73a504971]::panicking::panic_fmt
[INFO] [stdout]   11:     0x618774ba5256 - std[617be2ca0a6fd877]::sys::backtrace::__rust_begin_short_backtrace::<rtsc[67ecba0ac2ff3f76]::pi::tests::test_condvar_timeout_wait_loop_notify_one::{closure#0}, ()>
[INFO] [stdout]   12:     0x618774b8535e - <std[617be2ca0a6fd877]::thread::lifecycle::spawn_unchecked<rtsc[67ecba0ac2ff3f76]::pi::tests::test_condvar_timeout_wait_loop_notify_one::{closure#0}, ()>::{closure#1} as core[a373ad73a504971]::ops::function::FnOnce<()>>::call_once::{shim:vtable#0}
[INFO] [stdout]   13:     0x618774cb6f0f - <std[617be2ca0a6fd877]::sys::thread::unix::Thread>::new::thread_start
[INFO] [stdout]   14:     0x78a2b3956dfa - <unknown>
[INFO] [stdout]   15:     0x78a2b39ea3d4 - clone
[INFO] [stdout]   16:                0x0 - <unknown>
[INFO] [stdout] 
[INFO] [stdout] thread 'pi::tests::test_condvar_timeout_wait_loop_notify_one' (1129) panicked at src/pi.rs:486:31:
[INFO] [stdout] called `Result::unwrap()` on an `Err` value: Any { .. }
[INFO] [stdout] stack backtrace:
[INFO] [stdout]    0:     0x618774cb7f41 - <<std[617be2ca0a6fd877]::sys::backtrace::BacktraceLock>::print::DisplayBacktrace as core[a373ad73a504971]::fmt::Display>::fmt
[INFO] [stdout]    1:     0x618774ccf0ca - core[a373ad73a504971]::fmt::write
[INFO] [stdout]    2:     0x618774cbc71c - <alloc[2e1b2a31b91974c5]::vec::Vec<u8> as core[a373ad73a504971]::io::write::Write>::write_fmt
[INFO] [stdout]    3:     0x618774c915b6 - std[617be2ca0a6fd877]::panicking::default_hook::{closure#0}
[INFO] [stdout]    4:     0x618774caf529 - std[617be2ca0a6fd877]::panicking::default_hook
[INFO] [stdout]    5:     0x618774c46820 - test[aada8e7e76ba119b]::test_main_inner::{closure#0}
[INFO] [stdout]    6:     0x618774caf852 - std[617be2ca0a6fd877]::panicking::panic_with_hook
[INFO] [stdout]    7:     0x618774c91662 - std[617be2ca0a6fd877]::panicking::panic_handler::{closure#0}
[INFO] [stdout]    8:     0x618774c89e99 - std[617be2ca0a6fd877]::sys::backtrace::__rust_end_short_backtrace::<std[617be2ca0a6fd877]::panicking::panic_handler::{closure#0}, !>
[INFO] [stdout]    9:     0x618774c9230d - __rustc[ea4f61d10b84890b]::rust_begin_unwind
[INFO] [stdout]   10:     0x618774ccf82c - core[a373ad73a504971]::panicking::panic_fmt
[INFO] [stdout]   11:     0x618774ccf602 - core[a373ad73a504971]::result::unwrap_failed
[INFO] [stdout]   12:     0x618774bbb575 - <rtsc[67ecba0ac2ff3f76]::pi::tests::test_condvar_timeout_wait_loop_notify_one::{closure#0} as core[a373ad73a504971]::ops::function::FnOnce<()>>::call_once
[INFO] [stdout]   13:     0x618774c39c6b - test[aada8e7e76ba119b]::__rust_begin_short_backtrace::<core[a373ad73a504971]::result::Result<(), alloc[2e1b2a31b91974c5]::string::String>, fn() -> core[a373ad73a504971]::result::Result<(), alloc[2e1b2a31b91974c5]::string::String>>
[INFO] [stdout]   14:     0x618774c46e45 - test[aada8e7e76ba119b]::run_test::{closure#0}
[INFO] [stdout]   15:     0x618774c40734 - std[617be2ca0a6fd877]::sys::backtrace::__rust_begin_short_backtrace::<test[aada8e7e76ba119b]::run_test::{closure#1}, ()>
[INFO] [stdout]   16:     0x618774c49ed2 - <std[617be2ca0a6fd877]::thread::lifecycle::spawn_unchecked<test[aada8e7e76ba119b]::run_test::{closure#1}, ()>::{closure#1} as core[a373ad73a504971]::ops::function::FnOnce<()>>::call_once::{shim:vtable#0}
[INFO] [stdout]   17:     0x618774cb6f0f - <std[617be2ca0a6fd877]::sys::thread::unix::Thread>::new::thread_start
[INFO] [stdout]   18:     0x78a2b3956dfa - <unknown>
[INFO] [stdout]   19:     0x78a2b39ea3d4 - clone
[INFO] [stdout]   20:                0x0 - <unknown>
[INFO] [stdout] 
[INFO] [stdout] ---- channel::test::test_poisoning stdout ----
[INFO] [stdout] 
[INFO] [stdout] thread 'channel::test::test_poisoning' (965) panicked at src/channel.rs:187:13:
[INFO] [stdout] RX poisined 3059
[INFO] [stdout] stack backtrace:
[INFO] [stdout]    0:     0x618774cb7f41 - <<std[617be2ca0a6fd877]::sys::backtrace::BacktraceLock>::print::DisplayBacktrace as core[a373ad73a504971]::fmt::Display>::fmt
[INFO] [stdout]    1:     0x618774ccf0ca - core[a373ad73a504971]::fmt::write
[INFO] [stdout]    2:     0x618774cbc71c - <alloc[2e1b2a31b91974c5]::vec::Vec<u8> as core[a373ad73a504971]::io::write::Write>::write_fmt
[INFO] [stdout]    3:     0x618774c915b6 - std[617be2ca0a6fd877]::panicking::default_hook::{closure#0}
[INFO] [stdout]    4:     0x618774caf529 - std[617be2ca0a6fd877]::panicking::default_hook
[INFO] [stdout]    5:     0x618774c46820 - test[aada8e7e76ba119b]::test_main_inner::{closure#0}
[INFO] [stdout]    6:     0x618774caf852 - std[617be2ca0a6fd877]::panicking::panic_with_hook
[INFO] [stdout]    7:     0x618774c91662 - std[617be2ca0a6fd877]::panicking::panic_handler::{closure#0}
[INFO] [stdout]    8:     0x618774c89e99 - std[617be2ca0a6fd877]::sys::backtrace::__rust_end_short_backtrace::<std[617be2ca0a6fd877]::panicking::panic_handler::{closure#0}, !>
[INFO] [stdout]    9:     0x618774c9230d - __rustc[ea4f61d10b84890b]::rust_begin_unwind
[INFO] [stdout]   10:     0x618774ccf82c - core[a373ad73a504971]::panicking::panic_fmt
[INFO] [stdout]   11:     0x618774ba8363 - <rtsc[67ecba0ac2ff3f76]::channel::test::test_poisoning::{closure#0} as core[a373ad73a504971]::ops::function::FnOnce<()>>::call_once
[INFO] [stdout]   12:     0x618774c39c6b - test[aada8e7e76ba119b]::__rust_begin_short_backtrace::<core[a373ad73a504971]::result::Result<(), alloc[2e1b2a31b91974c5]::string::String>, fn() -> core[a373ad73a504971]::result::Result<(), alloc[2e1b2a31b91974c5]::string::String>>
[INFO] [stdout]   13:     0x618774c46e45 - test[aada8e7e76ba119b]::run_test::{closure#0}
[INFO] [stdout]   14:     0x618774c40734 - std[617be2ca0a6fd877]::sys::backtrace::__rust_begin_short_backtrace::<test[aada8e7e76ba119b]::run_test::{closure#1}, ()>
[INFO] [stdout]   15:     0x618774c49ed2 - <std[617be2ca0a6fd877]::thread::lifecycle::spawn_unchecked<test[aada8e7e76ba119b]::run_test::{closure#1}, ()>::{closure#1} as core[a373ad73a504971]::ops::function::FnOnce<()>>::call_once::{shim:vtable#0}
[INFO] [stdout]   16:     0x618774cb6f0f - <std[617be2ca0a6fd877]::sys::thread::unix::Thread>::new::thread_start
[INFO] [stdout]   17:     0x78a2b3956dfa - <unknown>
[INFO] [stdout]   18:     0x78a2b39ea3d4 - clone
[INFO] [stdout]   19:                0x0 - <unknown>
[INFO] [stdout] 
[INFO] [stdout] ---- policy_channel::test::test_poisoning stdout ----
[INFO] [stdout] 
[INFO] [stdout] thread 'policy_channel::test::test_poisoning' (3014) panicked at src/policy_channel.rs:269:13:
[INFO] [stdout] RX poisined 2996
[INFO] [stdout] stack backtrace:
[INFO] [stdout]    0:     0x618774cb7f41 - <<std[617be2ca0a6fd877]::sys::backtrace::BacktraceLock>::print::DisplayBacktrace as core[a373ad73a504971]::fmt::Display>::fmt
[INFO] [stdout]    1:     0x618774ccf0ca - core[a373ad73a504971]::fmt::write
[INFO] [stdout]    2:     0x618774cbc71c - <alloc[2e1b2a31b91974c5]::vec::Vec<u8> as core[a373ad73a504971]::io::write::Write>::write_fmt
[INFO] [stdout]    3:     0x618774c915b6 - std[617be2ca0a6fd877]::panicking::default_hook::{closure#0}
[INFO] [stdout]    4:     0x618774caf529 - std[617be2ca0a6fd877]::panicking::default_hook
[INFO] [stdout]    5:     0x618774c46820 - test[aada8e7e76ba119b]::test_main_inner::{closure#0}
[INFO] [stdout]    6:     0x618774caf852 - std[617be2ca0a6fd877]::panicking::panic_with_hook
[INFO] [stdout]    7:     0x618774c91662 - std[617be2ca0a6fd877]::panicking::panic_handler::{closure#0}
[INFO] [stdout]    8:     0x618774c89e99 - std[617be2ca0a6fd877]::sys::backtrace::__rust_end_short_backtrace::<std[617be2ca0a6fd877]::panicking::panic_handler::{closure#0}, !>
[INFO] [stdout]    9:     0x618774c9230d - __rustc[ea4f61d10b84890b]::rust_begin_unwind
[INFO] [stdout]   10:     0x618774ccf82c - core[a373ad73a504971]::panicking::panic_fmt
[INFO] [stdout]   11:     0x618774baf4e3 - <rtsc[67ecba0ac2ff3f76]::policy_channel::test::test_poisoning::{closure#0} as core[a373ad73a504971]::ops::function::FnOnce<()>>::call_once
[INFO] [stdout]   12:     0x618774c39c6b - test[aada8e7e76ba119b]::__rust_begin_short_backtrace::<core[a373ad73a504971]::result::Result<(), alloc[2e1b2a31b91974c5]::string::String>, fn() -> core[a373ad73a504971]::result::Result<(), alloc[2e1b2a31b91974c5]::string::String>>
[INFO] [stdout]   13:     0x618774c46e45 - test[aada8e7e76ba119b]::run_test::{closure#0}
[INFO] [stdout]   14:     0x618774c40734 - std[617be2ca0a6fd877]::sys::backtrace::__rust_begin_short_backtrace::<test[aada8e7e76ba119b]::run_test::{closure#1}, ()>
[INFO] [stdout]   15:     0x618774c49ed2 - <std[617be2ca0a6fd877]::thread::lifecycle::spawn_unchecked<test[aada8e7e76ba119b]::run_test::{closure#1}, ()>::{closure#1} as core[a373ad73a504971]::ops::function::FnOnce<()>>::call_once::{shim:vtable#0}
[INFO] [stdout]   16:     0x618774cb6f0f - <std[617be2ca0a6fd877]::sys::thread::unix::Thread>::new::thread_start
[INFO] [stdout]   17:     0x78a2b3956dfa - <unknown>
[INFO] [stdout]   18:     0x78a2b39ea3d4 - clone
[INFO] [stdout]   19:                0x0 - <unknown>
[INFO] [stdout] 
[INFO] [stdout] 
[INFO] [stdout] failures:
[INFO] [stdout]     channel::test::test_poisoning
[INFO] [stdout]     pi::tests::test_condvar_timeout_wait_loop_notify_all
[INFO] [stdout]     pi::tests::test_condvar_timeout_wait_loop_notify_one
[INFO] [stdout]     policy_channel::test::test_poisoning
[INFO] [stdout] 
[INFO] [stdout] test result: FAILED. 46 passed; 4 failed; 0 ignored; 0 measured; 0 filtered out; finished in 10.99s
[INFO] [stdout] 
[INFO] [stderr] error: test failed, to rerun pass `--lib`
[INFO] running `Command { std: "docker" "inspect" "edbda4094dc95be458e4c3c119619227ca244834f4cb648f08b7982a49f41d2c", kill_on_drop: false }`
[INFO] running `Command { std: "docker" "rm" "-f" "edbda4094dc95be458e4c3c119619227ca244834f4cb648f08b7982a49f41d2c", kill_on_drop: false }`
[INFO] [stdout] edbda4094dc95be458e4c3c119619227ca244834f4cb648f08b7982a49f41d2c
