[INFO] fetching crate rto-remote 6.1.0...
[INFO] testing rto-remote-6.1.0 against 1.100.0-beta.1+cargoflags=--release for beta-release-1.100-2
[INFO] extracting crate rto-remote 6.1.0 into /workspace/builds/worker-2-tc2/source
[INFO] started tweaking crates.io crate rto-remote 6.1.0
[INFO] finished tweaking crates.io crate rto-remote 6.1.0
[INFO] tweaked toml for crates.io crate rto-remote 6.1.0 written to /workspace/builds/worker-2-tc2/source/Cargo.toml
[INFO] validating manifest of crates.io crate rto-remote 6.1.0 on toolchain 1.100.0-beta.1
[INFO] running `Command { std: CARGO_HOME="/workspace/cargo-home" RUSTUP_HOME="/workspace/rustup-home" "/workspace/cargo-home/bin/cargo" "+1.100.0-beta.1" "metadata" "--manifest-path" "Cargo.toml" "--no-deps", kill_on_drop: false }`
[INFO] crate crates.io crate rto-remote 6.1.0 already has a lockfile, it will not be regenerated
[INFO] running `Command { std: CARGO_HOME="/workspace/cargo-home" RUSTUP_HOME="/workspace/rustup-home" "/workspace/cargo-home/bin/cargo" "+1.100.0-beta.1" "fetch" "--manifest-path" "Cargo.toml", kill_on_drop: false }`
[INFO] running `Command { std: "docker" "create" "-v" "/var/lib/crater-agent-workspace/builds/worker-2-tc2/source:/opt/rustwide/workdir:ro,Z" "-v" "/var/lib/crater-agent-workspace/builds/worker-2-tc2/target:/opt/rustwide/target:rw,Z" "-v" "/var/lib/crater-agent-workspace/cargo-home:/opt/rustwide/cargo-home:ro,Z" "-v" "/var/lib/crater-agent-workspace/rustup-home:/opt/rustwide/rustup-home:ro,Z" "-m" "1610612736" "--network" "none" "ghcr.io/rust-lang/crates-build-env/linux@sha256:77db811e55d90add9212f6832c23229e3de5f1c1f9905e8cb07319ea15df73ac" "sleep" "infinity", kill_on_drop: false }`
[INFO] [stdout] 668fcba9dcc422cba10f56af03748beb32987b54cd932c2be89e5ade5ab60a81
[INFO] running `Command { std: "docker" "start" "668fcba9dcc422cba10f56af03748beb32987b54cd932c2be89e5ade5ab60a81", kill_on_drop: false }`
[INFO] running `Command { std: "docker" "inspect" "668fcba9dcc422cba10f56af03748beb32987b54cd932c2be89e5ade5ab60a81", kill_on_drop: false }`
[INFO] running `Command { std: "docker" "exec" "-e" "SOURCE_DIR=/opt/rustwide/workdir" "-e" "CARGO_HOME=/opt/rustwide/cargo-home" "-e" "RUSTUP_HOME=/opt/rustwide/rustup-home" "-e" "CARGO_TARGET_DIR=/opt/rustwide/target" "-w" "/opt/rustwide/workdir" "--user" "0:0" "668fcba9dcc422cba10f56af03748beb32987b54cd932c2be89e5ade5ab60a81" "/opt/rustwide/cargo-home/bin/cargo" "+1.100.0-beta.1" "metadata" "--no-deps" "--format-version=1", kill_on_drop: false }`
[INFO] running `Command { std: "docker" "inspect" "668fcba9dcc422cba10f56af03748beb32987b54cd932c2be89e5ade5ab60a81", kill_on_drop: false }`
[INFO] running `Command { std: "docker" "exec" "-e" "SOURCE_DIR=/opt/rustwide/workdir" "-e" "CARGO_HOME=/opt/rustwide/cargo-home" "-e" "RUSTUP_HOME=/opt/rustwide/rustup-home" "-e" "CARGO_TARGET_DIR=/opt/rustwide/target" "-e" "CARGO_INCREMENTAL=0" "-e" "RUST_BACKTRACE=full" "-e" "RUSTFLAGS=--cap-lints=warn" "-e" "RUSTDOCFLAGS=--cap-lints=warn" "-w" "/opt/rustwide/workdir" "--user" "0:0" "668fcba9dcc422cba10f56af03748beb32987b54cd932c2be89e5ade5ab60a81" "/opt/rustwide/cargo-home/bin/cargo" "+1.100.0-beta.1" "build" "--frozen" "--message-format=json" "--release", kill_on_drop: false }`
[INFO] [stderr]    Compiling find-msvc-tools v0.1.10
[INFO] [stderr]    Compiling thiserror v2.0.21
[INFO] [stderr]    Compiling getrandom v0.4.3
[INFO] [stderr]    Compiling regex-automata v0.4.18
[INFO] [stderr]    Compiling tinyvec v1.12.0
[INFO] [stderr]    Compiling gix-trace v0.1.21
[INFO] [stderr]    Compiling smallvec v1.15.2
[INFO] [stderr]    Compiling syn v3.0.6
[INFO] [stderr]    Compiling tree-sitter-language v0.1.7
[INFO] [stderr]    Compiling heapless v0.8.0
[INFO] [stderr]    Compiling cc v1.2.67
[INFO] [stderr]    Compiling byteorder v1.5.0
[INFO] [stderr]    Compiling parking_lot_core v0.9.12
[INFO] [stderr]    Compiling crypto-common v0.1.7
[INFO] [stderr]    Compiling crossbeam-utils v0.8.22
[INFO] [stderr]    Compiling digest v0.10.7
[INFO] [stderr]    Compiling hash32 v0.3.1
[INFO] [stderr]    Compiling parking_lot v0.12.5
[INFO] [stderr]    Compiling sha1 v0.10.7
[INFO] [stderr]    Compiling sha1-checked v0.10.0
[INFO] [stderr]    Compiling unicode-normalization v0.1.25
[INFO] [stderr]    Compiling prodash v31.0.0
[INFO] [stderr]    Compiling faster-hex v0.10.0
[INFO] [stderr]    Compiling rustix v1.1.4
[INFO] [stderr]    Compiling hashbrown v0.17.1
[INFO] [stderr]    Compiling jiff-core v0.1.0
[INFO] [stderr]    Compiling shell-words v1.1.1
[INFO] [stderr]    Compiling dashmap v6.2.1
[INFO] [stderr]    Compiling memmap2 v0.9.11
[INFO] [stderr]    Compiling nonempty v0.12.0
[INFO] [stderr]    Compiling unicode-bom v2.0.3
[INFO] [stderr]    Compiling gix-sec v0.14.2
[INFO] [stderr]    Compiling serde_core v1.0.229
[INFO] [stderr]    Compiling encoding_rs v0.8.42
[INFO] [stderr]    Compiling filetime v0.2.29
[INFO] [stderr]    Compiling serde_json v1.0.151
[INFO] [stderr]    Compiling indexmap v2.14.0
[INFO] [stderr]    Compiling simdutf8 v0.1.5
[INFO] [stderr]    Compiling multiversion_no_op v1.0.0
[INFO] [stderr]    Compiling jiff v0.2.35
[INFO] [stderr]    Compiling thiserror-impl v2.0.21
[INFO] [stderr]    Compiling tempfile v3.27.0
[INFO] [stderr]    Compiling vcpkg v0.2.15
[INFO] [stderr]    Compiling bstr v1.13.1
[INFO] [stderr]    Compiling zlib-rs v0.6.7
[INFO] [stderr]    Compiling libsqlite3-sys v0.37.0
[INFO] [stderr]    Compiling gix-validate v0.11.4
[INFO] [stderr]    Compiling gix-utils v0.3.6
[INFO] [stderr]    Compiling gix-error v0.3.1
[INFO] [stderr]    Compiling gix-path v0.12.5
[INFO] [stderr]    Compiling gix-features v0.49.1
[INFO] [stderr]    Compiling gix-quote v0.8.0
[INFO] [stderr]    Compiling gix-chunk v0.8.0
[INFO] [stderr]    Compiling gix-hash v0.26.2
[INFO] [stderr]    Compiling gix-fs v0.22.1
[INFO] [stderr]    Compiling gix-command v0.10.0
[INFO] [stderr]    Compiling gix-glob v0.27.1
[INFO] [stderr]    Compiling gix-tempfile v24.0.0
[INFO] [stderr]    Compiling gix-hashtable v0.16.0
[INFO] [stderr]    Compiling gix-commitgraph v0.39.0
[INFO] [stderr]    Compiling gix-attributes v0.35.0
[INFO] [stderr]    Compiling gix-date v0.16.0
[INFO] [stderr]    Compiling gix-actor v0.42.0
[INFO] [stderr]    Compiling gix-object v0.64.1
[INFO] [stderr]    Compiling gix-lock v24.0.0
[INFO] [stderr]    Compiling gix-config-value v0.19.1
[INFO] [stderr]    Compiling gix-bitmap v0.4.0
[INFO] [stderr]    Compiling gix-revwalk v0.35.0
[INFO] [stderr]    Compiling gix-ref v0.67.1
[INFO] [stderr]    Compiling gix-traverse v0.61.0
[INFO] [stderr]    Compiling gix-packetline v0.22.2
[INFO] [stderr]    Compiling gix-pathspec v0.20.0
[INFO] [stderr]    Compiling gix-ignore v0.22.1
[INFO] [stderr]    Compiling gix-url v0.38.0
[INFO] [stderr]    Compiling gix-index v0.55.0
[INFO] [stderr]    Compiling tree-sitter v0.26.13
[INFO] [stderr]    Compiling gix-discover v0.55.0
[INFO] [stderr]    Compiling gix-filter v0.34.0
[INFO] [stderr]    Compiling gix-worktree v0.56.0
[INFO] [stderr]    Compiling gix-zlib v0.1.0
[INFO] [stderr]    Compiling gix-imara-diff v0.2.5
[INFO] [stderr]    Compiling clru v0.6.3
[INFO] [stderr]    Compiling syn v2.0.119
[INFO] [stderr]    Compiling gix-diff v0.67.1
[INFO] [stderr]    Compiling gix-pack v0.74.2
[INFO] [stderr]    Compiling gix-dir v0.29.1
[INFO] [stderr]    Compiling gix-config v0.60.0
[INFO] [stderr]    Compiling gix-transport v0.59.1
[INFO] [stderr]    Compiling gix-shallow v0.13.0
[INFO] [stderr]    Compiling gix-refspec v0.45.1
[INFO] [stderr]    Compiling regex v1.13.1
[INFO] [stderr]    Compiling arc-swap v1.9.2
[INFO] [stderr]    Compiling tree-sitter-go v0.25.0
[INFO] [stderr]    Compiling tree-sitter-java v0.23.5
[INFO] [stderr]    Compiling tree-sitter-typescript v0.23.2
[INFO] [stderr]    Compiling tree-sitter-ocaml v0.26.0
[INFO] [stderr]    Compiling tree-sitter-php v0.24.2
[INFO] [stderr]    Compiling gix-macros v0.1.6
[INFO] [stderr]    Compiling tree-sitter-python v0.25.0
[INFO] [stderr]    Compiling tree-sitter-ruby v0.23.1
[INFO] [stderr]    Compiling tree-sitter-rust v0.24.2
[INFO] [stderr]    Compiling tree-sitter-scala v0.26.2
[INFO] [stderr]    Compiling tree-sitter-sequel v0.3.11
[INFO] [stderr]    Compiling tree-sitter-javascript v0.25.0
[INFO] [stderr]    Compiling tree-sitter-bash v0.25.1
[INFO] [stderr]    Compiling tree-sitter-c v0.24.2
[INFO] [stderr]    Compiling tree-sitter-c-sharp v0.23.5
[INFO] [stderr]    Compiling tree-sitter-cpp v0.23.4
[INFO] [stderr]    Compiling tree-sitter-elixir v0.3.5
[INFO] [stderr]    Compiling pulldown-cmark v0.13.4
[INFO] [stderr]    Compiling streaming-iterator v0.1.9
[INFO] [stderr]    Compiling gix-protocol v0.65.1
[INFO] [stderr]    Compiling gix-submodule v0.34.0
[INFO] [stderr]    Compiling gix-odb v0.84.0
[INFO] [stderr]    Compiling gix-status v0.34.1
[INFO] [stderr]    Compiling gix-revision v0.49.1
[INFO] [stderr]    Compiling serde_derive v1.0.229
[INFO] [stderr]    Compiling toml_datetime v1.1.1+spec-1.1.0
[INFO] [stderr]    Compiling serde_spanned v1.1.1
[INFO] [stderr]    Compiling hashlink v0.11.1
[INFO] [stderr]    Compiling hashlink v0.12.1
[INFO] [stderr]    Compiling arraydeque v0.5.1
[INFO] [stderr]    Compiling fallible-iterator v0.3.0
[INFO] [stderr]    Compiling fallible-streaming-iterator v0.1.9
[INFO] [stderr]    Compiling yaml-rust2 v0.13.0
[INFO] [stderr]    Compiling toml v1.1.6+spec-1.1.0
[INFO] [stderr]    Compiling tree-sitter-tags v0.26.13
[INFO] [stderr]    Compiling serde v1.0.229
[INFO] [stderr]    Compiling gix v0.87.1
[INFO] [stderr]    Compiling rusqlite v0.39.0
[INFO] [stderr]    Compiling rto-graph v6.1.0
[INFO] [stderr]    Compiling rto-remote v6.1.0 (/opt/rustwide/workdir)
[INFO] [stderr]     Finished `release` profile [optimized] target(s) in 7m 09s
[INFO] running `Command { std: "docker" "inspect" "668fcba9dcc422cba10f56af03748beb32987b54cd932c2be89e5ade5ab60a81", kill_on_drop: false }`
[INFO] running `Command { std: "docker" "exec" "-e" "SOURCE_DIR=/opt/rustwide/workdir" "-e" "CARGO_HOME=/opt/rustwide/cargo-home" "-e" "RUSTUP_HOME=/opt/rustwide/rustup-home" "-e" "CARGO_TARGET_DIR=/opt/rustwide/target" "-e" "CARGO_INCREMENTAL=0" "-e" "RUST_BACKTRACE=full" "-e" "RUSTFLAGS=--cap-lints=warn" "-e" "RUSTDOCFLAGS=--cap-lints=warn" "-w" "/opt/rustwide/workdir" "--user" "0:0" "668fcba9dcc422cba10f56af03748beb32987b54cd932c2be89e5ade5ab60a81" "/opt/rustwide/cargo-home/bin/cargo" "+1.100.0-beta.1" "test" "--frozen" "--no-run" "--message-format=json" "--release", kill_on_drop: false }`
[INFO] [stderr]    Compiling rto-remote v6.1.0 (/opt/rustwide/workdir)
[INFO] [stderr]     Finished `release` profile [optimized] target(s) in 7.68s
[INFO] running `Command { std: "docker" "inspect" "668fcba9dcc422cba10f56af03748beb32987b54cd932c2be89e5ade5ab60a81", kill_on_drop: false }`
[INFO] running `Command { std: "docker" "exec" "-e" "SOURCE_DIR=/opt/rustwide/workdir" "-e" "CARGO_HOME=/opt/rustwide/cargo-home" "-e" "RUSTUP_HOME=/opt/rustwide/rustup-home" "-e" "CARGO_TARGET_DIR=/opt/rustwide/target" "-e" "CARGO_INCREMENTAL=0" "-e" "RUST_BACKTRACE=full" "-e" "RUSTFLAGS=--cap-lints=warn" "-e" "RUSTDOCFLAGS=--cap-lints=warn" "-w" "/opt/rustwide/workdir" "--user" "0:0" "668fcba9dcc422cba10f56af03748beb32987b54cd932c2be89e5ade5ab60a81" "/opt/rustwide/cargo-home/bin/cargo" "+1.100.0-beta.1" "test" "--frozen" "--release", kill_on_drop: false }`
[INFO] [stderr]     Finished `release` profile [optimized] target(s) in 0.22s
[INFO] [stderr]      Running unittests src/lib.rs (/opt/rustwide/target/release/build/rto-remote/46584d20d4ccd1dc/out/rto_remote-46584d20d4ccd1dc)
[INFO] [stdout] 
[INFO] [stdout] running 50 tests
[INFO] [stdout] test consent::tests::an_explicit_denial_is_reported_ahead_of_an_absent_grant ... ok
[INFO] [stdout] test consent::tests::the_user_layer_and_the_invocation_are_both_necessary ... ok
[INFO] [stdout] test consent::tests::a_project_layer_grant_does_not_enable_egress ... ok
[INFO] [stdout] test consent::tests::an_ignored_project_grant_is_reported_even_when_the_gate_opens ... ok
[INFO] [stdout] test consent::tests::declining_at_a_prompt_is_not_reported_as_a_flag_nobody_passed ... ok
[INFO] [stdout] test endpoint::tests::plaintext_to_loopback_is_allowed ... ok
[INFO] [stdout] test endpoint::tests::the_endpoint_carries_its_producer_trust ... ok
[INFO] [stdout] test consent::tests::a_prompt_answers_for_the_run_and_never_for_another_layer ... ok
[INFO] [stdout] test consent::tests::every_reason_explains_itself_and_only_the_grant_needs_no_remedy ... ok
[INFO] [stdout] test endpoint::tests::an_endpoint_without_a_model_is_refused ... ok
[INFO] [stdout] test endpoint::tests::plaintext_to_another_machine_is_refused ... ok
[INFO] [stdout] test escalation::tests::the_most_specific_true_reason_is_the_one_recorded ... ok
[INFO] [stdout] test escalation::tests::the_verdict_is_a_function_of_the_measured_attempt_alone ... ok
[INFO] [stdout] test payload::tests::a_node_without_captured_prose_contributes_none ... ok
[INFO] [stdout] test endpoint::tests::a_url_without_a_usable_scheme_is_refused ... ok
[INFO] [stdout] test escalation::tests::a_local_answer_that_stands_does_not_escalate ... ok
[INFO] [stdout] test endpoint::tests::the_host_is_extracted_from_userinfo_ports_and_paths ... ok
[INFO] [stdout] test escalation::tests::a_loop_with_rounds_left_and_a_disabled_floor_does_not_trigger ... ok
[INFO] [stdout] test escalation::tests::each_named_condition_triggers_and_records_its_measurement ... ok
[INFO] [stdout] test consent::tests::a_project_layer_denial_beats_the_user_layer_and_the_invocation ... ok
[INFO] [stdout] test payload::tests::a_prose_excerpt_is_capped_and_says_when_it_was_clipped ... ok
[INFO] [stdout] test payload::tests::only_the_allow_listed_fields_of_a_node_reach_the_payload ... ok
[INFO] [stdout] test payload::tests::the_declared_fields_describe_this_payload ... ok
[INFO] [stdout] test payload::tests::the_disclosure_names_the_absent_redaction_chokepoint ... ok
[INFO] [stdout] test response::tests::a_complete_response_yields_its_text_and_the_model_that_answered ... ok
[INFO] [stdout] test record::tests::a_truncated_line_does_not_hide_the_history_before_it ... ok
[INFO] [stdout] test record::tests::an_egress_line_carries_endpoint_model_trust_and_timestamp ... ok
[INFO] [stdout] test record::tests::call_ids_distinguish_calls_that_share_a_timestamp ... ok
[INFO] [stdout] test record::tests::the_ledger_appends_and_round_trips ... ok
[INFO] [stdout] test response::tests::a_generation_that_stopped_short_is_refused_rather_than_returned ... ok
[INFO] [stdout] test record::tests::the_ledger_is_created_owner_only ... ok
[INFO] [stdout] test payload::tests::the_dry_run_body_is_what_the_transport_receives ... ok
[INFO] [stdout] test payload::tests::the_payload_bounds_refuse_rather_than_trim ... ok
[INFO] [stdout] test response::tests::a_malformed_body_is_quoted_back_and_bounded ... ok
[INFO] [stdout] test response::tests::a_model_that_answered_under_a_different_name_is_reported ... ok
[INFO] [stdout] test response::tests::an_empty_answer_reports_its_stop_reason_when_there_is_one ... ok
[INFO] [stdout] test response::tests::an_endpoint_reported_error_is_repeated_rather_than_reclassified ... ok
[INFO] [stdout] test response::tests::a_response_that_never_says_it_finished_is_refused_rather_than_assumed_complete ... ok
[INFO] [stdout] test tests::a_denied_call_never_reaches_the_transport_and_records_nothing ... ok
[INFO] [stdout] test response::tests::a_response_with_no_choices_says_nothing_was_generated ... ok
[INFO] [stdout] test semver_posture::every_public_enum_either_is_non_exhaustive_or_says_why_not ... FAILED
[INFO] [stdout] test tests::a_failing_call_finds_its_egress_already_recorded_before_it_fails ... ok
[INFO] [stdout] test tests::a_successful_call_records_the_egress_before_the_outcome ... ok
[INFO] [stdout] test tests::a_transport_failure_names_the_endpoint_and_refuses_to_fall_back ... ok
[INFO] [stdout] test tests::an_unwritable_ledger_refuses_the_call_rather_than_sending_unrecorded ... ok
[INFO] [stdout] test tests::a_dry_run_sends_nothing_and_records_nothing ... ok
[INFO] [stdout] test tests::a_transport_success_carrying_no_answer_is_still_a_refusal ... ok
[INFO] [stdout] test tests::an_escalation_trigger_does_not_open_the_gate ... ok
[INFO] [stdout] test tests::no_backend_fails_loudly_naming_the_endpoint_and_refuses_to_fall_back ... ok
[INFO] [stdout] test trust::tests::the_re_exported_trust_is_the_one_definition ... ok
[INFO] [stdout] 
[INFO] [stdout] failures:
[INFO] [stdout] 
[INFO] [stdout] ---- semver_posture::every_public_enum_either_is_non_exhaustive_or_says_why_not stdout ----
[INFO] [stdout] 
[INFO] [stdout] thread 'semver_posture::every_public_enum_either_is_non_exhaustive_or_says_why_not' (3077) panicked at src/lib.rs:301:17:
[INFO] [stdout] ../rto-graph/src/trust.rs is re-exported by this crate but could not be read (No such file or directory (os error 2)). If the type moved again, move this entry with it; if it is no longer re-exported, drop the entry — but do not leave the scan pointing at nothing, because that is how a public enum stops being guarded without anyone noticing
[INFO] [stdout] stack backtrace:
[INFO] [stdout]    0:     0x6271cd182a41 - <<std[617be2ca0a6fd877]::sys::backtrace::BacktraceLock>::print::DisplayBacktrace as core[a373ad73a504971]::fmt::Display>::fmt
[INFO] [stdout]    1:     0x6271cd19778a - core[a373ad73a504971]::fmt::write
[INFO] [stdout]    2:     0x6271cd186f4c - <alloc[2e1b2a31b91974c5]::vec::Vec<u8> as core[a373ad73a504971]::io::write::Write>::write_fmt
[INFO] [stdout]    3:     0x6271cd15d3b6 - std[617be2ca0a6fd877]::panicking::default_hook::{closure#0}
[INFO] [stdout]    4:     0x6271cd17a2a9 - std[617be2ca0a6fd877]::panicking::default_hook
[INFO] [stdout]    5:     0x6271cd10bdd0 - test[aada8e7e76ba119b]::test_main_inner::{closure#0}
[INFO] [stdout]    6:     0x6271cd17a462 - std[617be2ca0a6fd877]::panicking::panic_with_hook
[INFO] [stdout]    7:     0x6271cd15d462 - std[617be2ca0a6fd877]::panicking::panic_handler::{closure#0}
[INFO] [stdout]    8:     0x6271cd155e29 - std[617be2ca0a6fd877]::sys::backtrace::__rust_end_short_backtrace::<std[617be2ca0a6fd877]::panicking::panic_handler::{closure#0}, !>
[INFO] [stdout]    9:     0x6271cd15e06d - __rustc[ea4f61d10b84890b]::rust_begin_unwind
[INFO] [stdout]   10:     0x6271cd197eec - core[a373ad73a504971]::panicking::panic_fmt
[INFO] [stdout]   11:     0x6271cd0fd8ca - rto_remote[fc512a6038053028]::semver_posture::sources::{closure#3}
[INFO] [stdout]   12:     0x6271cd0fdc44 - rto_remote[fc512a6038053028]::semver_posture::sources
[INFO] [stdout]   13:     0x6271cd0fe529 - <rto_remote[fc512a6038053028]::semver_posture::every_public_enum_either_is_non_exhaustive_or_says_why_not::{closure#0} as core[a373ad73a504971]::ops::function::FnOnce<()>>::call_once
[INFO] [stdout]   14:     0x6271cd0ff21b - test[aada8e7e76ba119b]::__rust_begin_short_backtrace::<core[a373ad73a504971]::result::Result<(), alloc[2e1b2a31b91974c5]::string::String>, fn() -> core[a373ad73a504971]::result::Result<(), alloc[2e1b2a31b91974c5]::string::String>>
[INFO] [stdout]   15:     0x6271cd10c3f5 - test[aada8e7e76ba119b]::run_test::{closure#0}
[INFO] [stdout]   16:     0x6271cd105ce4 - std[617be2ca0a6fd877]::sys::backtrace::__rust_begin_short_backtrace::<test[aada8e7e76ba119b]::run_test::{closure#1}, ()>
[INFO] [stdout]   17:     0x6271cd10f482 - <std[617be2ca0a6fd877]::thread::lifecycle::spawn_unchecked<test[aada8e7e76ba119b]::run_test::{closure#1}, ()>::{closure#1} as core[a373ad73a504971]::ops::function::FnOnce<()>>::call_once::{shim:vtable#0}
[INFO] [stdout]   18:     0x6271cd181d5f - <std[617be2ca0a6fd877]::sys::thread::unix::Thread>::new::thread_start
[INFO] [stdout]   19:     0x773ec2a30dfa - <unknown>
[INFO] [stdout]   20:     0x773ec2ac43d4 - clone
[INFO] [stdout]   21:                0x0 - <unknown>
[INFO] [stdout] 
[INFO] [stdout] 
[INFO] [stdout] failures:
[INFO] [stdout]     semver_posture::every_public_enum_either_is_non_exhaustive_or_says_why_not
[INFO] [stdout] 
[INFO] [stdout] test result: FAILED. 49 passed; 1 failed; 0 ignored; 0 measured; 0 filtered out; finished in 0.02s
[INFO] [stdout] 
[INFO] [stderr] error: test failed, to rerun pass `--lib`
[INFO] running `Command { std: "docker" "inspect" "668fcba9dcc422cba10f56af03748beb32987b54cd932c2be89e5ade5ab60a81", kill_on_drop: false }`
[INFO] running `Command { std: "docker" "rm" "-f" "668fcba9dcc422cba10f56af03748beb32987b54cd932c2be89e5ade5ab60a81", kill_on_drop: false }`
[INFO] [stdout] 668fcba9dcc422cba10f56af03748beb32987b54cd932c2be89e5ade5ab60a81
