[INFO] fetching crate rto-faithful 6.1.0...
[INFO] testing rto-faithful-6.1.0 against 1.99.0-beta.8+cargoflags=--release for beta-release-1.100-2
[INFO] extracting crate rto-faithful 6.1.0 into /workspace/builds/worker-6-tc1/source
[INFO] started tweaking crates.io crate rto-faithful 6.1.0
[INFO] removed 0 missing tests
[INFO] finished tweaking crates.io crate rto-faithful 6.1.0
[INFO] tweaked toml for crates.io crate rto-faithful 6.1.0 written to /workspace/builds/worker-6-tc1/source/Cargo.toml
[INFO] validating manifest of crates.io crate rto-faithful 6.1.0 on toolchain 1.99.0-beta.8
[INFO] running `Command { std: CARGO_HOME="/workspace/cargo-home" RUSTUP_HOME="/workspace/rustup-home" "/workspace/cargo-home/bin/cargo" "+1.99.0-beta.8" "metadata" "--manifest-path" "Cargo.toml" "--no-deps", kill_on_drop: false }`
[INFO] crate crates.io crate rto-faithful 6.1.0 already has a lockfile, it will not be regenerated
[INFO] running `Command { std: CARGO_HOME="/workspace/cargo-home" RUSTUP_HOME="/workspace/rustup-home" "/workspace/cargo-home/bin/cargo" "+1.99.0-beta.8" "fetch" "--manifest-path" "Cargo.toml", kill_on_drop: false }`
[INFO] [stderr]     Updating crates.io index
[INFO] [stderr]  Downloading crates ...
[INFO] [stderr]   Downloaded yaml-rust2 v0.13.0
[INFO] [stderr]   Downloaded gix-macros v0.1.6
[INFO] [stderr]   Downloaded gix-config-value v0.19.1
[INFO] [stderr]   Downloaded gix-command v0.10.0
[INFO] [stderr]   Downloaded gix-zlib v0.1.0
[INFO] [stderr]   Downloaded gix-note v0.1.1
[INFO] [stderr]   Downloaded gix-actor v0.42.0
[INFO] [stderr]   Downloaded faster-hex v0.10.0
[INFO] [stderr]   Downloaded gix-hashtable v0.16.0
[INFO] [stderr]   Downloaded gix-quote v0.8.0
[INFO] [stderr]   Downloaded gix-validate v0.11.4
[INFO] [stderr]   Downloaded gix-chunk v0.8.0
[INFO] [stderr]   Downloaded gix-shallow v0.13.0
[INFO] [stderr]   Downloaded gix-sec v0.14.2
[INFO] [stderr]   Downloaded gix-trace v0.1.21
[INFO] [stderr]   Downloaded gix-utils v0.3.6
[INFO] [stderr]   Downloaded nonempty v0.12.0
[INFO] [stderr]   Downloaded gix-lock v24.0.0
[INFO] [stderr]   Downloaded gix-bitmap v0.4.0
[INFO] [stderr]   Downloaded gix-ignore v0.22.1
[INFO] [stderr]   Downloaded gix-pathspec v0.20.0
[INFO] [stderr]   Downloaded gix-revision v0.49.1
[INFO] [stderr]   Downloaded clru v0.6.3
[INFO] [stderr]   Downloaded gix-worktree-stream v0.36.1
[INFO] [stderr]   Downloaded gix-traverse v0.61.0
[INFO] [stderr]   Downloaded gix-revwalk v0.35.0
[INFO] [stderr]   Downloaded gix-fs v0.22.1
[INFO] [stderr]   Downloaded gix-features v0.49.1
[INFO] [stderr]   Downloaded gix-hash v0.26.2
[INFO] [stderr]   Downloaded unicode-bom v2.0.3
[INFO] [stderr]   Downloaded gix-date v0.16.0
[INFO] [stderr]   Downloaded gix-error v0.3.1
[INFO] [stderr]   Downloaded gix-url v0.38.0
[INFO] [stderr]   Downloaded gix-refspec v0.45.1
[INFO] [stderr]   Downloaded gix-discover v0.55.0
[INFO] [stderr]   Downloaded gix-packetline v0.22.2
[INFO] [stderr]   Downloaded gix-worktree v0.56.0
[INFO] [stderr]   Downloaded gix-submodule v0.34.0
[INFO] [stderr]   Downloaded gix-tempfile v24.0.0
[INFO] [stderr]   Downloaded gix-path v0.12.5
[INFO] [stderr]   Downloaded gix-imara-diff v0.2.5
[INFO] [stderr]   Downloaded gix-commitgraph v0.39.0
[INFO] [stderr]   Downloaded gix-glob v0.27.1
[INFO] [stderr]   Downloaded gix-dir v0.29.1
[INFO] [stderr]   Downloaded gix-protocol v0.65.1
[INFO] [stderr]   Downloaded gix-filter v0.34.0
[INFO] [stderr]   Downloaded gix-attributes v0.35.0
[INFO] [stderr]   Downloaded gix-index v0.55.0
[INFO] [stderr]   Downloaded gix-ref v0.67.1
[INFO] [stderr]   Downloaded gix-status v0.34.1
[INFO] [stderr]   Downloaded gix-diff v0.67.1
[INFO] [stderr]   Downloaded gix-object v0.64.1
[INFO] [stderr]   Downloaded gix-transport v0.59.1
[INFO] [stderr]   Downloaded gix-odb v0.84.0
[INFO] [stderr]   Downloaded gix-config v0.60.0
[INFO] [stderr]   Downloaded prodash v31.0.0
[INFO] [stderr]   Downloaded gix-pack v0.74.2
[INFO] [stderr]   Downloaded rusqlite v0.39.0
[INFO] [stderr]   Downloaded gix v0.87.1
[INFO] [stderr]   Downloaded tree-sitter-elixir v0.3.5
[INFO] [stderr]   Downloaded tree-sitter-sequel v0.3.11
[INFO] [stderr]   Downloaded rto-graph v6.1.0
[INFO] [stderr]   Downloaded tree-sitter-scala v0.26.2
[INFO] [stderr]   Downloaded tree-sitter-ocaml v0.26.0
[INFO] running `Command { std: "docker" "create" "-v" "/var/lib/crater-agent-workspace/builds/worker-6-tc1/source:/opt/rustwide/workdir:ro,Z" "-v" "/var/lib/crater-agent-workspace/builds/worker-6-tc1/target:/opt/rustwide/target:rw,Z" "-v" "/var/lib/crater-agent-workspace/cargo-home:/opt/rustwide/cargo-home:ro,Z" "-v" "/var/lib/crater-agent-workspace/rustup-home:/opt/rustwide/rustup-home:ro,Z" "-m" "1610612736" "--network" "none" "ghcr.io/rust-lang/crates-build-env/linux@sha256:77db811e55d90add9212f6832c23229e3de5f1c1f9905e8cb07319ea15df73ac" "sleep" "infinity", kill_on_drop: false }`
[INFO] [stdout] 5ecac243f1ad999c74626e64bc29e32f5efadc483c48abe32c9c917d4c448664
[INFO] running `Command { std: "docker" "start" "5ecac243f1ad999c74626e64bc29e32f5efadc483c48abe32c9c917d4c448664", kill_on_drop: false }`
[INFO] running `Command { std: "docker" "inspect" "5ecac243f1ad999c74626e64bc29e32f5efadc483c48abe32c9c917d4c448664", kill_on_drop: false }`
[INFO] running `Command { std: "docker" "exec" "-e" "SOURCE_DIR=/opt/rustwide/workdir" "-e" "CARGO_HOME=/opt/rustwide/cargo-home" "-e" "RUSTUP_HOME=/opt/rustwide/rustup-home" "-e" "CARGO_TARGET_DIR=/opt/rustwide/target" "-w" "/opt/rustwide/workdir" "--user" "0:0" "5ecac243f1ad999c74626e64bc29e32f5efadc483c48abe32c9c917d4c448664" "/opt/rustwide/cargo-home/bin/cargo" "+1.99.0-beta.8" "metadata" "--no-deps" "--format-version=1", kill_on_drop: false }`
[INFO] running `Command { std: "docker" "inspect" "5ecac243f1ad999c74626e64bc29e32f5efadc483c48abe32c9c917d4c448664", kill_on_drop: false }`
[INFO] running `Command { std: "docker" "exec" "-e" "SOURCE_DIR=/opt/rustwide/workdir" "-e" "CARGO_HOME=/opt/rustwide/cargo-home" "-e" "RUSTUP_HOME=/opt/rustwide/rustup-home" "-e" "CARGO_TARGET_DIR=/opt/rustwide/target" "-e" "CARGO_INCREMENTAL=0" "-e" "RUST_BACKTRACE=full" "-e" "RUSTFLAGS=--cap-lints=warn" "-e" "RUSTDOCFLAGS=--cap-lints=warn" "-w" "/opt/rustwide/workdir" "--user" "0:0" "5ecac243f1ad999c74626e64bc29e32f5efadc483c48abe32c9c917d4c448664" "/opt/rustwide/cargo-home/bin/cargo" "+1.99.0-beta.8" "build" "--frozen" "--message-format=json" "--release", kill_on_drop: false }`
[INFO] [stderr]    Compiling find-msvc-tools v0.1.10
[INFO] [stderr]    Compiling regex-automata v0.4.18
[INFO] [stderr]    Compiling tinyvec v1.12.0
[INFO] [stderr]    Compiling syn v3.0.6
[INFO] [stderr]    Compiling gix-trace v0.1.21
[INFO] [stderr]    Compiling smallvec v1.15.2
[INFO] [stderr]    Compiling crypto-common v0.1.7
[INFO] [stderr]    Compiling faster-hex v0.10.0
[INFO] [stderr]    Compiling hashbrown v0.17.1
[INFO] [stderr]    Compiling digest v0.10.7
[INFO] [stderr]    Compiling cc v1.2.67
[INFO] [stderr]    Compiling unicode-normalization v0.1.25
[INFO] [stderr]    Compiling parking_lot_core v0.9.12
[INFO] [stderr]    Compiling sha1 v0.10.7
[INFO] [stderr]    Compiling hashbrown v0.14.5
[INFO] [stderr]    Compiling parking_lot v0.12.5
[INFO] [stderr]    Compiling sha1-checked v0.10.0
[INFO] [stderr]    Compiling tempfile v3.27.0
[INFO] [stderr]    Compiling prodash v31.0.0
[INFO] [stderr]    Compiling dashmap v6.2.1
[INFO] [stderr]    Compiling jiff-core v0.1.0
[INFO] [stderr]    Compiling shell-words v1.1.1
[INFO] [stderr]    Compiling memmap2 v0.9.11
[INFO] [stderr]    Compiling nonempty v0.12.0
[INFO] [stderr]    Compiling unicode-bom v2.0.3
[INFO] [stderr]    Compiling gix-sec v0.14.2
[INFO] [stderr]    Compiling serde_core v1.0.229
[INFO] [stderr]    Compiling zmij v1.0.23
[INFO] [stderr]    Compiling filetime v0.2.29
[INFO] [stderr]    Compiling encoding_rs v0.8.42
[INFO] [stderr]    Compiling zlib-rs v0.6.7
[INFO] [stderr]    Compiling libsqlite3-sys v0.37.0
[INFO] [stderr]    Compiling clru v0.6.3
[INFO] [stderr]    Compiling syn v2.0.119
[INFO] [stderr]    Compiling thiserror-impl v2.0.21
[INFO] [stderr]    Compiling jiff v0.2.35
[INFO] [stderr]    Compiling thiserror v2.0.21
[INFO] [stderr]    Compiling bstr v1.13.1
[INFO] [stderr]    Compiling gix-validate v0.11.4
[INFO] [stderr]    Compiling gix-path v0.12.5
[INFO] [stderr]    Compiling gix-utils v0.3.6
[INFO] [stderr]    Compiling gix-features v0.49.1
[INFO] [stderr]    Compiling gix-error v0.3.1
[INFO] [stderr]    Compiling gix-quote v0.8.0
[INFO] [stderr]    Compiling gix-hash v0.26.2
[INFO] [stderr]    Compiling gix-fs v0.22.1
[INFO] [stderr]    Compiling gix-command v0.10.0
[INFO] [stderr]    Compiling gix-date v0.16.0
[INFO] [stderr]    Compiling gix-tempfile v24.0.0
[INFO] [stderr]    Compiling gix-hashtable v0.16.0
[INFO] [stderr]    Compiling gix-actor v0.42.0
[INFO] [stderr]    Compiling gix-chunk v0.8.0
[INFO] [stderr]    Compiling gix-lock v24.0.0
[INFO] [stderr]    Compiling gix-object v0.64.1
[INFO] [stderr]    Compiling gix-glob v0.27.1
[INFO] [stderr]    Compiling gix-commitgraph v0.39.0
[INFO] [stderr]    Compiling gix-attributes v0.35.0
[INFO] [stderr]    Compiling gix-config-value v0.19.1
[INFO] [stderr]    Compiling gix-revwalk v0.35.0
[INFO] [stderr]    Compiling gix-ref v0.67.1
[INFO] [stderr]    Compiling gix-traverse v0.61.0
[INFO] [stderr]    Compiling gix-bitmap v0.4.0
[INFO] [stderr]    Compiling gix-packetline v0.22.2
[INFO] [stderr]    Compiling gix-index v0.55.0
[INFO] [stderr]    Compiling gix-pathspec v0.20.0
[INFO] [stderr]    Compiling gix-ignore v0.22.1
[INFO] [stderr]    Compiling gix-worktree v0.56.0
[INFO] [stderr]    Compiling gix-url v0.38.0
[INFO] [stderr]    Compiling serde_json v1.0.151
[INFO] [stderr]    Compiling gix-discover v0.55.0
[INFO] [stderr]    Compiling tree-sitter v0.26.13
[INFO] [stderr]    Compiling gix-filter v0.34.0
[INFO] [stderr]    Compiling gix-zlib v0.1.0
[INFO] [stderr]    Compiling gix-imara-diff v0.2.5
[INFO] [stderr]    Compiling gix-pack v0.74.2
[INFO] [stderr]    Compiling gix-diff v0.67.1
[INFO] [stderr]    Compiling gix-dir v0.29.1
[INFO] [stderr]    Compiling gix-transport v0.59.1
[INFO] [stderr]    Compiling gix-config v0.60.0
[INFO] [stderr]    Compiling gix-shallow v0.13.0
[INFO] [stderr]    Compiling gix-refspec v0.45.1
[INFO] [stderr]    Compiling gix-macros v0.1.6
[INFO] [stderr]    Compiling regex v1.13.1
[INFO] [stderr]    Compiling arc-swap v1.9.2
[INFO] [stderr]    Compiling tree-sitter-scala v0.26.2
[INFO] [stderr]    Compiling tree-sitter-javascript v0.25.0
[INFO] [stderr]    Compiling tree-sitter-java v0.23.5
[INFO] [stderr]    Compiling tree-sitter-elixir v0.3.5
[INFO] [stderr]    Compiling tree-sitter-python v0.25.0
[INFO] [stderr]    Compiling tree-sitter-c-sharp v0.23.5
[INFO] [stderr]    Compiling tree-sitter-ocaml v0.26.0
[INFO] [stderr]    Compiling tree-sitter-bash v0.25.1
[INFO] [stderr]    Compiling tree-sitter-sequel v0.3.11
[INFO] [stderr]    Compiling tree-sitter-rust v0.24.2
[INFO] [stderr]    Compiling tree-sitter-go v0.25.0
[INFO] [stderr]    Compiling tree-sitter-ruby v0.23.1
[INFO] [stderr]    Compiling tree-sitter-typescript v0.23.2
[INFO] [stderr]    Compiling tree-sitter-cpp v0.23.4
[INFO] [stderr]    Compiling tree-sitter-php v0.24.2
[INFO] [stderr]    Compiling tree-sitter-c v0.24.2
[INFO] [stderr]    Compiling pulldown-cmark v0.13.4
[INFO] [stderr]    Compiling gix-odb v0.84.0
[INFO] [stderr]    Compiling gix-submodule v0.34.0
[INFO] [stderr]    Compiling gix-protocol v0.65.1
[INFO] [stderr]    Compiling gix-status v0.34.1
[INFO] [stderr]    Compiling gix-revision v0.49.1
[INFO] [stderr]    Compiling serde_derive v1.0.229
[INFO] [stderr]    Compiling hashlink v0.11.1
[INFO] [stderr]    Compiling hashlink v0.12.1
[INFO] [stderr]    Compiling arraydeque v0.5.1
[INFO] [stderr]    Compiling yaml-rust2 v0.13.0
[INFO] [stderr]    Compiling toml v1.1.6+spec-1.1.0
[INFO] [stderr]    Compiling serde v1.0.229
[INFO] [stderr]    Compiling gix v0.87.1
[INFO] [stderr]    Compiling tree-sitter-tags v0.26.13
[INFO] [stderr]    Compiling rusqlite v0.39.0
[INFO] [stderr]    Compiling rto-graph v6.1.0
[INFO] [stderr]    Compiling rto-faithful v6.1.0 (/opt/rustwide/workdir)
[INFO] [stderr]     Finished `release` profile [optimized] target(s) in 6m 36s
[INFO] running `Command { std: "docker" "inspect" "5ecac243f1ad999c74626e64bc29e32f5efadc483c48abe32c9c917d4c448664", kill_on_drop: false }`
[INFO] running `Command { std: "docker" "exec" "-e" "SOURCE_DIR=/opt/rustwide/workdir" "-e" "CARGO_HOME=/opt/rustwide/cargo-home" "-e" "RUSTUP_HOME=/opt/rustwide/rustup-home" "-e" "CARGO_TARGET_DIR=/opt/rustwide/target" "-e" "CARGO_INCREMENTAL=0" "-e" "RUST_BACKTRACE=full" "-e" "RUSTFLAGS=--cap-lints=warn" "-e" "RUSTDOCFLAGS=--cap-lints=warn" "-w" "/opt/rustwide/workdir" "--user" "0:0" "5ecac243f1ad999c74626e64bc29e32f5efadc483c48abe32c9c917d4c448664" "/opt/rustwide/cargo-home/bin/cargo" "+1.99.0-beta.8" "test" "--frozen" "--no-run" "--message-format=json" "--release", kill_on_drop: false }`
[INFO] [stderr]    Compiling rto-faithful v6.1.0 (/opt/rustwide/workdir)
[INFO] [stderr]     Finished `release` profile [optimized] target(s) in 6.49s
[INFO] running `Command { std: "docker" "inspect" "5ecac243f1ad999c74626e64bc29e32f5efadc483c48abe32c9c917d4c448664", kill_on_drop: false }`
[INFO] running `Command { std: "docker" "exec" "-e" "SOURCE_DIR=/opt/rustwide/workdir" "-e" "CARGO_HOME=/opt/rustwide/cargo-home" "-e" "RUSTUP_HOME=/opt/rustwide/rustup-home" "-e" "CARGO_TARGET_DIR=/opt/rustwide/target" "-e" "CARGO_INCREMENTAL=0" "-e" "RUST_BACKTRACE=full" "-e" "RUSTFLAGS=--cap-lints=warn" "-e" "RUSTDOCFLAGS=--cap-lints=warn" "-w" "/opt/rustwide/workdir" "--user" "0:0" "5ecac243f1ad999c74626e64bc29e32f5efadc483c48abe32c9c917d4c448664" "/opt/rustwide/cargo-home/bin/cargo" "+1.99.0-beta.8" "test" "--frozen" "--release", kill_on_drop: false }`
[INFO] [stderr]     Finished `release` profile [optimized] target(s) in 0.22s
[INFO] [stderr]      Running unittests src/lib.rs (/opt/rustwide/target/release/deps/rto_faithful-898bfea53b736ae3)
[INFO] [stdout] 
[INFO] [stdout] running 14 tests
[INFO] [stdout] test tests::a_line_wrap_does_not_break_a_connective_but_a_case_change_does ... ok
[INFO] [stdout] test tests::a_rendering_survives_a_json_round_trip ... ok
[INFO] [stdout] test tests::a_citation_naming_no_finding_is_a_dangling_reference ... ok
[INFO] [stdout] test tests::a_cited_claim_and_a_listed_connective_are_faithful ... ok
[INFO] [stdout] test tests::a_counting_sentence_is_not_exempt ... ok
[INFO] [stdout] test tests::a_structural_segment_off_the_list_is_a_defect ... ok
[INFO] [stdout] test tests::an_empty_rendering_over_no_findings_is_vacuously_faithful ... ok
[INFO] [stdout] test tests::every_bad_citation_in_one_claim_is_reported ... ok
[INFO] [stdout] test tests::dependencies_are_frozen ... FAILED
[INFO] [stdout] test tests::a_claim_citing_nothing_is_a_fabrication ... ok
[INFO] [stdout] test tests::a_blank_claim_is_a_defect_even_when_its_citations_resolve ... ok
[INFO] [stdout] test tests::every_public_enum_either_is_non_exhaustive_or_says_why_not ... ok
[INFO] [stdout] test tests::defects_are_reported_in_segment_order ... ok
[INFO] [stdout] test tests::the_public_surface_is_what_is_written_down ... ok
[INFO] [stdout] 
[INFO] [stdout] failures:
[INFO] [stdout] 
[INFO] [stdout] ---- tests::dependencies_are_frozen stdout ----
[INFO] [stdout] 
[INFO] [stdout] thread 'tests::dependencies_are_frozen' (2772) panicked at src/lib.rs:582:9:
[INFO] [stdout] assertion `left == right` failed: the dependency list of `rto-faithful` changed. It is frozen so that "this checker cannot read code, reach the network, or run a model" is a property of the manifest rather than of good intentions. Adding one is allowed — but it is a decision, and this assertion is where it gets made.
[INFO] [stdout]   left: []
[INFO] [stdout]  right: ["rto-graph", "serde"]
[INFO] [stdout] stack backtrace:
[INFO] [stdout]    0:     0x602401cf2301 - <<std[70759c8f55707aa4]::sys::backtrace::BacktraceLock>::print::DisplayBacktrace as core[df12db4294e9bfd3]::fmt::Display>::fmt
[INFO] [stdout]    1:     0x602401d06d4a - core[df12db4294e9bfd3]::fmt::write
[INFO] [stdout]    2:     0x602401cf679c - <alloc[2182bb758b4b3781]::vec::Vec<u8> as core[df12db4294e9bfd3]::io::write::Write>::write_fmt
[INFO] [stdout]    3:     0x602401cce3f6 - std[70759c8f55707aa4]::panicking::default_hook::{closure#0}
[INFO] [stdout]    4:     0x602401cea6f9 - std[70759c8f55707aa4]::panicking::default_hook
[INFO] [stdout]    5:     0x602401c7f3f0 - test[9d35eded1c95d3be]::test_main_inner::<test[9d35eded1c95d3be]::test_main_static::{closure#0}>::{closure#0}
[INFO] [stdout]    6:     0x602401cea8b2 - std[70759c8f55707aa4]::panicking::panic_with_hook
[INFO] [stdout]    7:     0x602401cce4a2 - std[70759c8f55707aa4]::panicking::panic_handler::{closure#0}
[INFO] [stdout]    8:     0x602401cc7099 - std[70759c8f55707aa4]::sys::backtrace::__rust_end_short_backtrace::<std[70759c8f55707aa4]::panicking::panic_handler::{closure#0}, !>
[INFO] [stdout]    9:     0x602401ccf09d - __rustc[8fa7c3cbc660c2b3]::rust_begin_unwind
[INFO] [stdout]   10:     0x602401d0747c - core[df12db4294e9bfd3]::panicking::panic_fmt
[INFO] [stdout]   11:     0x602401d073f3 - core[df12db4294e9bfd3]::panicking::assert_failed_inner
[INFO] [stdout]   12:     0x602401c6fb89 - core[df12db4294e9bfd3]::panicking::assert_failed::<alloc[2182bb758b4b3781]::vec::Vec<alloc[2182bb758b4b3781]::string::String>, alloc[2182bb758b4b3781]::vec::Vec<alloc[2182bb758b4b3781]::string::String>>
[INFO] [stdout]   13:     0x602401c5a78f - rto_faithful[87ba17f7be8d961d]::tests::dependencies_are_frozen
[INFO] [stdout]   14:     0x602401c724c9 - <rto_faithful[87ba17f7be8d961d]::tests::dependencies_are_frozen::{closure#0} as core[df12db4294e9bfd3]::ops::function::FnOnce<()>>::call_once
[INFO] [stdout]   15:     0x602401c726db - test[9d35eded1c95d3be]::__rust_begin_short_backtrace::<core[df12db4294e9bfd3]::result::Result<(), alloc[2182bb758b4b3781]::string::String>, fn() -> core[df12db4294e9bfd3]::result::Result<(), alloc[2182bb758b4b3781]::string::String>>
[INFO] [stdout]   16:     0x602401c7fd45 - test[9d35eded1c95d3be]::run_test::{closure#0}
[INFO] [stdout]   17:     0x602401c79604 - std[70759c8f55707aa4]::sys::backtrace::__rust_begin_short_backtrace::<test[9d35eded1c95d3be]::run_test::{closure#1}, ()>
[INFO] [stdout]   18:     0x602401c82ea2 - <std[70759c8f55707aa4]::thread::lifecycle::spawn_unchecked<test[9d35eded1c95d3be]::run_test::{closure#1}, ()>::{closure#1} as core[df12db4294e9bfd3]::ops::function::FnOnce<()>>::call_once::{shim:vtable#0}
[INFO] [stdout]   19:     0x602401cf1869 - <std[70759c8f55707aa4]::sys::thread::unix::Thread>::new::thread_start
[INFO] [stdout]   20:     0x76703b36bdfa - <unknown>
[INFO] [stdout]   21:     0x76703b3ff3d4 - clone
[INFO] [stdout]   22:                0x0 - <unknown>
[INFO] [stdout] 
[INFO] [stdout] 
[INFO] [stdout] failures:
[INFO] [stdout]     tests::dependencies_are_frozen
[INFO] [stdout] 
[INFO] [stdout] test result: FAILED. 13 passed; 1 failed; 0 ignored; 0 measured; 0 filtered out; finished in 0.01s
[INFO] [stdout] 
[INFO] [stderr] error: test failed, to rerun pass `--lib`
[INFO] running `Command { std: "docker" "inspect" "5ecac243f1ad999c74626e64bc29e32f5efadc483c48abe32c9c917d4c448664", kill_on_drop: false }`
[INFO] running `Command { std: "docker" "rm" "-f" "5ecac243f1ad999c74626e64bc29e32f5efadc483c48abe32c9c917d4c448664", kill_on_drop: false }`
[INFO] [stdout] 5ecac243f1ad999c74626e64bc29e32f5efadc483c48abe32c9c917d4c448664
