[INFO] fetching crate rtnetlink 0.23.0...
[INFO] testing rtnetlink-0.23.0 against 1.100.0-beta.1+cargoflags=--release for beta-release-1.100-2
[INFO] extracting crate rtnetlink 0.23.0 into /workspace/builds/worker-3-tc2/source
[INFO] started tweaking crates.io crate rtnetlink 0.23.0
[INFO] removed 0 missing examples
[INFO] finished tweaking crates.io crate rtnetlink 0.23.0
[INFO] tweaked toml for crates.io crate rtnetlink 0.23.0 written to /workspace/builds/worker-3-tc2/source/Cargo.toml
[INFO] validating manifest of crates.io crate rtnetlink 0.23.0 on toolchain 1.100.0-beta.1
[INFO] running `Command { std: CARGO_HOME="/workspace/cargo-home" RUSTUP_HOME="/workspace/rustup-home" "/workspace/cargo-home/bin/cargo" "+1.100.0-beta.1" "metadata" "--manifest-path" "Cargo.toml" "--no-deps", kill_on_drop: false }`
[INFO] crate crates.io crate rtnetlink 0.23.0 already has a lockfile, it will not be regenerated
[INFO] running `Command { std: CARGO_HOME="/workspace/cargo-home" RUSTUP_HOME="/workspace/rustup-home" "/workspace/cargo-home/bin/cargo" "+1.100.0-beta.1" "fetch" "--manifest-path" "Cargo.toml", kill_on_drop: false }`
[INFO] running `Command { std: "docker" "create" "-v" "/var/lib/crater-agent-workspace/builds/worker-3-tc2/source:/opt/rustwide/workdir:ro,Z" "-v" "/var/lib/crater-agent-workspace/builds/worker-3-tc2/target:/opt/rustwide/target:rw,Z" "-v" "/var/lib/crater-agent-workspace/cargo-home:/opt/rustwide/cargo-home:ro,Z" "-v" "/var/lib/crater-agent-workspace/rustup-home:/opt/rustwide/rustup-home:ro,Z" "-m" "1610612736" "--network" "none" "ghcr.io/rust-lang/crates-build-env/linux@sha256:77db811e55d90add9212f6832c23229e3de5f1c1f9905e8cb07319ea15df73ac" "sleep" "infinity", kill_on_drop: false }`
[INFO] [stdout] fb4724b124f54dcdda17c71b073307f50203b211faafa98338f14c1ca5f6665c
[INFO] running `Command { std: "docker" "start" "fb4724b124f54dcdda17c71b073307f50203b211faafa98338f14c1ca5f6665c", kill_on_drop: false }`
[INFO] running `Command { std: "docker" "inspect" "fb4724b124f54dcdda17c71b073307f50203b211faafa98338f14c1ca5f6665c", kill_on_drop: false }`
[INFO] running `Command { std: "docker" "exec" "-e" "SOURCE_DIR=/opt/rustwide/workdir" "-e" "CARGO_HOME=/opt/rustwide/cargo-home" "-e" "RUSTUP_HOME=/opt/rustwide/rustup-home" "-e" "CARGO_TARGET_DIR=/opt/rustwide/target" "-w" "/opt/rustwide/workdir" "--user" "0:0" "fb4724b124f54dcdda17c71b073307f50203b211faafa98338f14c1ca5f6665c" "/opt/rustwide/cargo-home/bin/cargo" "+1.100.0-beta.1" "metadata" "--no-deps" "--format-version=1", kill_on_drop: false }`
[INFO] running `Command { std: "docker" "inspect" "fb4724b124f54dcdda17c71b073307f50203b211faafa98338f14c1ca5f6665c", kill_on_drop: false }`
[INFO] running `Command { std: "docker" "exec" "-e" "SOURCE_DIR=/opt/rustwide/workdir" "-e" "CARGO_HOME=/opt/rustwide/cargo-home" "-e" "RUSTUP_HOME=/opt/rustwide/rustup-home" "-e" "CARGO_TARGET_DIR=/opt/rustwide/target" "-e" "CARGO_INCREMENTAL=0" "-e" "RUST_BACKTRACE=full" "-e" "RUSTFLAGS=--cap-lints=warn" "-e" "RUSTDOCFLAGS=--cap-lints=warn" "-w" "/opt/rustwide/workdir" "--user" "0:0" "fb4724b124f54dcdda17c71b073307f50203b211faafa98338f14c1ca5f6665c" "/opt/rustwide/cargo-home/bin/cargo" "+1.100.0-beta.1" "build" "--frozen" "--message-format=json" "--release", kill_on_drop: false }`
[INFO] [stderr]    Compiling futures-core v0.3.34
[INFO] [stderr]    Compiling log v0.4.33
[INFO] [stderr]    Compiling zerocopy v0.8.56
[INFO] [stderr]    Compiling futures-sink v0.3.34
[INFO] [stderr]    Compiling cfg_aliases v0.2.2
[INFO] [stderr]    Compiling netlink-packet-core v0.9.0
[INFO] [stderr]    Compiling bitflags v2.13.1
[INFO] [stderr]    Compiling futures-macro v0.3.34
[INFO] [stderr]    Compiling thiserror-impl v2.0.20
[INFO] [stderr]    Compiling zerocopy-derive v0.8.56
[INFO] [stderr]    Compiling tokio v1.53.1
[INFO] [stderr]    Compiling nix v0.30.1
[INFO] [stderr]    Compiling futures-channel v0.3.34
[INFO] [stderr]    Compiling futures-util v0.3.34
[INFO] [stderr]    Compiling thiserror v2.0.20
[INFO] [stderr]    Compiling netlink-sys v0.9.0
[INFO] [stderr]    Compiling netlink-proto v0.13.0
[INFO] [stderr]    Compiling netlink-packet-route v0.33.0
[INFO] [stderr]    Compiling rtnetlink v0.23.0 (/opt/rustwide/workdir)
[INFO] [stderr]     Finished `release` profile [optimized] target(s) in 36.89s
[INFO] running `Command { std: "docker" "inspect" "fb4724b124f54dcdda17c71b073307f50203b211faafa98338f14c1ca5f6665c", kill_on_drop: false }`
[INFO] running `Command { std: "docker" "exec" "-e" "SOURCE_DIR=/opt/rustwide/workdir" "-e" "CARGO_HOME=/opt/rustwide/cargo-home" "-e" "RUSTUP_HOME=/opt/rustwide/rustup-home" "-e" "CARGO_TARGET_DIR=/opt/rustwide/target" "-e" "CARGO_INCREMENTAL=0" "-e" "RUST_BACKTRACE=full" "-e" "RUSTFLAGS=--cap-lints=warn" "-e" "RUSTDOCFLAGS=--cap-lints=warn" "-w" "/opt/rustwide/workdir" "--user" "0:0" "fb4724b124f54dcdda17c71b073307f50203b211faafa98338f14c1ca5f6665c" "/opt/rustwide/cargo-home/bin/cargo" "+1.100.0-beta.1" "test" "--frozen" "--no-run" "--message-format=json" "--release", kill_on_drop: false }`
[INFO] [stderr]    Compiling parking v2.2.1
[INFO] [stderr]    Compiling value-bag v1.13.2
[INFO] [stderr]    Compiling futures-io v0.3.34
[INFO] [stderr]    Compiling rustix v1.1.4
[INFO] [stderr]    Compiling linux-raw-sys v0.12.1
[INFO] [stderr]    Compiling tokio-macros v2.7.2
[INFO] [stderr]    Compiling async-io v2.6.0
[INFO] [stderr]    Compiling crossbeam-utils v0.8.22
[INFO] [stderr]    Compiling async-task v4.7.1
[INFO] [stderr]    Compiling futures-util v0.3.34
[INFO] [stderr]    Compiling serde v1.0.229
[INFO] [stderr]    Compiling syn v1.0.109
[INFO] [stderr]    Compiling jiff-core v0.1.0
[INFO] [stderr]    Compiling event-listener v2.5.3
[INFO] [stderr]    Compiling nix v0.30.1
[INFO] [stderr]    Compiling macaddr v1.0.1
[INFO] [stderr]    Compiling event-listener v5.4.2
[INFO] [stderr]    Compiling futures-lite v2.6.1
[INFO] [stderr]    Compiling piper v0.2.5
[INFO] [stderr]    Compiling event-listener-strategy v0.5.4
[INFO] [stderr]    Compiling async-lock v3.4.2
[INFO] [stderr]    Compiling tokio v1.53.1
[INFO] [stderr]    Compiling log v0.4.33
[INFO] [stderr]    Compiling concurrent-queue v2.5.0
[INFO] [stderr]    Compiling netlink-packet-route v0.33.0
[INFO] [stderr]    Compiling env_filter v2.0.0
[INFO] [stderr]    Compiling kv-log-macro v1.0.7
[INFO] [stderr]    Compiling async-channel v2.5.0
[INFO] [stderr]    Compiling async-channel v1.9.0
[INFO] [stderr]    Compiling ipnetwork v0.20.0
[INFO] [stderr]    Compiling blocking v1.6.2
[INFO] [stderr]    Compiling async-executor v1.14.0
[INFO] [stderr]    Compiling jiff v0.2.35
[INFO] [stderr]    Compiling async-attributes v1.1.2
[INFO] [stderr]    Compiling netlink-sys v0.9.0
[INFO] [stderr]    Compiling netlink-proto v0.13.0
[INFO] [stderr]    Compiling env_logger v0.11.11
[INFO] [stderr]    Compiling polling v3.11.0
[INFO] [stderr]    Compiling async-global-executor v2.4.1
[INFO] [stderr]    Compiling async-std v1.13.2
[INFO] [stderr]    Compiling rtnetlink v0.23.0 (/opt/rustwide/workdir)
[INFO] [stderr]     Finished `release` profile [optimized] target(s) in 3m 13s
[INFO] running `Command { std: "docker" "inspect" "fb4724b124f54dcdda17c71b073307f50203b211faafa98338f14c1ca5f6665c", kill_on_drop: false }`
[INFO] running `Command { std: "docker" "exec" "-e" "SOURCE_DIR=/opt/rustwide/workdir" "-e" "CARGO_HOME=/opt/rustwide/cargo-home" "-e" "RUSTUP_HOME=/opt/rustwide/rustup-home" "-e" "CARGO_TARGET_DIR=/opt/rustwide/target" "-e" "CARGO_INCREMENTAL=0" "-e" "RUST_BACKTRACE=full" "-e" "RUSTFLAGS=--cap-lints=warn" "-e" "RUSTDOCFLAGS=--cap-lints=warn" "-w" "/opt/rustwide/workdir" "--user" "0:0" "fb4724b124f54dcdda17c71b073307f50203b211faafa98338f14c1ca5f6665c" "/opt/rustwide/cargo-home/bin/cargo" "+1.100.0-beta.1" "test" "--frozen" "--release", kill_on_drop: false }`
[INFO] [stderr]     Finished `release` profile [optimized] target(s) in 0.17s
[INFO] [stderr]      Running unittests src/lib.rs (/opt/rustwide/target/release/build/rtnetlink/a2b42787128f135f/out/rtnetlink-a2b42787128f135f)
[INFO] [stdout] 
[INFO] [stdout] running 8 tests
[INFO] [stdout] test link::test::create_get_delete_netkit ... ignored
[INFO] [stdout] test traffic_control::test::test_get_traffic_classes_filters_and_chains ... ignored
[INFO] [stdout] test link::test::create_delete_vrf ... FAILED
[INFO] [stderr] error: test failed, to rerun pass `--lib`
[INFO] [stdout] test traffic_control::add_filter::test::test_new_filter ... FAILED
[INFO] [stdout] test link::test::create_get_delete_wg ... FAILED
[INFO] [stdout] test link::test::create_get_delete_macvlan ... FAILED
[INFO] [stdout] test traffic_control::test::test_get_qdiscs ... ok
[INFO] [stdout] test traffic_control::add_qdisc::test::test_new_qdisc ... FAILED
[INFO] [stdout] 
[INFO] [stdout] failures:
[INFO] [stdout] 
[INFO] [stdout] ---- link::test::create_delete_vrf stdout ----
[INFO] [stdout] 
[INFO] [stdout] thread 'link::test::create_delete_vrf' (4025) panicked at src/link/test.rs:92:5:
[INFO] [stdout] assertion failed: handle.is_ok()
[INFO] [stdout] stack backtrace:
[INFO] [stdout]    0:     0x58b9504c3661 - <<std[617be2ca0a6fd877]::sys::backtrace::BacktraceLock>::print::DisplayBacktrace as core[a373ad73a504971]::fmt::Display>::fmt
[INFO] [stdout]    1:     0x58b9504d842a - core[a373ad73a504971]::fmt::write
[INFO] [stdout]    2:     0x58b9504c7b3c - <alloc[2e1b2a31b91974c5]::vec::Vec<u8> as core[a373ad73a504971]::io::write::Write>::write_fmt
[INFO] [stdout]    3:     0x58b95049f296 - std[617be2ca0a6fd877]::panicking::default_hook::{closure#0}
[INFO] [stdout]    4:     0x58b9504bbc49 - std[617be2ca0a6fd877]::panicking::default_hook
[INFO] [stdout]    5:     0x58b9503a2c30 - test[aada8e7e76ba119b]::test_main_inner::{closure#0}
[INFO] [stdout]    6:     0x58b9504bbe02 - std[617be2ca0a6fd877]::panicking::panic_with_hook
[INFO] [stdout]    7:     0x58b95049f374 - std[617be2ca0a6fd877]::panicking::panic_handler::{closure#0}
[INFO] [stdout]    8:     0x58b950498059 - std[617be2ca0a6fd877]::sys::backtrace::__rust_end_short_backtrace::<std[617be2ca0a6fd877]::panicking::panic_handler::{closure#0}, !>
[INFO] [stdout]    9:     0x58b95049ff4d - __rustc[ea4f61d10b84890b]::rust_begin_unwind
[INFO] [stdout]   10:     0x58b9504d8b8c - core[a373ad73a504971]::panicking::panic_fmt
[INFO] [stdout]   11:     0x58b9504d8b52 - core[a373ad73a504971]::panicking::panic
[INFO] [stdout]   12:     0x58b95035529e - <rtnetlink[ba6a8338a3e83084]::link::test::create_delete_vrf::{closure#0} as core[a373ad73a504971]::ops::function::FnOnce<()>>::call_once
[INFO] [stdout]   13:     0x58b95039607b - test[aada8e7e76ba119b]::__rust_begin_short_backtrace::<core[a373ad73a504971]::result::Result<(), alloc[2e1b2a31b91974c5]::string::String>, fn() -> core[a373ad73a504971]::result::Result<(), alloc[2e1b2a31b91974c5]::string::String>>
[INFO] [stdout]   14:     0x58b9503a3255 - test[aada8e7e76ba119b]::run_test::{closure#0}
[INFO] [stdout]   15:     0x58b95039cb44 - std[617be2ca0a6fd877]::sys::backtrace::__rust_begin_short_backtrace::<test[aada8e7e76ba119b]::run_test::{closure#1}, ()>
[INFO] [stdout]   16:     0x58b9503a62e2 - <std[617be2ca0a6fd877]::thread::lifecycle::spawn_unchecked<test[aada8e7e76ba119b]::run_test::{closure#1}, ()>::{closure#1} as core[a373ad73a504971]::ops::function::FnOnce<()>>::call_once::{shim:vtable#0}
[INFO] [stdout]   17:     0x58b9504c2ebf - <std[617be2ca0a6fd877]::sys::thread::unix::Thread>::new::thread_start
[INFO] [stdout]   18:     0x773450149dfa - <unknown>
[INFO] [stdout]   19:     0x7734501dd3d4 - clone
[INFO] [stdout]   20:                0x0 - <unknown>
[INFO] [stdout] 
[INFO] [stdout] ---- traffic_control::add_filter::test::test_new_filter stdout ----
[INFO] [stdout] 
[INFO] [stdout] thread 'traffic_control::add_filter::test::test_new_filter' (4028) panicked at src/traffic_control/add_filter.rs:214:59:
[INFO] [stdout] called `Result::unwrap()` on an `Err` value: NamespaceError("Error child result: 1")
[INFO] [stdout] stack backtrace:
[INFO] [stdout]    0:     0x58b9504c3661 - <<std[617be2ca0a6fd877]::sys::backtrace::BacktraceLock>::print::DisplayBacktrace as core[a373ad73a504971]::fmt::Display>::fmt
[INFO] [stdout]    1:     0x58b9504d842a - core[a373ad73a504971]::fmt::write
[INFO] [stdout]    2:     0x58b9504c7b3c - <alloc[2e1b2a31b91974c5]::vec::Vec<u8> as core[a373ad73a504971]::io::write::Write>::write_fmt
[INFO] [stdout]    3:     0x58b95049f296 - std[617be2ca0a6fd877]::panicking::default_hook::{closure#0}
[INFO] [stdout]    4:     0x58b9504bbc49 - std[617be2ca0a6fd877]::panicking::default_hook
[INFO] [stdout]    5:     0x58b9503a2c30 - test[aada8e7e76ba119b]::test_main_inner::{closure#0}
[INFO] [stdout]    6:     0x58b9504bbe02 - std[617be2ca0a6fd877]::panicking::panic_with_hook
[INFO] [stdout]    7:     0x58b95049f342 - std[617be2ca0a6fd877]::panicking::panic_handler::{closure#0}
[INFO] [stdout]    8:     0x58b950498059 - std[617be2ca0a6fd877]::sys::backtrace::__rust_end_short_backtrace::<std[617be2ca0a6fd877]::panicking::panic_handler::{closure#0}, !>
[INFO] [stdout]    9:     0x58b95049ff4d - __rustc[ea4f61d10b84890b]::rust_begin_unwind
[INFO] [stdout]   10:     0x58b9504d8b8c - core[a373ad73a504971]::panicking::panic_fmt
[INFO] [stdout]   11:     0x58b9504d8962 - core[a373ad73a504971]::result::unwrap_failed
[INFO] [stdout]   12:     0x58b95031a5b2 - <tokio[81f7703e1e216dcb]::runtime::park::CachedParkThread>::block_on::<rtnetlink[ba6a8338a3e83084]::traffic_control::add_filter::test::test_async_new_filter::{closure#0}>
[INFO] [stdout]   13:     0x58b95033928c - tokio[81f7703e1e216dcb]::runtime::context::runtime::enter_runtime::<<tokio[81f7703e1e216dcb]::runtime::scheduler::multi_thread::MultiThread>::block_on<rtnetlink[ba6a8338a3e83084]::traffic_control::add_filter::test::test_async_new_filter::{closure#0}>::{closure#0}, ()>
[INFO] [stdout]   14:     0x58b95036dfce - <tokio[81f7703e1e216dcb]::runtime::runtime::Runtime>::block_on::<rtnetlink[ba6a8338a3e83084]::traffic_control::add_filter::test::test_async_new_filter::{closure#0}>
[INFO] [stdout]   15:     0x58b95036c930 - <rtnetlink[ba6a8338a3e83084]::traffic_control::add_filter::test::test_new_filter::{closure#0} as core[a373ad73a504971]::ops::function::FnOnce<()>>::call_once
[INFO] [stdout]   16:     0x58b95039607b - test[aada8e7e76ba119b]::__rust_begin_short_backtrace::<core[a373ad73a504971]::result::Result<(), alloc[2e1b2a31b91974c5]::string::String>, fn() -> core[a373ad73a504971]::result::Result<(), alloc[2e1b2a31b91974c5]::string::String>>
[INFO] [stdout]   17:     0x58b9503a3255 - test[aada8e7e76ba119b]::run_test::{closure#0}
[INFO] [stdout]   18:     0x58b95039cb44 - std[617be2ca0a6fd877]::sys::backtrace::__rust_begin_short_backtrace::<test[aada8e7e76ba119b]::run_test::{closure#1}, ()>
[INFO] [stdout]   19:     0x58b9503a62e2 - <std[617be2ca0a6fd877]::thread::lifecycle::spawn_unchecked<test[aada8e7e76ba119b]::run_test::{closure#1}, ()>::{closure#1} as core[a373ad73a504971]::ops::function::FnOnce<()>>::call_once::{shim:vtable#0}
[INFO] [stdout]   20:     0x58b9504c2ebf - <std[617be2ca0a6fd877]::sys::thread::unix::Thread>::new::thread_start
[INFO] [stdout]   21:     0x773450149dfa - <unknown>
[INFO] [stdout]   22:     0x7734501dd3d4 - clone
[INFO] [stdout]   23:                0x0 - <unknown>
[INFO] [stdout] 
[INFO] [stdout] ---- link::test::create_get_delete_wg stdout ----
[INFO] [stdout] 
[INFO] [stdout] thread 'link::test::create_get_delete_wg' (4027) panicked at src/link/test.rs:21:5:
[INFO] [stdout] assertion failed: handle.is_ok()
[INFO] [stdout] stack backtrace:
[INFO] [stdout]    0:     0x58b9504c3661 - <<std[617be2ca0a6fd877]::sys::backtrace::BacktraceLock>::print::DisplayBacktrace as core[a373ad73a504971]::fmt::Display>::fmt
[INFO] [stdout]    1:     0x58b9504d842a - core[a373ad73a504971]::fmt::write
[INFO] [stdout]    2:     0x58b9504c7b3c - <alloc[2e1b2a31b91974c5]::vec::Vec<u8> as core[a373ad73a504971]::io::write::Write>::write_fmt
[INFO] [stdout]    3:     0x58b95049f296 - std[617be2ca0a6fd877]::panicking::default_hook::{closure#0}
[INFO] [stdout]    4:     0x58b9504bbc49 - std[617be2ca0a6fd877]::panicking::default_hook
[INFO] [stdout]    5:     0x58b9503a2c30 - test[aada8e7e76ba119b]::test_main_inner::{closure#0}
[INFO] [stdout]    6:     0x58b9504bbe02 - std[617be2ca0a6fd877]::panicking::panic_with_hook
[INFO] [stdout]    7:     0x58b95049f374 - std[617be2ca0a6fd877]::panicking::panic_handler::{closure#0}
[INFO] [stdout]    8:     0x58b950498059 - std[617be2ca0a6fd877]::sys::backtrace::__rust_end_short_backtrace::<std[617be2ca0a6fd877]::panicking::panic_handler::{closure#0}, !>
[INFO] [stdout]    9:     0x58b95049ff4d - __rustc[ea4f61d10b84890b]::rust_begin_unwind
[INFO] [stdout]   10:     0x58b9504d8b8c - core[a373ad73a504971]::panicking::panic_fmt
[INFO] [stdout]   11:     0x58b9504d8b52 - core[a373ad73a504971]::panicking::panic
[INFO] [stdout]   12:     0x58b950355913 - <rtnetlink[ba6a8338a3e83084]::link::test::create_get_delete_wg::{closure#0} as core[a373ad73a504971]::ops::function::FnOnce<()>>::call_once
[INFO] [stdout]   13:     0x58b95039607b - test[aada8e7e76ba119b]::__rust_begin_short_backtrace::<core[a373ad73a504971]::result::Result<(), alloc[2e1b2a31b91974c5]::string::String>, fn() -> core[a373ad73a504971]::result::Result<(), alloc[2e1b2a31b91974c5]::string::String>>
[INFO] [stdout]   14:     0x58b9503a3255 - test[aada8e7e76ba119b]::run_test::{closure#0}
[INFO] [stdout]   15:     0x58b95039cb44 - std[617be2ca0a6fd877]::sys::backtrace::__rust_begin_short_backtrace::<test[aada8e7e76ba119b]::run_test::{closure#1}, ()>
[INFO] [stdout]   16:     0x58b9503a62e2 - <std[617be2ca0a6fd877]::thread::lifecycle::spawn_unchecked<test[aada8e7e76ba119b]::run_test::{closure#1}, ()>::{closure#1} as core[a373ad73a504971]::ops::function::FnOnce<()>>::call_once::{shim:vtable#0}
[INFO] [stdout]   17:     0x58b9504c2ebf - <std[617be2ca0a6fd877]::sys::thread::unix::Thread>::new::thread_start
[INFO] [stdout]   18:     0x773450149dfa - <unknown>
[INFO] [stdout]   19:     0x7734501dd3d4 - clone
[INFO] [stdout]   20:                0x0 - <unknown>
[INFO] [stdout] 
[INFO] [stdout] ---- link::test::create_get_delete_macvlan stdout ----
[INFO] [stdout] 
[INFO] [stdout] thread 'link::test::create_get_delete_macvlan' (4026) panicked at src/link/test.rs:49:5:
[INFO] [stdout] assertion failed: handle.is_ok()
[INFO] [stdout] stack backtrace:
[INFO] [stdout]    0:     0x58b9504c3661 - <<std[617be2ca0a6fd877]::sys::backtrace::BacktraceLock>::print::DisplayBacktrace as core[a373ad73a504971]::fmt::Display>::fmt
[INFO] [stdout]    1:     0x58b9504d842a - core[a373ad73a504971]::fmt::write
[INFO] [stdout]    2:     0x58b9504c7b3c - <alloc[2e1b2a31b91974c5]::vec::Vec<u8> as core[a373ad73a504971]::io::write::Write>::write_fmt
[INFO] [stdout]    3:     0x58b95049f296 - std[617be2ca0a6fd877]::panicking::default_hook::{closure#0}
[INFO] [stdout]    4:     0x58b9504bbc49 - std[617be2ca0a6fd877]::panicking::default_hook
[INFO] [stdout]    5:     0x58b9503a2c30 - test[aada8e7e76ba119b]::test_main_inner::{closure#0}
[INFO] [stdout]    6:     0x58b9504bbe02 - std[617be2ca0a6fd877]::panicking::panic_with_hook
[INFO] [stdout]    7:     0x58b95049f374 - std[617be2ca0a6fd877]::panicking::panic_handler::{closure#0}
[INFO] [stdout]    8:     0x58b950498059 - std[617be2ca0a6fd877]::sys::backtrace::__rust_end_short_backtrace::<std[617be2ca0a6fd877]::panicking::panic_handler::{closure#0}, !>
[INFO] [stdout]    9:     0x58b95049ff4d - __rustc[ea4f61d10b84890b]::rust_begin_unwind
[INFO] [stdout]   10:     0x58b9504d8b8c - core[a373ad73a504971]::panicking::panic_fmt
[INFO] [stdout]   11:     0x58b9504d8b52 - core[a373ad73a504971]::panicking::panic
[INFO] [stdout]   12:     0x58b9503567af - <rtnetlink[ba6a8338a3e83084]::link::test::create_get_delete_macvlan::{closure#0} as core[a373ad73a504971]::ops::function::FnOnce<()>>::call_once
[INFO] [stdout]   13:     0x58b95039607b - test[aada8e7e76ba119b]::__rust_begin_short_backtrace::<core[a373ad73a504971]::result::Result<(), alloc[2e1b2a31b91974c5]::string::String>, fn() -> core[a373ad73a504971]::result::Result<(), alloc[2e1b2a31b91974c5]::string::String>>
[INFO] [stdout]   14:     0x58b9503a3255 - test[aada8e7e76ba119b]::run_test::{closure#0}
[INFO] [stdout]   15:     0x58b95039cb44 - std[617be2ca0a6fd877]::sys::backtrace::__rust_begin_short_backtrace::<test[aada8e7e76ba119b]::run_test::{closure#1}, ()>
[INFO] [stdout]   16:     0x58b9503a62e2 - <std[617be2ca0a6fd877]::thread::lifecycle::spawn_unchecked<test[aada8e7e76ba119b]::run_test::{closure#1}, ()>::{closure#1} as core[a373ad73a504971]::ops::function::FnOnce<()>>::call_once::{shim:vtable#0}
[INFO] [stdout]   17:     0x58b9504c2ebf - <std[617be2ca0a6fd877]::sys::thread::unix::Thread>::new::thread_start
[INFO] [stdout]   18:     0x773450149dfa - <unknown>
[INFO] [stdout]   19:     0x7734501dd3d4 - clone
[INFO] [stdout]   20:                0x0 - <unknown>
[INFO] [stdout] 
[INFO] [stdout] ---- traffic_control::add_qdisc::test::test_new_qdisc stdout ----
[INFO] [stdout] 
[INFO] [stdout] thread 'traffic_control::add_qdisc::test::test_new_qdisc' (4029) panicked at src/traffic_control/add_qdisc.rs:109:59:
[INFO] [stdout] called `Result::unwrap()` on an `Err` value: NamespaceError("Error child result: 1")
[INFO] [stdout] stack backtrace:
[INFO] [stdout]    0:     0x58b9504c3661 - <<std[617be2ca0a6fd877]::sys::backtrace::BacktraceLock>::print::DisplayBacktrace as core[a373ad73a504971]::fmt::Display>::fmt
[INFO] [stdout]    1:     0x58b9504d842a - core[a373ad73a504971]::fmt::write
[INFO] [stdout]    2:     0x58b9504c7b3c - <alloc[2e1b2a31b91974c5]::vec::Vec<u8> as core[a373ad73a504971]::io::write::Write>::write_fmt
[INFO] [stdout]    3:     0x58b95049f296 - std[617be2ca0a6fd877]::panicking::default_hook::{closure#0}
[INFO] [stdout]    4:     0x58b9504bbc49 - std[617be2ca0a6fd877]::panicking::default_hook
[INFO] [stdout]    5:     0x58b9503a2c30 - test[aada8e7e76ba119b]::test_main_inner::{closure#0}
[INFO] [stdout]    6:     0x58b9504bbe02 - std[617be2ca0a6fd877]::panicking::panic_with_hook
[INFO] [stdout]    7:     0x58b95049f342 - std[617be2ca0a6fd877]::panicking::panic_handler::{closure#0}
[INFO] [stdout]    8:     0x58b950498059 - std[617be2ca0a6fd877]::sys::backtrace::__rust_end_short_backtrace::<std[617be2ca0a6fd877]::panicking::panic_handler::{closure#0}, !>
[INFO] [stdout]    9:     0x58b95049ff4d - __rustc[ea4f61d10b84890b]::rust_begin_unwind
[INFO] [stdout]   10:     0x58b9504d8b8c - core[a373ad73a504971]::panicking::panic_fmt
[INFO] [stdout]   11:     0x58b9504d8962 - core[a373ad73a504971]::result::unwrap_failed
[INFO] [stdout]   12:     0x58b95031cc9c - <tokio[81f7703e1e216dcb]::runtime::park::CachedParkThread>::block_on::<rtnetlink[ba6a8338a3e83084]::traffic_control::add_qdisc::test::test_async_new_qdisc::{closure#0}>
[INFO] [stdout]   13:     0x58b95033948c - tokio[81f7703e1e216dcb]::runtime::context::runtime::enter_runtime::<<tokio[81f7703e1e216dcb]::runtime::scheduler::multi_thread::MultiThread>::block_on<rtnetlink[ba6a8338a3e83084]::traffic_control::add_qdisc::test::test_async_new_qdisc::{closure#0}>::{closure#0}, ()>
[INFO] [stdout]   14:     0x58b95036e12e - <tokio[81f7703e1e216dcb]::runtime::runtime::Runtime>::block_on::<rtnetlink[ba6a8338a3e83084]::traffic_control::add_qdisc::test::test_async_new_qdisc::{closure#0}>
[INFO] [stdout]   15:     0x58b95035f920 - <rtnetlink[ba6a8338a3e83084]::traffic_control::add_qdisc::test::test_new_qdisc::{closure#0} as core[a373ad73a504971]::ops::function::FnOnce<()>>::call_once
[INFO] [stdout]   16:     0x58b95039607b - test[aada8e7e76ba119b]::__rust_begin_short_backtrace::<core[a373ad73a504971]::result::Result<(), alloc[2e1b2a31b91974c5]::string::String>, fn() -> core[a373ad73a504971]::result::Result<(), alloc[2e1b2a31b91974c5]::string::String>>
[INFO] [stdout]   17:     0x58b9503a3255 - test[aada8e7e76ba119b]::run_test::{closure#0}
[INFO] [stdout]   18:     0x58b95039cb44 - std[617be2ca0a6fd877]::sys::backtrace::__rust_begin_short_backtrace::<test[aada8e7e76ba119b]::run_test::{closure#1}, ()>
[INFO] [stdout]   19:     0x58b9503a62e2 - <std[617be2ca0a6fd877]::thread::lifecycle::spawn_unchecked<test[aada8e7e76ba119b]::run_test::{closure#1}, ()>::{closure#1} as core[a373ad73a504971]::ops::function::FnOnce<()>>::call_once::{shim:vtable#0}
[INFO] [stdout]   20:     0x58b9504c2ebf - <std[617be2ca0a6fd877]::sys::thread::unix::Thread>::new::thread_start
[INFO] [stdout]   21:     0x773450149dfa - <unknown>
[INFO] [stdout]   22:     0x7734501dd3d4 - clone
[INFO] [stdout]   23:                0x0 - <unknown>
[INFO] [stdout] 
[INFO] [stdout] 
[INFO] [stdout] failures:
[INFO] [stdout]     link::test::create_delete_vrf
[INFO] [stdout]     link::test::create_get_delete_macvlan
[INFO] [stdout]     link::test::create_get_delete_wg
[INFO] [stdout]     traffic_control::add_filter::test::test_new_filter
[INFO] [stdout]     traffic_control::add_qdisc::test::test_new_qdisc
[INFO] [stdout] 
[INFO] [stdout] test result: FAILED. 1 passed; 5 failed; 2 ignored; 0 measured; 0 filtered out; finished in 0.02s
[INFO] [stdout] 
[INFO] running `Command { std: "docker" "inspect" "fb4724b124f54dcdda17c71b073307f50203b211faafa98338f14c1ca5f6665c", kill_on_drop: false }`
[INFO] running `Command { std: "docker" "rm" "-f" "fb4724b124f54dcdda17c71b073307f50203b211faafa98338f14c1ca5f6665c", kill_on_drop: false }`
[INFO] [stdout] fb4724b124f54dcdda17c71b073307f50203b211faafa98338f14c1ca5f6665c
