[INFO] fetching crate rtkit-rs 0.1.0...
[INFO] testing rtkit-rs-0.1.0 against 1.99.0-beta.8+cargoflags=--release for beta-release-1.100-2
[INFO] extracting crate rtkit-rs 0.1.0 into /workspace/builds/worker-3-tc1/source
[INFO] started tweaking crates.io crate rtkit-rs 0.1.0
[INFO] finished tweaking crates.io crate rtkit-rs 0.1.0
[INFO] tweaked toml for crates.io crate rtkit-rs 0.1.0 written to /workspace/builds/worker-3-tc1/source/Cargo.toml
[INFO] validating manifest of crates.io crate rtkit-rs 0.1.0 on toolchain 1.99.0-beta.8
[INFO] running `Command { std: CARGO_HOME="/workspace/cargo-home" RUSTUP_HOME="/workspace/rustup-home" "/workspace/cargo-home/bin/cargo" "+1.99.0-beta.8" "metadata" "--manifest-path" "Cargo.toml" "--no-deps", kill_on_drop: false }`
[INFO] crate crates.io crate rtkit-rs 0.1.0 already has a lockfile, it will not be regenerated
[INFO] running `Command { std: CARGO_HOME="/workspace/cargo-home" RUSTUP_HOME="/workspace/rustup-home" "/workspace/cargo-home/bin/cargo" "+1.99.0-beta.8" "fetch" "--manifest-path" "Cargo.toml", kill_on_drop: false }`
[INFO] [stderr]  Downloading crates ...
[INFO] [stderr]   Downloaded zvariant_derive v5.5.3
[INFO] [stderr]   Downloaded zvariant v5.5.3
[INFO] [stderr]   Downloaded zvariant_utils v3.2.0
[INFO] [stderr]   Downloaded zbus v5.7.1
[INFO] [stderr]   Downloaded zbus_names v4.2.0
[INFO] [stderr]   Downloaded async-executor v1.13.2
[INFO] [stderr]   Downloaded async-process v2.3.1
[INFO] [stderr]   Downloaded zbus_macros v5.7.1
[INFO] running `Command { std: "docker" "create" "-v" "/var/lib/crater-agent-workspace/builds/worker-3-tc1/source:/opt/rustwide/workdir:ro,Z" "-v" "/var/lib/crater-agent-workspace/builds/worker-3-tc1/target:/opt/rustwide/target:rw,Z" "-v" "/var/lib/crater-agent-workspace/cargo-home:/opt/rustwide/cargo-home:ro,Z" "-v" "/var/lib/crater-agent-workspace/rustup-home:/opt/rustwide/rustup-home:ro,Z" "-m" "1610612736" "--network" "none" "ghcr.io/rust-lang/crates-build-env/linux@sha256:77db811e55d90add9212f6832c23229e3de5f1c1f9905e8cb07319ea15df73ac" "sleep" "infinity", kill_on_drop: false }`
[INFO] [stdout] 17487d32833f4298ea762e09db5c3b84f7466d6966b9b1202f929a300adc6a7b
[INFO] running `Command { std: "docker" "start" "17487d32833f4298ea762e09db5c3b84f7466d6966b9b1202f929a300adc6a7b", kill_on_drop: false }`
[INFO] running `Command { std: "docker" "inspect" "17487d32833f4298ea762e09db5c3b84f7466d6966b9b1202f929a300adc6a7b", kill_on_drop: false }`
[INFO] running `Command { std: "docker" "exec" "-e" "SOURCE_DIR=/opt/rustwide/workdir" "-e" "CARGO_HOME=/opt/rustwide/cargo-home" "-e" "RUSTUP_HOME=/opt/rustwide/rustup-home" "-e" "CARGO_TARGET_DIR=/opt/rustwide/target" "-w" "/opt/rustwide/workdir" "--user" "0:0" "17487d32833f4298ea762e09db5c3b84f7466d6966b9b1202f929a300adc6a7b" "/opt/rustwide/cargo-home/bin/cargo" "+1.99.0-beta.8" "metadata" "--no-deps" "--format-version=1", kill_on_drop: false }`
[INFO] running `Command { std: "docker" "inspect" "17487d32833f4298ea762e09db5c3b84f7466d6966b9b1202f929a300adc6a7b", kill_on_drop: false }`
[INFO] running `Command { std: "docker" "exec" "-e" "SOURCE_DIR=/opt/rustwide/workdir" "-e" "CARGO_HOME=/opt/rustwide/cargo-home" "-e" "RUSTUP_HOME=/opt/rustwide/rustup-home" "-e" "CARGO_TARGET_DIR=/opt/rustwide/target" "-e" "CARGO_INCREMENTAL=0" "-e" "RUST_BACKTRACE=full" "-e" "RUSTFLAGS=--cap-lints=warn" "-e" "RUSTDOCFLAGS=--cap-lints=warn" "-w" "/opt/rustwide/workdir" "--user" "0:0" "17487d32833f4298ea762e09db5c3b84f7466d6966b9b1202f929a300adc6a7b" "/opt/rustwide/cargo-home/bin/cargo" "+1.99.0-beta.8" "build" "--frozen" "--message-format=json" "--release", kill_on_drop: false }`
[INFO] [stderr]    Compiling syn v2.0.102
[INFO] [stderr]    Compiling serde v1.0.219
[INFO] [stderr]    Compiling crossbeam-utils v0.8.21
[INFO] [stderr]    Compiling winnow v0.7.11
[INFO] [stderr]    Compiling static_assertions v1.1.0
[INFO] [stderr]    Compiling proc-macro2 v1.0.95
[INFO] [stderr]    Compiling libc v0.2.172
[INFO] [stderr]    Compiling indexmap v2.9.0
[INFO] [stderr]    Compiling rustix v1.0.7
[INFO] [stderr]    Compiling unicode-ident v1.0.18
[INFO] [stderr]    Compiling futures-lite v2.6.0
[INFO] [stderr]    Compiling linux-raw-sys v0.9.4
[INFO] [stderr]    Compiling endi v1.1.0
[INFO] [stderr]    Compiling nix v0.30.1
[INFO] [stderr]    Compiling piper v0.2.4
[INFO] [stderr]    Compiling ordered-stream v0.2.0
[INFO] [stderr]    Compiling quote v1.0.40
[INFO] [stderr]    Compiling concurrent-queue v2.5.0
[INFO] [stderr]    Compiling event-listener v5.4.0
[INFO] [stderr]    Compiling async-executor v1.13.2
[INFO] [stderr]    Compiling event-listener-strategy v0.5.4
[INFO] [stderr]    Compiling async-lock v3.4.0
[INFO] [stderr]    Compiling async-channel v2.3.1
[INFO] [stderr]    Compiling async-broadcast v0.7.2
[INFO] [stderr]    Compiling blocking v1.6.1
[INFO] [stderr]    Compiling toml_edit v0.22.27
[INFO] [stderr]    Compiling signal-hook-registry v1.4.5
[INFO] [stderr]    Compiling proc-macro-crate v3.3.0
[INFO] [stderr]    Compiling serde_derive v1.0.219
[INFO] [stderr]    Compiling enumflags2_derive v0.7.12
[INFO] [stderr]    Compiling tracing-attributes v0.1.29
[INFO] [stderr]    Compiling serde_repr v0.1.20
[INFO] [stderr]    Compiling async-trait v0.1.88
[INFO] [stderr]    Compiling tracing v0.1.41
[INFO] [stderr]    Compiling polling v3.8.0
[INFO] [stderr]    Compiling async-io v2.4.1
[INFO] [stderr]    Compiling async-signal v0.2.11
[INFO] [stderr]    Compiling async-process v2.3.1
[INFO] [stderr]    Compiling enumflags2 v0.7.12
[INFO] [stderr]    Compiling zvariant_utils v3.2.0
[INFO] [stderr]    Compiling zvariant_derive v5.5.3
[INFO] [stderr]    Compiling zvariant v5.5.3
[INFO] [stderr]    Compiling zbus_names v4.2.0
[INFO] [stderr]    Compiling zbus_macros v5.7.1
[INFO] [stderr]    Compiling zbus v5.7.1
[INFO] [stderr]    Compiling rtkit-rs v0.1.0 (/opt/rustwide/workdir)
[INFO] [stderr]     Finished `release` profile [optimized] target(s) in 1m 20s
[INFO] running `Command { std: "docker" "inspect" "17487d32833f4298ea762e09db5c3b84f7466d6966b9b1202f929a300adc6a7b", kill_on_drop: false }`
[INFO] running `Command { std: "docker" "exec" "-e" "SOURCE_DIR=/opt/rustwide/workdir" "-e" "CARGO_HOME=/opt/rustwide/cargo-home" "-e" "RUSTUP_HOME=/opt/rustwide/rustup-home" "-e" "CARGO_TARGET_DIR=/opt/rustwide/target" "-e" "CARGO_INCREMENTAL=0" "-e" "RUST_BACKTRACE=full" "-e" "RUSTFLAGS=--cap-lints=warn" "-e" "RUSTDOCFLAGS=--cap-lints=warn" "-w" "/opt/rustwide/workdir" "--user" "0:0" "17487d32833f4298ea762e09db5c3b84f7466d6966b9b1202f929a300adc6a7b" "/opt/rustwide/cargo-home/bin/cargo" "+1.99.0-beta.8" "test" "--frozen" "--no-run" "--message-format=json" "--release", kill_on_drop: false }`
[INFO] [stderr]    Compiling rtkit-rs v0.1.0 (/opt/rustwide/workdir)
[INFO] [stderr]     Finished `release` profile [optimized] target(s) in 4.54s
[INFO] running `Command { std: "docker" "inspect" "17487d32833f4298ea762e09db5c3b84f7466d6966b9b1202f929a300adc6a7b", kill_on_drop: false }`
[INFO] running `Command { std: "docker" "exec" "-e" "SOURCE_DIR=/opt/rustwide/workdir" "-e" "CARGO_HOME=/opt/rustwide/cargo-home" "-e" "RUSTUP_HOME=/opt/rustwide/rustup-home" "-e" "CARGO_TARGET_DIR=/opt/rustwide/target" "-e" "CARGO_INCREMENTAL=0" "-e" "RUST_BACKTRACE=full" "-e" "RUSTFLAGS=--cap-lints=warn" "-e" "RUSTDOCFLAGS=--cap-lints=warn" "-w" "/opt/rustwide/workdir" "--user" "0:0" "17487d32833f4298ea762e09db5c3b84f7466d6966b9b1202f929a300adc6a7b" "/opt/rustwide/cargo-home/bin/cargo" "+1.99.0-beta.8" "test" "--frozen" "--release", kill_on_drop: false }`
[INFO] [stderr]     Finished `release` profile [optimized] target(s) in 0.08s
[INFO] [stderr]      Running unittests src/lib.rs (/opt/rustwide/target/release/deps/rtkit_rs-66cb9548d4a8089e)
[INFO] [stdout] 
[INFO] [stdout] running 7 tests
[INFO] [stdout] test tests::test_thread_id_retrieval ... ok
[INFO] [stdout] test tests::test_process_id_retrieval ... ok
[INFO] [stdout] test tests::test_make_thread_realtime ... FAILED
[INFO] [stdout] test tests::test_make_thread_high_priority ... FAILED
[INFO] [stdout] test tests::test_make_thread_high_priority_with_pid ... FAILED
[INFO] [stdout] test tests::test_property ... FAILED
[INFO] [stdout] test tests::test_make_thread_realtime_with_pid ... FAILED
[INFO] [stdout] 
[INFO] [stdout] failures:
[INFO] [stdout] 
[INFO] [stdout] ---- tests::test_make_thread_realtime stdout ----
[INFO] [stdout] 
[INFO] [stdout] thread 'tests::test_make_thread_realtime' (1205) panicked at src/lib.rs:264:34:
[INFO] [stdout] called `Result::unwrap()` on an `Err` value: I/O error: No such file or directory (os error 2)
[INFO] [stdout] 
[INFO] [stdout] Caused by:
[INFO] [stdout]     No such file or directory (os error 2)
[INFO] [stdout] 
[INFO] [stdout] Stack backtrace:
[INFO] [stdout]    0: <anyhow::Error as core::convert::From<zbus::error::Error>>::from
[INFO] [stdout]    1: <rtkit_rs::RTKit>::new
[INFO] [stdout]    2: <rtkit_rs::tests::test_make_thread_realtime::{closure#0} as core::ops::function::FnOnce<()>>::call_once
[INFO] [stdout]    3: test::__rust_begin_short_backtrace::<core::result::Result<(), alloc::string::String>, fn() -> core::result::Result<(), alloc::string::String>>
[INFO] [stdout]    4: test::run_test::{closure#0}
[INFO] [stdout]    5: std::sys::backtrace::__rust_begin_short_backtrace::<test::run_test::{closure#1}, ()>
[INFO] [stdout]    6: <std::thread::lifecycle::spawn_unchecked<test::run_test::{closure#1}, ()>::{closure#1} as core::ops::function::FnOnce<()>>::call_once::{shim:vtable#0}
[INFO] [stdout]    7: <std::sys::thread::unix::Thread>::new::thread_start
[INFO] [stdout]    8: <unknown>
[INFO] [stdout]    9: clone
[INFO] [stdout] stack backtrace:
[INFO] [stdout]    0:     0x62b008b19551 - <<std[70759c8f55707aa4]::sys::backtrace::BacktraceLock>::print::DisplayBacktrace as core[df12db4294e9bfd3]::fmt::Display>::fmt
[INFO] [stdout]    1:     0x62b008b2f78a - core[df12db4294e9bfd3]::fmt::write
[INFO] [stdout]    2:     0x62b008b1e87c - <alloc[2182bb758b4b3781]::vec::Vec<u8> as core[df12db4294e9bfd3]::io::write::Write>::write_fmt
[INFO] [stdout]    3:     0x62b008af3116 - std[70759c8f55707aa4]::panicking::default_hook::{closure#0}
[INFO] [stdout]    4:     0x62b008b10999 - std[70759c8f55707aa4]::panicking::default_hook
[INFO] [stdout]    5:     0x62b00898d000 - test[9d35eded1c95d3be]::test_main_inner::<test[9d35eded1c95d3be]::test_main_static::{closure#0}>::{closure#0}
[INFO] [stdout]    6:     0x62b008b10cc2 - std[70759c8f55707aa4]::panicking::panic_with_hook
[INFO] [stdout]    7:     0x62b008af31c2 - std[70759c8f55707aa4]::panicking::panic_handler::{closure#0}
[INFO] [stdout]    8:     0x62b008aeb749 - std[70759c8f55707aa4]::sys::backtrace::__rust_end_short_backtrace::<std[70759c8f55707aa4]::panicking::panic_handler::{closure#0}, !>
[INFO] [stdout]    9:     0x62b008af40bd - __rustc[8fa7c3cbc660c2b3]::rust_begin_unwind
[INFO] [stdout]   10:     0x62b008b2feec - core[df12db4294e9bfd3]::panicking::panic_fmt
[INFO] [stdout]   11:     0x62b008b2fcc2 - core[df12db4294e9bfd3]::result::unwrap_failed
[INFO] [stdout]   12:     0x62b008979257 - <rtkit_rs[b3650edc20b89a8f]::tests::test_make_thread_realtime::{closure#0} as core[df12db4294e9bfd3]::ops::function::FnOnce<()>>::call_once
[INFO] [stdout]   13:     0x62b0089802eb - test[9d35eded1c95d3be]::__rust_begin_short_backtrace::<core[df12db4294e9bfd3]::result::Result<(), alloc[2182bb758b4b3781]::string::String>, fn() -> core[df12db4294e9bfd3]::result::Result<(), alloc[2182bb758b4b3781]::string::String>>
[INFO] [stdout]   14:     0x62b00898d955 - test[9d35eded1c95d3be]::run_test::{closure#0}
[INFO] [stdout]   15:     0x62b008987214 - std[70759c8f55707aa4]::sys::backtrace::__rust_begin_short_backtrace::<test[9d35eded1c95d3be]::run_test::{closure#1}, ()>
[INFO] [stdout]   16:     0x62b008990ab2 - <std[70759c8f55707aa4]::thread::lifecycle::spawn_unchecked<test[9d35eded1c95d3be]::run_test::{closure#1}, ()>::{closure#1} as core[df12db4294e9bfd3]::ops::function::FnOnce<()>>::call_once::{shim:vtable#0}
[INFO] [stdout]   17:     0x62b008b17fb9 - <std[70759c8f55707aa4]::sys::thread::unix::Thread>::new::thread_start
[INFO] [stdout]   18:     0x7591557dbdfa - <unknown>
[INFO] [stdout]   19:     0x75915586f3d4 - clone
[INFO] [stdout]   20:                0x0 - <unknown>
[INFO] [stdout] 
[INFO] [stdout] ---- tests::test_make_thread_high_priority stdout ----
[INFO] [stdout] 
[INFO] [stdout] thread 'tests::test_make_thread_high_priority' (1203) panicked at src/lib.rs:239:34:
[INFO] [stdout] called `Result::unwrap()` on an `Err` value: I/O error: No such file or directory (os error 2)
[INFO] [stdout] 
[INFO] [stdout] Caused by:
[INFO] [stdout]     No such file or directory (os error 2)
[INFO] [stdout] 
[INFO] [stdout] Stack backtrace:
[INFO] [stdout]    0: <anyhow::Error as core::convert::From<zbus::error::Error>>::from
[INFO] [stdout]    1: <rtkit_rs::RTKit>::new
[INFO] [stdout]    2: <rtkit_rs::tests::test_make_thread_high_priority::{closure#0} as core::ops::function::FnOnce<()>>::call_once
[INFO] [stdout]    3: test::__rust_begin_short_backtrace::<core::result::Result<(), alloc::string::String>, fn() -> core::result::Result<(), alloc::string::String>>
[INFO] [stdout]    4: test::run_test::{closure#0}
[INFO] [stdout]    5: std::sys::backtrace::__rust_begin_short_backtrace::<test::run_test::{closure#1}, ()>
[INFO] [stdout]    6: <std::thread::lifecycle::spawn_unchecked<test::run_test::{closure#1}, ()>::{closure#1} as core::ops::function::FnOnce<()>>::call_once::{shim:vtable#0}
[INFO] [stdout]    7: <std::sys::thread::unix::Thread>::new::thread_start
[INFO] [stdout]    8: <unknown>
[INFO] [stdout]    9: clone
[INFO] [stdout] stack backtrace:
[INFO] [stdout]    0:     0x62b008b19551 - <<std[70759c8f55707aa4]::sys::backtrace::BacktraceLock>::print::DisplayBacktrace as core[df12db4294e9bfd3]::fmt::Display>::fmt
[INFO] [stdout]    1:     0x62b008b2f78a - core[df12db4294e9bfd3]::fmt::write
[INFO] [stdout]    2:     0x62b008b1e87c - <alloc[2182bb758b4b3781]::vec::Vec<u8> as core[df12db4294e9bfd3]::io::write::Write>::write_fmt
[INFO] [stdout]    3:     0x62b008af3116 - std[70759c8f55707aa4]::panicking::default_hook::{closure#0}
[INFO] [stdout]    4:     0x62b008b10999 - std[70759c8f55707aa4]::panicking::default_hook
[INFO] [stdout]    5:     0x62b00898d000 - test[9d35eded1c95d3be]::test_main_inner::<test[9d35eded1c95d3be]::test_main_static::{closure#0}>::{closure#0}
[INFO] [stdout]    6:     0x62b008b10cc2 - std[70759c8f55707aa4]::panicking::panic_with_hook
[INFO] [stdout]    7:     0x62b008af31c2 - std[70759c8f55707aa4]::panicking::panic_handler::{closure#0}
[INFO] [stdout]    8:     0x62b008aeb749 - std[70759c8f55707aa4]::sys::backtrace::__rust_end_short_backtrace::<std[70759c8f55707aa4]::panicking::panic_handler::{closure#0}, !>
[INFO] [stdout]    9:     0x62b008af40bd - __rustc[8fa7c3cbc660c2b3]::rust_begin_unwind
[INFO] [stdout]   10:     0x62b008b2feec - core[df12db4294e9bfd3]::panicking::panic_fmt
[INFO] [stdout]   11:     0x62b008b2fcc2 - core[df12db4294e9bfd3]::result::unwrap_failed
[INFO] [stdout]   12:     0x62b008979638 - <rtkit_rs[b3650edc20b89a8f]::tests::test_make_thread_high_priority::{closure#0} as core[df12db4294e9bfd3]::ops::function::FnOnce<()>>::call_once
[INFO] [stdout]   13:     0x62b0089802eb - test[9d35eded1c95d3be]::__rust_begin_short_backtrace::<core[df12db4294e9bfd3]::result::Result<(), alloc[2182bb758b4b3781]::string::String>, fn() -> core[df12db4294e9bfd3]::result::Result<(), alloc[2182bb758b4b3781]::string::String>>
[INFO] [stdout]   14:     0x62b00898d955 - test[9d35eded1c95d3be]::run_test::{closure#0}
[INFO] [stdout]   15:     0x62b008987214 - std[70759c8f55707aa4]::sys::backtrace::__rust_begin_short_backtrace::<test[9d35eded1c95d3be]::run_test::{closure#1}, ()>
[INFO] [stdout]   16:     0x62b008990ab2 - <std[70759c8f55707aa4]::thread::lifecycle::spawn_unchecked<test[9d35eded1c95d3be]::run_test::{closure#1}, ()>::{closure#1} as core[df12db4294e9bfd3]::ops::function::FnOnce<()>>::call_once::{shim:vtable#0}
[INFO] [stdout]   17:     0x62b008b17fb9 - <std[70759c8f55707aa4]::sys::thread::unix::Thread>::new::thread_start
[INFO] [stdout]   18:     0x7591557dbdfa - <unknown>
[INFO] [stdout]   19:     0x75915586f3d4 - clone
[INFO] [stdout]   20:                0x0 - <unknown>
[INFO] [stdout] 
[INFO] [stdout] ---- tests::test_make_thread_high_priority_with_pid stdout ----
[INFO] [stdout] 
[INFO] [stdout] thread 'tests::test_make_thread_high_priority_with_pid' (1204) panicked at src/lib.rs:250:34:
[INFO] [stdout] called `Result::unwrap()` on an `Err` value: I/O error: No such file or directory (os error 2)
[INFO] [stdout] 
[INFO] [stdout] Caused by:
[INFO] [stdout]     No such file or directory (os error 2)
[INFO] [stdout] 
[INFO] [stdout] Stack backtrace:
[INFO] [stdout]    0: <anyhow::Error as core::convert::From<zbus::error::Error>>::from
[INFO] [stdout]    1: <rtkit_rs::RTKit>::new
[INFO] [stdout]    2: <rtkit_rs::tests::test_make_thread_high_priority_with_pid::{closure#0} as core::ops::function::FnOnce<()>>::call_once
[INFO] [stdout]    3: test::__rust_begin_short_backtrace::<core::result::Result<(), alloc::string::String>, fn() -> core::result::Result<(), alloc::string::String>>
[INFO] [stdout]    4: test::run_test::{closure#0}
[INFO] [stdout]    5: std::sys::backtrace::__rust_begin_short_backtrace::<test::run_test::{closure#1}, ()>
[INFO] [stdout]    6: <std::thread::lifecycle::spawn_unchecked<test::run_test::{closure#1}, ()>::{closure#1} as core::ops::function::FnOnce<()>>::call_once::{shim:vtable#0}
[INFO] [stdout]    7: <std::sys::thread::unix::Thread>::new::thread_start
[INFO] [stdout]    8: <unknown>
[INFO] [stdout]    9: clone
[INFO] [stdout] stack backtrace:
[INFO] [stdout]    0:     0x62b008b19551 - <<std[70759c8f55707aa4]::sys::backtrace::BacktraceLock>::print::DisplayBacktrace as core[df12db4294e9bfd3]::fmt::Display>::fmt
[INFO] [stdout]    1:     0x62b008b2f78a - core[df12db4294e9bfd3]::fmt::write
[INFO] [stdout]    2:     0x62b008b1e87c - <alloc[2182bb758b4b3781]::vec::Vec<u8> as core[df12db4294e9bfd3]::io::write::Write>::write_fmt
[INFO] [stdout]    3:     0x62b008af3116 - std[70759c8f55707aa4]::panicking::default_hook::{closure#0}
[INFO] [stdout]    4:     0x62b008b10999 - std[70759c8f55707aa4]::panicking::default_hook
[INFO] [stdout]    5:     0x62b00898d000 - test[9d35eded1c95d3be]::test_main_inner::<test[9d35eded1c95d3be]::test_main_static::{closure#0}>::{closure#0}
[INFO] [stdout]    6:     0x62b008b10cc2 - std[70759c8f55707aa4]::panicking::panic_with_hook
[INFO] [stdout]    7:     0x62b008af31c2 - std[70759c8f55707aa4]::panicking::panic_handler::{closure#0}
[INFO] [stdout]    8:     0x62b008aeb749 - std[70759c8f55707aa4]::sys::backtrace::__rust_end_short_backtrace::<std[70759c8f55707aa4]::panicking::panic_handler::{closure#0}, !>
[INFO] [stdout]    9:     0x62b008af40bd - __rustc[8fa7c3cbc660c2b3]::rust_begin_unwind
[INFO] [stdout]   10:     0x62b008b2feec - core[df12db4294e9bfd3]::panicking::panic_fmt
[INFO] [stdout]   11:     0x62b008b2fcc2 - core[df12db4294e9bfd3]::result::unwrap_failed
[INFO] [stdout]   12:     0x62b008979d7a - <rtkit_rs[b3650edc20b89a8f]::tests::test_make_thread_high_priority_with_pid::{closure#0} as core[df12db4294e9bfd3]::ops::function::FnOnce<()>>::call_once
[INFO] [stdout]   13:     0x62b0089802eb - test[9d35eded1c95d3be]::__rust_begin_short_backtrace::<core[df12db4294e9bfd3]::result::Result<(), alloc[2182bb758b4b3781]::string::String>, fn() -> core[df12db4294e9bfd3]::result::Result<(), alloc[2182bb758b4b3781]::string::String>>
[INFO] [stdout]   14:     0x62b00898d955 - test[9d35eded1c95d3be]::run_test::{closure#0}
[INFO] [stdout]   15:     0x62b008987214 - std[70759c8f55707aa4]::sys::backtrace::__rust_begin_short_backtrace::<test[9d35eded1c95d3be]::run_test::{closure#1}, ()>
[INFO] [stdout]   16:     0x62b008990ab2 - <std[70759c8f55707aa4]::thread::lifecycle::spawn_unchecked<test[9d35eded1c95d3be]::run_test::{closure#1}, ()>::{closure#1} as core[df12db4294e9bfd3]::ops::function::FnOnce<()>>::call_once::{shim:vtable#0}
[INFO] [stdout]   17:     0x62b008b17fb9 - <std[70759c8f55707aa4]::sys::thread::unix::Thread>::new::thread_start
[INFO] [stdout]   18:     0x7591557dbdfa - <unknown>
[INFO] [stdout]   19:     0x75915586f3d4 - clone
[INFO] [stdout]   20:                0x0 - <unknown>
[INFO] [stdout] 
[INFO] [stdout] ---- tests::test_property stdout ----
[INFO] [stdout] 
[INFO] [stdout] thread 'tests::test_property' (1208) panicked at src/lib.rs:219:34:
[INFO] [stdout] called `Result::unwrap()` on an `Err` value: I/O error: No such file or directory (os error 2)
[INFO] [stdout] 
[INFO] [stdout] Caused by:
[INFO] [stdout]     No such file or directory (os error 2)
[INFO] [stdout] 
[INFO] [stdout] Stack backtrace:
[INFO] [stdout]    0: <anyhow::Error as core::convert::From<zbus::error::Error>>::from
[INFO] [stdout]    1: <rtkit_rs::RTKit>::new
[INFO] [stdout]    2: <rtkit_rs::tests::test_property::{closure#0} as core::ops::function::FnOnce<()>>::call_once
[INFO] [stdout]    3: test::__rust_begin_short_backtrace::<core::result::Result<(), alloc::string::String>, fn() -> core::result::Result<(), alloc::string::String>>
[INFO] [stdout]    4: test::run_test::{closure#0}
[INFO] [stdout]    5: std::sys::backtrace::__rust_begin_short_backtrace::<test::run_test::{closure#1}, ()>
[INFO] [stdout]    6: <std::thread::lifecycle::spawn_unchecked<test::run_test::{closure#1}, ()>::{closure#1} as core::ops::function::FnOnce<()>>::call_once::{shim:vtable#0}
[INFO] [stdout]    7: <std::sys::thread::unix::Thread>::new::thread_start
[INFO] [stdout]    8: <unknown>
[INFO] [stdout]    9: clone
[INFO] [stdout] stack backtrace:
[INFO] [stdout]    0:     0x62b008b19551 - <<std[70759c8f55707aa4]::sys::backtrace::BacktraceLock>::print::DisplayBacktrace as core[df12db4294e9bfd3]::fmt::Display>::fmt
[INFO] [stdout]    1:     0x62b008b2f78a - core[df12db4294e9bfd3]::fmt::write
[INFO] [stdout]    2:     0x62b008b1e87c - <alloc[2182bb758b4b3781]::vec::Vec<u8> as core[df12db4294e9bfd3]::io::write::Write>::write_fmt
[INFO] [stdout]    3:     0x62b008af3116 - std[70759c8f55707aa4]::panicking::default_hook::{closure#0}
[INFO] [stdout]    4:     0x62b008b10999 - std[70759c8f55707aa4]::panicking::default_hook
[INFO] [stdout]    5:     0x62b00898d000 - test[9d35eded1c95d3be]::test_main_inner::<test[9d35eded1c95d3be]::test_main_static::{closure#0}>::{closure#0}
[INFO] [stdout]    6:     0x62b008b10cc2 - std[70759c8f55707aa4]::panicking::panic_with_hook
[INFO] [stdout]    7:     0x62b008af31c2 - std[70759c8f55707aa4]::panicking::panic_handler::{closure#0}
[INFO] [stdout]    8:     0x62b008aeb749 - std[70759c8f55707aa4]::sys::backtrace::__rust_end_short_backtrace::<std[70759c8f55707aa4]::panicking::panic_handler::{closure#0}, !>
[INFO] [stdout]    9:     0x62b008af40bd - __rustc[8fa7c3cbc660c2b3]::rust_begin_unwind
[INFO] [stdout]   10:     0x62b008b2feec - core[df12db4294e9bfd3]::panicking::panic_fmt
[INFO] [stdout]   11:     0x62b008b2fcc2 - core[df12db4294e9bfd3]::result::unwrap_failed
[INFO] [stdout]   12:     0x62b008978bac - <rtkit_rs[b3650edc20b89a8f]::tests::test_property::{closure#0} as core[df12db4294e9bfd3]::ops::function::FnOnce<()>>::call_once
[INFO] [stdout]   13:     0x62b0089802eb - test[9d35eded1c95d3be]::__rust_begin_short_backtrace::<core[df12db4294e9bfd3]::result::Result<(), alloc[2182bb758b4b3781]::string::String>, fn() -> core[df12db4294e9bfd3]::result::Result<(), alloc[2182bb758b4b3781]::string::String>>
[INFO] [stdout]   14:     0x62b00898d955 - test[9d35eded1c95d3be]::run_test::{closure#0}
[INFO] [stdout]   15:     0x62b008987214 - std[70759c8f55707aa4]::sys::backtrace::__rust_begin_short_backtrace::<test[9d35eded1c95d3be]::run_test::{closure#1}, ()>
[INFO] [stdout]   16:     0x62b008990ab2 - <std[70759c8f55707aa4]::thread::lifecycle::spawn_unchecked<test[9d35eded1c95d3be]::run_test::{closure#1}, ()>::{closure#1} as core[df12db4294e9bfd3]::ops::function::FnOnce<()>>::call_once::{shim:vtable#0}
[INFO] [stdout]   17:     0x62b008b17fb9 - <std[70759c8f55707aa4]::sys::thread::unix::Thread>::new::thread_start
[INFO] [stdout]   18:     0x7591557dbdfa - <unknown>
[INFO] [stdout]   19:     0x75915586f3d4 - clone
[INFO] [stdout]   20:                0x0 - <unknown>
[INFO] [stdout] 
[INFO] [stdout] ---- tests::test_make_thread_realtime_with_pid stdout ----
[INFO] [stdout] 
[INFO] [stdout] thread 'tests::test_make_thread_realtime_with_pid' (1206) panicked at src/lib.rs:285:34:
[INFO] [stdout] called `Result::unwrap()` on an `Err` value: I/O error: No such file or directory (os error 2)
[INFO] [stdout] 
[INFO] [stdout] Caused by:
[INFO] [stdout]     No such file or directory (os error 2)
[INFO] [stdout] 
[INFO] [stdout] Stack backtrace:
[INFO] [stdout]    0: <anyhow::Error as core::convert::From<zbus::error::Error>>::from
[INFO] [stdout]    1: <rtkit_rs::RTKit>::new
[INFO] [stdout]    2: <rtkit_rs::tests::test_make_thread_realtime_with_pid::{closure#0} as core::ops::function::FnOnce<()>>::call_once
[INFO] [stdout]    3: test::__rust_begin_short_backtrace::<core::result::Result<(), alloc::string::String>, fn() -> core::result::Result<(), alloc::string::String>>
[INFO] [stdout]    4: test::run_test::{closure#0}
[INFO] [stdout]    5: std::sys::backtrace::__rust_begin_short_backtrace::<test::run_test::{closure#1}, ()>
[INFO] [stdout]    6: <std::thread::lifecycle::spawn_unchecked<test::run_test::{closure#1}, ()>::{closure#1} as core::ops::function::FnOnce<()>>::call_once::{shim:vtable#0}
[INFO] [stdout]    7: <std::sys::thread::unix::Thread>::new::thread_start
[INFO] [stdout]    8: <unknown>
[INFO] [stdout]    9: clone
[INFO] [stdout] stack backtrace:
[INFO] [stdout]    0:     0x62b008b19551 - <<std[70759c8f55707aa4]::sys::backtrace::BacktraceLock>::print::DisplayBacktrace as core[df12db4294e9bfd3]::fmt::Display>::fmt
[INFO] [stdout]    1:     0x62b008b2f78a - core[df12db4294e9bfd3]::fmt::write
[INFO] [stdout]    2:     0x62b008b1e87c - <alloc[2182bb758b4b3781]::vec::Vec<u8> as core[df12db4294e9bfd3]::io::write::Write>::write_fmt
[INFO] [stdout]    3:     0x62b008af3116 - std[70759c8f55707aa4]::panicking::default_hook::{closure#0}
[INFO] [stdout]    4:     0x62b008b10999 - std[70759c8f55707aa4]::panicking::default_hook
[INFO] [stdout]    5:     0x62b00898d000 - test[9d35eded1c95d3be]::test_main_inner::<test[9d35eded1c95d3be]::test_main_static::{closure#0}>::{closure#0}
[INFO] [stdout]    6:     0x62b008b10cc2 - std[70759c8f55707aa4]::panicking::panic_with_hook
[INFO] [stdout]    7:     0x62b008af31c2 - std[70759c8f55707aa4]::panicking::panic_handler::{closure#0}
[INFO] [stdout]    8:     0x62b008aeb749 - std[70759c8f55707aa4]::sys::backtrace::__rust_end_short_backtrace::<std[70759c8f55707aa4]::panicking::panic_handler::{closure#0}, !>
[INFO] [stdout]    9:     0x62b008af40bd - __rustc[8fa7c3cbc660c2b3]::rust_begin_unwind
[INFO] [stdout]   10:     0x62b008b2feec - core[df12db4294e9bfd3]::panicking::panic_fmt
[INFO] [stdout]   11:     0x62b008b2fcc2 - core[df12db4294e9bfd3]::result::unwrap_failed
[INFO] [stdout]   12:     0x62b0089799c5 - <rtkit_rs[b3650edc20b89a8f]::tests::test_make_thread_realtime_with_pid::{closure#0} as core[df12db4294e9bfd3]::ops::function::FnOnce<()>>::call_once
[INFO] [stdout]   13:     0x62b0089802eb - test[9d35eded1c95d3be]::__rust_begin_short_backtrace::<core[df12db4294e9bfd3]::result::Result<(), alloc[2182bb758b4b3781]::string::String>, fn() -> core[df12db4294e9bfd3]::result::Result<(), alloc[2182bb758b4b3781]::string::String>>
[INFO] [stdout]   14:     0x62b00898d955 - test[9d35eded1c95d3be]::run_test::{closure#0}
[INFO] [stdout]   15:     0x62b008987214 - std[70759c8f55707aa4]::sys::backtrace::__rust_begin_short_backtrace::<test[9d35eded1c95d3be]::run_test::{closure#1}, ()>
[INFO] [stdout]   16:     0x62b008990ab2 - <std[70759c8f55707aa4]::thread::lifecycle::spawn_unchecked<test[9d35eded1c95d3be]::run_test::{closure#1}, ()>::{closure#1} as core[df12db4294e9bfd3]::ops::function::FnOnce<()>>::call_once::{shim:vtable#0}
[INFO] [stdout]   17:     0x62b008b17fb9 - <std[70759c8f55707aa4]::sys::thread::unix::Thread>::new::thread_start
[INFO] [stdout]   18:     0x7591557dbdfa - <unknown>
[INFO] [stdout]   19:     0x75915586f3d4 - clone
[INFO] [stdout]   20:                0x0 - <unknown>
[INFO] [stdout] 
[INFO] [stdout] 
[INFO] [stdout] failures:
[INFO] [stdout]     tests::test_make_thread_high_priority
[INFO] [stdout]     tests::test_make_thread_high_priority_with_pid
[INFO] [stdout]     tests::test_make_thread_realtime
[INFO] [stdout]     tests::test_make_thread_realtime_with_pid
[INFO] [stdout]     tests::test_property
[INFO] [stdout] 
[INFO] [stdout] test result: FAILED. 2 passed; 5 failed; 0 ignored; 0 measured; 0 filtered out; finished in 0.01s
[INFO] [stdout] 
[INFO] [stderr] error: test failed, to rerun pass `--lib`
[INFO] running `Command { std: "docker" "inspect" "17487d32833f4298ea762e09db5c3b84f7466d6966b9b1202f929a300adc6a7b", kill_on_drop: false }`
[INFO] running `Command { std: "docker" "rm" "-f" "17487d32833f4298ea762e09db5c3b84f7466d6966b9b1202f929a300adc6a7b", kill_on_drop: false }`
[INFO] [stdout] 17487d32833f4298ea762e09db5c3b84f7466d6966b9b1202f929a300adc6a7b
