[INFO] fetching crate rticx-rp2040-macro 0.2.1...
[INFO] testing rticx-rp2040-macro-0.2.1 against 1.100.0-beta.1+cargoflags=--release for beta-release-1.100-2
[INFO] extracting crate rticx-rp2040-macro 0.2.1 into /workspace/builds/worker-5-tc2/source
[INFO] started tweaking crates.io crate rticx-rp2040-macro 0.2.1
[INFO] finished tweaking crates.io crate rticx-rp2040-macro 0.2.1
[INFO] tweaked toml for crates.io crate rticx-rp2040-macro 0.2.1 written to /workspace/builds/worker-5-tc2/source/Cargo.toml
[INFO] validating manifest of crates.io crate rticx-rp2040-macro 0.2.1 on toolchain 1.100.0-beta.1
[INFO] running `Command { std: CARGO_HOME="/workspace/cargo-home" RUSTUP_HOME="/workspace/rustup-home" "/workspace/cargo-home/bin/cargo" "+1.100.0-beta.1" "metadata" "--manifest-path" "Cargo.toml" "--no-deps", kill_on_drop: false }`
[INFO] crate crates.io crate rticx-rp2040-macro 0.2.1 already has a lockfile, it will not be regenerated
[INFO] running `Command { std: CARGO_HOME="/workspace/cargo-home" RUSTUP_HOME="/workspace/rustup-home" "/workspace/cargo-home/bin/cargo" "+1.100.0-beta.1" "fetch" "--manifest-path" "Cargo.toml", kill_on_drop: false }`
[INFO] running `Command { std: "docker" "create" "-v" "/var/lib/crater-agent-workspace/builds/worker-5-tc2/source:/opt/rustwide/workdir:ro,Z" "-v" "/var/lib/crater-agent-workspace/builds/worker-5-tc2/target:/opt/rustwide/target:rw,Z" "-v" "/var/lib/crater-agent-workspace/cargo-home:/opt/rustwide/cargo-home:ro,Z" "-v" "/var/lib/crater-agent-workspace/rustup-home:/opt/rustwide/rustup-home:ro,Z" "-m" "1610612736" "--network" "none" "ghcr.io/rust-lang/crates-build-env/linux@sha256:77db811e55d90add9212f6832c23229e3de5f1c1f9905e8cb07319ea15df73ac" "sleep" "infinity", kill_on_drop: false }`
[INFO] [stdout] 58d8a32971743b54a2d555d49ece1b368656f0676e8ec5a50f43f1e3decebbcd
[INFO] running `Command { std: "docker" "start" "58d8a32971743b54a2d555d49ece1b368656f0676e8ec5a50f43f1e3decebbcd", kill_on_drop: false }`
[INFO] running `Command { std: "docker" "inspect" "58d8a32971743b54a2d555d49ece1b368656f0676e8ec5a50f43f1e3decebbcd", kill_on_drop: false }`
[INFO] running `Command { std: "docker" "exec" "-e" "SOURCE_DIR=/opt/rustwide/workdir" "-e" "CARGO_HOME=/opt/rustwide/cargo-home" "-e" "RUSTUP_HOME=/opt/rustwide/rustup-home" "-e" "CARGO_TARGET_DIR=/opt/rustwide/target" "-w" "/opt/rustwide/workdir" "--user" "0:0" "58d8a32971743b54a2d555d49ece1b368656f0676e8ec5a50f43f1e3decebbcd" "/opt/rustwide/cargo-home/bin/cargo" "+1.100.0-beta.1" "metadata" "--no-deps" "--format-version=1", kill_on_drop: false }`
[INFO] running `Command { std: "docker" "inspect" "58d8a32971743b54a2d555d49ece1b368656f0676e8ec5a50f43f1e3decebbcd", kill_on_drop: false }`
[INFO] running `Command { std: "docker" "exec" "-e" "SOURCE_DIR=/opt/rustwide/workdir" "-e" "CARGO_HOME=/opt/rustwide/cargo-home" "-e" "RUSTUP_HOME=/opt/rustwide/rustup-home" "-e" "CARGO_TARGET_DIR=/opt/rustwide/target" "-e" "CARGO_INCREMENTAL=0" "-e" "RUST_BACKTRACE=full" "-e" "RUSTFLAGS=--cap-lints=warn" "-e" "RUSTDOCFLAGS=--cap-lints=warn" "-w" "/opt/rustwide/workdir" "--user" "0:0" "58d8a32971743b54a2d555d49ece1b368656f0676e8ec5a50f43f1e3decebbcd" "/opt/rustwide/cargo-home/bin/cargo" "+1.100.0-beta.1" "build" "--frozen" "--message-format=json" "--release", kill_on_drop: false }`
[INFO] [stderr]    Compiling bitflags v2.13.1
[INFO] [stderr]    Compiling once_cell v1.21.4
[INFO] [stderr]    Compiling fastrand v2.5.0
[INFO] [stderr]    Compiling getrandom v0.4.3
[INFO] [stderr]    Compiling rticx-spsc v0.2.0
[INFO] [stderr]    Compiling syn v2.0.119
[INFO] [stderr]    Compiling rustix v1.1.4
[INFO] [stderr]    Compiling tempfile v3.27.0
[INFO] [stderr]    Compiling darling_core v0.20.11
[INFO] [stderr]    Compiling thiserror-impl v1.0.69
[INFO] [stderr]    Compiling thiserror v1.0.69
[INFO] [stderr]    Compiling darling_macro v0.20.11
[INFO] [stderr]    Compiling darling v0.20.11
[INFO] [stderr]    Compiling derive_builder_core v0.20.2
[INFO] [stderr]    Compiling derive_builder_macro v0.20.2
[INFO] [stderr]    Compiling derive_builder v0.20.2
[INFO] [stderr]    Compiling rticx-core v0.2.0
[INFO] [stderr]    Compiling rticx-sw-pass v0.2.0
[INFO] [stderr]    Compiling rticx-auto-assign v0.2.0
[INFO] [stderr]    Compiling rticx-async-pass v0.2.1
[INFO] [stderr]    Compiling rticx-rp2040-macro v0.2.1 (/opt/rustwide/workdir)
[INFO] [stderr]     Finished `release` profile [optimized] target(s) in 14.18s
[INFO] running `Command { std: "docker" "inspect" "58d8a32971743b54a2d555d49ece1b368656f0676e8ec5a50f43f1e3decebbcd", kill_on_drop: false }`
[INFO] running `Command { std: "docker" "exec" "-e" "SOURCE_DIR=/opt/rustwide/workdir" "-e" "CARGO_HOME=/opt/rustwide/cargo-home" "-e" "RUSTUP_HOME=/opt/rustwide/rustup-home" "-e" "CARGO_TARGET_DIR=/opt/rustwide/target" "-e" "CARGO_INCREMENTAL=0" "-e" "RUST_BACKTRACE=full" "-e" "RUSTFLAGS=--cap-lints=warn" "-e" "RUSTDOCFLAGS=--cap-lints=warn" "-w" "/opt/rustwide/workdir" "--user" "0:0" "58d8a32971743b54a2d555d49ece1b368656f0676e8ec5a50f43f1e3decebbcd" "/opt/rustwide/cargo-home/bin/cargo" "+1.100.0-beta.1" "test" "--frozen" "--no-run" "--message-format=json" "--release", kill_on_drop: false }`
[INFO] [stderr]    Compiling rticx-rp2040-macro v0.2.1 (/opt/rustwide/workdir)
[INFO] [stderr]     Finished `release` profile [optimized] target(s) in 0.71s
[INFO] running `Command { std: "docker" "inspect" "58d8a32971743b54a2d555d49ece1b368656f0676e8ec5a50f43f1e3decebbcd", kill_on_drop: false }`
[INFO] running `Command { std: "docker" "exec" "-e" "SOURCE_DIR=/opt/rustwide/workdir" "-e" "CARGO_HOME=/opt/rustwide/cargo-home" "-e" "RUSTUP_HOME=/opt/rustwide/rustup-home" "-e" "CARGO_TARGET_DIR=/opt/rustwide/target" "-e" "CARGO_INCREMENTAL=0" "-e" "RUST_BACKTRACE=full" "-e" "RUSTFLAGS=--cap-lints=warn" "-e" "RUSTDOCFLAGS=--cap-lints=warn" "-w" "/opt/rustwide/workdir" "--user" "0:0" "58d8a32971743b54a2d555d49ece1b368656f0676e8ec5a50f43f1e3decebbcd" "/opt/rustwide/cargo-home/bin/cargo" "+1.100.0-beta.1" "test" "--frozen" "--release", kill_on_drop: false }`
[INFO] [stderr]     Finished `release` profile [optimized] target(s) in 0.04s
[INFO] [stderr]      Running unittests src/lib.rs (/opt/rustwide/target/release/build/rticx-rp2040-macro/d65d1928d27644b0/out/rticx_rp2040_macro-d65d1928d27644b0)
[INFO] [stderr]    Doc-tests rticx_rp2040_macro
[INFO] [stdout] 
[INFO] [stdout] running 0 tests
[INFO] [stdout] 
[INFO] [stdout] test result: ok. 0 passed; 0 failed; 0 ignored; 0 measured; 0 filtered out; finished in 0.00s
[INFO] [stdout] 
[INFO] [stdout] 
[INFO] [stdout] running 1 test
[INFO] [stdout] test src/../README_lib.md - app (line 31) ... FAILED
[INFO] [stdout] 
[INFO] [stdout] failures:
[INFO] [stdout] 
[INFO] [stdout] ---- src/../README_lib.md - app (line 31) stdout ----
[INFO] [stdout] error[E0433]: cannot find module or crate `rticx_rp2040` in this scope
[INFO] [stdout]   --> src/../README_lib.md:33:3
[INFO] [stdout]    |
[INFO] [stdout] 33 | #[rticx_rp2040::app(device = rp2040_hal::pac, cores = 2, core1_stack = 8192)]
[INFO] [stdout]    |   ^^^^^^^^^^^^ use of unresolved module or unlinked crate `rticx_rp2040`
[INFO] [stdout] 
[INFO] [stdout] error: aborting due to 1 previous error
[INFO] [stdout] 
[INFO] [stdout] For more information about this error, try `rustc --explain E0433`.
[INFO] [stdout] Couldn't compile the test.
[INFO] [stdout] 
[INFO] [stdout] failures:
[INFO] [stdout]     src/../README_lib.md - app (line 31)
[INFO] [stdout] 
[INFO] [stdout] test result: FAILED. 0 passed; 1 failed; 0 ignored; 0 measured; 0 filtered out; finished in 0.04s
[INFO] [stdout] 
[INFO] [stdout] all doctests ran in 0.07s; merged doctests compilation took 0.03s
[INFO] [stderr] error: doctest failed, to rerun pass `--doc`
[INFO] running `Command { std: "docker" "inspect" "58d8a32971743b54a2d555d49ece1b368656f0676e8ec5a50f43f1e3decebbcd", kill_on_drop: false }`
[INFO] running `Command { std: "docker" "rm" "-f" "58d8a32971743b54a2d555d49ece1b368656f0676e8ec5a50f43f1e3decebbcd", kill_on_drop: false }`
[INFO] [stdout] 58d8a32971743b54a2d555d49ece1b368656f0676e8ec5a50f43f1e3decebbcd
