[INFO] fetching crate rsx-macro 0.1.0...
[INFO] testing rsx-macro-0.1.0 against 1.100.0-beta.1+cargoflags=--release for beta-release-1.100-2
[INFO] extracting crate rsx-macro 0.1.0 into /workspace/builds/worker-6-tc2/source
[INFO] started tweaking crates.io crate rsx-macro 0.1.0
[INFO] finished tweaking crates.io crate rsx-macro 0.1.0
[INFO] tweaked toml for crates.io crate rsx-macro 0.1.0 written to /workspace/builds/worker-6-tc2/source/Cargo.toml
[INFO] validating manifest of crates.io crate rsx-macro 0.1.0 on toolchain 1.100.0-beta.1
[INFO] running `Command { std: CARGO_HOME="/workspace/cargo-home" RUSTUP_HOME="/workspace/rustup-home" "/workspace/cargo-home/bin/cargo" "+1.100.0-beta.1" "metadata" "--manifest-path" "Cargo.toml" "--no-deps", kill_on_drop: false }`
[INFO] crate crates.io crate rsx-macro 0.1.0 already has a lockfile, it will not be regenerated
[INFO] running `Command { std: CARGO_HOME="/workspace/cargo-home" RUSTUP_HOME="/workspace/rustup-home" "/workspace/cargo-home/bin/cargo" "+1.100.0-beta.1" "fetch" "--manifest-path" "Cargo.toml", kill_on_drop: false }`
[INFO] running `Command { std: "docker" "create" "-v" "/var/lib/crater-agent-workspace/builds/worker-6-tc2/source:/opt/rustwide/workdir:ro,Z" "-v" "/var/lib/crater-agent-workspace/builds/worker-6-tc2/target:/opt/rustwide/target:rw,Z" "-v" "/var/lib/crater-agent-workspace/cargo-home:/opt/rustwide/cargo-home:ro,Z" "-v" "/var/lib/crater-agent-workspace/rustup-home:/opt/rustwide/rustup-home:ro,Z" "-m" "1610612736" "--network" "none" "ghcr.io/rust-lang/crates-build-env/linux@sha256:77db811e55d90add9212f6832c23229e3de5f1c1f9905e8cb07319ea15df73ac" "sleep" "infinity", kill_on_drop: false }`
[INFO] [stdout] 3046bb800e983869a47115f490c737d1d51d1c7254bb0bba80970a2946d8aed7
[INFO] running `Command { std: "docker" "start" "3046bb800e983869a47115f490c737d1d51d1c7254bb0bba80970a2946d8aed7", kill_on_drop: false }`
[INFO] running `Command { std: "docker" "inspect" "3046bb800e983869a47115f490c737d1d51d1c7254bb0bba80970a2946d8aed7", kill_on_drop: false }`
[INFO] running `Command { std: "docker" "exec" "-e" "SOURCE_DIR=/opt/rustwide/workdir" "-e" "CARGO_HOME=/opt/rustwide/cargo-home" "-e" "RUSTUP_HOME=/opt/rustwide/rustup-home" "-e" "CARGO_TARGET_DIR=/opt/rustwide/target" "-w" "/opt/rustwide/workdir" "--user" "0:0" "3046bb800e983869a47115f490c737d1d51d1c7254bb0bba80970a2946d8aed7" "/opt/rustwide/cargo-home/bin/cargo" "+1.100.0-beta.1" "metadata" "--no-deps" "--format-version=1", kill_on_drop: false }`
[INFO] running `Command { std: "docker" "inspect" "3046bb800e983869a47115f490c737d1d51d1c7254bb0bba80970a2946d8aed7", kill_on_drop: false }`
[INFO] running `Command { std: "docker" "exec" "-e" "SOURCE_DIR=/opt/rustwide/workdir" "-e" "CARGO_HOME=/opt/rustwide/cargo-home" "-e" "RUSTUP_HOME=/opt/rustwide/rustup-home" "-e" "CARGO_TARGET_DIR=/opt/rustwide/target" "-e" "CARGO_INCREMENTAL=0" "-e" "RUST_BACKTRACE=full" "-e" "RUSTFLAGS=--cap-lints=warn" "-e" "RUSTDOCFLAGS=--cap-lints=warn" "-w" "/opt/rustwide/workdir" "--user" "0:0" "3046bb800e983869a47115f490c737d1d51d1c7254bb0bba80970a2946d8aed7" "/opt/rustwide/cargo-home/bin/cargo" "+1.100.0-beta.1" "build" "--frozen" "--message-format=json" "--release", kill_on_drop: false }`
[INFO] [stderr]    Compiling unicode-ident v1.0.19
[INFO] [stderr]    Compiling serde_core v1.0.226
[INFO] [stderr]    Compiling hashbrown v0.16.0
[INFO] [stderr]    Compiling proc-macro2 v1.0.101
[INFO] [stderr]    Compiling quote v1.0.40
[INFO] [stderr]    Compiling syn v2.0.106
[INFO] [stderr]    Compiling indexmap v2.11.4
[INFO] [stderr]    Compiling rsx-macro v0.1.0 (/opt/rustwide/workdir)
[INFO] [stdout] warning: function `try_parse_braced_expression` is never used
[INFO] [stdout]    --> src/lib.rs:254:4
[INFO] [stdout]     |
[INFO] [stdout] 254 | fn try_parse_braced_expression(input: syn::parse::ParseStream) -> syn::Result<Option<Expr>> {
[INFO] [stdout]     |    ^^^^^^^^^^^^^^^^^^^^^^^^^^^
[INFO] [stdout]     |
[INFO] [stdout]     = note: `#[warn(dead_code)]` (part of `#[warn(unused)]`) on by default
[INFO] [stdout] 
[INFO] [stdout] 
[INFO] [stderr] warning: unused dependency `indexmap`
[INFO] [stderr]  --> Cargo.toml:1:15
[INFO] [stderr]   |
[INFO] [stderr] 1 | [dependencies.indexmap]
[INFO] [stderr]   |               ^^^^^^^^^
[INFO] [stderr]   |
[INFO] [stderr]   = note: `cargo::unused_dependencies` is set to `warn` by default
[INFO] [stderr] help: consider removing the dependency on `indexmap`
[INFO] [stderr] warning: `rsx-macro` (manifest) generated 1 warning
[INFO] [stderr]     Finished `release` profile [optimized] target(s) in 7.52s
[INFO] running `Command { std: "docker" "inspect" "3046bb800e983869a47115f490c737d1d51d1c7254bb0bba80970a2946d8aed7", kill_on_drop: false }`
[INFO] running `Command { std: "docker" "exec" "-e" "SOURCE_DIR=/opt/rustwide/workdir" "-e" "CARGO_HOME=/opt/rustwide/cargo-home" "-e" "RUSTUP_HOME=/opt/rustwide/rustup-home" "-e" "CARGO_TARGET_DIR=/opt/rustwide/target" "-e" "CARGO_INCREMENTAL=0" "-e" "RUST_BACKTRACE=full" "-e" "RUSTFLAGS=--cap-lints=warn" "-e" "RUSTDOCFLAGS=--cap-lints=warn" "-w" "/opt/rustwide/workdir" "--user" "0:0" "3046bb800e983869a47115f490c737d1d51d1c7254bb0bba80970a2946d8aed7" "/opt/rustwide/cargo-home/bin/cargo" "+1.100.0-beta.1" "test" "--frozen" "--no-run" "--message-format=json" "--release", kill_on_drop: false }`
[INFO] [stderr]    Compiling rsx-macro v0.1.0 (/opt/rustwide/workdir)
[INFO] [stdout] warning: function `try_parse_braced_expression` is never used
[INFO] [stdout]    --> src/lib.rs:254:4
[INFO] [stdout]     |
[INFO] [stdout] 254 | fn try_parse_braced_expression(input: syn::parse::ParseStream) -> syn::Result<Option<Expr>> {
[INFO] [stdout]     |    ^^^^^^^^^^^^^^^^^^^^^^^^^^^
[INFO] [stdout]     |
[INFO] [stdout]     = note: `#[warn(dead_code)]` (part of `#[warn(unused)]`) on by default
[INFO] [stdout] 
[INFO] [stdout] 
[INFO] [stdout] warning: unused variable: `attrs`
[INFO] [stdout]   --> src/jsx_tests.rs:50:21
[INFO] [stdout]    |
[INFO] [stdout] 50 |                     attrs,
[INFO] [stdout]    |                     ^^^^^ help: try ignoring the field: `attrs: _`
[INFO] [stdout]    |
[INFO] [stdout]    = note: `#[warn(unused_variables)]` (part of `#[warn(unused)]`) on by default
[INFO] [stdout] 
[INFO] [stdout] 
[INFO] [stdout] warning: unused variable: `children`
[INFO] [stdout]   --> src/jsx_tests.rs:85:21
[INFO] [stdout]    |
[INFO] [stdout] 85 |                     children,
[INFO] [stdout]    |                     ^^^^^^^^ help: try ignoring the field: `children: _`
[INFO] [stdout] 
[INFO] [stdout] 
[INFO] [stdout] warning: unused variable: `children`
[INFO] [stdout]    --> src/jsx_tests.rs:120:21
[INFO] [stdout]     |
[INFO] [stdout] 120 |                     children,
[INFO] [stdout]     |                     ^^^^^^^^ help: try ignoring the field: `children: _`
[INFO] [stdout] 
[INFO] [stdout] 
[INFO] [stdout] warning: unused variable: `attrs`
[INFO] [stdout]    --> src/jsx_tests.rs:161:21
[INFO] [stdout]     |
[INFO] [stdout] 161 |                     attrs,
[INFO] [stdout]     |                     ^^^^^ help: try ignoring the field: `attrs: _`
[INFO] [stdout] 
[INFO] [stdout] 
[INFO] [stdout] warning: unused variable: `jsx_input`
[INFO] [stdout]    --> src/jsx_tests.rs:355:16
[INFO] [stdout]     |
[INFO] [stdout] 355 |             Ok(jsx_input) => {
[INFO] [stdout]     |                ^^^^^^^^^ help: if this is intentional, prefix it with an underscore: `_jsx_input`
[INFO] [stdout] 
[INFO] [stdout] 
[INFO] [stdout] warning: unused variable: `jsx_input`
[INFO] [stdout]    --> src/jsx_tests.rs:431:16
[INFO] [stdout]     |
[INFO] [stdout] 431 |             Ok(jsx_input) => {
[INFO] [stdout]     |                ^^^^^^^^^ help: if this is intentional, prefix it with an underscore: `_jsx_input`
[INFO] [stdout] 
[INFO] [stdout] 
[INFO] [stdout] warning: function `try_parse_braced_expression` is never used
[INFO] [stdout]    --> src/lib.rs:254:4
[INFO] [stdout]     |
[INFO] [stdout] 254 | fn try_parse_braced_expression(input: syn::parse::ParseStream) -> syn::Result<Option<Expr>> {
[INFO] [stdout]     |    ^^^^^^^^^^^^^^^^^^^^^^^^^^^
[INFO] [stdout]     |
[INFO] [stdout]     = note: `#[warn(dead_code)]` (part of `#[warn(unused)]`) on by default
[INFO] [stdout] 
[INFO] [stdout] 
[INFO] [stderr] warning: unused dependency `indexmap`
[INFO] [stderr]  --> Cargo.toml:1:15
[INFO] [stderr]   |
[INFO] [stderr] 1 | [dependencies.indexmap]
[INFO] [stderr]   |               ^^^^^^^^^
[INFO] [stderr]   |
[INFO] [stderr]   = note: `cargo::unused_dependencies` is set to `warn` by default
[INFO] [stderr] help: consider removing the dependency on `indexmap`
[INFO] [stderr] warning: `rsx-macro` (manifest) generated 1 warning
[INFO] [stderr]     Finished `release` profile [optimized] target(s) in 5.13s
[INFO] running `Command { std: "docker" "inspect" "3046bb800e983869a47115f490c737d1d51d1c7254bb0bba80970a2946d8aed7", kill_on_drop: false }`
[INFO] running `Command { std: "docker" "exec" "-e" "SOURCE_DIR=/opt/rustwide/workdir" "-e" "CARGO_HOME=/opt/rustwide/cargo-home" "-e" "RUSTUP_HOME=/opt/rustwide/rustup-home" "-e" "CARGO_TARGET_DIR=/opt/rustwide/target" "-e" "CARGO_INCREMENTAL=0" "-e" "RUST_BACKTRACE=full" "-e" "RUSTFLAGS=--cap-lints=warn" "-e" "RUSTDOCFLAGS=--cap-lints=warn" "-w" "/opt/rustwide/workdir" "--user" "0:0" "3046bb800e983869a47115f490c737d1d51d1c7254bb0bba80970a2946d8aed7" "/opt/rustwide/cargo-home/bin/cargo" "+1.100.0-beta.1" "test" "--frozen" "--release", kill_on_drop: false }`
[INFO] [stderr] warning: function `try_parse_braced_expression` is never used
[INFO] [stderr]    --> src/lib.rs:254:4
[INFO] [stderr]     |
[INFO] [stderr] 254 | fn try_parse_braced_expression(input: syn::parse::ParseStream) -> syn::Result<Option<Expr>> {
[INFO] [stderr]     |    ^^^^^^^^^^^^^^^^^^^^^^^^^^^
[INFO] [stderr]     |
[INFO] [stderr]     = note: `#[warn(dead_code)]` (part of `#[warn(unused)]`) on by default
[INFO] [stderr] 
[INFO] [stderr] warning: unused variable: `attrs`
[INFO] [stderr]   --> src/jsx_tests.rs:50:21
[INFO] [stderr]    |
[INFO] [stderr] 50 |                     attrs,
[INFO] [stderr]    |                     ^^^^^ help: try ignoring the field: `attrs: _`
[INFO] [stderr]    |
[INFO] [stderr]    = note: `#[warn(unused_variables)]` (part of `#[warn(unused)]`) on by default
[INFO] [stderr] 
[INFO] [stderr] warning: unused variable: `children`
[INFO] [stderr]   --> src/jsx_tests.rs:85:21
[INFO] [stderr]    |
[INFO] [stderr] 85 |                     children,
[INFO] [stderr]    |                     ^^^^^^^^ help: try ignoring the field: `children: _`
[INFO] [stderr] 
[INFO] [stderr] warning: unused variable: `children`
[INFO] [stderr]    --> src/jsx_tests.rs:120:21
[INFO] [stderr]     |
[INFO] [stderr] 120 |                     children,
[INFO] [stderr]     |                     ^^^^^^^^ help: try ignoring the field: `children: _`
[INFO] [stderr] 
[INFO] [stderr] warning: unused variable: `attrs`
[INFO] [stderr]    --> src/jsx_tests.rs:161:21
[INFO] [stderr]     |
[INFO] [stderr] 161 |                     attrs,
[INFO] [stderr]     |                     ^^^^^ help: try ignoring the field: `attrs: _`
[INFO] [stderr] 
[INFO] [stderr] warning: unused variable: `jsx_input`
[INFO] [stderr]    --> src/jsx_tests.rs:355:16
[INFO] [stderr]     |
[INFO] [stderr] 355 |             Ok(jsx_input) => {
[INFO] [stderr]     |                ^^^^^^^^^ help: if this is intentional, prefix it with an underscore: `_jsx_input`
[INFO] [stderr] 
[INFO] [stderr] warning: unused variable: `jsx_input`
[INFO] [stderr]    --> src/jsx_tests.rs:431:16
[INFO] [stderr]     |
[INFO] [stderr] 431 |             Ok(jsx_input) => {
[INFO] [stderr]     |                ^^^^^^^^^ help: if this is intentional, prefix it with an underscore: `_jsx_input`
[INFO] [stderr] 
[INFO] [stderr] warning: `rsx-macro` (lib) generated 1 warning
[INFO] [stderr] warning: `rsx-macro` (lib test) generated 7 warnings (1 duplicate) (run `cargo fix --lib -p rsx-macro --tests` to apply 6 suggestions)
[INFO] [stderr] warning: unused dependency `indexmap`
[INFO] [stderr]  --> Cargo.toml:1:15
[INFO] [stderr]   |
[INFO] [stderr] 1 | [dependencies.indexmap]
[INFO] [stderr]   |               ^^^^^^^^^
[INFO] [stderr]   |
[INFO] [stderr]   = note: `cargo::unused_dependencies` is set to `warn` by default
[INFO] [stderr] help: consider removing the dependency on `indexmap`
[INFO] [stderr] warning: `rsx-macro` (manifest) generated 1 warning
[INFO] [stderr]     Finished `release` profile [optimized] target(s) in 0.03s
[INFO] [stderr]      Running unittests src/lib.rs (/opt/rustwide/target/release/build/rsx-macro/96ed4697663bc9f0/out/rsx_macro-96ed4697663bc9f0)
[INFO] [stdout] 
[INFO] [stdout] running 26 tests
[INFO] [stdout] test complex_closure_tests::complex_closure_tests::test_complex_closure_with_let_binding ... ok
[INFO] [stdout] test jsx_tests::assumption_tests::test_token_breakdown ... ok
[INFO] [stdout] test jsx_tests::error_isolation_tests::test_basic_syn_parsing ... ok
[INFO] [stdout] test jsx_tests::error_isolation_tests::test_debug_rsx_input_failure ... ok
[INFO] [stdout] test jsx_tests::assumption_tests::test_syn_angle_bracket_parsing ... ok
[INFO] [stdout] test jsx_tests::assumption_tests::test_syn_identifier_parsing ... ok
[INFO] [stdout] test complex_closure_tests::complex_closure_tests::test_exact_macro_input_pattern ... ok
[INFO] [stdout] test complex_closure_tests::complex_closure_tests::test_attribute_block_expression_parsing ... ok
[INFO] [stdout] test jsx_tests::assumption_tests::test_syn_brace_parsing ... ok
[INFO] [stdout] test complex_closure_tests::complex_closure_tests::test_simple_vs_complex_closures ... ok
[INFO] [stdout] test jsx_tests::integration_tests::test_exact_counter_structure ... ok
[INFO] [stdout] test jsx_tests::integration_tests::test_method_call_expression ... ok
[INFO] [stdout] test jsx_tests::jsx_parser_tests::test_parse_button_with_onclick ... ok
[INFO] [stdout] test jsx_tests::reliability_tests::test_edge_cases ... ok
[INFO] [stdout] test jsx_tests::reliability_tests::test_malformed_jsx_errors ... ok
[INFO] [stdout] test jsx_tests::jsx_parser_tests::test_parse_simple_div ... ok
[INFO] [stdout] test jsx_tests::integration_tests::test_complex_closure_expression ... ok
[INFO] [stdout] test jsx_tests::jsx_parser_tests::test_debug_token_stream ... ok
[INFO] [stdout] test jsx_tests::jsx_parser_tests::test_parse_button_with_expression ... ok
[INFO] [stdout] test jsx_tests::jsx_parser_tests::test_parse_div_with_text ... ok
[INFO] [stdout] test jsx_tests::jsx_parser_tests::test_target_jsx_syntax ... ok
[INFO] [stdout] test jsx_tests::jsx_parser_tests::test_parse_nested_elements ... ok
[INFO] [stdout] test jsx_tests::integration_tests::test_multiline_closure_with_let_binding ... ok
[INFO] [stdout] test jsx_tests::jsx_emitter_tests::test_emit_simple_element ... FAILED
[INFO] [stdout] test jsx_tests::jsx_emitter_tests::test_emit_button_with_onclick ... FAILED
[INFO] [stdout] test jsx_tests::integration_tests::test_rsx_macro_simple ... FAILED
[INFO] [stdout] 
[INFO] [stdout] failures:
[INFO] [stdout] 
[INFO] [stdout] ---- jsx_tests::jsx_emitter_tests::test_emit_simple_element stdout ----
[INFO] [stdout] Emitted code: rsx_core :: h ("div" , { let mut map = indexmap :: IndexMap :: new () ; map } , vec ! [rsx_core :: text ("Hello")])
[INFO] [stdout] 
[INFO] [stdout] thread 'jsx_tests::jsx_emitter_tests::test_emit_simple_element' (332) panicked at src/jsx_tests.rs:261:9:
[INFO] [stdout] assertion failed: code.contains("rsx_core::h")
[INFO] [stdout] stack backtrace:
[INFO] [stdout]    0:     0x7964586498c1 - std[617be2ca0a6fd877]::backtrace_rs::backtrace::libunwind::trace
[INFO] [stdout]                                at /rustc/e3feeb59cd1bdd011a2bfcc0747b55125d9b8527/library/std/src/../../backtrace/src/backtrace/libunwind.rs:117:9
[INFO] [stdout]    1:     0x7964586498c1 - std[617be2ca0a6fd877]::backtrace_rs::backtrace::trace_unsynchronized::<std[617be2ca0a6fd877]::sys::backtrace::_print_fmt::{closure#1}>
[INFO] [stdout]                                at /rustc/e3feeb59cd1bdd011a2bfcc0747b55125d9b8527/library/std/src/../../backtrace/src/backtrace/mod.rs:66:14
[INFO] [stdout]    2:     0x7964586498c1 - std[617be2ca0a6fd877]::sys::backtrace::_print_fmt
[INFO] [stdout]                                at /rustc/e3feeb59cd1bdd011a2bfcc0747b55125d9b8527/library/std/src/sys/backtrace.rs:74:9
[INFO] [stdout]    3:     0x7964586498c1 - <<std[617be2ca0a6fd877]::sys::backtrace::BacktraceLock>::print::DisplayBacktrace as core[a373ad73a504971]::fmt::Display>::fmt
[INFO] [stdout]                                at /rustc/e3feeb59cd1bdd011a2bfcc0747b55125d9b8527/library/std/src/sys/backtrace.rs:44:26
[INFO] [stdout]    4:     0x79645869044a - <core[a373ad73a504971]::fmt::rt::Argument>::fmt
[INFO] [stdout]                                at /rustc/e3feeb59cd1bdd011a2bfcc0747b55125d9b8527/library/core/src/fmt/rt.rs:152:76
[INFO] [stdout]    5:     0x79645869044a - core[a373ad73a504971]::fmt::write
[INFO] [stdout]    6:     0x79645865a50c - core[a373ad73a504971]::io::write::default_write_fmt::<alloc[2e1b2a31b91974c5]::vec::Vec<u8>>
[INFO] [stdout]                                at /rustc/e3feeb59cd1bdd011a2bfcc0747b55125d9b8527/library/core/src/io/write.rs:402:11
[INFO] [stdout]    7:     0x79645865a50c - <alloc[2e1b2a31b91974c5]::vec::Vec<u8> as core[a373ad73a504971]::io::write::Write>::write_fmt
[INFO] [stdout]                                at /rustc/e3feeb59cd1bdd011a2bfcc0747b55125d9b8527/library/core/src/io/write.rs:335:13
[INFO] [stdout]    8:     0x796458612e26 - <std[617be2ca0a6fd877]::sys::backtrace::BacktraceLock>::print
[INFO] [stdout]                                at /rustc/e3feeb59cd1bdd011a2bfcc0747b55125d9b8527/library/std/src/sys/backtrace.rs:47:9
[INFO] [stdout]    9:     0x796458612e26 - std[617be2ca0a6fd877]::panicking::default_hook::{closure#0}
[INFO] [stdout]                                at /rustc/e3feeb59cd1bdd011a2bfcc0747b55125d9b8527/library/std/src/panicking.rs:289:27
[INFO] [stdout]   10:     0x79645863a869 - std[617be2ca0a6fd877]::panicking::default_hook
[INFO] [stdout]                                at /rustc/e3feeb59cd1bdd011a2bfcc0747b55125d9b8527/library/std/src/panicking.rs:313:9
[INFO] [stdout]   11:     0x55b242531ff0 - test[aada8e7e76ba119b]::test_main_inner::{closure#0}
[INFO] [stdout]   12:     0x79645863ab92 - <alloc[2e1b2a31b91974c5]::boxed::Box<dyn for<'a, 'b> core[a373ad73a504971]::ops::function::Fn<(&'a std[617be2ca0a6fd877]::panic::PanicHookInfo<'b>,), Output = ()> + core[a373ad73a504971]::marker::Sync + core[a373ad73a504971]::marker::Send> as core[a373ad73a504971]::ops::function::Fn<(&std[617be2ca0a6fd877]::panic::PanicHookInfo,)>>::call
[INFO] [stdout]                                at /rustc/e3feeb59cd1bdd011a2bfcc0747b55125d9b8527/library/alloc/src/boxed.rs:2328:9
[INFO] [stdout]   13:     0x79645863ab92 - std[617be2ca0a6fd877]::panicking::panic_with_hook
[INFO] [stdout]                                at /rustc/e3feeb59cd1bdd011a2bfcc0747b55125d9b8527/library/std/src/panicking.rs:819:13
[INFO] [stdout]   14:     0x796458612f04 - std[617be2ca0a6fd877]::panicking::panic_handler::{closure#0}
[INFO] [stdout]                                at /rustc/e3feeb59cd1bdd011a2bfcc0747b55125d9b8527/library/std/src/panicking.rs:678:13
[INFO] [stdout]   15:     0x79645860a499 - std[617be2ca0a6fd877]::sys::backtrace::__rust_end_short_backtrace::<std[617be2ca0a6fd877]::panicking::panic_handler::{closure#0}, !>
[INFO] [stdout]                                at /rustc/e3feeb59cd1bdd011a2bfcc0747b55125d9b8527/library/std/src/sys/backtrace.rs:182:18
[INFO] [stdout]   16:     0x7964586149bd - __rustc[ea4f61d10b84890b]::rust_begin_unwind
[INFO] [stdout]                                at /rustc/e3feeb59cd1bdd011a2bfcc0747b55125d9b8527/library/std/src/panicking.rs:676:5
[INFO] [stdout]   17:     0x796458690edc - core[a373ad73a504971]::panicking::panic_fmt
[INFO] [stdout]                                at /rustc/e3feeb59cd1bdd011a2bfcc0747b55125d9b8527/library/core/src/panicking.rs:80:14
[INFO] [stdout]   18:     0x796458690ea2 - core[a373ad73a504971]::panicking::panic
[INFO] [stdout]                                at /rustc/e3feeb59cd1bdd011a2bfcc0747b55125d9b8527/library/core/src/panicking.rs:150:5
[INFO] [stdout]   19:     0x55b2424f805b - <rsx_macro[c5b1e4317b96ae05]::jsx_tests::jsx_emitter_tests::test_emit_simple_element::{closure#0} as core[a373ad73a504971]::ops::function::FnOnce<()>>::call_once
[INFO] [stdout]   20:     0x55b24252543b - test[aada8e7e76ba119b]::__rust_begin_short_backtrace::<core[a373ad73a504971]::result::Result<(), alloc[2e1b2a31b91974c5]::string::String>, fn() -> core[a373ad73a504971]::result::Result<(), alloc[2e1b2a31b91974c5]::string::String>>
[INFO] [stdout]   21:     0x55b242532615 - test[aada8e7e76ba119b]::run_test::{closure#0}
[INFO] [stdout]   22:     0x55b24252bf04 - std[617be2ca0a6fd877]::sys::backtrace::__rust_begin_short_backtrace::<test[aada8e7e76ba119b]::run_test::{closure#1}, ()>
[INFO] [stdout]   23:     0x55b2425356a2 - <std[617be2ca0a6fd877]::thread::lifecycle::spawn_unchecked<test[aada8e7e76ba119b]::run_test::{closure#1}, ()>::{closure#1} as core[a373ad73a504971]::ops::function::FnOnce<()>>::call_once::{shim:vtable#0}
[INFO] [stdout]   24:     0x796458645dff - <alloc[2e1b2a31b91974c5]::boxed::Box<dyn core[a373ad73a504971]::ops::function::FnOnce<(), Output = ()> + core[a373ad73a504971]::marker::Send> as core[a373ad73a504971]::ops::function::FnOnce<()>>::call_once
[INFO] [stdout]                                at /rustc/e3feeb59cd1bdd011a2bfcc0747b55125d9b8527/library/alloc/src/boxed.rs:2314:9
[INFO] [stdout]   25:     0x796458645dff - <std[617be2ca0a6fd877]::sys::thread::unix::Thread>::new::thread_start
[INFO] [stdout]                                at /rustc/e3feeb59cd1bdd011a2bfcc0747b55125d9b8527/library/std/src/sys/thread/unix.rs:127:17
[INFO] [stdout]   26:     0x7964583a2dfa - <unknown>
[INFO] [stdout]   27:     0x7964584363d4 - clone
[INFO] [stdout]   28:                0x0 - <unknown>
[INFO] [stdout] 
[INFO] [stdout] ---- jsx_tests::jsx_emitter_tests::test_emit_button_with_onclick stdout ----
[INFO] [stdout] Button emit code: rsx_core :: h ("button" , { let mut map = indexmap :: IndexMap :: new () ; map . insert ("on:click" . to_string () , rsx_core :: PropValue :: EventHandler (std :: rc :: Rc :: new (std :: cell :: RefCell :: new (move | | println ! ("clicked"))))) ; map } , vec ! [rsx_core :: text ("+1")])
[INFO] [stdout] 
[INFO] [stdout] thread 'jsx_tests::jsx_emitter_tests::test_emit_button_with_onclick' (331) panicked at src/jsx_tests.rs:286:9:
[INFO] [stdout] assertion failed: code.contains("onclick")
[INFO] [stdout] stack backtrace:
[INFO] [stdout]    0:     0x7964586498c1 - std[617be2ca0a6fd877]::backtrace_rs::backtrace::libunwind::trace
[INFO] [stdout]                                at /rustc/e3feeb59cd1bdd011a2bfcc0747b55125d9b8527/library/std/src/../../backtrace/src/backtrace/libunwind.rs:117:9
[INFO] [stdout]    1:     0x7964586498c1 - std[617be2ca0a6fd877]::backtrace_rs::backtrace::trace_unsynchronized::<std[617be2ca0a6fd877]::sys::backtrace::_print_fmt::{closure#1}>
[INFO] [stdout]                                at /rustc/e3feeb59cd1bdd011a2bfcc0747b55125d9b8527/library/std/src/../../backtrace/src/backtrace/mod.rs:66:14
[INFO] [stdout]    2:     0x7964586498c1 - std[617be2ca0a6fd877]::sys::backtrace::_print_fmt
[INFO] [stdout]                                at /rustc/e3feeb59cd1bdd011a2bfcc0747b55125d9b8527/library/std/src/sys/backtrace.rs:74:9
[INFO] [stdout]    3:     0x7964586498c1 - <<std[617be2ca0a6fd877]::sys::backtrace::BacktraceLock>::print::DisplayBacktrace as core[a373ad73a504971]::fmt::Display>::fmt
[INFO] [stdout]                                at /rustc/e3feeb59cd1bdd011a2bfcc0747b55125d9b8527/library/std/src/sys/backtrace.rs:44:26
[INFO] [stdout]    4:     0x79645869044a - <core[a373ad73a504971]::fmt::rt::Argument>::fmt
[INFO] [stdout]                                at /rustc/e3feeb59cd1bdd011a2bfcc0747b55125d9b8527/library/core/src/fmt/rt.rs:152:76
[INFO] [stdout]    5:     0x79645869044a - core[a373ad73a504971]::fmt::write
[INFO] [stdout]    6:     0x79645865a50c - core[a373ad73a504971]::io::write::default_write_fmt::<alloc[2e1b2a31b91974c5]::vec::Vec<u8>>
[INFO] [stdout]                                at /rustc/e3feeb59cd1bdd011a2bfcc0747b55125d9b8527/library/core/src/io/write.rs:402:11
[INFO] [stdout]    7:     0x79645865a50c - <alloc[2e1b2a31b91974c5]::vec::Vec<u8> as core[a373ad73a504971]::io::write::Write>::write_fmt
[INFO] [stdout]                                at /rustc/e3feeb59cd1bdd011a2bfcc0747b55125d9b8527/library/core/src/io/write.rs:335:13
[INFO] [stdout]    8:     0x796458612e26 - <std[617be2ca0a6fd877]::sys::backtrace::BacktraceLock>::print
[INFO] [stdout]                                at /rustc/e3feeb59cd1bdd011a2bfcc0747b55125d9b8527/library/std/src/sys/backtrace.rs:47:9
[INFO] [stdout]    9:     0x796458612e26 - std[617be2ca0a6fd877]::panicking::default_hook::{closure#0}
[INFO] [stdout]                                at /rustc/e3feeb59cd1bdd011a2bfcc0747b55125d9b8527/library/std/src/panicking.rs:289:27
[INFO] [stdout]   10:     0x79645863a869 - std[617be2ca0a6fd877]::panicking::default_hook
[INFO] [stdout]                                at /rustc/e3feeb59cd1bdd011a2bfcc0747b55125d9b8527/library/std/src/panicking.rs:313:9
[INFO] [stdout]   11:     0x55b242531ff0 - test[aada8e7e76ba119b]::test_main_inner::{closure#0}
[INFO] [stdout]   12:     0x79645863ab92 - <alloc[2e1b2a31b91974c5]::boxed::Box<dyn for<'a, 'b> core[a373ad73a504971]::ops::function::Fn<(&'a std[617be2ca0a6fd877]::panic::PanicHookInfo<'b>,), Output = ()> + core[a373ad73a504971]::marker::Sync + core[a373ad73a504971]::marker::Send> as core[a373ad73a504971]::ops::function::Fn<(&std[617be2ca0a6fd877]::panic::PanicHookInfo,)>>::call
[INFO] [stdout]                                at /rustc/e3feeb59cd1bdd011a2bfcc0747b55125d9b8527/library/alloc/src/boxed.rs:2328:9
[INFO] [stdout]   13:     0x79645863ab92 - std[617be2ca0a6fd877]::panicking::panic_with_hook
[INFO] [stdout]                                at /rustc/e3feeb59cd1bdd011a2bfcc0747b55125d9b8527/library/std/src/panicking.rs:819:13
[INFO] [stdout]   14:     0x796458612f04 - std[617be2ca0a6fd877]::panicking::panic_handler::{closure#0}
[INFO] [stdout]                                at /rustc/e3feeb59cd1bdd011a2bfcc0747b55125d9b8527/library/std/src/panicking.rs:678:13
[INFO] [stdout]   15:     0x79645860a499 - std[617be2ca0a6fd877]::sys::backtrace::__rust_end_short_backtrace::<std[617be2ca0a6fd877]::panicking::panic_handler::{closure#0}, !>
[INFO] [stdout]                                at /rustc/e3feeb59cd1bdd011a2bfcc0747b55125d9b8527/library/std/src/sys/backtrace.rs:182:18
[INFO] [stdout]   16:     0x7964586149bd - __rustc[ea4f61d10b84890b]::rust_begin_unwind
[INFO] [stdout]                                at /rustc/e3feeb59cd1bdd011a2bfcc0747b55125d9b8527/library/std/src/panicking.rs:676:5
[INFO] [stdout]   17:     0x796458690edc - core[a373ad73a504971]::panicking::panic_fmt
[INFO] [stdout]                                at /rustc/e3feeb59cd1bdd011a2bfcc0747b55125d9b8527/library/core/src/panicking.rs:80:14
[INFO] [stdout]   18:     0x796458690ea2 - core[a373ad73a504971]::panicking::panic
[INFO] [stdout]                                at /rustc/e3feeb59cd1bdd011a2bfcc0747b55125d9b8527/library/core/src/panicking.rs:150:5
[INFO] [stdout]   19:     0x55b2424f85fd - <rsx_macro[c5b1e4317b96ae05]::jsx_tests::jsx_emitter_tests::test_emit_button_with_onclick::{closure#0} as core[a373ad73a504971]::ops::function::FnOnce<()>>::call_once
[INFO] [stdout]   20:     0x55b24252543b - test[aada8e7e76ba119b]::__rust_begin_short_backtrace::<core[a373ad73a504971]::result::Result<(), alloc[2e1b2a31b91974c5]::string::String>, fn() -> core[a373ad73a504971]::result::Result<(), alloc[2e1b2a31b91974c5]::string::String>>
[INFO] [stderr] error: test failed, to rerun pass `--lib`
[INFO] [stdout]   21:     0x55b242532615 - test[aada8e7e76ba119b]::run_test::{closure#0}
[INFO] [stdout]   22:     0x55b24252bf04 - std[617be2ca0a6fd877]::sys::backtrace::__rust_begin_short_backtrace::<test[aada8e7e76ba119b]::run_test::{closure#1}, ()>
[INFO] [stdout]   23:     0x55b2425356a2 - <std[617be2ca0a6fd877]::thread::lifecycle::spawn_unchecked<test[aada8e7e76ba119b]::run_test::{closure#1}, ()>::{closure#1} as core[a373ad73a504971]::ops::function::FnOnce<()>>::call_once::{shim:vtable#0}
[INFO] [stdout]   24:     0x796458645dff - <alloc[2e1b2a31b91974c5]::boxed::Box<dyn core[a373ad73a504971]::ops::function::FnOnce<(), Output = ()> + core[a373ad73a504971]::marker::Send> as core[a373ad73a504971]::ops::function::FnOnce<()>>::call_once
[INFO] [stdout]                                at /rustc/e3feeb59cd1bdd011a2bfcc0747b55125d9b8527/library/alloc/src/boxed.rs:2314:9
[INFO] [stdout]   25:     0x796458645dff - <std[617be2ca0a6fd877]::sys::thread::unix::Thread>::new::thread_start
[INFO] [stdout]                                at /rustc/e3feeb59cd1bdd011a2bfcc0747b55125d9b8527/library/std/src/sys/thread/unix.rs:127:17
[INFO] [stdout]   26:     0x7964583a2dfa - <unknown>
[INFO] [stdout]   27:     0x7964584363d4 - clone
[INFO] [stdout]   28:                0x0 - <unknown>
[INFO] [stdout] 
[INFO] [stdout] ---- jsx_tests::integration_tests::test_rsx_macro_simple stdout ----
[INFO] [stdout] 
[INFO] [stdout] thread 'jsx_tests::integration_tests::test_rsx_macro_simple' (330) panicked at /rustc/e3feeb59cd1bdd011a2bfcc0747b55125d9b8527/library/proc_macro/src/bridge/client.rs:200:32:
[INFO] [stdout] procedural macro API is used outside of a procedural macro
[INFO] [stdout] stack backtrace:
[INFO] [stdout]    0:     0x7964586498c1 - std[617be2ca0a6fd877]::backtrace_rs::backtrace::libunwind::trace
[INFO] [stdout]                                at /rustc/e3feeb59cd1bdd011a2bfcc0747b55125d9b8527/library/std/src/../../backtrace/src/backtrace/libunwind.rs:117:9
[INFO] [stdout]    1:     0x7964586498c1 - std[617be2ca0a6fd877]::backtrace_rs::backtrace::trace_unsynchronized::<std[617be2ca0a6fd877]::sys::backtrace::_print_fmt::{closure#1}>
[INFO] [stdout]                                at /rustc/e3feeb59cd1bdd011a2bfcc0747b55125d9b8527/library/std/src/../../backtrace/src/backtrace/mod.rs:66:14
[INFO] [stdout]    2:     0x7964586498c1 - std[617be2ca0a6fd877]::sys::backtrace::_print_fmt
[INFO] [stdout]                                at /rustc/e3feeb59cd1bdd011a2bfcc0747b55125d9b8527/library/std/src/sys/backtrace.rs:74:9
[INFO] [stdout]    3:     0x7964586498c1 - <<std[617be2ca0a6fd877]::sys::backtrace::BacktraceLock>::print::DisplayBacktrace as core[a373ad73a504971]::fmt::Display>::fmt
[INFO] [stdout]                                at /rustc/e3feeb59cd1bdd011a2bfcc0747b55125d9b8527/library/std/src/sys/backtrace.rs:44:26
[INFO] [stdout]    4:     0x79645869044a - <core[a373ad73a504971]::fmt::rt::Argument>::fmt
[INFO] [stdout]                                at /rustc/e3feeb59cd1bdd011a2bfcc0747b55125d9b8527/library/core/src/fmt/rt.rs:152:76
[INFO] [stdout]    5:     0x79645869044a - core[a373ad73a504971]::fmt::write
[INFO] [stdout]    6:     0x79645865a50c - core[a373ad73a504971]::io::write::default_write_fmt::<alloc[2e1b2a31b91974c5]::vec::Vec<u8>>
[INFO] [stdout]                                at /rustc/e3feeb59cd1bdd011a2bfcc0747b55125d9b8527/library/core/src/io/write.rs:402:11
[INFO] [stdout]    7:     0x79645865a50c - <alloc[2e1b2a31b91974c5]::vec::Vec<u8> as core[a373ad73a504971]::io::write::Write>::write_fmt
[INFO] [stdout]                                at /rustc/e3feeb59cd1bdd011a2bfcc0747b55125d9b8527/library/core/src/io/write.rs:335:13
[INFO] [stdout]    8:     0x796458612e26 - <std[617be2ca0a6fd877]::sys::backtrace::BacktraceLock>::print
[INFO] [stdout]                                at /rustc/e3feeb59cd1bdd011a2bfcc0747b55125d9b8527/library/std/src/sys/backtrace.rs:47:9
[INFO] [stdout]    9:     0x796458612e26 - std[617be2ca0a6fd877]::panicking::default_hook::{closure#0}
[INFO] [stdout]                                at /rustc/e3feeb59cd1bdd011a2bfcc0747b55125d9b8527/library/std/src/panicking.rs:289:27
[INFO] [stdout]   10:     0x79645863a869 - std[617be2ca0a6fd877]::panicking::default_hook
[INFO] [stdout]                                at /rustc/e3feeb59cd1bdd011a2bfcc0747b55125d9b8527/library/std/src/panicking.rs:313:9
[INFO] [stdout]   11:     0x55b242531ff0 - test[aada8e7e76ba119b]::test_main_inner::{closure#0}
[INFO] [stdout]   12:     0x79645863ab92 - <alloc[2e1b2a31b91974c5]::boxed::Box<dyn for<'a, 'b> core[a373ad73a504971]::ops::function::Fn<(&'a std[617be2ca0a6fd877]::panic::PanicHookInfo<'b>,), Output = ()> + core[a373ad73a504971]::marker::Sync + core[a373ad73a504971]::marker::Send> as core[a373ad73a504971]::ops::function::Fn<(&std[617be2ca0a6fd877]::panic::PanicHookInfo,)>>::call
[INFO] [stdout]                                at /rustc/e3feeb59cd1bdd011a2bfcc0747b55125d9b8527/library/alloc/src/boxed.rs:2328:9
[INFO] [stdout]   13:     0x79645863ab92 - std[617be2ca0a6fd877]::panicking::panic_with_hook
[INFO] [stdout]                                at /rustc/e3feeb59cd1bdd011a2bfcc0747b55125d9b8527/library/std/src/panicking.rs:819:13
[INFO] [stdout]   14:     0x796458612ed2 - std[617be2ca0a6fd877]::panicking::panic_handler::{closure#0}
[INFO] [stdout]                                at /rustc/e3feeb59cd1bdd011a2bfcc0747b55125d9b8527/library/std/src/panicking.rs:685:13
[INFO] [stdout]   15:     0x79645860a499 - std[617be2ca0a6fd877]::sys::backtrace::__rust_end_short_backtrace::<std[617be2ca0a6fd877]::panicking::panic_handler::{closure#0}, !>
[INFO] [stdout]                                at /rustc/e3feeb59cd1bdd011a2bfcc0747b55125d9b8527/library/std/src/sys/backtrace.rs:182:18
[INFO] [stdout]   16:     0x7964586149bd - __rustc[ea4f61d10b84890b]::rust_begin_unwind
[INFO] [stdout]                                at /rustc/e3feeb59cd1bdd011a2bfcc0747b55125d9b8527/library/std/src/panicking.rs:676:5
[INFO] [stdout]   17:     0x796458690edc - core[a373ad73a504971]::panicking::panic_fmt
[INFO] [stdout]                                at /rustc/e3feeb59cd1bdd011a2bfcc0747b55125d9b8527/library/core/src/panicking.rs:80:14
[INFO] [stdout]   18:     0x796458690b24 - core[a373ad73a504971]::panicking::panic_display::<&str>
[INFO] [stdout]                                at /rustc/e3feeb59cd1bdd011a2bfcc0747b55125d9b8527/library/core/src/panicking.rs:259:5
[INFO] [stdout]   19:     0x796458690b24 - core[a373ad73a504971]::option::expect_failed
[INFO] [stdout]                                at /rustc/e3feeb59cd1bdd011a2bfcc0747b55125d9b8527/library/core/src/option.rs:2262:5
[INFO] [stdout]   20:     0x55b242665533 - <proc_macro[d00d8c95eb95e196]::TokenStream as core[a373ad73a504971]::str::traits::FromStr>::from_str
[INFO] [stdout]   21:     0x55b242655345 - <proc_macro[d00d8c95eb95e196]::TokenStream as proc_macro2[cee38d17961c633]::fallback::FromStr2>::from_str_unchecked
[INFO] [stdout]   22:     0x55b2426540bf - <proc_macro[d00d8c95eb95e196]::TokenStream as core[a373ad73a504971]::convert::From<proc_macro2[cee38d17961c633]::imp::TokenStream>>::from
[INFO] [stdout]   23:     0x55b242653f82 - <proc_macro[d00d8c95eb95e196]::TokenStream as core[a373ad73a504971]::convert::From<proc_macro2[cee38d17961c633]::TokenStream>>::from
[INFO] [stdout]   24:     0x55b2424dd217 - <rsx_macro[c5b1e4317b96ae05]::jsx_tests::integration_tests::test_rsx_macro_simple::{closure#0} as core[a373ad73a504971]::ops::function::FnOnce<()>>::call_once
[INFO] [stdout]   25:     0x55b24252543b - test[aada8e7e76ba119b]::__rust_begin_short_backtrace::<core[a373ad73a504971]::result::Result<(), alloc[2e1b2a31b91974c5]::string::String>, fn() -> core[a373ad73a504971]::result::Result<(), alloc[2e1b2a31b91974c5]::string::String>>
[INFO] [stdout]   26:     0x55b242532615 - test[aada8e7e76ba119b]::run_test::{closure#0}
[INFO] [stdout]   27:     0x55b24252bf04 - std[617be2ca0a6fd877]::sys::backtrace::__rust_begin_short_backtrace::<test[aada8e7e76ba119b]::run_test::{closure#1}, ()>
[INFO] [stdout]   28:     0x55b2425356a2 - <std[617be2ca0a6fd877]::thread::lifecycle::spawn_unchecked<test[aada8e7e76ba119b]::run_test::{closure#1}, ()>::{closure#1} as core[a373ad73a504971]::ops::function::FnOnce<()>>::call_once::{shim:vtable#0}
[INFO] [stdout]   29:     0x796458645dff - <alloc[2e1b2a31b91974c5]::boxed::Box<dyn core[a373ad73a504971]::ops::function::FnOnce<(), Output = ()> + core[a373ad73a504971]::marker::Send> as core[a373ad73a504971]::ops::function::FnOnce<()>>::call_once
[INFO] [stdout]                                at /rustc/e3feeb59cd1bdd011a2bfcc0747b55125d9b8527/library/alloc/src/boxed.rs:2314:9
[INFO] [stdout]   30:     0x796458645dff - <std[617be2ca0a6fd877]::sys::thread::unix::Thread>::new::thread_start
[INFO] [stdout]                                at /rustc/e3feeb59cd1bdd011a2bfcc0747b55125d9b8527/library/std/src/sys/thread/unix.rs:127:17
[INFO] [stdout]   31:     0x7964583a2dfa - <unknown>
[INFO] [stdout]   32:     0x7964584363d4 - clone
[INFO] [stdout]   33:                0x0 - <unknown>
[INFO] [stdout] 
[INFO] [stdout] 
[INFO] [stdout] failures:
[INFO] [stdout]     jsx_tests::integration_tests::test_rsx_macro_simple
[INFO] [stdout]     jsx_tests::jsx_emitter_tests::test_emit_button_with_onclick
[INFO] [stdout]     jsx_tests::jsx_emitter_tests::test_emit_simple_element
[INFO] [stdout] 
[INFO] [stdout] test result: FAILED. 23 passed; 3 failed; 0 ignored; 0 measured; 0 filtered out; finished in 0.08s
[INFO] [stdout] 
[INFO] running `Command { std: "docker" "inspect" "3046bb800e983869a47115f490c737d1d51d1c7254bb0bba80970a2946d8aed7", kill_on_drop: false }`
[INFO] running `Command { std: "docker" "rm" "-f" "3046bb800e983869a47115f490c737d1d51d1c7254bb0bba80970a2946d8aed7", kill_on_drop: false }`
[INFO] [stdout] 3046bb800e983869a47115f490c737d1d51d1c7254bb0bba80970a2946d8aed7
